('users',444,'en','node_search',1),('users',474,'en','node_search',41),('users',475,'en','node_search',1),('users',480,'en','node_search',1),('users',547,'en','node_search',10.7896),('uses',488,'en','node_search',1),('usg',498,'en','node_search',0.759465),('using',403,'en','node_search',1),('using',422,'en','node_search',1),('using',428,'en','node_search',2),('using',432,'en','node_search',2.9347),('using',433,'en','node_search',2),('using',445,'en','node_search',1),('using',446,'en','node_search',2),('using',478,'en','node_search',0.96498),('using',508,'en','node_search',2),('usually',494,'en','node_search',0.927431),('usually',549,'en','node_search',1),('usually',550,'en','node_search',1),('usually',551,'en','node_search',1),('usually',552,'en','node_search',1),('usually',553,'en','node_search',1),('usually',554,'en','node_search',1),('usually',585,'en','node_search',1),('utah',514,'en','node_search',1),('utility',436,'en','node_search',2),('utilization',420,'en','node_search',1),('utilization',431,'en','node_search',1),('utilization',468,'en','node_search',1),('uzbekistan',514,'en','node_search',0.476356),('vaccine',433,'en','node_search',1),('valentina',541,'en','node_search',1),('valentine',479,'en','node_search',1),('valentine',496,'en','node_search',1),('validation',432,'en','node_search',0.909743),('validation',460,'en','node_search',1),('validation',585,'en','node_search',1),('vall',430,'en','node_search',1),('vall',484,'en','node_search',1),('vall',489,'en','node_search',1),('vall',491,'en','node_search',1),('valuable',406,'en','node_search',0.879565),('valuable',442,'en','node_search',1),('valuable',448,'en','node_search',1),('value',402,'en','node_search',1),('value',405,'en','node_search',35),('value',406,'en','node_search',1.89945),('value',408,'en','node_search',8),('value',409,'en','node_search',3),('value',410,'en','node_search',1),('value',427,'en','node_search',1),('value',436,'en','node_search',4),('value',486,'en','node_search',1),('value',487,'en','node_search',1),('value',507,'en','node_search',1),('value',565,'en','node_search',38),('valued',406,'en','node_search',1),('values',409,'en','node_search',1),('values',441,'en','node_search',1),('values',444,'en','node_search',0.931053),('values',455,'en','node_search',32),('values',480,'en','node_search',1),('values',547,'en','node_search',1),('van',446,'en','node_search',1),('vanuatu',514,'en','node_search',0.475426),('variable',458,'en','node_search',1),('variation',490,'en','node_search',1),('varies',444,'en','node_search',0.972861),('variety',425,'en','node_search',1),('various',447,'en','node_search',1),('various',488,'en','node_search',1),('various',508,'en','node_search',1),('vary',414,'en','node_search',1),('vary',424,'en','node_search',1),('vary',427,'en','node_search',1),('vary',469,'en','node_search',1),('vatican',514,'en','node_search',0.474499),('ved',498,'en','node_search',8.57154),('venezuela',514,'en','node_search',0.473576),('verde',514,'en','node_search',0.851346),('verified',426,'en','node_search',1),('vermont',514,'en','node_search',1),('very',420,'en','node_search',1),('viable',399,'en','node_search',0.902857),('victoria',421,'en','node_search',1),('victoria',434,'en','node_search',1),('videos',449,'en','node_search',1),('vietnam',514,'en','node_search',0.472657),('views',438,'en','node_search',1),('views',451,'en','node_search',2),('vincent',514,'en','node_search',0.513597),('violated',498,'en','node_search',1.89608),('violations',498,'en','node_search',0.961087),('virgin',514,'en','node_search',2.36254),('virginia',514,'en','node_search',2),('virus',429,'en','node_search',1),('vision',558,'en','node_search',2),('visitors',451,'en','node_search',2),('visits',433,'en','node_search',1),('visits',492,'en','node_search',16.123),('volume',507,'en','node_search',1),('volumen',508,'en','node_search',27),('wages',405,'en','node_search',1),('wales',459,'en','node_search',1),('wales',466,'en','node_search',1),('wales',503,'en','node_search',1),('walking',585,'en','node_search',28),('wallis',514,'en','node_search',0.471741),('walt',415,'en','node_search',1),('walt',431,'en','node_search',0.993146),('walt',482,'en','node_search',1),('wants',444,'en','node_search',1),('warming',508,'en','node_search',1),('was',414,'en','node_search',0.972861),('was',422,'en','node_search',1),('was',431,'en','node_search',2),('was',472,'en','node_search',2),('washington',514,'en','node_search',1),('way',422,'en','node_search',1),('way',492,'en','node_search',1),('ways',436,'en','node_search',1),('weak',505,'en','node_search',1),('wealth',405,'en','node_search',1),('web',417,'en','node_search',1),('web',446,'en','node_search',1),('web',447,'en','node_search',1),('web',451,'en','node_search',1),('web',498,'en','node_search',8.6277),('webbased',424,'en','node_search',1),('webpage',451,'en','node_search',2),('website',491,'en','node_search',0.976851),('website',558,'en','node_search',0.433985),('websites',399,'en','node_search',8.59953),('websites',408,'en','node_search',18.0665),('websites',412,'en','node_search',11),('websites',441,'en','node_search',11),('websites',499,'en','node_search',11),('websites',500,'en','node_search',11),('websites',502,'en','node_search',11),('websites',506,'en','node_search',11),('wed',1,'en','node_search',1),('wed',305,'en','node_search',1),('wed',516,'en','node_search',1),('wed',543,'en','node_search',1),('wed',556,'en','node_search',1),('wed',557,'en','node_search',1),('wed',572,'en','node_search',1),('wed',574,'en','node_search',1),('wed',575,'en','node_search',1),('wed',576,'en','node_search',1),('wed',577,'en','node_search',1),('wed',578,'en','node_search',1),('wed',579,'en','node_search',1),('wed',580,'en','node_search',1),('wed',581,'en','node_search',1),('wed',582,'en','node_search',1),('wed',583,'en','node_search',1),('wed',584,'en','node_search',1),('wed',585,'en','node_search',1),('wed',589,'en','node_search',1),('wed',590,'en','node_search',1),('wed',592,'en','node_search',1),('weight',436,'en','node_search',1),('weight',507,'en','node_search',1),('weiss',469,'en','node_search',1),('well',400,'en','node_search',1),('well',405,'en','node_search',1),('well',409,'en','node_search',1),('well',415,'en','node_search',1),('well',434,'en','node_search',2),('well',449,'en','node_search',1),('well',461,'en','node_search',1),('well',462,'en','node_search',1),('wellbeing',403,'en','node_search',2),('wellbeing',404,'en','node_search',1),('wellbeing',436,'en','node_search',9.81996),('wellbeing',471,'en','node_search',1),('wellbeing',478,'en','node_search',29),('wellbeing',530,'en','node_search',1),('wellbeing',534,'en','node_search',1),('wellbeing',542,'en','node_search',1),('wellbeing',580,'en','node_search',11),('wellbeing',583,'en','node_search',11),('were',446,'en','node_search',1),('were',474,'en','node_search',1),('were',483,'en','node_search',1),('west',514,'en','node_search',1),('western',514,'en','node_search',0.469921),('what',414,'en','node_search',0.976851),('what',421,'en','node_search',1),('what',431,'en','node_search',1),('what',448,'en','node_search',1),('when',402,'en','node_search',2),('when',416,'en','node_search',1),('when',423,'en','node_search',2),('when',433,'en','node_search',2),('when',444,'en','node_search',2),('when',467,'en','node_search',1),('when',472,'en','node_search',2),('when',473,'en','node_search',1),('when',475,'en','node_search',1),('when',478,'en','node_search',1),('when',491,'en','node_search',1),('when',512,'en','node_search',1),('when',558,'en','node_search',3.11802),('where',399,'en','node_search',0.857458),('where',416,'en','node_search',1),('where',421,'en','node_search',2),('where',440,'en','node_search',1),('where',441,'en','node_search',1),('where',442,'en','node_search',1),('where',453,'en','node_search',1),('where',463,'en','node_search',1),('where',472,'en','node_search',1),('where',473,'en','node_search',2),('where',498,'en','node_search',1.81619),('where',503,'en','node_search',1),('where',504,'en','node_search',1),('where',505,'en','node_search',1),('where',510,'en','node_search',1),('whether',416,'en','node_search',1),('whether',426,'en','node_search',2),('whether',442,'en','node_search',1),('whether',443,'en','node_search',1),('whether',452,'en','node_search',1),('whether',456,'en','node_search',2),('whether',459,'en','node_search',2),('whether',463,'en','node_search',1),('whether',471,'en','node_search',1),('whether',472,'en','node_search',2.8478),('whether',473,'en','node_search',1),('whether',498,'en','node_search',1.89945),('whether',512,'en','node_search',1),('whether',548,'en','node_search',1),('which',405,'en','node_search',1),('which',406,'en','node_search',1),('which',409,'en','node_search',1),('which',413,'en','node_search',1),('which',414,'en','node_search',0.993146),('which',417,'en','node_search',1),('which',420,'en','node_search',3),('which',422,'en','node_search',1),('which',423,'en','node_search',2),('which',428,'en','node_search',1),('which',431,'en','node_search',1),('which',437,'en','node_search',3),('which',443,'en','node_search',1),('which',445,'en','node_search',1),('which',468,'en','node_search',2),('which',469,'en','node_search',1),('which',470,'en','node_search',1),('which',471,'en','node_search',2),('which',475,'en','node_search',1),('which',478,'en','node_search',1),('which',491,'en','node_search',2),('which',492,'en','node_search',1),('which',499,'en','node_search',1),('which',500,'en','node_search',1),('which',504,'en','node_search',1),('which',512,'en','node_search',2),('which',548,'en','node_search',1),('which',558,'en','node_search',4.43146),('who',399,'en','node_search',2),('who',420,'en','node_search',1),('who',423,'en','node_search',2),('who',425,'en','node_search',1),('who',430,'en','node_search',2),('who',444,'en','node_search',1),('who',458,'en','node_search',1),('who',490,'en','node_search',1),('who',494,'en','node_search',1),('who',498,'en','node_search',1.89608),('who',501,'en','node_search',1),('who',558,'en','node_search',0.725015),('whole',425,'en','node_search',1),('whole',428,'en','node_search',1),('whole',431,'en','node_search',1),('whole',437,'en','node_search',1),('whole',441,'en','node_search',1),('whole',480,'en','node_search',1),('whole',487,'en','node_search',1),('whole',547,'en','node_search',1),('whom',558,'en','node_search',1),('why',416,'en','node_search',1),('why',445,'en','node_search',1),('wide',558,'en','node_search',0.490769),('wider',406,'en','node_search',1),('wikstrom',428,'en','node_search',1),('will',447,'en','node_search',1),('will',475,'en','node_search',1),('will',476,'en','node_search',1),('will',491,'en','node_search',1),('will',504,'en','node_search',1),('willingness',409,'en','node_search',1),('willingness',471,'en','node_search',1),('wisconsin',514,'en','node_search',1),('with',399,'en','node_search',1),('with',400,'en','node_search',5),('with',401,'en','node_search',3),('with',402,'en','node_search',1),('with',405,'en','node_search',1),('with',406,'en','node_search',1.88438),('with',407,'en','node_search',2),('with',408,'en','node_search',2),('with',409,'en','node_search',1),('with',411,'en','node_search',2),('with',413,'en','node_search',4),('with',418,'en','node_search',2),('with',420,'en','node_search',3),('with',423,'en','node_search',1),('with',425,'en','node_search',2),('with',427,'en','node_search',3),('with',428,'en','node_search',1),('with',429,'en','node_search',1),('with',430,'en','node_search',1),('with',432,'en','node_search',1),('with',433,'en','node_search',1),('with',434,'en','node_search',1.98087),('with',436,'en','node_search',4),('with',437,'en','node_search',2),('with',438,'en','node_search',1),('with',439,'en','node_search',3),('with',440,'en','node_search',4),('with',441,'en','node_search',4),('with',442,'en','node_search',1),('with',443,'en','node_search',3),('with',444,'en','node_search',2),('with',445,'en','node_search',1),('with',447,'en','node_search',1),('with',452,'en','node_search',4),('with',457,'en','node_search',2),('with',458,'en','node_search',3),('with',463,'en','node_search',1),('with',466,'en','node_search',1),('with',467,'en','node_search',1),('with',468,'en','node_search',1),('with',469,'en','node_search',1),('with',470,'en','node_search',2),('with',471,'en','node_search',4),('with',472,'en','node_search',2),('with',473,'en','node_search',2),('with',479,'en','node_search',1),('with',480,'en','node_search',7),('with',481,'en','node_search',1),('with',482,'en','node_search',2),('with',484,'en','node_search',1),('with',486,'en','node_search',1),('with',487,'en','node_search',1),('with',490,'en','node_search',7),('with',491,'en','node_search',0.98493),('with',492,'en','node_search',2),('with',494,'en','node_search',5),('with',495,'en','node_search',3),('with',496,'en','node_search',4),('with',498,'en','node_search',1.96498),('with',501,'en','node_search',1),('with',505,'en','node_search',27),('with',507,'en','node_search',1),('with',509,'en','node_search',1),('with',510,'en','node_search',5),('with',512,'en','node_search',5),('with',547,'en','node_search',5),('with',549,'en','node_search',4),('with',550,'en','node_search',4),('with',551,'en','node_search',4),('with',552,'en','node_search',4),('with',553,'en','node_search',2),('with',554,'en','node_search',31),('with',558,'en','node_search',3.26884),('with',585,'en','node_search',4),('within',421,'en','node_search',1),('within',425,'en','node_search',1),('within',430,'en','node_search',1),('within',467,'en','node_search',1),('within',484,'en','node_search',1),('within',487,'en','node_search',27),('within',506,'en','node_search',1),('without',420,'en','node_search',2),('without',427,'en','node_search',1),('without',434,'en','node_search',1),('women',423,'en','node_search',1),('women',427,'en','node_search',2),('women',430,'en','node_search',1),('women',486,'en','node_search',5),('women',487,'en','node_search',3),('wooding',422,'en','node_search',0.997306),('wooding',464,'en','node_search',1),('work',400,'en','node_search',1),('work',403,'en','node_search',1),('work',430,'en','node_search',1),('work',434,'en','node_search',3),('work',441,'en','node_search',1),('work',480,'en','node_search',1),('work',485,'en','node_search',2),('work',490,'en','node_search',35),('work',491,'en','node_search',1),('work',499,'en','node_search',1),('work',500,'en','node_search',1),('work',547,'en','node_search',1),('worked',499,'en','node_search',1),('workers',490,'en','node_search',1),('workers',501,'en','node_search',1),('workforce',403,'en','node_search',34),('workforces',429,'en','node_search',1),('working',434,'en','node_search',1),('working',499,'en','node_search',4),('working',558,'en','node_search',1.93862),('worklife',403,'en','node_search',1),('workshops',429,'en','node_search',1),('workshops',449,'en','node_search',1),('workshops',484,'en','node_search',1),('workshops',502,'en','node_search',1),('world',399,'en','node_search',1),('world',454,'en','node_search',1),('world',470,'en','node_search',1),('world',472,'en','node_search',1.85746),('world',527,'en','node_search',1),('world',531,'en','node_search',1),('world',535,'en','node_search',1),('world',543,'en','node_search',1),('world',555,'en','node_search',1),('world',557,'en','node_search',1),('world',572,'en','node_search',1),('world',590,'en','node_search',1),('world',592,'en','node_search',1),('worse',432,'en','node_search',1),('worth',436,'en','node_search',2),('wos',446,'en','node_search',1),('wos',447,'en','node_search',1),('would',447,'en','node_search',1),('would',499,'en','node_search',1),('wpcontent',406,'en','node_search',18.096),('wpcontent',409,'en','node_search',11),('wpcontent',450,'en','node_search',11),('wpcontent',460,'en','node_search',11),('wpcontent',465,'en','node_search',11),('wpcontent',467,'en','node_search',10.9704),('wpcontent',477,'en','node_search',11),('wpcontent',547,'en','node_search',11),('writing',481,'en','node_search',1),('wrong',416,'en','node_search',1),('wto',399,'en','node_search',1),('wwwaismit',548,'en','node_search',11),('wwwannualreport2017bayercom',401,'en','node_search',10.7896),('wwwbayercom',406,'en','node_search',8.95041),('wwwbayercom',418,'en','node_search',11),('wwwburneteduau',407,'en','node_search',19.6424),('wwwbusinessdictionarycom',475,'en','node_search',1),('wwwbusinessdictionarycom',478,'en','node_search',1),('wwwcahsacssca',465,'en','node_search',11),('wwwcdcgov',423,'en','node_search',10.6579),('wwwcoeint',454,'en','node_search',11),('wwwcrcsicomau',411,'en','node_search',11),('wwwcrukmanchesteracuk',442,'en','node_search',10.123),('wwwdhhsvicgovau',434,'en','node_search',10.2017),('wwwemaeuropaeu',474,'en','node_search',11),('wwwemaeuropaeu',494,'en','node_search',10.572),('wwwemeraldcom',414,'en','node_search',11),('wwwemeraldcom',445,'en','node_search',11),('wwwemeraldcom',453,'en','node_search',10.7454),('wwwemeraldcom',512,'en','node_search',11),('wwwerareeu',458,'en','node_search',11),('wwwfinddxorg',460,'en','node_search',11),('wwwfraunhoferde',410,'en','node_search',11),('wwwfraunhoferde',483,'en','node_search',11),('wwwfraunhoferde',485,'en','node_search',11),('wwwfraunhoferde',486,'en','node_search',11),('wwwfraunhoferde',487,'en','node_search',11),('wwwglobalreportingorg',404,'en','node_search',11),('wwwglobalreportingorg',455,'en','node_search',11),('wwwglobalreportingorg',507,'en','node_search',10.4041),('wwwglobalreportingorg',509,'en','node_search',11),('wwwgooglecom',498,'en','node_search',8.77142),('wwwgskcom',426,'en','node_search',11),('wwwgskcom',475,'en','node_search',11),('wwwgskcom',498,'en','node_search',9.20091),('wwwgskcom',505,'en','node_search',11),('wwwhsegovuk',499,'en','node_search',11),('wwwimieuropaeu',447,'en','node_search',20.4206),('wwwimieuropaeu',461,'en','node_search',11),('wwwimieuropaeu',462,'en','node_search',11),('wwwimieuropaeu',480,'en','node_search',10.0072),('wwwisoorg',506,'en','node_search',11),('wwwkowide',458,'en','node_search',1),('wwwlundbeckcom',497,'en','node_search',11),('wwwmckinseycom',400,'en','node_search',11),('wwwmdpicom',413,'en','node_search',11),('wwwmpgde',449,'en','node_search',11),('wwwnaturecom',419,'en','node_search',11),('wwwnaturecom',432,'en','node_search',10.1622),('wwwnaturecom',433,'en','node_search',10.4874),('wwwncbinlmnihgov',407,'en','node_search',10.6148),('wwwncbinlmnihgov',420,'en','node_search',10.7015),('wwwncbinlmnihgov',448,'en','node_search',11),('wwwncbinlmnihgov',451,'en','node_search',11),('wwwncbinlmnihgov',492,'en','node_search',10.2817),('wwwnccnorg',435,'en','node_search',11),('wwwneurodegenerationresearcheu',450,'en','node_search',11),('wwwneurodegenerationresearcheu',467,'en','node_search',11),('wwwneuroneraneteu',481,'en','node_search',11),('wwwnovartiscom',402,'en','node_search',22),('wwwnovartiscom',473,'en','node_search',21.4911),('wwwnovartiscom',501,'en','node_search',22),('wwwnovartiscom',508,'en','node_search',19.0697),('wwwottawapublichealthca',440,'en','node_search',11),('wwwottawapublichealthca',510,'en','node_search',11),('wwwphrmaorg',417,'en','node_search',11),('wwwprogressivemsallianceorg',547,'en','node_search',11),('wwwrandorg',422,'en','node_search',10.1622),('wwwrandorg',464,'en','node_search',11),('wwwrovies',405,'en','node_search',11),('wwwrritoolseu',444,'en','node_search',9.43203),('wwwsanoficom',399,'en','node_search',8.68461),('wwwsanoficom',408,'en','node_search',18.1656),('wwwsanoficom',412,'en','node_search',11),('wwwsanoficom',441,'en','node_search',11),('wwwsanoficom',499,'en','node_search',11),('wwwsanoficom',500,'en','node_search',11),('wwwsanoficom',502,'en','node_search',11),('wwwsanoficom',506,'en','node_search',11),('wwwscielosporg',428,'en','node_search',10.7454),('wwwsciencedirectcom',470,'en','node_search',10.8342),('wwwsciencedirectcom',490,'en','node_search',11),('wwwtakedacom',507,'en','node_search',10.9704),('wwwthelancetcom',425,'en','node_search',10.572),('wwwulie',442,'en','node_search',9.60445),('wwwulie',443,'en','node_search',11),('wwwulie',457,'en','node_search',11),('wwwvhirorg',430,'en','node_search',11),('wwwvhirorg',484,'en','node_search',11),('wwwvhirorg',489,'en','node_search',11),('wwwvhirorg',491,'en','node_search',11),('wwwwhoint',399,'en','node_search',11),('wwwwhoint',454,'en','node_search',11),('wwwwipoint',472,'en','node_search',9.3983),('wwwwtoorg',399,'en','node_search',10.8792),('wyoming',514,'en','node_search',1),('xxx',1,'en','node_search',27),('yaghmaei',445,'en','node_search',2),('yaghmaei',453,'en','node_search',1),('yaghmaei',512,'en','node_search',1),('year',400,'en','node_search',1),('year',423,'en','node_search',1),('year',436,'en','node_search',32),('year',494,'en','node_search',1),('year',496,'en','node_search',1),('year',580,'en','node_search',38),('year',583,'en','node_search',38),('years',399,'en','node_search',1),('years',401,'en','node_search',1),('years',408,'en','node_search',1),('years',410,'en','node_search',1),('years',436,'en','node_search',3),('years',469,'en','node_search',1),('years',470,'en','node_search',1),('years',471,'en','node_search',1),('years',472,'en','node_search',1),('years',484,'en','node_search',1),('years',491,'en','node_search',1),('yemen',514,'en','node_search',0.468115),('yes',399,'en','node_search',0.810915),('yes',400,'en','node_search',1),('yes',401,'en','node_search',1),('yes',402,'en','node_search',1),('yes',405,'en','node_search',1),('yes',406,'en','node_search',0.863659),('yes',409,'en','node_search',1),('yes',410,'en','node_search',1),('yes',411,'en','node_search',1),('yes',412,'en','node_search',1),('yes',417,'en','node_search',1),('yes',418,'en','node_search',1),('yes',419,'en','node_search',1),('yes',420,'en','node_search',1),('yes',423,'en','node_search',1),('yes',424,'en','node_search',1),('yes',425,'en','node_search',1),('yes',426,'en','node_search',3),('yes',427,'en','node_search',12),('yes',429,'en','node_search',1),('yes',430,'en','node_search',1),('yes',432,'en','node_search',1),('yes',433,'en','node_search',0.98493),('yes',435,'en','node_search',1),('yes',436,'en','node_search',0.938382),('yes',437,'en','node_search',1),('yes',440,'en','node_search',1),('yes',441,'en','node_search',1),('yes',442,'en','node_search',0.957226),('yes',443,'en','node_search',1),('yes',444,'en','node_search',0.892724),('yes',446,'en','node_search',1),('yes',449,'en','node_search',1),('yes',454,'en','node_search',4),('yes',456,'en','node_search',1),('yes',457,'en','node_search',1),('yes',458,'en','node_search',1),('yes',459,'en','node_search',3),('yes',460,'en','node_search',1),('yes',463,'en','node_search',1),('yes',466,'en','node_search',1),('yes',472,'en','node_search',0.953396),('yes',473,'en','node_search',1),('yes',474,'en','node_search',1),('yes',475,'en','node_search',1),('yes',477,'en','node_search',1),('yes',480,'en','node_search',0.953396),('yes',481,'en','node_search',1),('yes',483,'en','node_search',1),('yes',484,'en','node_search',1),('yes',485,'en','node_search',1),('yes',486,'en','node_search',1),('yes',487,'en','node_search',1),('yes',488,'en','node_search',1),('yes',489,'en','node_search',1),('yes',491,'en','node_search',1),('yes',493,'en','node_search',1),('yes',494,'en','node_search',1),('yes',495,'en','node_search',1),('yes',497,'en','node_search',1),('yes',498,'en','node_search',2.65293),('yes',499,'en','node_search',1),('yes',500,'en','node_search',1),('yes',501,'en','node_search',1),('yes',502,'en','node_search',1),('yes',505,'en','node_search',1),('yes',506,'en','node_search',1),('yes',507,'en','node_search',1),('yes',508,'en','node_search',0.899454),('yes',510,'en','node_search',1),('yes',547,'en','node_search',1),('yes',548,'en','node_search',2),('yes',549,'en','node_search',1),('yes',550,'en','node_search',1),('yes',551,'en','node_search',1),('yes',552,'en','node_search',1),('yes',553,'en','node_search',1),('yes',554,'en','node_search',1),('yes',558,'en','node_search',8.64198),('yes',559,'en','node_search',1),('yes',561,'en','node_search',1),('yes',562,'en','node_search',1),('yes',563,'en','node_search',1),('yes',565,'en','node_search',1),('yes',566,'en','node_search',1),('yes',567,'en','node_search',1),('yes',568,'en','node_search',1),('yes',569,'en','node_search',1),('yes',574,'en','node_search',1),('yes',575,'en','node_search',1),('yes',576,'en','node_search',1),('yes',577,'en','node_search',1),('yes',578,'en','node_search',1),('yes',579,'en','node_search',1),('yes',580,'en','node_search',1),('yes',581,'en','node_search',1),('yes',582,'en','node_search',1),('yes',583,'en','node_search',1),('yes',584,'en','node_search',1),('yes',585,'en','node_search',1),('yes',586,'en','node_search',1),('yes',587,'en','node_search',1),('yes',588,'en','node_search',1),('yes',591,'en','node_search',1),('yet',466,'en','node_search',1),('york',514,'en','node_search',1),('you',558,'en','node_search',28.3881),('your',456,'en','node_search',1),('your',558,'en','node_search',7.67614),('zaletel',428,'en','node_search',1),('zambia',514,'en','node_search',0.467218),('zealand',411,'en','node_search',1),('zealand',514,'en','node_search',0.582831),('zimbabwe',514,'en','node_search',0.466323),('zip',514,'en','node_search',1);

--
-- Table structure for table `search_total`
--

CREATE TABLE `search_total` (
  `word` varchar(50) NOT NULL DEFAULT '' COMMENT 'Primary Key: Unique word in the search index.',
  `count` float DEFAULT NULL COMMENT 'The count of the word in the index using Zipf''s law to equalize the probability distribution.',
  PRIMARY KEY (`word`)
) ENGINE=InnoDB DEFAULT CHARSET=utf8mb4 COMMENT='Stores search totals for words.';

--
-- Dumping data for table `search_total`
--

INSERT INTO `search_total` VALUES ('02b',0.011281),('02biomedicalresearchen',0.0377886),('0e0cb0122feda3881b3857221db9345a',0.30103),('1',0.00156756),('10',0.0273946),('100',0.0597032),('1000000',0.30103),('10022019',0.30103),('1008',0.30103),('10092019',0.30103),('101',0.30103),('101007',0.0262366),('10102019',0.09691),('101097',0.038797),('101103',0.30103),('101108',0.00985464),('101111',0.0377886),('1011552015540828',0.30103),('101176',0.038797),('101186',0.0377886),('1011861472696312478',0.0416652),('101186147269636134',0.0132328),('10118614777525180',0.0213696),('10118614784505115',0.038797),('10118614784505711',0.0377886),('10118614784505926',0.0203802),('1012',0.30103),('1013',0.30103),('10142019',0.00382641),('10152019',0.176091),('10162019',0.30103),('10172019',0.09691),('10182019',0.176091),('102',0.30103),('10202019',0.124939),('10212019',0.176091),('10216',0.30103),('1022',0.30103),('103',0.190478),('1031020013189x10371120',0.0377886),('10312019',0.0791812),('1034',0.30103),('1035',0.30103),('104',0.30103),('104115',0.30103),('105',0.125337),('1050',0.30103),('1052',0.30103),('1057',0.30103),('106',0.30103),('106651745369789241564977engpdf',0.0377886),('107',0.180669),('108',0.30103),('1082020',0.30103),('109',0.176091),('1092020',0.30103),('11',0.0183704),('110',0.30103),('1101',0.30103),('1102020',0.30103),('1106',0.30103),('111',0.30103),('1113',0.30103),('1115',0.176091),('1119',0.30103),('112',0.30103),('1121',0.30103),('1124',0.30103),('1126',0.30103),('1129',0.30103),('113',0.30103),('114',0.30103),('1140',0.30103),('1142020',0.30103),('115',0.30103),('1162020',0.0511525),('12',0.0118051),('12132019',0.176091),('12162019',0.30103),('12172019',0.0669468),('1224',0.30103),('1228',0.30103),('123',0.30103),('1230',0.30103),('1233',0.30103),('1240',0.30103),('1255',0.30103),('1282020',0.30103),('1292020',0.30103),('12item',0.30103),('13',0.061814),('1306',0.30103),('131',0.09691),('1314',0.18206),('1315',0.30103),('1316',0.30103),('1325',0.30103),('1330',0.30103),('1333',0.30103),('1334',0.30103),('134',0.126219),('1344',0.30103),('14',0.108088),('14001',0.30103),('141',0.30103),('1418',0.30103),('142',0.30103),('1421',0.30103),('1426',0.30103),('1428',0.30103),('1430',0.176091),('1441',0.30103),('15',0.108741),('1506',0.30103),('1509',0.30103),('1526',0.30103),('154',0.30103),('1541',0.30103),('1544',0.30103),('1545',0.30103),('1546',0.30103),('16',0.0241212),('1603',0.30103),('1627',0.30103),('1628',0.230344),('1639',0.30103),('164',0.09691),('1653',0.30103),('1656',0.30103),('1657',0.30103),('166',0.30103),('17',0.073059),('1708',0.30103),('1718',0.30103),('1721',0.176091),('1722',0.09691),('1723',0.0669468),('1724',0.30103),('1728',0.30103),('1729',0.09691),('1730',0.09691),('17304722',0.0400075),('1731',0.124939),('1732',0.09691),('1733',0.124939),('1734',0.30103),('1738',0.30103),('1739',0.30103),('1741',0.30103),('1742',0.30103),('1748',0.30103),('1756',0.176091),('1757',0.176091),('18',0.0288822),('1804',0.30103),('1809',0.30103),('181',0.30103),('1827',0.30103),('1828',0.176091),('1829',0.09691),('183',0.30103),('1830',0.0791812),('1831',0.09691),('1832',0.176091),('1833',0.0791812),('1834',0.0669468),('1835',0.0669468),('1836',0.0669468),('1837',0.0791812),('1838',0.0669468),('1839',0.0669468),('184',0.30103),('1840',0.0669468),('1841',0.0669468),('184192',0.30103),('1842',0.0791812),('1843',0.124939),('1844',0.30103),('185',0.30103),('186',0.30103),('187191',0.30103),('188',0.30103),('19',0.224733),('1900',0.30103),('1918181',0.0419657),('1929',0.30103),('1960',0.124939),('1961',0.176091),('1962',0.30103),('1964',0.176091),('1972',0.30103),('1973',0.30103),('1974',0.176091),('1975',0.124939),('1976',0.30103),('1977',0.30103),('1978',0.30103),('1987',0.30103),('1989',0.30103),('1990',0.0791812),('1994',0.30103),('1stjointcalleuropeanjointprogrammerarediseasesjtc2',0.0377886),('2',0.00260169),('20',0.0648533),('2000',0.30103),('20002006',0.30103),('2001',0.30103),('2002',0.30103),('2003',0.30103),('20032005',0.30103),('2005',0.30103),('2006',0.0972078),('2007',0.30103),('2008',0.125487),('2009',0.0791812),('2010',0.0791812),('2011',0.0691095),('201109',0.0377886),('201115',0.09691),('20112015',0.30103),('2012',0.0380641),('2012052016jpndrecalibratedmonitoringandevaluationf',0.0194094),('2013',0.0250615),('2014',0.124939),('2015',0.0280287),('20152015540828',0.30103),('20152018',0.176091),('2015v51n3187191',0.0391),('2016',0.0421529),('201602',0.0377886),('201617',0.30103),('2017',0.0180952),('201705',0.0412139),('2017methodology2018accesstomedicineindexpdf',0.0194094),('2018',0.0110198),('2018092018aamrimemberssnapshotreportfinalpdf',0.0377886),('201810',0.0234416),('2019',0.0280851),('201906',0.0380383),('2019101007',0.0669747),('201finalpdf',0.021192),('2020',0.013364),('2020172020finalpdf',0.0136161),('202017gb',0.0135286),('202018pdf',0.0377886),('2026junpdf',0.0197129),('203',0.30103),('206214',0.30103),('207',0.30103),('207110501072567',0.0377886),('208209',0.30103),('20aar',0.0135138),('20april',0.0377886),('20assessmentsigned',0.0135434),('20bibliometric',0.0211076),('20ju',0.0210651),('20press',0.0377886),('20release',0.0377886),('20report',0.00701985),('20sclerosis',0.0377886),('21',0.029471),('211',0.30103),('2118',0.30103),('2119',0.30103),('212',0.30103),('2122020',0.30103),('213',0.30103),('2131',0.30103),('2132020',0.30103),('214',0.30103),('2142',0.30103),('214234',0.30103),('2153',0.30103),('2153541559212',0.012965),('22',0.116446),('2204',0.30103),('2256',0.30103),('2258',0.30103),('23',0.228305),('2300',0.30103),('2302',0.30103),('2305',0.30103),('2307',0.30103),('231264',0.30103),('2313',0.30103),('2318',0.30103),('2321',0.30103),('2350',0.30103),('235240',0.30103),('24',0.0404022),('244',0.30103),('25',0.0186162),('2567',0.30103),('25883806',0.30103),('259269',0.179818),('26',0.0514301),('27',0.30103),('27trips03ehtm',0.038797),('28',0.0511525),('281405201829interactive0pdf',0.0377886),('29',0.30103),('2ahukewj4qoro2ylnahwp3eakhsfvbsmqfjakegqibhac',0.30103),('2c5a0fb6c07011e8989301aa75ed71a1',0.00782534),('2fdocs',0.30103),('2fprodf117806pdf',0.30103),('2fsarfi',0.30103),('2fservlet',0.30103),('2fwwwcodigofarmaindustriaorg',0.30103),('3',0.0227037),('30',0.176091),('301',0.30103),('3012020',0.30103),('3052020',0.0669468),('31',0.176091),('31659583',0.0066053),('32',0.181785),('322',0.30103),('3234',0.30103),('33',0.127893),('33109csrreporting2011pdf',0.0485131),('34',0.09691),('35',0.176091),('354367',0.176091),('36',0.30103),('37',0.0791812),('38',0.30103),('387400',0.30103),('39',0.30103),('395',0.30103),('4',0.0345032),('40',0.18422),('4052020',0.30103),('41',0.176091),('413',0.30103),('42',0.187312),('43',0.30103),('44',0.176091),('45',0.30103),('46',0.180669),('463',0.30103),('47',0.176091),('48',0.30103),('49',0.30103),('5',0.0263433),('50',0.176091),('5042020',0.124939),('51',0.0511525),('5157',0.30103),('52',0.182608),('521',0.30103),('522',0.125036),('5255',0.30103),('5272020',0.30103),('528',0.176785),('53',0.129831),('5308',0.0377886),('5349',0.0137286),('54',0.131641),('541',0.30103),('548554',0.30103),('55',0.190003),('56',0.193245),('57',0.133687),('58',0.19651),('59',0.30103),('6',0.0173899),('60',0.30103),('6032020',0.0347621),('6042020',0.30103),('60857html',0.0377886),('6092020',0.176091),('61',0.136131),('6172020',0.176091),('62',0.202091),('6269',0.30103),('63',0.20394),('64',0.145171),('65',0.139882),('66',0.14279),('6670',0.30103),('67',0.210044),('68',0.176091),('69',0.30103),('6ac303e769d68ff95508c93d1cbf6f1a',0.30103),('7',0.0409874),('70',0.30103),('701487087189',0.0193052),('71',0.213107),('7192020',0.30103),('72',0.30103),('73',0.30103),('738',0.0377886),('74',0.124939),('75',0.30103),('76',0.30103),('77',0.30103),('7781',0.30103),('78',0.124939),('79',0.30103),('8',0.061798),('80',0.30103),('81',0.30103),('810',0.30103),('812',0.30103),('812184short',0.0377886),('8152',0.0377886),('82',0.30103),('8262020',0.30103),('8272020',0.30103),('83',0.30103),('84',0.30103),('85',0.30103),('86',0.30103),('87',0.30103),('88',0.30103),('89',0.176091),('9',0.0231921),('90',0.30103),('90407427',0.30103),('91',0.30103),('9142020',0.30103),('92',0.30103),('922',0.30103),('93',0.30103),('94',0.30103),('95',0.30103),('96',0.30103),('97',0.30103),('98',0.0325604),('99',0.30103),('a146744',0.30103),('aalst',0.30103),('aamriorgau',0.0146592),('abilhand',0.0157943),('ability',0.00728673),('able',0.30103),('about',0.0101318),('aboutimi',0.0134537),('aboutus',0.0377886),('above',0.30103),('abs',0.0195262),('absolute',0.0321847),('abuse',0.30103),('academic',0.00616198),('academicoupcom',0.012965),('academics',0.013364),('accelerate',0.30103),('accepted',0.30103),('accesible',0.124939),('access',0.00455002),('accessibility',0.00908946),('accesstomedicine',0.01524),('accesstomedicineindexorg',0.0193052),('accidents',0.0791812),('accomplishment',0.176091),('accordance',0.30103),('according',0.10508),('accordingly',0.30103),('account',0.0336089),('accountability',0.14593),('accountable',0.30103),('accounting',0.0791812),('accounts',0.124939),('accuracy',0.176091),('accurately',0.30103),('achieve',0.122609),('achieved',0.30103),('achievement',0.0147233),('achieving',0.30103),('acknowledged',0.176091),('acknowledges',0.30103),('acknowledgment',0.0157943),('across',0.079634),('action',0.0627453),('actions',0.00505313),('activities',0.00307812),('activity',0.0524789),('actors',0.012965),('actual',0.0415314),('actually',0.126363),('acute',0.30103),('adapted',0.30103),('add',0.176091),('additional',0.00583289),('additionally',0.176091),('address',0.0791812),('adds',0.30103),('adequate',0.176091),('adherence',0.0157943),('adhoc',0.30103),('adhocanalysis',0.0377886),('adjusted',0.176091),('adjusting',0.30103),('admin',0.00295577),('administered',0.30103),('administrative',0.09691),('admission',0.0669468),('admissions',0.0791812),('admitted',0.09691),('adopt',0.124939),('adopted',0.0669468),('adopting',0.30103),('adults',0.0157943),('advance',0.0457575),('advanced',0.013364),('advancement',0.0347621),('advances',0.0126296),('advancing',0.176091),('advantages',0.30103),('adverse',0.30103),('advice',0.124939),('advisable',0.176091),('advisory',0.0818001),('advocacy',0.20017),('advocated',0.30103),('aetiology',0.124939),('affect',0.30103),('affects',0.176091),('affiliated',0.30103),('affirms',0.30103),('affordable',0.30103),('afghanistan',0.0377886),('africa',0.167659),('african',0.188796),('after',0.0511525),('against',0.0992207),('age',0.09691),('agencies',0.0791812),('agency',0.0972384),('agenda',0.0125891),('agent',0.30103),('agents',0.30103),('agestandardized',0.30103),('aggregated',0.176091),('agreement',0.067392),('aground',0.30103),('ahead',0.0669468),('aihs',0.30103),('aim',0.30103),('aimed',0.0147233),('aiming',0.30103),('aims',0.176091),('aiss',0.0389485),('ajp20071642206',0.0389485),('ajppsychiatryonlineorg',0.0383419),('alabama',0.30103),('aland',0.30103),('alaska',0.30103),('albania',0.176091),('alberta',0.176091),('algeria',0.176091),('algorithms',0.30103),('align',0.09691),('aligned',0.30103),('aligning',0.30103),('all',0.0268238),('alleviating',0.176091),('alliance',0.00490733),('allianceprogressreportapr2019digitalpdf',0.0381901),('allocate',0.176091),('allocating',0.30103),('allocation',0.09691),('allow',0.212051),('allowing',0.30103),('allows',0.0211893),('almost',0.30103),('aln0b013e31829ce6e6',0.0389485),('already',0.30103),('also',0.0208832),('alternative',0.124939),('alternatives',0.30103),('although',0.124939),('althought',0.30103),('always',0.30103),('american',0.0579919),('americas',0.30103),('amimi',0.30103),('among',0.0405331),('amount',0.0252811),('amounts',0.30103),('analyse',0.30103),('analyses',0.181225),('analysis',0.00055568),('analytic',0.30103),('analytics',0.30103),('analyze',0.124939),('analyzed',0.30103),('analyzing',0.30103),('and',0.000242893),('andorra',0.09691),('anesthesiologypubsasahqorg',0.0204621),('angola',0.176286),('anguilla',0.176589),('annali',0.09691),('annual',0.00788257),('annually',0.00199691),('annualreport',0.00578545),('annualreport2013pdf',0.0377886),('annualreport2018pdf',0.0137423),('antarctica',0.17689),('anticipates',0.30103),('anticipatory',0.00934003),('anticompetitive',0.00630023),('anticorruption',0.00634981),('antigua',0.125487),('antilles',0.252315),('anxiety',0.00340625),('any',0.0280287),('anyone',0.30103),('aovvaw2fmchionpxylcgoch7j9f',0.30103),('apparently',0.30103),('applicability',0.176091),('applicable',0.124939),('application',0.0122438),('applications',0.0478044),('applied',0.0055355),('applies',0.30103),('applying',0.124939),('approach',0.0272003),('approaches',0.176091),('approch',0.30103),('appropriate',0.144519),('appropriately',0.30103),('approval',0.0579919),('approved',0.176091),('appswhoint',0.0377886),('arab',0.298257),('arabia',0.270156),('are',0.00605756),('area',0.124939),('areas',0.0248832),('argentina',0.0974153),('arising',0.30103),('arizona',0.30103),('arkansas',0.30103),('armed',0.124939),('armenia',0.178078),('arra',0.0377886),('article',0.00302685),('articleabstract',0.0193052),('articleaspx',0.0205053),('articleid',0.0418155),('articles',0.00295458),('aruba',0.178372),('ascension',0.178664),('ashton',0.30103),('asmrorgau',0.0377886),('aspect',0.30103),('aspects',0.09691),('assemble',0.30103),('assembly',0.30103),('assess',0.0511688),('assessed',0.0791812),('assesses',0.0579919),('assessessment',0.09691),('assessing',0.0582264),('assessment',0.00698926),('assessments',0.09691),('asset',0.30103),('assets',0.0196495),('assignment',0.30103),('assimilates',0.30103),('associated',0.176091),('association',0.0324843),('associations',0.103699),('assumes',0.30103),('assumption',0.30103),('assumptions',0.30103),('assurance',0.176091),('asymptomatic',0.30103),('atmi',0.0193701),('atmosphere',0.30103),('attend',0.176091),('attendees',0.176091),('attending',0.176091),('attitudes',0.176091),('attributed',0.176091),('attributing',0.176091),('attribution',0.30103),('audience',0.30103),('audiences',0.30103),('audit',0.0457575),('auditing',0.0157943),('audits',0.00975984),('australia',0.0366611),('australian',0.30103),('austria',0.0978479),('automatically',0.30103),('availability',0.0137883),('available',0.00316941),('average',0.0457575),('avoid',0.176091),('avoidable',0.30103),('awarded',0.0818424),('awards',0.0669468),('aware',0.176091),('awareness',0.0269587),('azerbaijan',0.179531),('back',0.30103),('background',0.133055),('backgrounds',0.30103),('bahamas',0.179818),('bahrain',0.180103),('balance',0.0543934),('balanced',0.30103),('bangladesh',0.180387),('banzi',0.09691),('barbados',0.180669),('barbuda',0.125635),('barriers',0.30103),('barthelemy',0.279312),('base',0.193146),('based',0.0553746),('baseline',0.0078263),('basic',0.09691),('basis',0.0982668),('bayer',0.103362),('bayerannualreport2018pdfx',0.0212723),('bcr',0.00663058),('because',0.124939),('become',0.176091),('bed',0.30103),('been',0.0171008),('before',0.30103),('behavior',0.0791812),('behavioral',0.30103),('behaviour',0.00478231),('behaviours',0.178078),('being',0.0379041),('beings',0.30103),('belarus',0.18095),('belgium',0.127485),('belize',0.181508),('belonging',0.176091),('benchmark',0.188552),('beneficiaries',0.176091),('benefit',0.0791812),('benefitcost',0.00663058),('benefits',0.00706185),('benin',0.181785),('bennie',0.30103),('bermuda',0.18206),('best',0.0977625),('better',0.124939),('between',0.0212632),('beyond',0.103221),('bhutan',0.182335),('biased',0.30103),('bibliometric',0.128294),('bigar2016finalfinal0pdf',0.0380383),('billing',0.30103),('biologists',0.30103),('biomarkers',0.30103),('bitstream',0.0377886),('bladder',0.0054629),('blood',0.30103),('bmc',0.0268322),('bmchealthservresbiomedcentralcom',0.0413644),('board',0.0623908),('boards',0.0571532),('bodies',0.0579919),('body',0.14693),('boerma',0.30103),('bolivia',0.182608),('book',0.0791812),('borne',0.30103),('borrowed',0.30103),('bosnia',0.18288),('both',0.0339429),('botswana',0.183419),('boundaries',0.30103),('bouter',0.17689),('bouvet',0.183687),('bragadin',0.0669468),('brain',0.0347621),('braincouncileu',0.30103),('branddb',0.0440624),('brazil',0.183954),('brazzaville',0.19211),('breaches',0.18422),('break',0.30103),('breaking',0.211603),('breast',0.30103),('breath',0.176091),('brichetto',0.0579919),('bridge',0.30103),('britannica',0.176091),('british',0.102122),('broad',0.0669468),('broader',0.0511525),('broadness',0.30103),('brunei',0.18527),('brusselsa',0.0157943),('brusselsprog',0.0157943),('bto',0.0377886),('buchan',0.30103),('budget',0.288121),('building',0.0137883),('bulgaria',0.185529),('bureaucracy',0.30103),('burkina',0.185787),('burma',0.25028),('burnet',0.106562),('burundi',0.1863),('business',0.0791812),('but',0.047173),('cache',0.0157943),('cadd',0.30103),('cahs',0.30103),('caicos',0.295995),('calculate',0.0126191),('calculated',0.124939),('calculating',0.30103),('calculation',0.0708737),('caledonia',0.253115),('california',0.30103),('call',0.176091),('calls',0.176091),('cambodia',0.186555),('cambridge',0.0669468),('cameroon',0.186808),('campaigns',0.30103),('can',0.00577178),('canada',0.130321),('canary',0.187061),('cancer',0.0289047),('cancersaspx',0.0377886),('cannot',0.30103),('capability',0.30103),('capacity',0.00599036),('cape',0.187312),('capital',0.0248236),('capture',0.0413927),('carbon',0.176091),('care',0.000824523),('career',0.0193052),('caribbean',0.187811),('carlaantonini',0.30103),('carley',0.127348),('carloslarrina',0.124939),('carloslarrinaga',0.0193052),('carolina',0.176091),('carried',0.0377886),('carry',0.0503117),('carrying',0.201917),('case',0.0437318),('cases',0.30103),('cash',0.30103),('categoricalspendingprojectlistingaspx',0.0377886),('categories',0.00914628),('categorize',0.30103),('category',0.128557),('catid',0.0377886),('causal',0.30103),('cause',0.30103),('causes',0.30103),('cavalla',0.30103),('cayman',0.188306),('cella',0.30103),('central',0.100529),('certain',0.0669468),('certification',0.0280287),('certifications',0.125929),('ceuta',0.189282),('ch4',0.30103),('chad',0.189764),('challenges',0.251705),('challenging',0.30103),('change',0.0123396),('changes',0.00386202),('channels',0.30103),('characteristics',0.0711878),('charter',0.30103),('check',0.0157943),('chemicals',0.30103),('chemistry',0.30103),('child',0.00782534),('childless',0.0157943),('children',0.30103),('childrenwithproblemsexualbehavioursandtheirfamilie',0.0413644),('chile',0.190003),('china',0.0844612),('choices',0.30103),('chorzempa',0.176091),('christmas',0.190478),('chrodiseu',0.0377886),('chronic',0.30103),('circumstance',0.30103),('circumstances',0.30103),('citation',0.0814398),('citations',0.00447338),('cited',0.0791812),('citing',0.176091),('citizens',0.0669468),('city',0.145703),('civil',0.30103),('claim',0.124939),('clarification',0.30103),('classification',0.108701),('classified',0.179531),('classify',0.176091),('claus',0.30103),('clear',0.0455093),('clearly',0.103221),('clientservice',0.0377886),('climate',0.30103),('clinic',0.30103),('clinica',0.09691),('clinical',0.00244522),('clinicianassessed',0.0669468),('clinicians',0.0142404),('clipperton',0.190715),('closer',0.30103),('closing',0.30103),('co2',0.176091),('coaccountability',0.225389),('coauthors',0.30103),('cochairs',0.30103),('cocos',0.19095),('code',0.0123979),('codes',0.0791812),('codesigning',0.30103),('coding',0.30103),('cognitive',0.140612),('colaboracion',0.30103),('collaborate',0.09691),('collaborating',0.176091),('collaboration',0.0098707),('collaborations',0.0147233),('collaborative',0.00706185),('collaborativeresearch',0.30103),('collaborativeresearchaspx',0.30103),('collect',0.124939),('collection',0.0234811),('collective',0.249273),('colombia',0.191417),('colorado',0.30103),('colorectal',0.30103),('columbia',0.30103),('combating',0.176091),('combine',0.30103),('combined',0.30103),('combining',0.176091),('come',0.0347621),('coming',0.30103),('commercial',0.00663058),('commercialization',0.176091),('commercialized',0.0579919),('commercializing',0.176091),('commit',0.30103),('commitment',0.19693),('committed',0.176091),('committee',0.012965),('committees',0.0125916),('committment',0.30103),('common',0.00828235),('communicate',0.048602),('communication',0.0177288),('communications',0.30103),('communities',0.00975984),('community',0.00473843),('comoros',0.191649),('companies',0.0714265),('company',0.0321847),('comparability',0.189764),('comparable',0.176091),('compare',0.177487),('compared',0.0457575),('comparing',0.30103),('comparison',0.0280287),('comparisons',0.0413927),('competence',0.30103),('competencies',0.30103),('competency',0.30103),('compiled',0.09691),('complement',0.30103),('complementary',0.180669),('complemented',0.124939),('complete',0.124939),('completed',0.30103),('complex',0.177783),('complexity',0.192339),('compliance',0.00954532),('complicated',0.176091),('complied',0.176091),('complies',0.176091),('complying',0.30103),('components',0.124939),('composite',0.30103),('composition',0.0673109),('compounds',0.30103),('comprehensive',0.067187),('comprehensiveness',0.0377886),('comprise',0.30103),('compromising',0.30103),('computation',0.176091),('compute',0.04874),('computed',0.176091),('computerassited',0.30103),('computing',0.183687),('con',0.30103),('concept',0.0669468),('concepts',0.30103),('conceptual',0.124939),('concerning',0.124939),('concerns',0.0669468),('condition',0.30103),('conditions',0.0299632),('conducive',0.30103),('conduct',0.018687),('conducted',0.0669468),('conference',0.30103),('conferences',0.30103),('confirmed',0.30103),('conforming',0.30103),('congo',0.106591),('connecticut',0.30103),('consensus',0.30103),('consequence',0.176091),('consider',0.0299774),('considerable',0.09691),('consideration',0.0457575),('considered',0.09691),('considering',0.0198781),('consist',0.30103),('consortia',0.0791812),('construction',0.30103),('consult',0.0579919),('consultation',0.121922),('consultations',0.176091),('consulted',0.137888),('consumers',0.124939),('consuming',0.09691),('consumption',0.0400075),('contact',0.176091),('contacts',0.30103),('content',0.00246538),('context',0.220036),('contingency',0.30103),('continuous',0.30103),('contracted',0.176091),('contribute',0.0511525),('contributed',0.30103),('contributes',0.176091),('contribution',0.0280287),('contributions',0.0321847),('control',0.00555525),('controlled',0.30103),('cook',0.192567),('coordinate',0.30103),('coordination',0.30103),('coordinators',0.30103),('copyright',0.30103),('core',0.00796893),('corporate',0.0579919),('corrective',0.30103),('corruption',0.09691),('cost',0.00444427),('costa',0.192794),('costbenefit',0.0791812),('costcontainment',0.176091),('costeffectiveness',0.0669468),('costefficiency',0.176091),('costly',0.30103),('costs',0.025336),('cote',0.196426),('could',0.0187043),('council',0.30103),('counsel',0.09691),('counseled',0.30103),('count',0.0202034),('counterfeit',0.30103),('counting',0.30103),('countries',0.09691),('country',0.0592172),('courses',0.0513841),('coverage',0.00400274),('covers',0.30103),('cox',0.30103),('crc',0.30103),('crcsiannualreport2017webpdf',0.0377886),('create',0.209241),('created',0.0579919),('creates',0.30103),('creating',0.30103),('creation',0.012965),('credibility',0.124939),('credit',0.30103),('criteria',0.0463239),('criterion',0.30103),('crm',0.30103),('croatia',0.193481),('crossref',0.30103),('crukmanchesterannualreport2018webpdf',0.0418155),('csr',0.0287014),('csrreport2013pdf',0.012965),('cuba',0.194072),('culture',0.30103),('cultures',0.30103),('cumulating',0.30103),('cunha',0.293719),('curacao',0.194661),('curative',0.30103),('currency',0.0457575),('current',0.30103),('customized',0.30103),('cutter',0.30103),('cyprus',0.19525),('czech',0.30103),('czechia',0.134486),('d11',0.30103),('d35',0.30103),('d353',0.20096),('d51',0.176091),('d54',0.124939),('d91',0.0579919),('dakota',0.176091),('dam',0.00782534),('daneianalizy',0.00706185),('danger',0.30103),('data',0.00499053),('database',0.0813001),('databases',0.176091),('datasources',0.30103),('date',0.30103),('day',0.30103),('days',0.30103),('daytoday',0.30103),('dbertorello',0.0107239),('dcat',0.0377886),('deadlines',0.30103),('deal',0.178372),('dealing',0.30103),('death',0.30103),('deaths',0.124939),('debt',0.0511525),('debttorevenue',0.0157943),('decide',0.30103),('decision',0.0266094),('decisionmakers',0.30103),('decisionmaking',0.0107905),('decisions',0.00729924),('declaration',0.0669468),('decrease',0.109722),('dedicated',0.081732),('default',0.00511617),('defective',0.30103),('define',0.30103),('defined',0.0493527),('defines',0.30103),('defining',0.09691),('definition',0.0618881),('degree',0.0511525),('degrees',0.30103),('delaware',0.30103),('delivered',0.30103),('delivering',0.30103),('delivery',0.0579919),('dell',0.09691),('demanding',0.30103),('demo',0.0157943),('demonstrate',0.30103),('demonstrates',0.30103),('demonstrating',0.30103),('demonstration',0.30103),('denmark',0.135305),('denominatar',0.30103),('denominator',0.013408),('denotes',0.30103),('department',0.09691),('depending',0.080613),('depends',0.0511525),('depression',0.00340625),('describe',0.0235222),('described',0.30103),('describes',0.0325209),('describing',0.067103),('description',0.00503386),('descriptive',0.30103),('desempeno',0.30103),('design',0.00824714),('desk',0.176091),('detail',0.176091),('detailed',0.0981008),('details',0.124939),('detecion',0.30103),('detected',0.30103),('detection',0.0457575),('determinants',0.30103),('determine',0.30103),('determining',0.30103),('develop',0.0977625),('developed',0.00462145),('developing',0.0613216),('development',0.00260161),('developments',0.0669468),('develops',0.176091),('deviation',0.00860876),('deviations',0.176091),('devices',0.106613),('devoted',0.176091),('dexterity',0.176091),('dg3',0.0377886),('diabetes',0.30103),('diability',0.30103),('diagnoses',0.30103),('diagnosis',0.0321847),('diagnosisspecific',0.0579919),('diagnostics',0.30103),('dictionary',0.0669468),('did',0.177822),('diego',0.198182),('diet',0.0157943),('differences',0.126338),('different',0.0158633),('differentes',0.30103),('differentiate',0.104304),('differentiated',0.30103),('differentiating',0.176091),('difficult',0.0255151),('difficulties',0.127758),('difficulty',0.0987526),('diffusion',0.0137883),('digital',0.00599036),('diii5',0.30103),('dimension',0.110399),('dioxide',0.176091),('direct',0.0057547),('directconsiderablemoderateidentifiablenon',0.30103),('direction',0.176091),('directly',0.124939),('directory',0.176091),('disadvantaged',0.30103),('disaggregate',0.124939),('disaggregated',0.0222842),('disaggregating',0.176091),('disagreggated',0.30103),('disciplinary',0.183954),('discipline',0.30103),('disciplines',0.30103),('disclosed',0.0302674),('disclosure',0.124939),('disclosures',0.30103),('discomfort',0.176091),('discounted',0.176091),('discounting',0.30103),('discoveries',0.30103),('discovery',0.09691),('discussion',0.30103),('disease',0.0115819),('diseases',0.00998422),('diseasespecific',0.0223109),('disorders',0.00419611),('disparateness',0.30103),('dissagregated',0.30103),('disseminating',0.30103),('dissemination',0.00653087),('distinctive',0.0579919),('distinguish',0.30103),('distribute',0.30103),('distributed',0.00643411),('distribution',0.0457575),('district',0.30103),('diverse',0.30103),('diversity',0.135269),('divide',0.02554),('divided',0.124939),('dividing',0.0846024),('djibouti',0.199348),('doaj',0.30103),('docs',0.0045521),('docse',0.0384937),('doctors',0.128426),('document',0.0302544),('documentary',0.30103),('documentation',0.30103),('documents',0.00281392),('does',0.00986169),('doha',0.0579919),('dohadeclaration',0.0377886),('doi',0.00458935),('doing',0.30103),('domain',0.30103),('domains',0.176091),('domestic',0.18123),('dominica',0.19993),('dominican',0.200511),('don',0.30103),('done',0.0511525),('dotcom',0.0377886),('doublefeedbackloop',0.30103),('down',0.0714572),('downloadcenter',0.0193052),('downloadshtml',0.0386454),('driven',0.0579919),('drug',0.00223019),('drugs',0.0240082),('dubinsky',0.124939),('due',0.127622),('duration',0.124939),('during',0.0157943),('e152e168',0.30103),('each',0.045361),('early',0.176091),('easily',0.30103),('east',0.30103),('easy',0.052231),('ebctest',0.0157943),('ebers',0.30103),('ebra',0.0157943),('eceuropaeu',0.0193052),('ecf',0.0148972),('ecoefficiency',0.30103),('economic',0.00121666),('economicallysound',0.30103),('economicimpactofmedicalresearchexecsummarypdf',0.0234822),('economics',0.30103),('economy',0.176091),('ecuador',0.201091),('editorial',0.124939),('editorship',0.30103),('editorships',0.30103),('education',0.00193652),('educational',0.0823098),('effect',0.0329126),('effective',0.0836033),('effectively',0.30103),('effectiveness',0.0143022),('effects',0.012965),('efficacy',0.00423705),('efficiency',0.176091),('efficient',0.293608),('effort',0.30103),('efforts',0.013364),('egypt',0.20167),('ehealth',0.0280287),('eiii2',0.30103),('elaborated',0.176091),('elaborating',0.30103),('elective',0.30103),('electronic',0.0791812),('elements',0.09691),('elisamaninfior',0.30103),('elkeebc',0.30103),('email',0.221507),('embedded',0.124939),('emerge',0.30103),('emergent',0.30103),('emirates',0.298708),('emissions',0.0113329),('empirical',0.176091),('employed',0.09691),('employee',0.0109954),('employees',0.016455),('employment',0.0177288),('empty',0.0989985),('enable',0.0987526),('enables',0.124939),('encapsulate',0.30103),('encounter',0.30103),('encouraging',0.30103),('encyclopedia',0.176091),('end',0.0511525),('enduser',0.30103),('energy',0.30103),('enforceable',0.30103),('enforcement',0.0590016),('engage',0.0121741),('engaged',0.09691),('engagement',0.00101789),('engagemente',0.0157943),('engages',0.30103),('engaging',0.30103),('engines',0.30103),('english',0.0383419),('enhance',0.09691),('enhancement',0.176091),('enhancing',0.30103),('enough',0.30103),('ensure',0.107846),('ensures',0.30103),('entities',0.20017),('entrusted',0.30103),('environment',0.0518693),('environmental',0.00934003),('ep20080616html',0.0201607),('epicluster',0.0157943),('epub',0.30103),('equal',0.09691),('equality',0.00567713),('equatorial',0.202826),('equipment',0.124939),('equitable',0.30103),('equity',0.176091),('equivalents',0.30103),('eranet',0.0299632),('ercentage',0.30103),('erickacosta',0.30103),('eritrea',0.203978),('eservices',0.176091),('esg',0.176091),('esgperformancesummary2018pdf',0.0377886),('espanola',0.30103),('especially',0.30103),('esrc',0.0473318),('essential',0.00643593),('established',0.0516211),('establishing',0.120904),('establishment',0.30103),('este',0.30103),('estimate',0.0791812),('estimating',0.124939),('estimations',0.30103),('estonia',0.204553),('eswatini',0.205127),('etc',0.0183931),('etcetera',0.30103),('ethical',0.00316439),('ethics',0.00404972),('ethicsbasicconceptsengpdf',0.0377886),('ethiopia',0.2057),('ethnic',0.176091),('ethnicity',0.30103),('euhorizon',0.30103),('europe',0.0195196),('european',0.0792806),('euros',0.30103),('ev20150512co53enpdf',0.0377886),('evaluate',0.0235207),('evaluated',0.176091),('evaluates',0.0170333),('evaluating',0.0669468),('evaluation',0.00942458),('evaluations',0.30103),('evaluative',0.30103),('events',0.0742013),('every',0.0457575),('evidence',0.0116475),('evidencebased',0.30103),('evolution',0.0519095),('exact',0.30103),('examination',0.176091),('examinations',0.30103),('example',0.0178306),('examples',0.146686),('excellence',0.0170594),('exceptii08pdf',0.0377886),('exceptional',0.176091),('exchange',0.30103),('excipients',0.30103),('executed',0.30103),('execution',0.119447),('executive',0.30103),('existence',0.0669468),('existing',0.30103),('expectancy',0.00459575),('expectations',0.0847033),('expected',0.00369797),('expenditure',0.177783),('expense',0.0377886),('expenses',0.0725649),('experience',0.0413927),('experienced',0.30103),('expert',0.124939),('expertise',0.176091),('experts',0.124939),('expiration',0.30103),('explain',0.30103),('exploit',0.30103),('exploitable',0.30103),('exploitation',0.0116921),('exploited',0.124939),('exploites',0.30103),('exploiting',0.30103),('exploratory',0.30103),('expost',0.30103),('express',0.30103),('expressed',0.176091),('extent',0.0347621),('extents',0.176091),('external',0.00481317),('externalities',0.012965),('externalpublications',0.0201246),('extract',0.00761964),('f111',0.201599),('f2c18ab9a6d6b7a3c49d92bffa39c192ca36cd5epdf',0.0378863),('f44',0.203173),('facchini',0.176091),('facdhhsvicgovau',0.0299632),('facilitates',0.0457575),('facilitating',0.30103),('facilities',0.30103),('faciliting',0.30103),('fact',0.176091),('factor',0.188306),('factors',0.30103),('facts',0.30103),('failure',0.30103),('fair',0.30103),('falkland',0.206272),('families',0.30103),('farmaceutica',0.30103),('faroe',0.206844),('fashion',0.30103),('faso',0.186044),('fatherless',0.00796893),('fatigue',0.140898),('fb2c13c6bae47431ff604534502c84c0',0.0377886),('feasibility',0.30103),('feasible',0.30103),('features',0.0347621),('federated',0.30103),('feedback',0.229388),('feeding',0.30103),('feel',0.0579919),('fees',0.30103),('fellowships',0.30103),('female',0.176091),('females',0.124939),('few',0.176091),('fieds',0.30103),('field',0.124939),('fields',0.176091),('figure',0.0321847),('figures',0.30103),('fiji',0.207414),('file',0.0216857),('files',0.0021453),('filled',0.30103),('final',0.30103),('financial',0.00686699),('financialreport2018digitalpdf',0.0217649),('financing',0.30103),('find',0.131731),('findings',0.00860017),('finland',0.105729),('fiorini',0.0669468),('first',0.30103),('fism',0.30103),('five',0.09691),('fivepoint',0.30103),('flexibilities',0.178372),('flexibility',0.30103),('florida',0.30103),('focuses',0.0669468),('follow',0.176091),('following',0.0665837),('followon',0.0511525),('follows',0.176091),('followup',0.18422),('fondazione',0.30103),('for',0.0012275),('forces',0.124939),('foreseen',0.30103),('foresight',0.124939),('forestry',0.30103),('form',0.0511525),('formal',0.30103),('formalized',0.30103),('formally',0.30103),('format',0.30103),('formed',0.30103),('formula',0.30103),('forward',0.30103),('foster',0.0791812),('fosteringmentalhealthinourcommunityexternalaccfina',0.0194485),('found',0.176091),('foundations',0.30103),('frahm',0.30103),('framework',0.0107403),('frameworks',0.124939),('france',0.208553),('fraunhofer',0.0591093),('fraunhoferannualreport2017futureofworkpdf',0.00782534),('free',0.00772181),('freely',0.30103),('french',0.0818325),('frequency',0.124939),('fri',0.0791812),('from',0.00185818),('frvh',0.30103),('fulfilled',0.30103),('fulfilling',0.30103),('full',0.00737439),('fulltext',0.0401585),('function',0.0234811),('functional',0.0669468),('functioning',0.176091),('functions',0.0582341),('fund',0.30103),('fundamentalhumanrightsatwork2019pdf',0.0377886),('funded',0.124939),('funding',0.00260838),('funds',0.176091),('furnishing',0.30103),('further',0.176091),('furtherpubs',0.0377886),('futuna',0.30103),('future',0.0100188),('gabon',0.211948),('gain',0.176286),('gaining',0.0579919),('gains',0.124939),('gajanova',0.30103),('gambia',0.212512),('gaming',0.30103),('gap',0.176091),('gaps',0.30103),('garcia',0.198765),('garciaromero',0.30103),('gas',0.0670605),('gaseous',0.30103),('gases',0.30103),('gather',0.30103),('gathering',0.226668),('gender',0.00386739),('general',0.0149898),('generate',0.0791812),('generated',0.00546911),('generates',0.30103),('generation',0.176091),('genuine',0.258147),('geographical',0.30103),('georgia',0.103898),('geostam',0.0669468),('germany',0.213414),('ghana',0.213974),('ghg',0.0113158),('gibraltar',0.214534),('gironi',0.30103),('give',0.30103),('given',0.0303882),('gives',0.30103),('global',0.00281987),('goals',0.125036),('goes',0.30103),('going',0.30103),('gold',0.0579919),('goodin',0.30103),('goods',0.30103),('goodwill',0.30103),('google',0.0579919),('gorvernance',0.0511525),('gov2',0.30103),('govermental',0.30103),('governance',0.00260516),('governing',0.30103),('governingboard',0.0134839),('government',0.0511939),('governments',0.30103),('graham',0.09691),('grahammcreynolds',0.30103),('grant',0.0970591),('grants',0.0122345),('graphic',0.102924),('graphically',0.30103),('greater',0.176091),('greece',0.215093),('green',0.0579919),('greenhouse',0.0580772),('greenland',0.215652),('grenada',0.216209),('grenadines',0.283548),('gri',0.0585942),('gri102generaldisclosures',0.0377886),('gri203indirecteconomicimpacts',0.0377886),('gri413localcommunities2016',0.0377886),('gristandardsdownloadcenter',0.012965),('group',0.0429255),('groups',0.0378382),('gsk',0.068454),('gtsa2',0.124939),('guadeloupe',0.216766),('guam',0.144173),('guarantee',0.116947),('guatemala',0.217656),('guernsey',0.21821),('guiana',0.209688),('guidance',0.30103),('guide',0.0323768),('guideenpdf',0.0378863),('guidelines',0.00301533),('guinea',0.0888679),('guineabissau',0.218764),('guyana',0.219317),('gwp',0.30103),('hads',0.00419611),('haiti',0.219869),('hampshire',0.30103),('handle',0.0377886),('hanney',0.176091),('happens',0.176091),('hard',0.176091),('harm',0.30103),('harmful',0.09691),('harms',0.176091),('harrison',0.30103),('has',0.0221319),('hash',0.20913),('have',0.00841689),('hawaii',0.30103),('hazard',0.176091),('hazards',0.0669468),('health',0.000694431),('healthbioethic',0.0377886),('healthcare',0.00339542),('healthy',0.0669468),('heard',0.22042),('heat',0.30103),('hebron',0.09691),('helena',0.279785),('help',0.176091),('helps',0.09691),('herzegovina',0.18315),('heterogeneity',0.30103),('hfcs',0.30103),('hidden',0.0669468),('high',0.0791812),('highimpact',0.0424885),('highly',0.30103),('hinder',0.30103),('hits',0.30103),('hogan',0.30103),('hold',0.30103),('holmes',0.124939),('home',0.0046706),('homepage',0.0157943),('honduras',0.22152),('hong',0.222069),('honorary',0.30103),('hoorens',0.176091),('horizon',0.124939),('hospital',0.00361889),('hospitalisation',0.180387),('hospitalisations',0.0137883),('hospitalization',0.0366309),('hosseinpoor',0.30103),('hour',0.30103),('hours',0.124939),('how',0.00706737),('hqlobiomedcentralcom',0.021289),('hri',0.00683192),('hriannual',0.0136017),('hse',0.30103),('hso',0.01524),('hsp',0.00663058),('html',0.00988298),('http',0.00487137),('https',0.000299946),('human',0.0193052),('hungary',0.223712),('hydrofluorocarbons',0.30103),('iceland',0.224257),('icks',0.30103),('ict',0.30103),('idaho',0.30103),('idea',0.124939),('ideally',0.0821439),('identifiable',0.176091),('identification',0.013364),('identified',0.0528669),('identifies',0.30103),('identify',0.0307412),('identifying',0.0669468),('ignore',0.30103),('iii',0.0511525),('ijpr',0.09691),('ilbilanciosociale',0.0377886),('illinois',0.30103),('imi',0.0185185),('imi2',0.176091),('imi2gbdec201817decision',0.0134989),('impact',0.000405034),('impacts',0.00490733),('impairment',0.0154493),('implement',0.0866192),('implementation',0.0300935),('implementationsciencebiomedcentralcom',0.0377886),('implemented',0.09691),('implications',0.30103),('implicit',0.30103),('implies',0.124939),('imply',0.176091),('import',0.30103),('importance',0.30103),('important',0.30103),('improve',0.0363888),('improved',0.00934003),('improvement',0.00735742),('improvements',0.00673338),('improving',0.0579919),('include',0.110375),('included',0.0413927),('includes',0.30103),('including',0.0573788),('inclusion',0.09691),('inclusive',0.30103),('income',0.0235963),('incorporates',0.30103),('incorporating',0.30103),('increase',0.00166411),('increases',0.30103),('incremental',0.30103),('incurred',0.30103),('independent',0.124939),('index',0.00709356),('indexed',0.30103),('indexhtm',0.0377886),('india',0.224803),('indian',0.129075),('indiana',0.30103),('indicate',0.0340903),('indicates',0.30103),('indicating',0.0791812),('indication',0.124939),('indicator',0.00193129),('indicators',0.0233486),('indirect',0.00616879),('individual',0.0791812),('individuals',0.0982668),('indonesia',0.225347),('industria',0.30103),('industry',0.0021834),('industryeconomicimpact',0.0377886),('inequalities',0.30103),('inequity',0.30103),('infection',0.30103),('infections',0.30103),('infectious',0.30103),('inflation',0.30103),('influence',0.00296946),('influenced',0.30103),('inform',0.0347621),('informal',0.30103),('information',0.00292069),('informed',0.0841984),('informing',0.0184834),('informs',0.0263289),('ini',0.00663058),('inicjatywa',0.00526424),('initiative',0.000653419),('initiatives',0.0338827),('injury',0.124939),('innovador',0.30103),('innovates',0.176091),('innovation',0.00457307),('innovative',0.0592775),('input',0.0184888),('inputs',0.30103),('insight',0.00982576),('instance',0.0612208),('institue',0.176091),('institute',0.0318002),('institutes',0.0520425),('institutional',0.30103),('institutions',0.0544495),('instrumental',0.30103),('instruments',0.30103),('insufficient',0.30103),('insults',0.30103),('int',0.30103),('intangible',0.0305756),('integrated',0.0669468),('integrity',0.133894),('intelectual',0.0153098),('intellectual',0.00245278),('intended',0.09691),('intensity',0.0122345),('intensivity',0.30103),('interact',0.176091),('interaction',0.0147233),('interactions',0.09691),('interdependency',0.30103),('interdisciplinary',0.30103),('interest',0.176091),('interesting',0.30103),('interests',0.30103),('internal',0.00791073),('internally',0.09691),('international',0.0105009),('interpret',0.30103),('interpretation',0.176091),('interpreting',0.30103),('intervention',0.0791812),('interventions',0.0170333),('interviews',0.0457575),('into',0.025658),('intra',0.0157943),('invalid',0.30103),('invention',0.0791812),('inventory',0.30103),('invested',0.30103),('investigations',0.176091),('investing',0.176091),('investment',0.0102218),('investments',0.0115819),('investors',0.00845374),('involve',0.226563),('involved',0.0594788),('involvement',0.00465973),('involves',0.30103),('involving',0.176091),('iowa',0.30103),('iran',0.225891),('iranian',0.09691),('iraq',0.226434),('ireland',0.226976),('iris',0.0377886),('irrelevant',0.30103),('island',0.0425163),('islands',0.0158039),('isle',0.227517),('iso',0.30103),('israel',0.228598),('issue',0.176091),('issued',0.30103),('issues',0.0166347),('istituto',0.09691),('italian',0.30103),('italiana',0.30103),('italy',0.149214),('its',0.00792606),('itself',0.30103),('ivoire',0.197012),('jacksonbowers',0.30103),('jamaica',0.229675),('jan',0.170596),('january',0.30103),('japan',0.230213),('jargon',0.30103),('jcr',0.30103),('jersey',0.149888),('jices1120170066',0.0131497),('jmla',0.0351565),('job',0.00729924),('jobs',0.09691),('john21',0.0157943),('johnson',0.30103),('joint',0.0517663),('jointcall',0.0377886),('jordan',0.231067),('journal',0.00836016),('journals',0.0167939),('journalssagepubcom',0.0377886),('jphs12203',0.0377886),('jpnd',0.176091),('jsessionid',0.0377886),('jtc2011impactreportfinalpdf',0.0377886),('judgements',0.30103),('just',0.18206),('justify',0.30103),('justifying',0.30103),('kalucy',0.30103),('kansas',0.30103),('kaplan',0.30103),('kazakhstan',0.231603),('keeling',0.191184),('keep',0.30103),('keeping',0.30103),('kentucky',0.30103),('kenya',0.232138),('key',0.0377886),('khanna',0.30103),('king',0.30103),('kingdom',0.299159),('kinshasa',0.192339),('kiribati',0.232672),('kitts',0.280257),('knappertz',0.30103),('know',0.30103),('knowldege',0.176091),('knowled',0.09691),('knowledge',0.00635138),('knowledgedriven',0.00469512),('kong',0.222617),('korea',0.153753),('kosovo',0.233205),('kowi',0.30103),('kpi',0.176091),('kpmg',0.142049),('krizanova',0.30103),('kuruvilla',0.124939),('kuske',0.30103),('kuwait',0.233738),('kyrgyzstan',0.23427),('laboratory',0.30103),('labour',0.00382641),('lack',0.124939),('lacking',0.0157943),('lag',0.30103),('lancet',0.0986004),('land',0.30103),('langid',0.0377886),('langlo',0.0395541),('langlois',0.124939),('language',0.196475),('languageen',0.0193052),('lanka',0.278838),('laos',0.234801),('large',0.0579919),('latest',0.30103),('latvia',0.235331),('laws',0.127758),('layperson',0.30103),('lead',0.09691),('leadership',0.012965),('leading',0.124939),('leads',0.30103),('learning',0.0669468),('least',0.0347621),('leastdeveloped',0.30103),('leave',0.30103),('leaving',0.30103),('lebanon',0.235861),('legal',0.0791812),('legale',0.0386454),('lengthofstay',0.30103),('leone',0.272571),('lesotho',0.23639),('less',0.176091),('level',0.00367482),('levels',0.0792806),('liabilities',0.191924),('liberati',0.176091),('liberia',0.236919),('library',0.0185692),('libya',0.237446),('licenses',0.0454036),('liechtenstein',0.237973),('life',0.00110087),('ligtvoet',0.176091),('like',0.176286),('likely',0.176091),('likert',0.30103),('limb',0.0157943),('limerick',0.1022),('limitation',0.30103),('limitations',0.208757),('limited',0.176091),('lindstrom',0.30103),('line',0.124939),('link',0.0288627),('linked',0.183516),('linkspringercom',0.00506195),('list',0.034903),('listed',0.124939),('listen',0.0579919),('lists',0.30103),('lithuania',0.238499),('live',0.30103),('lived',0.124939),('living',0.176091),('local',0.00845132),('located',0.30103),('locomotion',0.176091),('logistic',0.30103),('long',0.09691),('longterm',0.0101089),('longwave',0.30103),('loss',0.30103),('lot',0.30103),('loughney',0.30103),('louisiana',0.30103),('low',0.180669),('loyalty',0.0157943),('lucamolinari',0.30103),('lucia',0.2812),('luxembourg',0.239025),('maarten',0.274013),('macao',0.23955),('macedonia',0.258004),('machine',0.0669468),('machinery',0.30103),('madagascar',0.240074),('made',0.0413927),('magazines',0.30103),('maggini',0.30103),('magnan',0.176091),('main',0.09691),('maine',0.30103),('mainjsp',0.0377886),('mainly',0.30103),('maintain',0.255381),('make',0.0299632),('makers',0.00309573),('makes',0.30103),('making',0.0253006),('malawi',0.240597),('malaysia',0.24112),('maldives',0.241642),('mali',0.242163),('malta',0.242684),('man',0.228058),('manage',0.0413927),('managed',0.0791812),('management',0.00324923),('manager',0.30103),('managerial',0.09691),('manages',0.176091),('managing',0.30103),('managment',0.30103),('manchester',0.30103),('manual',0.0157943),('manufacturing',0.0579919),('many',0.124939),('mapping',0.30103),('mar',0.30103),('marginalized',0.176091),('mariana',0.160337),('marino',0.269186),('mark',0.30103),('market',0.0102192),('marketing',0.00418812),('marshall',0.154968),('martin',0.281671),('martinique',0.243508),('maryland',0.30103),('massachusetts',0.30103),('massive',0.30103),('material',0.012965),('materials',0.0511525),('maternal',0.30103),('math',0.30103),('matter',0.30103),('matters',0.30103),('mauritania',0.244026),('mauritius',0.244545),('maximize',0.30103),('maximum',0.30103),('maxplanckgesellschaft',0.30103),('may',0.0348906),('mayen',0.285417),('mayotte',0.245062),('mays',0.124939),('mcdonald',0.220971),('mcintyre',0.30103),('mckinsey',0.0347621),('means',0.0791812),('measurable',0.30103),('measure',0.0211582),('measured',0.30103),('measurement',0.0131814),('measures',0.0194489),('measuring',0.0511525),('mechanism',0.30103),('mechanisms',0.0125916),('media',0.00183691),('medical',0.0155974),('medication',0.00256222),('medications',0.09691),('medicina',0.09691),('medicine',0.0348378),('medicines',0.020371),('mediums',0.30103),('meets',0.30103),('mehralian',0.30103),('melilla',0.189524),('member',0.30103),('members',0.0323235),('membership',0.124939),('memberships',0.30103),('memoria',0.00975984),('memoriape201115pdf',0.00976634),('memoriarovi2017en',0.0377886),('men',0.0669468),('mentioned',0.18206),('mentions',0.30103),('mentoring',0.176091),('messmer',0.30103),('met',0.30103),('methane',0.30103),('method',0.0669468),('methodological',0.176091),('methodologies',0.00998422),('methodology',0.0582341),('methods',0.0280287),('metrics',0.30103),('mexico',0.155914),('mfis',0.0157943),('michigan',0.30103),('micronesia',0.156033),('middle',0.30103),('midterm',0.30103),('might',0.0104956),('milat',0.0791812),('milestone',0.30103),('milestones',0.0147233),('minimising',0.0791812),('minimizing',0.176091),('mining',0.30103),('minnesota',0.30103),('minus',0.176091),('miquelon',0.282611),('mirror',0.176091),('mirsalehian',0.30103),('misconduct',0.30103),('misconducts',0.30103),('misleading',0.30103),('missing',0.30103),('mission',0.0791812),('mississippi',0.30103),('missouri',0.30103),('mitigate',0.18422),('mitigating',0.30103),('mitigation',0.176091),('mobile',0.0202324),('mobility',0.176091),('mobt27deliveringlargescaleitprojectsontimebudgetan',0.0377886),('model',0.0213657),('modeling',0.30103),('models',0.176091),('moderate',0.09691),('modifiedfatigueimpactscale',0.0157943),('moja',0.176091),('moldova',0.246179),('mon',0.00360412),('monaco',0.246694),('monetary',0.0299632),('money',0.176091),('mongolia',0.247208),('monitor',0.0669468),('monitoring',0.0313478),('monitors',0.30103),('montana',0.30103),('montenegro',0.247722),('monterarily',0.30103),('monthly',0.0516546),('monti',0.0669468),('montserrat',0.248235),('moral',0.30103),('more',0.0243902),('moreover',0.30103),('morocco',0.248747),('morri',0.038653),('mortality',0.00877392),('motor',0.176091),('movement',0.0157943),('moving',0.30103),('mozambique',0.249259),('mscareunit',0.00396619),('mscu',0.0157943),('msjournalthemultiplesclerosiscareunit1352458518807',0.0253134),('msri',0.0157943),('much',0.0975029),('mult',0.30103),('multi',0.30103),('multiact',0.00485354),('multidimensional',0.30103),('multidisciplinary',0.0125891),('multipla',0.30103),('multiple',0.0202034),('multiplied',0.30103),('multiply',0.124939),('multistakeholder',0.194794),('multitude',0.30103),('murphy',0.30103),('music',0.30103),('must',0.30103),('mutually',0.30103),('myanmar',0.24977),('n2o',0.30103),('nadanyiova',0.30103),('name',0.176091),('named',0.30103),('namely',0.30103),('namibia',0.25079),('naming',0.30103),('narrative',0.012632),('national',0.024972),('natural',0.124939),('nature',0.30103),('nauru',0.251299),('ncccp',0.0331896),('nccn',0.30103),('nebraska',0.30103),('necessarily',0.124939),('necessary',0.183419),('need',0.126363),('needed',0.0388313),('needs',0.0160283),('negative',0.0669468),('negotiate',0.0579919),('nepal',0.251807),('nervous',0.30103),('net',0.0791812),('netherlands',0.0634858),('networks',0.30103),('neurodegenerative',0.176091),('neurol',0.0669468),('neurological',0.00419611),('neurology',0.30103),('neuron',0.0321847),('neuroqol',0.00419611),('nevada',0.30103),('nevis',0.280729),('new',0.00433781),('newborn',0.30103),('news',0.30103),('newson',0.30103),('newsroom',0.30103),('ngtorea',0.00694886),('nhs',0.30103),('nhsscotland',0.30103),('nicaragua',0.254126),('niger',0.25463),('nigeria',0.255134),('nitrous',0.30103),('niue',0.255638),('nneurologyorg',0.0377886),('noncommunicable',0.30103),('nonconformity',0.30103),('none',0.30103),('nongovernmental',0.30103),('nonpharmaceutical',0.30103),('nonrenewable',0.30103),('nonrepayable',0.30103),('nor',0.30103),('nordisk',0.30103),('norfolk',0.25614),('normal',0.09691),('normalized',0.0579919),('normally',0.30103),('norms',0.124939),('north',0.0876797),('northern',0.160226),('norton',0.30103),('norway',0.258503),('not',0.00651868),('note',0.0893205),('novartis',0.0807654),('novartisannualreport2018enpdf',0.0389485),('novartiscrperformancereport2017pdf',0.0193052),('novartishsedata2018restatedpdf',0.0436142),('novel',0.176091),('novo',0.30103),('null',0.30103),('number',0.00155743),('numbers',0.0377974),('numerator',0.013004),('numeric',0.30103),('numerous',0.30103),('nurses',0.18315),('oabq',0.00663058),('oancea',0.30103),('objectives',0.0290108),('observations',0.176091),('obstacles',0.30103),('obstruction',0.0579919),('obtain',0.176091),('obtained',0.0330509),('obtaining',0.128161),('obtention',0.176091),('ocean',0.184747),('oceania',0.259998),('oct',0.0669468),('off',0.00755314),('offer',0.176091),('offers',0.124939),('office',0.30103),('official',0.0579919),('often',0.126649),('ogies',0.0377886),('ohio',0.30103),('oklahoma',0.30103),('oman',0.259002),('one',0.0361806),('ones',0.30103),('onesanofiweb',0.00465851),('ongoing',0.226034),('online',0.00607415),('onlinelibrarywileycom',0.0377886),('only',0.0791812),('oortwijn',0.176091),('open',0.00860875),('openaire',0.30103),('openess',0.30103),('openly',0.30103),('operating',0.0468157),('operations',0.0157943),('opeuropaeu',0.00782534),('opportunities',0.222691),('opportunity',0.30103),('opposition',0.0579919),('opt',0.30103),('optimize',0.176091),('option',0.133162),('options',0.0791812),('order',0.0386089),('ordinal',0.176091),('oregon',0.30103),('organisational',0.011281),('organism',0.09691),('organization',0.0156345),('organizational',0.0511525),('organizations',0.0008659),('organized',0.09691),('organizing',0.30103),('other',0.0101892),('others',0.0974153),('otherwise',0.30103),('ottawa',0.124939),('out',0.0233046),('outcome',0.0119193),('outcomes',0.00199878),('outlying',0.160155),('output',0.0186384),('outputs',0.0413927),('outreach',0.00893219),('outside',0.176091),('over',0.0434528),('overactive',0.00663058),('overall',0.0051092),('overburdening',0.0457575),('overcome',0.176091),('overrun',0.124939),('overview',0.00695054),('overwhelming',0.30103),('ovseiko',0.30103),('owed',0.30103),('own',0.124939),('owned',0.0537358),('ownership',0.30103),('owns',0.30103),('oxide',0.30103),('p11',0.30103),('pacific',0.30103),('packaging',0.176091),('page',0.05524),('paid',0.30103),('pain',0.176091),('pakistan',0.260495),('palau',0.161881),('palestinian',0.261273),('paliating',0.30103),('panama',0.261768),('panel',0.30103),('paper',0.30103),('papers',0.18288),('papua',0.262263),('paragraph',0.30103),('paraguay',0.262757),('parameters',0.0377886),('parent',0.00284784),('parisi',0.30103),('part',0.124939),('participants',0.140056),('participate',0.124939),('participating',0.30103),('participation',0.00818252),('participatory',0.124939),('particular',0.0579919),('particularly',0.101455),('parties',0.0992207),('partners',0.0984308),('partnership',0.30103),('partnerships',0.013364),('parts',0.30103),('party',0.30103),('past',0.176091),('patens',0.186623),('patent',0.0163904),('patents',0.00775723),('patiens',0.30103),('patient',0.000615109),('patientreported',0.0669468),('patients',0.000707351),('patientview',0.0377886),('pattern',0.30103),('patti',0.30103),('pay',0.176091),('payback',0.30103),('payers',0.00424916),('payments',0.176091),('pdf',0.00653087),('pdfssemanticscholarorg',0.0377886),('pediatric',0.30103),('peerreviewed',0.0511525),('pennsylvania',0.30103),('people',0.0347621),('per',0.00813433),('perceived',0.176091),('percentage',0.00361662),('percentageat',0.30103),('perception',0.176091),('perfect',0.176091),('perform',0.263045),('performance',0.0304377),('performed',0.176091),('performing',0.0669468),('period',0.0137883),('periods',0.0377886),('perspective',0.0280287),('perspectives',0.0985026),('pertains',0.30103),('peru',0.26325),('pharma',0.0669468),('pharmaceutical',0.0421303),('pharmacology',0.30103),('phase',0.0122345),('phases',0.09691),('phd',0.30103),('philippines',0.263743),('philosophy',0.124939),('phone',0.30103),('phrma',0.30103),('phwresearchstrategyreportpdf',0.0193052),('physical',0.00812725),('physics',0.30103),('picture',0.30103),('pierre',0.282141),('pii',0.019591),('piis2214109x',0.0398564),('pilot',0.179531),('pipeline',0.30103),('pistotti',0.176091),('pitcairn',0.264235),('place',0.0757191),('plan',0.00265192),('planned',0.30103),('plans',0.124939),('pleasant',0.125036),('please',0.0452514),('plus',0.30103),('pmc',0.00790058),('pmc2801963',0.0132976),('pmc3977072',0.0395541),('pmc4170536',0.0392514),('pmc4391321',0.30103),('pmcid',0.30103),('pmid',0.30103),('pmsa',0.00717858),('podcasts',0.30103),('point',0.0457575),('poland',0.163283),('policies',0.0579919),('policiesandprocedures',0.0299632),('policy',0.00130856),('policymaking',0.0107239),('political',0.00992907),('pollution',0.0437636),('polynesia',0.210254),('poor',0.30103),('population',0.00843317),('portal1',0.00975984),('portals',0.0410633),('porter',0.127348),('portugal',0.265218),('positive',0.0669468),('possibilities',0.30103),('possibility',0.176091),('possible',0.0322207),('postal',0.30103),('postdoc',0.30103),('posters',0.30103),('potential',0.00446353),('potentially',0.0137883),('power',0.109366),('pph',0.0147233),('practical',0.176091),('practice',0.00217131),('practices',0.00588801),('practioners',0.30103),('practitioners',0.0109435),('pragmatic',0.176091),('preamble',0.30103),('precise',0.30103),('predicting',0.30103),('prediction',0.30103),('predictive',0.30103),('predoc',0.30103),('preference',0.30103),('preferred',0.30103),('prerequisite',0.30103),('prescribe',0.30103),('prescribed',0.176091),('prescribers',0.30103),('presence',0.011281),('present',0.30103),('presentation',0.30103),('presented',0.188552),('presents',0.30103),('press',0.09691),('pressure',0.30103),('prestige',0.30103),('prestigious',0.30103),('presumptive',0.30103),('prevail',0.30103),('prevent',0.125487),('preventable',0.012965),('preventative',0.30103),('prevented',0.30103),('preventing',0.176091),('prevention',0.0669468),('preventive',0.176091),('previous',0.0377886),('prieto',0.131392),('primary',0.0676289),('principe',0.288204),('principles',0.0118992),('print',0.0669468),('prior',0.0347621),('priorities',0.012378),('prioritize',0.30103),('prioritizing',0.30103),('priority',0.176091),('private',0.117682),('prizes',0.0321847),('problem',0.177487),('problematic',0.30103),('procedure',0.30103),('procedures',0.0304997),('process',0.0037942),('processes',0.0205963),('proctor',0.30103),('procurement',0.30103),('produce',0.131271),('produced',0.0321847),('producing',0.0377886),('product',0.0081509),('production',0.0579919),('products',0.00440169),('professional',0.0125891),('professionals',0.0679301),('profit',0.0791812),('profitability',0.047923),('profits',0.30103),('program',0.0414843),('programes',0.30103),('programme',0.0211893),('programmes',0.176091),('programming',0.0157943),('programs',0.0332704),('progress',0.129016),('progressed',0.30103),('progressive',0.00490733),('project',0.00079273),('projects',0.00500238),('projetx',0.0157943),('promote',0.124939),('promotes',0.30103),('promoting',0.30103),('promotion',0.00553249),('proof',0.0669468),('proper',0.30103),('property',0.00210895),('proportion',0.124939),('proportional',0.30103),('proposal',0.30103),('proposals',0.30103),('proposing',0.30103),('prospective',0.30103),('prosperini',0.30103),('protect',0.133791),('protocol',0.17689),('prova',0.00796893),('prove',0.30103),('provide',0.00504382),('provided',0.0378206),('providers',0.0019626),('provides',0.01338),('providing',0.09691),('province',0.30103),('proving',0.30103),('provision',0.124939),('provisional',0.30103),('provisions',0.30103),('provisonally',0.30103),('proxy',0.0795761),('psychiatry',0.09691),('psycosocial',0.176091),('pubid',0.0377886),('public',0.00214281),('publication',0.00514171),('publicationdetail',0.00782534),('publications',0.00246638),('publicly',0.0791812),('publish',0.228003),('published',0.0299632),('publishes',0.30103),('publishing',0.179506),('pubmed',0.124939),('pubmedncbinlmnihgov',0.00658734),('pubs',0.0200884),('puerto',0.163649),('purchasers',0.00424916),('purpose',0.124939),('purposes',0.176091),('pursuing',0.30103),('pwms',0.0669468),('pwpms',0.00717858),('pzaratin',0.30103),('qaly',0.00396644),('qalys',0.30103),('qatar',0.266262),('qualitative',0.00729924),('quality',0.00181906),('qualityadjusted',0.00403998),('qualityoflife',0.30103),('quantification',0.30103),('quantified',0.176091),('quantitative',0.00520119),('quantity',0.124939),('quartile',0.30103),('question',0.30103),('questionaires',0.30103),('questionnaire',0.00599036),('questionnaires',0.0511525),('questions',0.0579919),('radiation',0.30103),('raising',0.30103),('range',0.223039),('ranges',0.30103),('ranking',0.131617),('rankings',0.30103),('rapidly',0.30103),('rare',0.30103),('rate',0.0110073),('rates',0.0970591),('rather',0.30103),('ratio',0.00445733),('ratios',0.124939),('raw',0.0579919),('rct',0.0471839),('reach',0.0144728),('reached',0.30103),('reaching',0.09691),('reaffirmation',0.30103),('real',0.30103),('realize',0.30103),('recalibrated',0.176091),('recall',0.0142404),('recalls',0.0791812),('receivable',0.30103),('received',0.0457575),('receiving',0.30103),('recognition',0.176091),('recognitions',0.124939),('recognize',0.30103),('recommendation',0.30103),('recommendations',0.124939),('recommends',0.176091),('record',0.124939),('recorded',0.30103),('records',0.0413927),('recovery',0.176091),('reduce',0.30103),('reduced',0.30103),('reducing',0.09691),('reduction',0.176091),('reed',0.30103),('refer',0.30103),('refereed',0.09691),('reference',0.176091),('referencedocuments',0.0210225),('references',0.30103),('refinement',0.30103),('reflect',0.124939),('reformulate',0.30103),('regard',0.0986153),('regarding',0.0605234),('region',0.176091),('regional',0.0336806),('regions',0.30103),('registered',0.124939),('registries',0.176091),('regression',0.30103),('regular',0.176091),('regulating',0.30103),('regulations',0.0138233),('rehabilitation',0.30103),('related',0.0167697),('relates',0.30103),('relationship',0.097149),('relationships',0.0299632),('relative',0.0512188),('releases',0.176091),('relevance',0.0705384),('relevant',0.0118992),('reliability',0.176091),('relief',0.176091),('remaining',0.30103),('remote',0.30103),('removal',0.30103),('renewable',0.30103),('replaced',0.30103),('report',0.00283756),('report2018enpdf',0.0386454),('reported',0.00164252),('reporting',0.0050208),('reportnihgov',0.0377886),('reports',0.0511525),('reportsresearchandstatistics',0.0193306),('represent',0.176589),('representation',0.124939),('represents',0.128426),('reproductive',0.30103),('republic',0.086598),('reputation',0.0054629),('request',0.30103),('requests',0.176091),('require',0.124939),('required',0.0816221),('requirement',0.30103),('requires',0.0413927),('requiring',0.176091),('reseach',0.185009),('research',0.000406341),('researchbigagainstbreastcancerorg',0.0377886),('researcher',0.0791812),('researchers',0.00459575),('researchpublichealthnetworkcymru',0.0193052),('researchrelated',0.30103),('researh',0.30103),('reserch',0.30103),('resource',0.067551),('resources',0.00768874),('respect',0.0283121),('responsibilities',0.187312),('responsibility',0.0669468),('responsible',0.00867212),('responsiveness',0.30103),('result',0.0321847),('resulting',0.011281),('results',0.00513619),('return',0.00630402),('returns',0.124939),('reunion',0.268214),('reuse',0.30103),('rev',0.012965),('reveal',0.30103),('revealing',0.30103),('revenue',0.0100622),('revenues',0.0373196),('review',0.0547513),('reviews',0.177487),('reward',0.30103),('rhode',0.30103),('rica',0.19302),('rico',0.163752),('right',0.0483274),('rights',0.005465),('risk',0.00489014),('risks',0.0413927),('rissel',0.30103),('road',0.30103),('robustness',0.224622),('roce',0.30103),('roi',0.058969),('roifullreportpdf',0.0377886),('role',0.30103),('roles',0.30103),('romania',0.266751),('rothe',0.30103),('rough',0.30103),('rovi',0.30103),('rri',0.0109954),('rsi',0.176091),('rule',0.30103),('rules',0.109481),('run',0.147026),('russia',0.267239),('rwanda',0.267727),('rychetnik',0.30103),('s0025775308764108',0.0389485),('s1007201904093x',0.0348919),('s1119201105281',0.0412139),('s1301201502745',0.0377886),('s1359644611001462',0.0380383),('s1479351220130000026007',0.0377886),('s41598019402835',0.0377886),('s4159801941383y',0.0206962),('sacristan',0.131392),('safeguard',0.30103),('safety',0.00313899),('sahara',0.30103),('sake',0.0383736),('sale',0.124939),('sales',0.176091),('salvador',0.202248),('same',0.0321847),('samoa',0.0934047),('sample',0.30103),('san',0.268701),('sanctions',0.30103),('sandwich',0.276938),('sanita',0.09691),('sanofi',0.0492598),('sanofi20f2018enpdfeaccessible01pdf',0.0455523),('sanofi20f2018enpdfeaccessible02pdf',0.0467397),('sanoficom',0.0046676),('sanofifundamental',0.30103),('sanofiri2018enpdfeaccessible02pdf',0.0377886),('sanofiturkeysustainabilityreport2017pdf',0.0377886),('sao',0.287277),('sar',0.130872),('sara',0.30103),('sarli',0.09691),('satisfaction',0.00171998),('satisfied',0.0511525),('satisfying',0.0579919),('saudi',0.269672),('saving',0.30103),('savings',0.0377886),('scahill',0.30103),('scale',0.00304769),('scales',0.0579919),('scalfari',0.30103),('schedule',0.176091),('scheme',0.124939),('schlegelmilch',0.124939),('scholar',0.0669468),('scholargooglecom',0.0377886),('scholarly',0.30103),('sci',0.0669468),('science',0.00595714),('scienctific',0.30103),('scientific',0.00783456),('scientists',0.30103),('scientometrics',0.30103),('scler',0.30103),('sclerosi',0.30103),('sclerosis',0.0457575),('scope',0.0231532),('scopes',0.30103),('scoping',0.30103),('scopus',0.176091),('score',0.0024606),('scores',0.30103),('scoring',0.30103),('scotland',0.30103),('screen',0.30103),('screened',0.013364),('screening',0.0280411),('screeningrates',0.0391),('search',0.30103),('searching',0.30103),('section',0.0883103),('sections',0.196939),('sector',0.0337125),('sectors',0.176091),('security',0.00718225),('see',0.0074467),('seek',0.176091),('seeking',0.30103),('seeks',0.30103),('select',0.107055),('selection',0.176091),('self',0.0579919),('selfarchiving',0.30103),('selfassessment',0.30103),('selfevaluate',0.30103),('selfinterest',0.30103),('sell',0.0791812),('selling',0.141608),('semiannually',0.09691),('senegal',0.270641),('senior',0.30103),('sensors',0.30103),('separating',0.176091),('september',0.30103),('sequence',0.0377886),('serbia',0.271124),('served',0.176091),('service',0.00479958),('services',0.00337397),('set',0.0579919),('setting',0.124939),('settings',0.176091),('several',0.124939),('sexual',0.125782),('seychelles',0.271607),('shabaninejad',0.30103),('shall',0.0413927),('shaping',0.176091),('share',0.0681104),('shared',0.124939),('shareholders',0.124939),('shares',0.30103),('sharing',0.0142404),('sheet',0.124939),('should',0.0270416),('show',0.30103),('shows',0.0511525),('sierra',0.27209),('sigakis',0.128556),('significant',0.0669468),('significantly',0.30103),('signori',0.30103),('similar',0.30103),('simple',0.124939),('simplified',0.205497),('simplify',0.30103),('since',0.124939),('singapore',0.273053),('single',0.0142404),('sint',0.273533),('siteassets',0.0380383),('sites',0.00252758),('situations',0.30103),('sjr',0.30103),('skilled',0.30103),('skills',0.0620936),('slovakia',0.274493),('slovenia',0.274972),('slow',0.30103),('small',0.30103),('snapshot',0.129955),('social',0.00485759),('societal',0.0579919),('societies',0.30103),('society',0.00811789),('socioeconomic',0.176091),('solaro',0.30103),('solely',0.30103),('solid',0.30103),('solomon',0.27545),('solutions',0.176091),('solved',0.30103),('solving',0.30103),('somalia',0.275928),('some',0.035156),('someone',0.30103),('something',0.30103),('sort',0.30103),('sound',0.30103),('source',0.0474797),('sources',0.30103),('south',0.0430234),('southern',0.21082),('spain',0.277889),('spatial',0.30103),('special',0.30103),('specialist',0.30103),('specializes',0.30103),('specific',0.0155083),('specification',0.30103),('specifying',0.124939),('spent',0.30103),('spinoff',0.0791812),('spinoffs',0.013364),('src',0.0201966),('sri',0.278364),('stability',0.0425661),('stable',0.30103),('staff',0.0142404),('stage',0.124939),('stakeholder',0.0016852),('stakeholderengagementreport2017enpdf',0.0197554),('stakeholders',0.00462159),('standard',0.0321847),('standardized',0.0457575),('standards',0.00500184),('starting',0.30103),('state',0.0414033),('statement',0.0579919),('statements',0.0610714),('states',0.175616),('statistics',0.0347621),('status',0.30103),('statutes',0.30103),('stay',0.30103),('steering',0.30103),('steps',0.268241),('stevens',0.30103),('strategic',0.0119169),('strategies',0.0413927),('strategy',0.0163422),('stratification',0.0122856),('stratifications',0.0147233),('strengthened',0.30103),('structural',0.09691),('structure',0.00848553),('structures',0.012965),('stsekeridou',0.176091),('studied',0.176091),('studies',0.0321847),('study',0.0513572),('subgroup',0.124939),('subject',0.0796915),('submissions',0.30103),('subpopulations',0.30103),('subsequently',0.30103),('substance',0.176091),('substances',0.30103),('substitution',0.30103),('succesful',0.0157943),('success',0.0791812),('successful',0.176091),('successfull',0.30103),('such',0.0362845),('sudan',0.162628),('suffer',0.30103),('suffered',0.30103),('sufficient',0.30103),('summarized',0.30103),('summarizes',0.30103),('summary',0.176091),('sun',0.0669468),('superiore',0.09691),('supervise',0.30103),('suppl',0.30103),('supply',0.00430052),('support',0.0579919),('supported',0.30103),('supporting',0.0324755),('supports',0.30103),('supranational',0.30103),('suriname',0.284016),('survey',0.0669468),('surveyed',0.30103),('surveys',0.0280287),('sustain',0.30103),('sustainability',0.00998422),('sustainabitly',0.30103),('sustainable',0.0243189),('sustainablevaluereport',0.0384937),('sustainablity',0.30103),('sustaining',0.30103),('svalbard',0.284484),('sweden',0.285883),('switzerland',0.286348),('synthetic',0.176091),('syria',0.286813),('system',0.00595626),('systematic',0.124939),('systems',0.0140812),('table',0.0130825),('tabulated',0.30103),('taiwan',0.288666),('tajikistan',0.289128),('take',0.156757),('takeda',0.30103),('taken',0.0350633),('takes',0.0710996),('taking',0.128817),('talent',0.30103),('tangible',0.0377886),('tanzania',0.28959),('target',0.0511525),('targeted',0.0377886),('targeting',0.0147233),('targets',0.086699),('tasks',0.176091),('taxonomies',0.0142404),('taxonomy',0.09691),('teaching',0.30103),('team',0.122099),('teams',0.0152502),('technical',0.176091),('techniques',0.0669468),('technol',0.0377886),('technological',0.30103),('technologies',0.0122345),('technology',0.032655),('telemedicine',0.30103),('teleservices',0.30103),('tell',0.0795178),('tennessee',0.30103),('term',0.176091),('terms',0.0708882),('territories',0.132465),('territory',0.185009),('test',0.00116277),('tested',0.30103),('testi',0.0157943),('testowa',0.00526424),('testprogramme',0.011281),('tests',0.30103),('texas',0.30103),('text',0.00758775),('thailand',0.290051),('than',0.0511525),('that',0.00298799),('the',0.000260827),('theevolutionofresponsibleresearchandinnovationineu',0.043913),('their',0.00602361),('them',0.0323931),('thematic',0.30103),('then',0.176091),('therapeutic',0.00828999),('therapies',0.176091),('there',0.0347686),('thereby',0.30103),('therefore',0.178954),('these',0.036535),('they',0.0381781),('third',0.0517872),('thiruthopu',0.30103),('this',0.00842346),('thorough',0.176091),('thoroughly',0.30103),('those',0.0377886),('three',0.30103),('threemonth',0.30103),('thresholds',0.30103),('through',0.0248236),('thu',0.014042),('thumb',0.30103),('tick',0.30103),('time',0.0434573),('timeconsuming',0.176091),('timeline',0.21928),('timely',0.30103),('times',0.0524789),('timescale',0.30103),('timings',0.30103),('timorleste',0.290511),('tobago',0.292805),('today',0.09691),('together',0.0669468),('togo',0.290971),('tokelau',0.29143),('tome',0.287741),('tonga',0.291889),('tons',0.30103),('too',0.193245),('took',0.30103),('tool',0.0799733),('tools',0.0280287),('top',0.176091),('topic',0.30103),('topics',0.30103),('total',0.00820283),('towards',0.0299632),('town',0.30103),('toxic',0.30103),('trabucco',0.30103),('track',0.221866),('tracked',0.30103),('tracking',0.176091),('trade',0.125036),('trademark',0.30103),('trademarks',0.202861),('traditional',0.30103),('train',0.30103),('training',0.00478739),('transfer',0.30103),('transference',0.30103),('transformation',0.0791812),('transformational',0.30103),('translate',0.30103),('translation',0.0769865),('translational',0.013364),('transnational',0.176091),('transparency',0.00934003),('transparent',0.30103),('trap',0.30103),('traslational',0.30103),('treat',0.176091),('treated',0.176091),('treating',0.30103),('treatment',0.0299632),('treatments',0.0211893),('trend',0.30103),('trial',0.00520119),('trials',0.00866628),('tribo',0.30103),('triennial',0.176091),('trinidad',0.292347),('trips',0.0585705),('tristan',0.293262),('try',0.30103),('tue',0.0347621),('tunisia',0.294175),('turkey',0.294631),('turkmenistan',0.295086),('turks',0.29554),('turky',0.30103),('turnover',0.0122345),('tuvalu',0.296448),('two',0.0280287),('type',0.0160806),('types',0.124939),('ubu',0.0157943),('ubues',0.0193052),('uccelli',0.30103),('uganda',0.296901),('ukraine',0.297354),('uncertainty',0.126506),('unclear',0.30103),('uncommon',0.30103),('under',0.0791812),('underlying',0.30103),('underpinning',0.124939),('understading',0.30103),('understand',0.0533747),('understanding',0.0280287),('understood',0.176091),('undertaken',0.30103),('undertaking',0.1839),('underwriting',0.20017),('uniform',0.30103),('unique',0.176091),('unit',0.00181378),('united',0.123853),('units',0.00769572),('universal',0.124939),('universidades',0.30103),('universities',0.30103),('university',0.0642158),('universityemployed',0.30103),('unrecognized',0.30103),('update',0.124939),('updated',0.30103),('upload',0.0377886),('uploads',0.00294313),('upper',0.0157943),('upperlimb',0.176091),('upstream',0.30103),('url',0.0433941),('uruguay',0.299857),('use',0.0023558),('used',0.0080465),('useful',0.124939),('usefulness',0.176091),('usermedia',0.0135872),('users',0.00785512),('uses',0.30103),('usg',0.30103),('using',0.0282114),('usually',0.051594),('utah',0.30103),('utility',0.176091),('utilization',0.124939),('uzbekistan',0.300306),('vaccine',0.30103),('valentina',0.30103),('valentine',0.176091),('validation',0.128294),('vall',0.09691),('valuable',0.129456),('value',0.0045052),('valued',0.30103),('values',0.0116032),('van',0.30103),('vanuatu',0.300755),('variable',0.30103),('variation',0.30103),('varies',0.30103),('variety',0.30103),('various',0.124939),('vary',0.09691),('vatican',0.30103),('ved',0.047923),('venezuela',0.30103),('verde',0.187562),('verified',0.30103),('vermont',0.30103),('very',0.30103),('viable',0.30103),('victoria',0.176091),('videos',0.30103),('vietnam',0.30103),('views',0.124939),('vincent',0.28308),('violated',0.183954),('violations',0.30103),('virgin',0.0991575),('virginia',0.176091),('virus',0.30103),('vision',0.176091),('visitors',0.176091),('visits',0.0246502),('volume',0.30103),('volumen',0.0157943),('wages',0.30103),('wales',0.124939),('walking',0.01524),('wallis',0.30103),('walt',0.125187),('wants',0.30103),('warming',0.30103),('was',0.0672286),('washington',0.30103),('way',0.176091),('ways',0.30103),('weak',0.30103),('wealth',0.30103),('web',0.0330983),('webbased',0.30103),('webpage',0.176091),('website',0.232691),('websites',0.00466156),('wed',0.0193052),('weight',0.176091),('weiss',0.30103),('well',0.0457575),('wellbeing',0.00635689),('were',0.124939),('west',0.30103),('western',0.30103),('what',0.0974153),('when',0.021068),('where',0.023903),('whether',0.0214539),('which',0.0106126),('who',0.0269482),('whole',0.0511525),('whom',0.30103),('why',0.176091),('wide',0.30103),('wider',0.30103),('wikstrom',0.30103),('will',0.0791812),('willingness',0.176091),('wisconsin',0.30103),('with',0.00187532),('within',0.012965),('without',0.09691),('women',0.0347621),('wooding',0.176286),('work',0.00877392),('worked',0.30103),('workers',0.176091),('workforce',0.0125891),('workforces',0.30103),('working',0.0584719),('worklife',0.30103),('workshops',0.09691),('world',0.0302609),('worse',0.30103),('worth',0.176091),('wos',0.176091),('would',0.176091),('wpcontent',0.00454447),('writing',0.30103),('wrong',0.30103),('wto',0.30103),('wwwaismit',0.0377886),('wwwannualreport2017bayercom',0.0384937),('wwwbayercom',0.0212407),('wwwburneteduau',0.0215656),('wwwbusinessdictionarycom',0.176091),('wwwcahsacssca',0.0377886),('wwwcdcgov',0.0389485),('wwwcoeint',0.0377886),('wwwcrcsicomau',0.0377886),('wwwcrukmanchesteracuk',0.0409127),('wwwdhhsvicgovau',0.0406112),('wwwemaeuropaeu',0.0196797),('wwwemeraldcom',0.00981601),('wwwerareeu',0.0377886),('wwwfinddxorg',0.0377886),('wwwfraunhoferde',0.00782534),('wwwglobalreportingorg',0.00989231),('wwwgooglecom',0.0468878),('wwwgskcom',0.0101711),('wwwhsegovuk',0.0377886),('wwwimieuropaeu',0.00820567),('wwwisoorg',0.0377886),('wwwkowide',0.30103),('wwwlundbeckcom',0.0377886),('wwwmckinseycom',0.0377886),('wwwmdpicom',0.0377886),('wwwmpgde',0.0377886),('wwwnaturecom',0.0135096),('wwwncbinlmnihgov',0.00802815),('wwwnccnorg',0.0377886),('wwwneurodegenerationresearcheu',0.0193052),('wwwneuroneraneteu',0.0377886),('wwwnovartiscom',0.00510575),('wwwottawapublichealthca',0.0193052),('wwwphrmaorg',0.0377886),('wwwprogressivemsallianceorg',0.0377886),('wwwrandorg',0.020052),('wwwrovies',0.0377886),('wwwrritoolseu',0.0437636),('wwwsanoficom',0.00465236),('wwwscielosporg',0.0386454),('wwwsciencedirectcom',0.0194485),('wwwtakedacom',0.0378863),('wwwthelancetcom',0.0392514),('wwwulie',0.0135286),('wwwvhirorg',0.00975984),('wwwwhoint',0.0193052),('wwwwipoint',0.043913),('wwwwtoorg',0.0381901),('wyoming',0.30103),('xxx',0.0157943),('yaghmaei',0.09691),('year',0.00386042),('years',0.0321847),('yemen',0.30103),('yes',0.00326412),('yet',0.30103),('york',0.30103),('you',0.0150352),('your',0.0473756),('zaletel',0.30103),('zambia',0.30103),('zealand',0.159064),('zimbabwe',0.30103),('zip',0.30103);

--
-- Table structure for table `semaphore`
--

CREATE TABLE `semaphore` (
  `name` varchar(255) CHARACTER SET ascii NOT NULL DEFAULT '' COMMENT 'Primary Key: Unique name.',
  `value` varchar(255) CHARACTER SET ascii NOT NULL DEFAULT '' COMMENT 'A value for the semaphore.',
  `expire` double NOT NULL COMMENT 'A Unix timestamp with microseconds indicating when the semaphore should expire.',
  PRIMARY KEY (`name`),
  KEY `value` (`value`),
  KEY `expire` (`expire`)
) ENGINE=InnoDB DEFAULT CHARSET=utf8mb4 COMMENT='Table for holding semaphores, locks, flags, etc. that…';

--
-- Dumping data for table `semaphore`
--


--
-- Table structure for table `sequences`
--

CREATE TABLE `sequences` (
  `value` int(10) unsigned NOT NULL AUTO_INCREMENT COMMENT 'The value of the sequence.',
  PRIMARY KEY (`value`)
) ENGINE=InnoDB AUTO_INCREMENT=94 DEFAULT CHARSET=utf8mb4 COMMENT='Stores IDs.';

--
-- Dumping data for table `sequences`
--

INSERT INTO `sequences` VALUES (93);

--
-- Table structure for table `sessions`
--

CREATE TABLE `sessions` (
  `uid` int(10) unsigned NOT NULL COMMENT 'The users.uid corresponding to a session, or 0 for anonymous user.',
  `sid` varchar(128) CHARACTER SET ascii NOT NULL COMMENT 'A session ID (hashed). The value is generated by Drupal''s session handlers.',
  `hostname` varchar(128) CHARACTER SET ascii NOT NULL DEFAULT '' COMMENT 'The IP address that last used this session ID (sid).',
  `timestamp` int(11) NOT NULL DEFAULT 0 COMMENT 'The Unix timestamp when this session last requested a page. Old records are purged by PHP automatically.',
  `session` longblob DEFAULT NULL COMMENT 'The serialized contents of $_SESSION, an array of name/value pairs that persists across page requests by this session ID. Drupal loads $_SESSION from here at the start of each request and saves it at the end.',
  PRIMARY KEY (`sid`),
  KEY `timestamp` (`timestamp`),
  KEY `uid` (`uid`)
) ENGINE=InnoDB DEFAULT CHARSET=utf8mb4 COMMENT='Drupal''s session handlers read and write into the sessions…';

--
-- Dumping data for table `sessions`
--

INSERT INTO `sessions` VALUES (1,'mUemMrS7Tp1Ohcdm1X5Gh-Jpu024RaQECzMXuZvtLv4','85.72.53.208',1601908174,'_sf2_attributes|a:1:{s:3:\"uid\";s:1:\"1\";}_sf2_meta|a:4:{s:1:\"u\";i:1601908169;s:1:\"c\";i:1601894594;s:1:\"l\";s:7:\"2000000\";s:1:\"s\";s:43:\"hRaAwFl09bIx6E9_0-XeQXNhRwH4GPRv9yeDlQc_mq8\";}');

--
-- Table structure for table `shortcut`
--

CREATE TABLE `shortcut` (
  `id` int(10) unsigned NOT NULL AUTO_INCREMENT,
  `shortcut_set` varchar(32) CHARACTER SET ascii NOT NULL COMMENT 'The ID of the target entity.',
  `uuid` varchar(128) CHARACTER SET ascii NOT NULL,
  `langcode` varchar(12) CHARACTER SET ascii NOT NULL,
  PRIMARY KEY (`id`),
  UNIQUE KEY `shortcut_field__uuid__value` (`uuid`),
  KEY `shortcut_field__shortcut_set__target_id` (`shortcut_set`)
) ENGINE=InnoDB AUTO_INCREMENT=4 DEFAULT CHARSET=utf8mb4 COMMENT='The base table for shortcut entities.';

--
-- Dumping data for table `shortcut`
--

INSERT INTO `shortcut` VALUES (1,'default','fccfa7d9-e76f-48a5-8a21-887db69a0b49','en'),(2,'default','ba08ca62-7fe8-4f4b-bf92-4d052b9d8328','en'),(3,'default','6c08634e-5882-4243-8efc-1cb108f7bc44','en');

--
-- Table structure for table `shortcut_field_data`
--

CREATE TABLE `shortcut_field_data` (
  `id` int(10) unsigned NOT NULL,
  `shortcut_set` varchar(32) CHARACTER SET ascii NOT NULL COMMENT 'The ID of the target entity.',
  `langcode` varchar(12) CHARACTER SET ascii NOT NULL,
  `title` varchar(255) DEFAULT NULL,
  `weight` int(11) DEFAULT NULL,
  `link__uri` varchar(2048) DEFAULT NULL COMMENT 'The URI of the link.',
  `link__title` varchar(255) DEFAULT NULL COMMENT 'The link text.',
  `link__options` longblob DEFAULT NULL COMMENT 'Serialized array of options for the link.',
  `default_langcode` tinyint(4) NOT NULL,
  PRIMARY KEY (`id`,`langcode`),
  KEY `shortcut__id__default_langcode__langcode` (`id`,`default_langcode`,`langcode`),
  KEY `shortcut_field__shortcut_set__target_id` (`shortcut_set`),
  KEY `shortcut_field__link__uri` (`link__uri`(30))
) ENGINE=InnoDB DEFAULT CHARSET=utf8mb4 COMMENT='The data table for shortcut entities.';

--
-- Dumping data for table `shortcut_field_data`
--

INSERT INTO `shortcut_field_data` VALUES (1,'default','en','Add content',-20,'internal:/node/add',NULL,'a:0:{}',1),(2,'default','en','All content',-19,'internal:/admin/content',NULL,'a:0:{}',1),(3,'default','en','Performance',NULL,'internal:/admin/config/development/performance',NULL,'a:0:{}',1);

--
-- Table structure for table `shortcut_set_users`
--

CREATE TABLE `shortcut_set_users` (
  `uid` int(10) unsigned NOT NULL DEFAULT 0 COMMENT 'The users.uid for this set.',
  `set_name` varchar(32) CHARACTER SET ascii NOT NULL DEFAULT '' COMMENT 'The shortcut_set.set_name that will be displayed for this user.',
  PRIMARY KEY (`uid`),
  KEY `set_name` (`set_name`)
) ENGINE=InnoDB DEFAULT CHARSET=utf8mb4 COMMENT='Maps users to shortcut sets.';

--
-- Dumping data for table `shortcut_set_users`
--


--
-- Table structure for table `taxonomy_index`
--

CREATE TABLE `taxonomy_index` (
  `nid` int(10) unsigned NOT NULL DEFAULT 0 COMMENT 'The node.nid this record tracks.',
  `tid` int(10) unsigned NOT NULL DEFAULT 0 COMMENT 'The term ID.',
  `status` int(11) NOT NULL DEFAULT 1 COMMENT 'Boolean indicating whether the node is published (visible to non-administrators).',
  `sticky` tinyint(4) DEFAULT 0 COMMENT 'Boolean indicating whether the node is sticky.',
  `created` int(11) NOT NULL DEFAULT 0 COMMENT 'The Unix timestamp when the node was created.',
  PRIMARY KEY (`nid`,`tid`),
  KEY `term_node` (`tid`,`status`,`sticky`,`created`)
) ENGINE=InnoDB DEFAULT CHARSET=utf8mb4 COMMENT='Maintains denormalized information about node/term…';

--
-- Dumping data for table `taxonomy_index`
--

INSERT INTO `taxonomy_index` VALUES (1,1,1,0,1570020323),(307,1,1,0,1570714090),(309,1,1,0,1570731504),(310,1,1,0,1570731562),(518,1,1,0,1571311561),(523,1,1,0,1571382803),(525,1,1,0,1571601607),(527,1,1,0,1571645218),(528,1,1,0,1571649858),(531,1,1,0,1572522251),(534,1,1,0,1576248805),(540,1,1,0,1576580107),(541,1,1,0,1576581348),(542,1,1,0,1576581953),(543,1,1,0,1578491088),(555,1,1,0,1580215264),(572,1,1,0,1590583616),(590,1,1,0,1592404739),(593,1,1,0,1598527126),(306,2,1,0,1570714052),(307,2,1,0,1570714090),(522,2,1,0,1571382521),(523,2,1,0,1571382803),(524,2,1,0,1571601530),(529,2,1,0,1572521447),(530,2,1,0,1572521622),(540,2,1,0,1576580107),(541,2,1,0,1576581348),(542,2,1,0,1576581953),(543,2,1,0,1578491088),(546,2,1,0,1578994834),(556,2,1,0,1580308766),(572,2,1,0,1590583616),(592,2,1,0,1598468689),(593,2,1,0,1598527126),(306,3,1,0,1570714052),(520,3,1,0,1571311810),(527,3,1,0,1571645218),(528,3,1,0,1571649858),(531,3,1,0,1572522251),(534,3,1,0,1576248805),(537,3,1,0,1576567352),(538,3,1,0,1576573065),(539,3,1,0,1576574031),(540,3,1,0,1576580107),(542,3,1,0,1576581953),(543,3,1,0,1578491088),(544,3,1,0,1578581875),(589,3,1,0,1592378531),(592,3,1,0,1598468689),(1,4,1,0,1570020323),(518,4,1,0,1571311561),(522,4,1,0,1571382521),(523,4,1,0,1571382803),(524,4,1,0,1571601530),(526,4,1,0,1571601905),(530,4,1,0,1572521622),(534,4,1,0,1576248805),(535,4,1,0,1576248966),(537,4,1,0,1576567352),(538,4,1,0,1576573065),(539,4,1,0,1576574031),(540,4,1,0,1576580107),(541,4,1,0,1576581348),(542,4,1,0,1576581953),(543,4,1,0,1578491088),(545,4,1,0,1578652431),(556,4,1,0,1580308766),(572,4,1,0,1590583616),(592,4,1,0,1598468689),(593,4,1,0,1598527126),(516,5,1,0,1571238571),(519,5,1,0,1571311685),(520,5,1,0,1571311810),(529,5,1,0,1572521447),(536,5,1,0,1576483928),(537,5,1,0,1576567352),(538,5,1,0,1576573065),(540,5,1,0,1576580107),(556,5,1,0,1580308766),(516,6,1,0,1571238571),(519,6,1,0,1571311685),(521,6,1,0,1571311844),(526,6,1,0,1571601905),(536,6,1,0,1576483928),(538,6,1,0,1576573065),(539,6,1,0,1576574031),(540,6,1,0,1576580107),(541,6,1,0,1576581348),(542,6,1,0,1576581953),(544,6,1,0,1578581875),(593,6,1,0,1598527126),(521,7,1,0,1571311844),(525,7,1,0,1571601607),(538,7,1,0,1576573065),(539,7,1,0,1576574031),(540,7,1,0,1576580107),(542,7,1,0,1576581953),(543,7,1,0,1578491088),(544,7,1,0,1578581875),(564,7,1,0,1583423793),(522,8,1,0,1571382521),(523,8,1,0,1571382803),(534,8,1,0,1576248805),(536,8,1,0,1576483928),(537,8,1,0,1576567352),(538,8,1,0,1576573065),(539,8,1,0,1576574031),(540,8,1,0,1576580107),(541,8,1,0,1576581348),(542,8,1,0,1576581953),(543,8,1,0,1578491088),(544,8,1,0,1578581875),(545,8,1,0,1578652431),(557,8,1,0,1581514862),(572,8,1,0,1590583616),(589,8,1,0,1592378531),(592,8,1,0,1598468689),(593,8,1,0,1598527126),(532,10,1,0,1572534481),(533,10,1,0,1572540276),(559,10,1,0,1583060804),(565,10,1,0,1583424254),(576,10,1,0,1591171283),(560,11,1,0,1583422766),(562,11,1,0,1583422969),(568,11,1,0,1588602131),(575,11,1,0,1591170735),(578,11,1,0,1591172374),(580,11,1,0,1591172647),(581,11,1,0,1591172764),(583,11,1,0,1591176537),(584,11,1,0,1591176604),(561,13,1,0,1583422887),(566,13,1,0,1586046172),(574,13,1,0,1591170637),(563,14,1,0,1583423314),(569,14,1,0,1588602237),(577,14,1,0,1591172124),(582,14,1,0,1591172978),(586,14,1,0,1591269692),(587,14,1,0,1591688067),(588,14,1,0,1591688146),(591,14,1,0,1595191833),(532,15,1,0,1572534481),(533,16,1,0,1572540276),(559,17,1,0,1583060804),(565,17,1,0,1583424254),(576,19,1,0,1591171283),(399,24,1,0,1571054778),(532,24,1,0,1572534481),(400,25,1,0,1571054940),(401,25,1,0,1571062887),(533,25,1,0,1572540276),(402,26,1,0,1571062918),(403,26,1,0,1571062935),(404,26,1,0,1571062950),(405,26,1,0,1571062965),(559,26,1,0,1583060804),(565,26,1,0,1583424254),(406,27,1,0,1571062980),(407,28,1,0,1571062995),(408,29,1,0,1571063022),(409,30,1,0,1571063038),(576,30,1,0,1591171283),(410,31,1,0,1571063054),(411,32,1,0,1571063336),(412,33,1,0,1571063352),(413,34,1,0,1571063367),(414,35,1,0,1571063383),(415,36,1,0,1571063398),(416,37,1,0,1571063414),(567,48,1,0,1588601922),(579,48,1,0,1591172509),(560,67,1,0,1583422766),(562,67,1,0,1583422969),(578,67,1,0,1591172374),(581,70,1,0,1591172764),(568,72,1,0,1588602131),(580,73,1,0,1591172647),(583,73,1,0,1591176537),(584,73,1,0,1591176604),(563,74,1,0,1583423314),(582,74,1,0,1591172978),(575,75,1,0,1591170735),(567,79,1,0,1588601922),(579,86,1,0,1591172509),(566,96,1,0,1586046172),(561,97,1,0,1583422887),(574,98,1,0,1591170637),(417,100,1,0,1571063429),(418,100,1,0,1571063444),(419,108,1,0,1571063459),(560,108,1,0,1583422766),(562,108,1,0,1583422969),(578,108,1,0,1591172374),(420,109,1,0,1571063474),(422,112,1,0,1571063505),(423,112,1,0,1571063521),(424,112,1,0,1571063536),(425,113,1,0,1571063552),(427,113,1,0,1571063583),(581,113,1,0,1591172764),(426,114,1,0,1571063567),(428,115,1,0,1571063599),(429,115,1,0,1571063614),(430,115,1,0,1571065009),(431,116,1,0,1571065026),(432,117,1,0,1571065041),(433,118,1,0,1571066849),(434,119,1,0,1571066911),(568,119,1,0,1588602131),(435,120,1,0,1571066926),(436,121,1,0,1571066941),(580,121,1,0,1591172647),(583,121,1,0,1591176537),(437,122,1,0,1571066955),(438,123,1,0,1571066971),(584,123,1,0,1591176604),(563,124,1,0,1583423314),(582,124,1,0,1591172978),(440,125,1,0,1571067000),(575,125,1,0,1591170735),(441,126,1,0,1571067015),(442,127,1,0,1571067029),(443,127,1,0,1571067044),(444,127,1,0,1571067059),(445,128,1,0,1571067073),(446,129,1,0,1571067088),(447,129,1,0,1571067102),(448,129,1,0,1571067117),(449,130,1,0,1571067132),(451,130,1,0,1571067185),(567,130,1,0,1588601922),(450,131,1,0,1571067146),(512,132,1,0,1571068854),(452,133,1,0,1571067204),(453,134,1,0,1571067214),(454,135,1,0,1571067225),(455,135,1,0,1571067235),(456,135,1,0,1571067246),(457,136,1,0,1571067256),(458,136,1,0,1571067266),(459,136,1,0,1571067277),(460,137,1,0,1571067287),(461,137,1,0,1571067296),(462,137,1,0,1571067306),(463,138,1,0,1571067316),(464,139,1,0,1571067327),(465,139,1,0,1571067337),(466,139,1,0,1571067346),(467,140,1,0,1571067357),(579,140,1,0,1591172509),(468,141,1,0,1571067366),(469,142,1,0,1571067376),(470,143,1,0,1571067386),(471,144,1,0,1571067396),(472,145,1,0,1571067406),(473,146,1,0,1571067416),(474,147,1,0,1571067427),(547,147,1,0,1579203755),(475,148,1,0,1571067444),(476,148,1,0,1571067454),(477,148,1,0,1571067464),(478,148,1,0,1571067474),(479,149,1,0,1571067485),(480,149,1,0,1571067495),(481,149,1,0,1571067505),(482,150,1,0,1571067515),(483,151,1,0,1571067525),(484,152,1,0,1571067535),(485,152,1,0,1571067545),(486,153,1,0,1571067555),(487,153,1,0,1571067565),(488,154,1,0,1571067575),(489,155,1,0,1571067584),(490,156,1,0,1571067594),(491,157,1,0,1571067604),(492,158,1,0,1571067615),(493,159,1,0,1571067626),(494,160,1,0,1571067636),(496,160,1,0,1571067656),(495,161,1,0,1571067646),(497,162,1,0,1571067666),(498,163,1,0,1571067675),(566,163,1,0,1586046172),(499,164,1,0,1571067685),(500,165,1,0,1571067695),(501,165,1,0,1571067705),(561,165,1,0,1583422887),(502,166,1,0,1571067714),(503,167,1,0,1571067725),(574,167,1,0,1591170637),(504,168,1,0,1571067735),(505,169,1,0,1571067745),(506,170,1,0,1571067755),(507,171,1,0,1571067765),(548,172,1,0,1579204404),(508,173,1,0,1571067784),(509,174,1,0,1571067795),(510,175,1,0,1571067805),(421,177,1,0,1571063490),(569,180,1,0,1588602237),(586,180,1,0,1591269692),(577,181,1,0,1591172124),(591,182,1,0,1595191833),(549,184,1,0,1579208161),(569,184,1,0,1588602237),(586,184,1,0,1591269692),(551,185,1,0,1579208841),(591,185,1,0,1595191833),(577,186,1,0,1591172124),(552,188,1,0,1579209224),(554,189,1,0,1579209677),(587,262,1,0,1591688067),(588,262,1,0,1591688146),(439,263,1,0,1571066985),(550,263,1,0,1579208579),(553,263,1,0,1579209487),(587,263,1,0,1591688067),(588,263,1,0,1591688146),(585,265,1,0,1591177225),(594,266,1,0,1600088590);

--
-- Table structure for table `taxonomy_term__parent`
--

CREATE TABLE `taxonomy_term__parent` (
  `bundle` varchar(128) CHARACTER SET ascii NOT NULL DEFAULT '' COMMENT 'The field instance bundle to which this row belongs, used when deleting a field instance',
  `deleted` tinyint(4) NOT NULL DEFAULT 0 COMMENT 'A boolean indicating whether this data item has been deleted',
  `entity_id` int(10) unsigned NOT NULL COMMENT 'The entity id this data is attached to',
  `revision_id` int(10) unsigned NOT NULL COMMENT 'The entity revision id this data is attached to',
  `langcode` varchar(32) CHARACTER SET ascii NOT NULL DEFAULT '' COMMENT 'The language code for this data item.',
  `delta` int(10) unsigned NOT NULL COMMENT 'The sequence number for this data item, used for multi-value fields',
  `parent_target_id` int(10) unsigned NOT NULL COMMENT 'The ID of the target entity.',
  PRIMARY KEY (`entity_id`,`deleted`,`delta`,`langcode`),
  KEY `revision_id` (`revision_id`),
  KEY `parent_target_id` (`parent_target_id`),
  KEY `bundle_delta_target_id` (`bundle`,`delta`,`parent_target_id`)
) ENGINE=InnoDB DEFAULT CHARSET=utf8mb4 COMMENT='Data storage for taxonomy_term field parent.';

--
-- Dumping data for table `taxonomy_term__parent`
--

INSERT INTO `taxonomy_term__parent` VALUES ('stakeholder_member_types',0,1,1,'en',0,0),('stakeholder_member_types',0,2,2,'en',0,0),('stakeholder_member_types',0,3,3,'en',0,0),('stakeholder_member_types',0,4,4,'en',0,0),('stakeholder_member_types',0,5,5,'en',0,0),('stakeholder_member_types',0,6,6,'en',0,0),('stakeholder_member_types',0,7,7,'en',0,0),('stakeholder_member_types',0,8,8,'en',0,0),('master_scorecard',0,9,9,'en',0,0),('master_scorecard',0,10,10,'en',0,9),('master_scorecard',0,11,11,'en',0,9),('master_scorecard',0,13,13,'en',0,9),('master_scorecard',0,14,14,'en',0,9),('master_scorecard',0,15,15,'en',0,10),('master_scorecard',0,16,16,'en',0,10),('master_scorecard',0,17,17,'en',0,10),('master_scorecard',0,18,18,'en',0,10),('master_scorecard',0,19,19,'en',0,10),('master_scorecard',0,20,20,'en',0,10),('master_scorecard',0,21,21,'en',0,10),('master_scorecard',0,22,22,'en',0,10),('master_scorecard',0,23,23,'en',0,10),('master_scorecard',0,24,24,'en',0,15),('master_scorecard',0,25,25,'en',0,16),('master_scorecard',0,26,26,'en',0,17),('master_scorecard',0,27,27,'en',0,18),('master_scorecard',0,28,28,'en',0,18),('master_scorecard',0,29,29,'en',0,18),('master_scorecard',0,30,30,'en',0,19),('master_scorecard',0,31,31,'en',0,20),('master_scorecard',0,32,32,'en',0,21),('master_scorecard',0,33,33,'en',0,21),('master_scorecard',0,34,34,'en',0,21),('master_scorecard',0,35,35,'en',0,22),('master_scorecard',0,36,36,'en',0,22),('master_scorecard',0,37,37,'en',0,22),('master_scorecard',0,38,38,'en',0,22),('master_scorecard',0,48,48,'en',0,9),('master_scorecard',0,67,67,'en',0,11),('master_scorecard',0,68,68,'en',0,11),('master_scorecard',0,69,69,'en',0,11),('master_scorecard',0,70,70,'en',0,11),('master_scorecard',0,71,71,'en',0,11),('master_scorecard',0,72,72,'en',0,11),('master_scorecard',0,73,73,'en',0,11),('master_scorecard',0,74,74,'en',0,14),('master_scorecard',0,75,75,'en',0,11),('master_scorecard',0,76,76,'en',0,48),('master_scorecard',0,77,77,'en',0,48),('master_scorecard',0,78,78,'en',0,48),('master_scorecard',0,79,79,'en',0,48),('master_scorecard',0,80,80,'en',0,48),('master_scorecard',0,81,81,'en',0,48),('master_scorecard',0,82,82,'en',0,48),('master_scorecard',0,83,83,'en',0,48),('master_scorecard',0,84,84,'en',0,48),('master_scorecard',0,85,85,'en',0,48),('master_scorecard',0,86,86,'en',0,48),('master_scorecard',0,88,88,'en',0,48),('master_scorecard',0,90,90,'en',0,48),('master_scorecard',0,91,91,'en',0,48),('master_scorecard',0,92,92,'en',0,48),('master_scorecard',0,93,93,'en',0,48),('master_scorecard',0,94,94,'en',0,48),('master_scorecard',0,95,95,'en',0,13),('master_scorecard',0,96,96,'en',0,13),('master_scorecard',0,97,97,'en',0,13),('master_scorecard',0,98,98,'en',0,13),('master_scorecard',0,99,99,'en',0,13),('master_scorecard',0,100,100,'en',0,23),('master_scorecard',0,101,101,'en',0,48),('master_scorecard',0,102,102,'en',0,13),('master_scorecard',0,104,104,'en',0,11),('master_scorecard',0,105,105,'en',0,48),('master_scorecard',0,107,107,'en',0,48),('master_scorecard',0,108,108,'en',0,67),('master_scorecard',0,109,109,'en',0,67),('master_scorecard',0,112,112,'en',0,69),('master_scorecard',0,113,113,'en',0,70),('master_scorecard',0,114,114,'en',0,70),('master_scorecard',0,115,115,'en',0,71),('master_scorecard',0,116,116,'en',0,104),('master_scorecard',0,117,117,'en',0,104),('master_scorecard',0,118,118,'en',0,104),('master_scorecard',0,119,119,'en',0,72),('master_scorecard',0,120,120,'en',0,72),('master_scorecard',0,121,121,'en',0,73),('master_scorecard',0,122,122,'en',0,73),('master_scorecard',0,123,123,'en',0,73),('master_scorecard',0,124,124,'en',0,74),('master_scorecard',0,125,125,'en',0,75),('master_scorecard',0,126,126,'en',0,75),('master_scorecard',0,127,127,'en',0,76),('master_scorecard',0,128,128,'en',0,77),('master_scorecard',0,129,129,'en',0,78),('master_scorecard',0,130,130,'en',0,79),('master_scorecard',0,131,131,'en',0,79),('master_scorecard',0,132,132,'en',0,80),('master_scorecard',0,133,133,'en',0,80),('master_scorecard',0,134,134,'en',0,80),('master_scorecard',0,135,135,'en',0,81),('master_scorecard',0,136,136,'en',0,82),('master_scorecard',0,137,137,'en',0,83),('master_scorecard',0,138,138,'en',0,84),('master_scorecard',0,139,139,'en',0,85),('master_scorecard',0,140,140,'en',0,86),('master_scorecard',0,141,141,'en',0,86),('master_scorecard',0,142,142,'en',0,86),('master_scorecard',0,143,143,'en',0,105),('master_scorecard',0,144,144,'en',0,105),('master_scorecard',0,145,145,'en',0,105),('master_scorecard',0,146,146,'en',0,88),('master_scorecard',0,147,147,'en',0,88),('master_scorecard',0,148,148,'en',0,90),('master_scorecard',0,149,149,'en',0,91),('master_scorecard',0,150,150,'en',0,92),('master_scorecard',0,151,151,'en',0,92),('master_scorecard',0,152,152,'en',0,93),('master_scorecard',0,153,153,'en',0,93),('master_scorecard',0,154,154,'en',0,107),('master_scorecard',0,155,155,'en',0,107),('master_scorecard',0,156,156,'en',0,107),('master_scorecard',0,157,157,'en',0,94),('master_scorecard',0,158,158,'en',0,94),('master_scorecard',0,159,159,'en',0,94),('master_scorecard',0,160,160,'en',0,101),('master_scorecard',0,161,161,'en',0,101),('master_scorecard',0,162,162,'en',0,95),('master_scorecard',0,163,163,'en',0,96),('master_scorecard',0,164,164,'en',0,97),('master_scorecard',0,165,165,'en',0,97),('master_scorecard',0,166,166,'en',0,97),('master_scorecard',0,167,167,'en',0,98),('master_scorecard',0,168,168,'en',0,98),('master_scorecard',0,169,169,'en',0,98),('master_scorecard',0,170,170,'en',0,99),('master_scorecard',0,171,171,'en',0,99),('master_scorecard',0,172,172,'en',0,99),('master_scorecard',0,173,173,'en',0,99),('master_scorecard',0,174,174,'en',0,99),('master_scorecard',0,175,175,'en',0,102),('master_scorecard',0,177,177,'en',0,68),('master_scorecard',0,179,179,'en',0,14),('master_scorecard',0,180,180,'en',0,14),('master_scorecard',0,182,182,'en',0,14),('master_scorecard',0,183,183,'en',0,14),('master_scorecard',0,184,184,'en',0,180),('master_scorecard',0,185,185,'en',0,182),('master_scorecard',0,188,188,'en',0,183),('master_scorecard',0,189,189,'en',0,179),('content_annotation',0,190,190,'en',0,0),('content_annotation',0,191,191,'en',0,0),('content_annotation',0,195,195,'en',0,190),('content_annotation',0,196,196,'en',0,190),('content_annotation',0,197,197,'en',0,190),('content_annotation',0,198,198,'en',0,190),('content_annotation',0,199,199,'en',0,190),('content_annotation',0,200,200,'en',0,190),('content_annotation',0,201,201,'en',0,190),('content_annotation',0,202,202,'en',0,190),('content_annotation',0,203,203,'en',0,190),('content_annotation',0,204,204,'en',0,191),('content_annotation',0,205,205,'en',0,191),('content_annotation',0,206,206,'en',0,191),('content_annotation',0,207,207,'en',0,191),('content_annotation',0,208,208,'en',0,191),('content_annotation',0,209,209,'en',0,191),('content_annotation',0,210,210,'en',0,191),('content_annotation',0,211,211,'en',0,191),('content_annotation',0,212,212,'en',0,0),('content_annotation',0,213,213,'en',0,212),('content_annotation',0,214,214,'en',0,212),('content_annotation',0,215,215,'en',0,212),('content_annotation',0,216,216,'en',0,212),('content_annotation',0,217,217,'en',0,212),('content_annotation',0,218,218,'en',0,212),('content_annotation',0,219,219,'en',0,212),('content_annotation',0,220,220,'en',0,212),('content_annotation',0,221,221,'en',0,212),('content_annotation',0,222,222,'en',0,0),('content_annotation',0,223,223,'en',0,222),('content_annotation',0,224,224,'en',0,222),('content_annotation',0,225,225,'en',0,222),('content_annotation',0,226,226,'en',0,222),('content_annotation',0,227,227,'en',0,222),('content_annotation',0,228,228,'en',0,222),('content_annotation',0,229,229,'en',0,222),('content_annotation',0,230,230,'en',0,222),('content_annotation',0,231,231,'en',0,222),('content_annotation',0,232,232,'en',0,222),('content_annotation',0,233,233,'en',0,222),('content_annotation',0,234,234,'en',0,222),('content_annotation',0,235,235,'en',0,0),('content_annotation',0,236,236,'en',0,235),('content_annotation',0,237,237,'en',0,235),('content_annotation',0,238,238,'en',0,235),('content_annotation',0,239,239,'en',0,235),('content_annotation',0,240,240,'en',0,235),('content_annotation',0,241,241,'en',0,235),('content_annotation',0,242,242,'en',0,235),('content_annotation',0,243,243,'en',0,235),('content_annotation',0,244,244,'en',0,235),('content_annotation',0,245,245,'en',0,235),('content_annotation',0,246,246,'en',0,235),('content_annotation',0,247,247,'en',0,235),('content_annotation',0,248,248,'en',0,235),('content_annotation',0,249,249,'en',0,235),('content_annotation',0,250,250,'en',0,235),('content_annotation',0,251,251,'en',0,235),('content_annotation',0,252,252,'en',0,235),('content_annotation',0,253,253,'en',0,235),('content_annotation',0,254,254,'en',0,235),('content_annotation',0,255,255,'en',0,235),('content_annotation',0,256,256,'en',0,0),('content_annotation',0,257,257,'en',0,256),('content_annotation',0,258,258,'en',0,256),('content_annotation',0,259,259,'en',0,256),('content_annotation',0,260,260,'en',0,256),('content_annotation',0,261,261,'en',0,256),('master_scorecard',0,262,262,'en',0,14),('master_scorecard',0,263,263,'en',0,262),('master_scorecard',0,264,264,'en',0,14),('master_scorecard',0,265,265,'en',0,264),('permissions_tags',0,266,266,'en',0,0);

--
-- Table structure for table `taxonomy_term_data`
--

CREATE TABLE `taxonomy_term_data` (
  `tid` int(10) unsigned NOT NULL AUTO_INCREMENT,
  `revision_id` int(10) unsigned DEFAULT NULL,
  `vid` varchar(32) CHARACTER SET ascii NOT NULL COMMENT 'The ID of the target entity.',
  `uuid` varchar(128) CHARACTER SET ascii NOT NULL,
  `langcode` varchar(12) CHARACTER SET ascii NOT NULL,
  PRIMARY KEY (`tid`),
  UNIQUE KEY `taxonomy_term_field__uuid__value` (`uuid`),
  UNIQUE KEY `taxonomy_term__revision_id` (`revision_id`),
  KEY `taxonomy_term_field__vid__target_id` (`vid`)
) ENGINE=InnoDB AUTO_INCREMENT=267 DEFAULT CHARSET=utf8mb4 COMMENT='The base table for taxonomy_term entities.';

--
-- Dumping data for table `taxonomy_term_data`
--

INSERT INTO `taxonomy_term_data` VALUES (1,1,'stakeholder_member_types','ca3cba72-d4f7-4c40-abde-9d859427da5e','en'),(2,2,'stakeholder_member_types','11c2a13d-06c3-4198-9d99-edf4b4a50c46','en'),(3,3,'stakeholder_member_types','294d9610-fb6c-4f9c-8c44-05ed7ce26c06','en'),(4,4,'stakeholder_member_types','d6ce15bf-2f65-4ca3-8ca7-27f8927e3685','en'),(5,5,'stakeholder_member_types','61467534-7c5a-4d15-94c7-a6bdf5678caa','en'),(6,6,'stakeholder_member_types','5ecaf5a2-435e-4053-9102-ba6c9e8a991b','en'),(7,7,'stakeholder_member_types','f9cde065-2449-4e7a-9af9-3dc471c2835f','en'),(8,8,'stakeholder_member_types','2db568fb-90d2-4489-be43-d1b942b838bc','en'),(9,9,'master_scorecard','fd296c2f-7adf-4b8e-9b76-37e0ee242af5','en'),(10,10,'master_scorecard','15685a87-29de-4db2-8bde-cade5157e9e2','en'),(11,11,'master_scorecard','c9b62f6b-b24f-4672-9aca-271598a290af','en'),(13,13,'master_scorecard','13f9105b-66ac-4056-88d7-ed1776cbb546','en'),(14,14,'master_scorecard','1f9d2699-af64-40a2-8df2-c1641f486825','en'),(15,15,'master_scorecard','bee3f106-0380-498b-b24a-3bc0ecfad794','en'),(16,16,'master_scorecard','ec2d206d-7b60-4ebc-9188-93fd0efd7a4f','en'),(17,17,'master_scorecard','d56ba076-c940-4c41-a300-9f10a87d1edd','en'),(18,18,'master_scorecard','60f58295-3123-4bc9-9f03-48efdb861d65','en'),(19,19,'master_scorecard','3f34634a-356f-49c0-99ba-ef0359ba8764','en'),(20,20,'master_scorecard','11b2b5bd-b9d9-459c-a4fa-4a446fb068bf','en'),(21,21,'master_scorecard','00ccf4e0-615b-4764-a71d-448b917f2353','en'),(22,22,'master_scorecard','c1ebaeef-8291-4679-8152-9d4a39fe6506','en'),(23,23,'master_scorecard','87f2ac7a-0a93-45a3-8826-708a5cabcea7','en'),(24,24,'master_scorecard','04d53c13-3af8-4cdb-be68-e7b47cf33f36','en'),(25,25,'master_scorecard','ffa7e1fc-9112-491f-a6ca-587252ab118a','en'),(26,26,'master_scorecard','a241c8d4-45e0-4876-a9d7-2caa1c113359','en'),(27,27,'master_scorecard','7d4337d8-0158-4fc1-bff9-dfb05427a961','en'),(28,28,'master_scorecard','395689a1-27a9-40a5-bdc2-0b09262d7387','en'),(29,29,'master_scorecard','e8a87575-8935-4c6b-bce5-686a1d2cb599','en'),(30,30,'master_scorecard','08e6667d-d3e6-499c-b5d2-d156f5451574','en'),(31,31,'master_scorecard','2b838c01-3b26-4359-b9e9-86f49007e612','en'),(32,32,'master_scorecard','7210316c-76e0-47b7-9549-38f03bd892d2','en'),(33,33,'master_scorecard','3b9ce6d6-1f8d-4f1d-ba19-49e13baa9b68','en'),(34,34,'master_scorecard','04a224a5-3da3-4e14-97b5-3a096271b49f','en'),(35,35,'master_scorecard','a777bac3-7177-432c-a688-ec09aaa2d331','en'),(36,36,'master_scorecard','77a9665c-0462-4279-b65f-6fb7fafc9241','en'),(37,37,'master_scorecard','2e5e88df-9ab3-4c97-a3a6-e87948e1b9c0','en'),(38,38,'master_scorecard','479ea844-053d-47a1-863b-cb90bf20e414','en'),(48,48,'master_scorecard','fcd0cc6e-d031-418e-bd86-dbcad1657510','en'),(67,67,'master_scorecard','0343fe05-f7d6-4192-92af-834c1c71d449','en'),(68,68,'master_scorecard','bb9311d8-bb6a-4977-9103-33402a4ceee7','en'),(69,69,'master_scorecard','1c4bfbfc-6727-4a2f-acd8-04575a356aa8','en'),(70,70,'master_scorecard','a8dfd9cc-0f8b-46a2-a0b5-823841664a79','en'),(71,71,'master_scorecard','201faecb-5214-4a90-a353-900e24cc7e49','en'),(72,72,'master_scorecard','c69d499c-58c9-46c9-aa48-cbbbaaec50ab','en'),(73,73,'master_scorecard','32169010-4a23-4973-9ba6-e3c1db3cc509','en'),(74,74,'master_scorecard','11a1e1d7-15b4-4311-90b3-734e13e9b0f3','en'),(75,75,'master_scorecard','8416a140-bbf8-438a-a23a-132add0a167e','en'),(76,76,'master_scorecard','81e2ecd2-ae03-448d-adce-6da29e8c6e7e','en'),(77,77,'master_scorecard','d3d1261b-a2f8-474e-b9af-cb69f9287586','en'),(78,78,'master_scorecard','1694deb1-e19a-458a-aa03-94a0b1d7cf7b','en'),(79,79,'master_scorecard','5cd605a8-e7f1-4aef-b458-9e30bbb95d13','en'),(80,80,'master_scorecard','393f8684-cea1-43a7-9b64-cc16a19f1c69','en'),(81,81,'master_scorecard','a45147e5-248e-4e24-8fe6-a58173f1cbde','en'),(82,82,'master_scorecard','54a09313-58d8-4e0c-91aa-af0ad8e31fd2','en'),(83,83,'master_scorecard','e078efad-fc6e-448f-84f5-145294eb9f1c','en'),(84,84,'master_scorecard','62877c94-2979-4ab5-a6f1-14dcc86d23a7','en'),(85,85,'master_scorecard','a1cf03aa-d91f-4003-985f-bf3833aeae7a','en'),(86,86,'master_scorecard','4b95e5ac-0b08-4802-8fc4-431807cecb54','en'),(88,88,'master_scorecard','99ce3fef-e622-4406-950b-947f6b044209','en'),(90,90,'master_scorecard','da9661b6-201e-4b15-91ff-ca4d3061e0b0','en'),(91,91,'master_scorecard','2e90146c-0c4e-4604-a546-682c9ced0c60','en'),(92,92,'master_scorecard','7034b0c2-176d-41d6-9c70-a218fdadbfc9','en'),(93,93,'master_scorecard','9ccdd98e-37e8-4411-b230-a44f95b9f1eb','en'),(94,94,'master_scorecard','430f0837-aad7-4ad2-9320-85706e4f1b0b','en'),(95,95,'master_scorecard','a347dc5b-db47-40b5-9fd3-bc7e5b21b1d5','en'),(96,96,'master_scorecard','508c5bbe-b75f-4af2-97b1-4e1080617070','en'),(97,97,'master_scorecard','5f2b108f-e9be-4ad4-b942-3476548fcaae','en'),(98,98,'master_scorecard','0984cd64-ba91-421a-bd5f-944cc380c963','en'),(99,99,'master_scorecard','9c855f06-526d-4a3f-95cc-c3d1e3368fcb','en'),(100,100,'master_scorecard','187d9a2b-6d6e-4891-a0c7-2f7e51bbc43f','en'),(101,101,'master_scorecard','d0fbcc29-ec4f-4809-bde9-4377ee45393a','en'),(102,102,'master_scorecard','3a747c4d-3421-4d6f-91af-784d9c6a5287','en'),(104,104,'master_scorecard','95e361a5-1032-422a-863c-c28201007b94','en'),(105,105,'master_scorecard','9ace2907-b7a5-443f-8636-a8fb596b98d5','en'),(107,107,'master_scorecard','a2d2b267-851c-4883-8621-0aae24d3612f','en'),(108,108,'master_scorecard','d5ed0812-1c89-410e-8378-549c1240e075','en'),(109,109,'master_scorecard','bef63a2c-8ce6-4293-96aa-9270c5e47e1d','en'),(112,112,'master_scorecard','99589f49-21b3-4e3f-bf96-ca12a4b31795','en'),(113,113,'master_scorecard','72fbec4a-426d-4572-86d5-8429895a0533','en'),(114,114,'master_scorecard','92653713-37fd-457c-9058-2d63b58be57c','en'),(115,115,'master_scorecard','119252be-f9ec-4aa8-b349-02f19aa9a8d7','en'),(116,116,'master_scorecard','7d7e6828-6fd8-453e-8918-b1a1b64932ad','en'),(117,117,'master_scorecard','b5055a9c-ae8c-44aa-8b4a-ed94f2210935','en'),(118,118,'master_scorecard','74dbe216-2713-4310-96a4-1476b2c2c78e','en'),(119,119,'master_scorecard','8f140588-7d7e-4e1a-92c4-6ac8a61d4422','en'),(120,120,'master_scorecard','ae67ca4a-6084-4685-9052-eb659a1707de','en'),(121,121,'master_scorecard','5155e778-a21f-4426-9981-accabb1f894a','en'),(122,122,'master_scorecard','304c548c-9ef2-4c45-8133-b27a3f1d0637','en'),(123,123,'master_scorecard','7d9d25c7-678d-4e27-ac47-6567bdefa67c','en'),(124,124,'master_scorecard','df7b083d-e240-4f62-bd53-5f15b456e9a7','en'),(125,125,'master_scorecard','ba2e7dbc-4b7f-4bc4-a801-2a92a8a079da','en'),(126,126,'master_scorecard','726b3768-adaa-4a47-8459-b16d940a8f8f','en'),(127,127,'master_scorecard','53ec3ee8-d390-41d4-8410-948ce6703be1','en'),(128,128,'master_scorecard','8eb8693a-5a6e-4342-9388-781338faf96a','en'),(129,129,'master_scorecard','aa2ffe04-943e-4bc1-960e-17addfb6bae9','en'),(130,130,'master_scorecard','63bcd51d-f5d8-4dfb-9822-6107a936f299','en'),(131,131,'master_scorecard','7b43b0e3-6c82-40cf-963a-d91d6859d311','en'),(132,132,'master_scorecard','53de3a25-277a-40e2-abb8-2ba17d2231a1','en'),(133,133,'master_scorecard','d1496d9b-8283-4ef3-8685-cc63e3c8ec99','en'),(134,134,'master_scorecard','8a552bbc-363d-43a0-bf49-1c2d52683bba','en'),(135,135,'master_scorecard','00d22e21-af04-44b1-9d01-3759d8b10461','en'),(136,136,'master_scorecard','3bf146a9-9ee0-4a36-8cba-bfa4d9a356a5','en'),(137,137,'master_scorecard','56d9b14b-8333-4c91-9162-56a9560f118e','en'),(138,138,'master_scorecard','d64788b5-9b26-4813-9b9f-c1aac445fe4f','en'),(139,139,'master_scorecard','11aced46-e601-4c6e-a1f6-8c54c1eb9fb8','en'),(140,140,'master_scorecard','dc0707ea-aff5-43e7-9378-88f70ca27881','en'),(141,141,'master_scorecard','7ea846a3-fc5c-418f-9f06-1f581f60c28f','en'),(142,142,'master_scorecard','8c2d85fe-7313-4fae-b0b9-5298319d1ec8','en'),(143,143,'master_scorecard','2e87728e-4a14-4999-a787-2013f5697362','en'),(144,144,'master_scorecard','19f4715d-b06a-4e65-9693-eaf210160c65','en'),(145,145,'master_scorecard','462f33ab-2936-4a56-9f4c-0ed195035253','en'),(146,146,'master_scorecard','8b7471aa-146d-40ba-8fbe-9e103c409556','en'),(147,147,'master_scorecard','5c40d714-3c19-4fd0-af3f-641c1658656d','en'),(148,148,'master_scorecard','a29c97ed-e541-4104-8a1d-b94ca1d74933','en'),(149,149,'master_scorecard','9947cadc-62e7-4923-a440-4f1803b7c35b','en'),(150,150,'master_scorecard','11d65163-b0f0-4091-9ace-fdfb10fe2f1e','en'),(151,151,'master_scorecard','5aea0fc1-f0d0-4138-9097-54eeac6f3300','en'),(152,152,'master_scorecard','99f7fe22-d051-4cb4-880f-0f44c4d3a049','en'),(153,153,'master_scorecard','7055f931-dd59-4fd0-838b-6485af6f88db','en'),(154,154,'master_scorecard','a69e5401-5615-4a8d-a061-cdd1943da925','en'),(155,155,'master_scorecard','b5fd3e5d-c823-4cc2-89ba-f2a554137f3d','en'),(156,156,'master_scorecard','12d017bd-a791-4adf-9b45-df6fccb52bd5','en'),(157,157,'master_scorecard','4fbe8ef7-e8c6-4152-9005-50ef6312e557','en'),(158,158,'master_scorecard','742bddf3-b35a-4d9e-902c-8aa1139aeb74','en'),(159,159,'master_scorecard','b4c1bd5d-e440-4385-a58c-389594477cad','en'),(160,160,'master_scorecard','91b7b4b4-ab74-4ddd-929a-7ab2eef7b862','en'),(161,161,'master_scorecard','dfc05ddc-d2bc-4745-9e2b-60126e30ab28','en'),(162,162,'master_scorecard','57eb811a-f2da-4bd2-bf53-3f61c1828832','en'),(163,163,'master_scorecard','03cd5a4f-2c42-43b5-846c-4711a9e4b16b','en'),(164,164,'master_scorecard','ead556ff-2157-45a2-8a0f-132262030fbf','en'),(165,165,'master_scorecard','8310be26-3752-4577-81a9-90dc1976ba64','en'),(166,166,'master_scorecard','8e8cd462-ca79-4c62-b66f-e493ea01ad7d','en'),(167,167,'master_scorecard','0bc21328-75f3-46a7-a4f4-478dea63f330','en'),(168,168,'master_scorecard','4e452c33-8a8b-4375-b3ad-ae991e5170d3','en'),(169,169,'master_scorecard','50acdc7b-423a-4029-9113-9187bceec1f2','en'),(170,170,'master_scorecard','c72fbcc2-9b2f-4e00-ade1-f2174072e090','en'),(171,171,'master_scorecard','597c6f4e-f8bd-4da8-9589-45353993271b','en'),(172,172,'master_scorecard','aec2d873-588d-420c-b2ff-8847e990e0d4','en'),(173,173,'master_scorecard','dea0e84a-be6d-4da5-a609-88a14b2f4405','en'),(174,174,'master_scorecard','71b1557b-0027-416f-8357-fc130d4426e4','en'),(175,175,'master_scorecard','ee78746e-d06b-474e-a120-d0b6d75b7574','en'),(177,177,'master_scorecard','e512356e-ec07-4375-98a6-1db271effbc9','en'),(179,179,'master_scorecard','8d89c471-b884-4d8f-890e-ad3c97581d64','en'),(180,180,'master_scorecard','37984a67-f2e9-45ff-b016-fd38e3bd9c28','en'),(182,182,'master_scorecard','5420e61b-549e-40b9-b8ad-caaa3e84fdc4','en'),(183,183,'master_scorecard','1f19f795-bda0-4b6c-90be-b0d1052eb7d3','en'),(184,184,'master_scorecard','894898a8-475b-40bb-8850-611340315931','en'),(185,185,'master_scorecard','5bfe59f8-f4f0-4be2-b288-b5b47a36ee05','en'),(188,188,'master_scorecard','22e6972f-0e14-4bd2-8294-27a57070880a','en'),(189,189,'master_scorecard','d3792504-d725-4bed-bc71-55e09c7e8695','en'),(190,190,'content_annotation','1d6ccf2d-68d8-4e98-8b35-2818edf86776','en'),(191,191,'content_annotation','060664e2-ff4f-4e2a-b4b7-1b6557ceb654','en'),(195,195,'content_annotation','94fd4946-5c4a-4007-bcac-c916e6e3cb70','en'),(196,196,'content_annotation','51f9b8dd-29a3-413e-87b3-a34d32978301','en'),(197,197,'content_annotation','6febe7b9-d043-4e4a-9917-69021f6d5fe3','en'),(198,198,'content_annotation','ed25c89f-f651-45d6-bd26-9b8ea0086658','en'),(199,199,'content_annotation','beb7f92f-0eb5-40e9-b037-96ada5df6e3e','en'),(200,200,'content_annotation','809f6ea3-3762-44a5-b259-58422a7f800e','en'),(201,201,'content_annotation','e46127c1-ea3b-4900-8c20-70285ae9be83','en'),(202,202,'content_annotation','44d330ef-87a1-47f6-9058-ecc29cc84a4c','en'),(203,203,'content_annotation','3812c3a6-5946-4fde-a0e0-af22c9ba719a','en'),(204,204,'content_annotation','0d9b8294-3d0c-4e86-93aa-162e46ed2e0a','en'),(205,205,'content_annotation','3ecc6c1e-078a-4d06-905c-4d7d029429e1','en'),(206,206,'content_annotation','4fcfcef2-5b6e-4586-b979-37e973265d98','en'),(207,207,'content_annotation','8461799c-8090-4605-8812-d87b99585980','en'),(208,208,'content_annotation','c32093e5-30ff-483c-80e7-41ae9de227a6','en'),(209,209,'content_annotation','373ed698-7f8a-487e-a297-629e3f865c01','en'),(210,210,'content_annotation','18737cf2-cd00-41c4-b8bc-4d099ef00f73','en'),(211,211,'content_annotation','17334e4f-6a90-4557-bc6b-48c1e6f72eda','en'),(212,212,'content_annotation','c27be9e4-7ceb-4176-8820-7071294d0576','en'),(213,213,'content_annotation','d40d86ad-6763-48c6-a0e7-6b28b9ee1fb4','en'),(214,214,'content_annotation','3aebb278-31ad-450f-8469-bf0acabb28ef','en'),(215,215,'content_annotation','3dab317c-5070-4125-83d4-daa7ee7192af','en'),(216,216,'content_annotation','eab1e27a-67cf-415c-88a5-d4b564f3219a','en'),(217,217,'content_annotation','22dff7a9-cfce-4283-9b45-a594125d8554','en'),(218,218,'content_annotation','153c30b0-c90c-45a9-981d-3e8d76f12c94','en'),(219,219,'content_annotation','9b295418-e968-46f9-bb1e-91564b3c2962','en'),(220,220,'content_annotation','d5f34af3-24cf-4001-93ee-5c13e249b51d','en'),(221,221,'content_annotation','0f2cc0e3-de04-4650-9344-6c9ad22bd729','en'),(222,222,'content_annotation','55eaf226-dce6-44a9-a3e6-10ef6b8f9cc7','en'),(223,223,'content_annotation','9984891e-b6ad-4910-ad3a-9c0f66df2b12','en'),(224,224,'content_annotation','5cc9b5a4-8a17-4182-90b8-44155d7abc2d','en'),(225,225,'content_annotation','0bd4229c-dfa0-4e40-9e4d-d390efedb3d5','en'),(226,226,'content_annotation','5221537c-0364-4325-95f4-598876489c5d','en'),(227,227,'content_annotation','739dea09-4de5-40ff-b74e-e7522c201493','en'),(228,228,'content_annotation','0679a65d-5a3c-4fcd-a6e7-9a59c0e147c8','en'),(229,229,'content_annotation','b25aa24d-585e-41d2-b913-a8caee77dff9','en'),(230,230,'content_annotation','7d29d8b6-bf9f-4728-95dc-19f37440a724','en'),(231,231,'content_annotation','cb0dcea4-3f72-4308-a3c5-a720a3ff4c56','en'),(232,232,'content_annotation','c6ea5947-6061-4f27-89b0-dec161b7672d','en'),(233,233,'content_annotation','c778cec9-7317-4a2e-8002-c9c22b1b76e7','en'),(234,234,'content_annotation','6bc25b0d-c65e-46de-b957-abd42d071354','en'),(235,235,'content_annotation','1ca47753-a28a-4561-8c67-0e7030f631d2','en'),(236,236,'content_annotation','02da5cbb-c5c1-4f53-a403-a74d2b282921','en'),(237,237,'content_annotation','290e84ea-14ff-42db-8ef6-6e2da9c846e9','en'),(238,238,'content_annotation','6df69766-217b-4adb-8dd7-b488a21bd4e0','en'),(239,239,'content_annotation','0ba390f6-d35f-46b2-81e4-af498fa8870e','en'),(240,240,'content_annotation','f46357ac-1104-4c0a-82e3-efb333381d1a','en'),(241,241,'content_annotation','80bf3463-b920-4f61-9045-b7b298c913c8','en'),(242,242,'content_annotation','f8187bae-488d-4dea-a517-3f5618a46add','en'),(243,243,'content_annotation','64a4f4de-c640-468e-a294-9b9a7f794cab','en'),(244,244,'content_annotation','42d8eb23-44fa-4d54-af86-8a5192a80a6a','en'),(245,245,'content_annotation','67423d54-019e-47e0-ad13-189ba177362e','en'),(246,246,'content_annotation','71639a56-e0e0-4ce7-81cc-67c55c101a25','en'),(247,247,'content_annotation','f6fb5567-d226-4b30-80f8-1de7f4337a12','en'),(248,248,'content_annotation','4d3fa05f-bc1e-4d5c-be02-4dc2d4d1b4ae','en'),(249,249,'content_annotation','936072e6-044a-4547-a8f3-3341db69ee93','en'),(250,250,'content_annotation','9d085e99-6100-4497-9160-d282541c32ba','en'),(251,251,'content_annotation','85b6ab64-9999-4798-86e9-f94df6610174','en'),(252,252,'content_annotation','6ba2ff16-3858-4749-9cd3-5ae45d26b06d','en'),(253,253,'content_annotation','4cfc0927-2c3a-42af-a7e6-2187c9b0e93d','en'),(254,254,'content_annotation','419bd077-65ef-4a4f-a842-38c2e4896ac2','en'),(255,255,'content_annotation','c14ad3a4-9efc-4d47-a280-cbe218a37f5d','en'),(256,256,'content_annotation','90d3cad0-ffbf-4d21-8f3c-2c42fcb04360','en'),(257,257,'content_annotation','6ebafac2-d5ac-4d27-a217-fd6f6e8f2360','en'),(258,258,'content_annotation','8491eb0d-f374-4293-a41b-4b26bc4e72af','en'),(259,259,'content_annotation','bd78c3a5-0d46-4f07-a7c0-1f3059dcf04f','en'),(260,260,'content_annotation','396a49a5-035f-4ae6-b7c5-14ae2e80069e','en'),(261,261,'content_annotation','79382234-2d72-4c13-8824-ed879a694e0a','en'),(262,262,'master_scorecard','4961dba9-1cc4-4aaf-973a-9f57bf1e4d12','en'),(263,263,'master_scorecard','2c8a99e6-9c25-4b88-a6fa-59b6bf808dcf','en'),(264,264,'master_scorecard','6c085582-f125-4848-ae26-e62b7748d945','en'),(265,265,'master_scorecard','5f227f80-bcce-46c3-99bb-e1f2357f4f1f','en'),(266,266,'permissions_tags','96459cdb-c534-4888-95a5-7e50b62864e4','en');

--
-- Table structure for table `taxonomy_term_field_data`
--

CREATE TABLE `taxonomy_term_field_data` (
  `tid` int(10) unsigned NOT NULL,
  `revision_id` int(10) unsigned NOT NULL,
  `vid` varchar(32) CHARACTER SET ascii NOT NULL COMMENT 'The ID of the target entity.',
  `langcode` varchar(12) CHARACTER SET ascii NOT NULL,
  `status` tinyint(4) NOT NULL,
  `name` varchar(255) NOT NULL,
  `description__value` longtext DEFAULT NULL,
  `description__format` varchar(255) CHARACTER SET ascii DEFAULT NULL,
  `weight` int(11) NOT NULL,
  `changed` int(11) DEFAULT NULL,
  `default_langcode` tinyint(4) NOT NULL,
  `revision_translation_affected` tinyint(4) DEFAULT NULL,
  PRIMARY KEY (`tid`,`langcode`),
  KEY `taxonomy_term__id__default_langcode__langcode` (`tid`,`default_langcode`,`langcode`),
  KEY `taxonomy_term__revision_id` (`revision_id`),
  KEY `taxonomy_term_field__name` (`name`(191)),
  KEY `taxonomy_term__status_vid` (`status`,`vid`,`tid`),
  KEY `taxonomy_term__tree` (`vid`,`weight`,`name`(191)),
  KEY `taxonomy_term__vid_name` (`vid`,`name`(191))
) ENGINE=InnoDB DEFAULT CHARSET=utf8mb4 COMMENT='The data table for taxonomy_term entities.';

--
-- Dumping data for table `taxonomy_term_field_data`
--

INSERT INTO `taxonomy_term_field_data` VALUES (1,1,'stakeholder_member_types','en',1,'Care providers',NULL,NULL,0,1570019623,1,1),(2,2,'stakeholder_member_types','en',1,'Industry',NULL,NULL,0,1570019649,1,1),(3,3,'stakeholder_member_types','en',1,'Patients',NULL,NULL,0,1570019654,1,1),(4,4,'stakeholder_member_types','en',1,'Patients Organizations',NULL,NULL,0,1570019659,1,1),(5,5,'stakeholder_member_types','en',1,'Payers and Purchasers',NULL,NULL,0,1570019663,1,1),(6,6,'stakeholder_member_types','en',1,'Policy makers',NULL,NULL,0,1570019668,1,1),(7,7,'stakeholder_member_types','en',1,'Public',NULL,NULL,0,1570019674,1,1),(8,8,'stakeholder_member_types','en',1,'Research and Education Organizations',NULL,NULL,0,1570019679,1,1),(9,9,'master_scorecard','en',1,'CRIF Dimensions',NULL,NULL,0,1570101282,1,1),(10,10,'master_scorecard','en',1,'Economic','<p><span><span><span><span><span lang=\"EN-GB\">Economic refers to the assessment of the long-term economic sustainability of health R&amp;I</span></span></span></span></span></p>\r\n','basic_html',0,1570101210,1,1),(11,11,'master_scorecard','en',1,'Efficacy','<p><span><span><span><span><span lang=\"EN-GB\">Efficacy refers to the capacity of a given initiative or programme to achieve its mission, whereas the term mission entails all the strategic priorities settled via the stakeholder engagement process.</span></span></span></span></span></p>\r\n','basic_html',0,1579207652,1,1),(13,13,'master_scorecard','en',1,'Social','<p><span><span><span><span><span lang=\"EN-GB\">Social considers the evaluation of direct and indirect effects of health research to the whole society, beyond the mission related dimension that for health R&amp;I would typically focus on patient needs.</span></span></span></span></span></p>\r\n','basic_html',0,1579207652,1,1),(14,14,'master_scorecard','en',1,'Patient Reported','<p><span><span><span><span><span lang=\"EN-GB\">Patient-reported concerns patients as key stakeholder, whose needs, information and perspectives must be understood and incorporated into the process of health research impact evaluation. Thus, it works as an overarching dimension in which the other four dimensions should be rooted</span></span></span></span></span></p>\r\n','basic_html',0,1579207652,1,1),(15,15,'master_scorecard','en',1,'Anti-competitive behaviour',NULL,NULL,0,1579207652,1,1),(16,16,'master_scorecard','en',1,'Control',NULL,NULL,0,1579207652,1,1),(17,17,'master_scorecard','en',1,'Economic externalities',NULL,NULL,0,1579207652,1,1),(18,18,'master_scorecard','en',1,'Financial performance',NULL,NULL,0,1579207652,1,1),(19,19,'master_scorecard','en',1,'Improvement of health services',NULL,NULL,0,1579207652,1,1),(20,20,'master_scorecard','en',1,'Intellectual property',NULL,NULL,0,1579207652,1,1),(21,21,'master_scorecard','en',1,'Market',NULL,NULL,0,1579207652,1,1),(22,22,'master_scorecard','en',1,'Organizational efficiency',NULL,NULL,0,1579207652,1,1),(23,23,'master_scorecard','en',1,'Resources allocated',NULL,NULL,0,1570103715,1,1),(24,24,'master_scorecard','en',1,'Anti-competitive behaviour',NULL,NULL,0,1570108859,1,1),(25,25,'master_scorecard','en',1,'Control process',NULL,NULL,0,1570108905,1,1),(26,26,'master_scorecard','en',1,'Indirect economic impact',NULL,NULL,0,1570108935,1,1),(27,27,'master_scorecard','en',1,'Profitability',NULL,NULL,0,1579207652,1,1),(28,28,'master_scorecard','en',1,'Financial stability',NULL,NULL,0,1570108980,1,1),(29,29,'master_scorecard','en',1,'Revenue',NULL,NULL,0,1579207652,1,1),(30,30,'master_scorecard','en',1,'Effectiveness in healthcare practice',NULL,NULL,0,1570109014,1,1),(31,31,'master_scorecard','en',1,'Patents',NULL,NULL,0,1570109050,1,1),(32,32,'master_scorecard','en',1,'Strategy',NULL,NULL,0,1579207652,1,1),(33,33,'master_scorecard','en',1,'Market presence',NULL,NULL,0,1579207652,1,1),(34,34,'master_scorecard','en',1,'Perspective of long-term relationships',NULL,NULL,0,1570109104,1,1),(35,35,'master_scorecard','en',1,'Cost',NULL,NULL,0,1579207652,1,1),(36,36,'master_scorecard','en',1,'Cost savings',NULL,NULL,0,1579207652,1,1),(37,37,'master_scorecard','en',1,'Quality',NULL,NULL,0,1570109162,1,1),(38,38,'master_scorecard','en',1,'Employment',NULL,NULL,0,1579207652,1,1),(48,48,'master_scorecard','en',1,'Excellence',NULL,NULL,0,1579207652,1,1),(67,67,'master_scorecard','en',1,'Drug supply to patient',NULL,NULL,0,1579207652,1,1),(68,68,'master_scorecard','en',1,'Governance',NULL,NULL,0,1570438936,1,1),(69,69,'master_scorecard','en',1,'Health service assessment',NULL,NULL,0,1579207652,1,1),(70,70,'master_scorecard','en',1,'Health services and products accessibility',NULL,NULL,0,1579207652,1,1),(71,71,'master_scorecard','en',1,'Healthcare practitioners human capital',NULL,NULL,0,1579207652,1,1),(72,72,'master_scorecard','en',1,'Influence on patient behaviour',NULL,NULL,0,1579207652,1,1),(73,73,'master_scorecard','en',1,'Patient quality of life',NULL,NULL,0,1579207652,1,1),(74,74,'master_scorecard','en',1,'Patient satisfaction',NULL,NULL,0,1579207652,1,1),(75,75,'master_scorecard','en',1,'Stakeholder engagement',NULL,NULL,0,1579207652,1,1),(76,76,'master_scorecard','en',1,'Academic production',NULL,NULL,0,1579207652,1,1),(77,77,'master_scorecard','en',1,'Anticipatory design',NULL,NULL,0,1579207652,1,1),(78,78,'master_scorecard','en',1,'Bibliometric',NULL,NULL,0,1579207652,1,1),(79,79,'master_scorecard','en',1,'Communication',NULL,NULL,0,1579207652,1,1),(80,80,'master_scorecard','en',1,'Compliance',NULL,NULL,0,1579207652,1,1),(81,81,'master_scorecard','en',1,'Ethics and integrity',NULL,NULL,0,1579207652,1,1),(82,82,'master_scorecard','en',1,'Financial resources',NULL,NULL,0,1579207652,1,1),(83,83,'master_scorecard','en',1,'Impact evaluation',NULL,NULL,0,1579207652,1,1),(84,84,'master_scorecard','en',1,'Influence on public behaviour',NULL,NULL,0,1579207652,1,1),(85,85,'master_scorecard','en',1,'Influence on subsequent research',NULL,NULL,0,1579207652,1,1),(86,86,'master_scorecard','en',1,'Informing healthcare practice decision making',NULL,NULL,0,1579207652,1,1),(88,88,'master_scorecard','en',1,'Patient engagement & involvement',NULL,NULL,0,1579207652,1,1),(90,90,'master_scorecard','en',1,'Products generated',NULL,NULL,0,1570440410,1,1),(91,91,'master_scorecard','en',1,'Research partnership',NULL,NULL,0,1579207652,1,1),(92,92,'master_scorecard','en',1,'Research recognition',NULL,NULL,0,1579207652,1,1),(93,93,'master_scorecard','en',1,'Researchers\' human capital',NULL,NULL,0,1579207652,1,1),(94,94,'master_scorecard','en',1,'Scientific input',NULL,NULL,0,1579207652,1,1),(95,95,'master_scorecard','en',1,'Corporate reputation',NULL,NULL,0,1579207652,1,1),(96,96,'master_scorecard','en',1,'Ethical marketing',NULL,NULL,0,1579207652,1,1),(97,97,'master_scorecard','en',1,'Labour',NULL,NULL,0,1570440484,1,1),(98,98,'master_scorecard','en',1,'Political externalities',NULL,NULL,0,1579207652,1,1),(99,99,'master_scorecard','en',1,'Socio-environmental impacts',NULL,NULL,0,1579207652,1,1),(100,100,'master_scorecard','en',1,'Employment',NULL,NULL,0,1570441720,1,1),(101,101,'master_scorecard','en',1,'Stakeholder engagement',NULL,NULL,0,1579207652,1,1),(102,102,'master_scorecard','en',1,'Stakeholder engagement',NULL,NULL,0,1579207652,1,1),(104,104,'master_scorecard','en',1,'Improvement of health services',NULL,NULL,0,1579207652,1,1),(105,105,'master_scorecard','en',1,'Intellectual property',NULL,NULL,0,1579207652,1,1),(107,107,'master_scorecard','en',1,'Resources allocated',NULL,NULL,0,1579207652,1,1),(108,108,'master_scorecard','en',1,'Increase in drug supply',NULL,NULL,0,1570447648,1,1),(109,109,'master_scorecard','en',1,'Improvement in drug supply',NULL,NULL,0,1579207652,1,1),(112,112,'master_scorecard','en',1,'Overall health service',NULL,NULL,0,1570447804,1,1),(113,113,'master_scorecard','en',1,'Health service accessibility',NULL,NULL,0,1570447828,1,1),(114,114,'master_scorecard','en',1,'Transparency',NULL,NULL,0,1579207652,1,1),(115,115,'master_scorecard','en',1,'Healthcare practitioners ability',NULL,NULL,0,1570447857,1,1),(116,116,'master_scorecard','en',1,'Health service quality',NULL,NULL,0,1570447868,1,1),(117,117,'master_scorecard','en',1,'Public health',NULL,NULL,0,1579207652,1,1),(118,118,'master_scorecard','en',1,'Hospitalization',NULL,NULL,0,1579207652,1,1),(119,119,'master_scorecard','en',1,'Safety and security',NULL,NULL,0,1579207652,1,1),(120,120,'master_scorecard','en',1,'Patient guidelines and tools',NULL,NULL,0,1570447910,1,1),(121,121,'master_scorecard','en',1,'Patient wellbeing',NULL,NULL,0,1570447921,1,1),(122,122,'master_scorecard','en',1,'Mortality',NULL,NULL,0,1579207652,1,1),(123,123,'master_scorecard','en',1,'Life expectancy',NULL,NULL,0,1579207652,1,1),(124,124,'master_scorecard','en',1,'Patient satisfaction',NULL,NULL,0,1570447953,1,1),(125,125,'master_scorecard','en',1,'Stakeholder engagement',NULL,NULL,0,1579207652,1,1),(126,126,'master_scorecard','en',1,'Patient engagement',NULL,NULL,0,1570447974,1,1),(127,127,'master_scorecard','en',1,'Publications',NULL,NULL,0,1570447984,1,1),(128,128,'master_scorecard','en',1,'Anticipatory design',NULL,NULL,0,1570447994,1,1),(129,129,'master_scorecard','en',1,'Citations',NULL,NULL,0,1570448004,1,1),(130,130,'master_scorecard','en',1,'Dissemination',NULL,NULL,0,1570448014,1,1),(131,131,'master_scorecard','en',1,'Media coverage',NULL,NULL,0,1579207652,1,1),(132,132,'master_scorecard','en',1,'Compliance',NULL,NULL,0,1579207652,1,1),(133,133,'master_scorecard','en',1,'Clinical guidelines',NULL,NULL,0,1570448044,1,1),(134,134,'master_scorecard','en',1,'Risk',NULL,NULL,0,1579207652,1,1),(135,135,'master_scorecard','en',1,'Ethics',NULL,NULL,0,1570448064,1,1),(136,136,'master_scorecard','en',1,'Research funding',NULL,NULL,0,1570448075,1,1),(137,137,'master_scorecard','en',1,'Overall impact evaluation',NULL,NULL,0,1570448085,1,1),(138,138,'master_scorecard','en',1,'Knowledge & Behaviour',NULL,NULL,0,1570448095,1,1),(139,139,'master_scorecard','en',1,'Influence on and improvements for future research',NULL,NULL,0,1570448106,1,1),(140,140,'master_scorecard','en',1,'Influence on healthcare practice',NULL,NULL,0,1570448116,1,1),(141,141,'master_scorecard','en',1,'Influence on policy-making',NULL,NULL,0,1579207652,1,1),(142,142,'master_scorecard','en',1,'Science awareness',NULL,NULL,0,1579207652,1,1),(143,143,'master_scorecard','en',1,'Patents',NULL,NULL,0,1579207652,1,1),(144,144,'master_scorecard','en',1,'Intellectual property',NULL,NULL,0,1570448158,1,1),(145,145,'master_scorecard','en',1,'Licenses',NULL,NULL,0,1579207652,1,1),(146,146,'master_scorecard','en',1,'Clinical trials',NULL,NULL,0,1579207652,1,1),(147,147,'master_scorecard','en',1,'Potential users involvement',NULL,NULL,0,1570448190,1,1),(148,148,'master_scorecard','en',1,'Product and drug development',NULL,NULL,0,1570448201,1,1),(149,149,'master_scorecard','en',1,'Collaboration',NULL,NULL,0,1570448212,1,1),(150,150,'master_scorecard','en',1,'Reputation',NULL,NULL,0,1570448222,1,1),(151,151,'master_scorecard','en',1,'Prizes',NULL,NULL,0,1579207652,1,1),(152,152,'master_scorecard','en',1,'Researchers\' capacity and career',NULL,NULL,0,1570448243,1,1),(153,153,'master_scorecard','en',1,'Gender equality',NULL,NULL,0,1579207652,1,1),(154,154,'master_scorecard','en',1,'Tangible and intangible resources',NULL,NULL,0,1570448265,1,1),(155,155,'master_scorecard','en',1,'Organisational structure',NULL,NULL,0,1579207652,1,1),(156,156,'master_scorecard','en',1,'Supporting projects',NULL,NULL,0,1579207652,1,1),(157,157,'master_scorecard','en',1,'Research management',NULL,NULL,0,1570448297,1,1),(158,158,'master_scorecard','en',1,'Outreach visits',NULL,NULL,0,1579207652,1,1),(159,159,'master_scorecard','en',1,'Research methodologies',NULL,NULL,0,1579207652,1,1),(160,160,'master_scorecard','en',1,'Participation',NULL,NULL,0,1579207652,1,1),(161,161,'master_scorecard','en',1,'External stakeholder engagement',NULL,NULL,0,1570448340,1,1),(162,162,'master_scorecard','en',1,'Reputation',NULL,NULL,0,1570448352,1,1),(163,163,'master_scorecard','en',1,'Ethical marketing',NULL,NULL,0,1570448364,1,1),(164,164,'master_scorecard','en',1,'Safety and security',NULL,NULL,0,1579207652,1,1),(165,165,'master_scorecard','en',1,'Labour rights',NULL,NULL,0,1579207652,1,1),(166,166,'master_scorecard','en',1,'Training and education',NULL,NULL,0,1570448398,1,1),(167,167,'master_scorecard','en',1,'Political influence',NULL,NULL,0,1570448410,1,1),(168,168,'master_scorecard','en',1,'Improved governance',NULL,NULL,0,1579207652,1,1),(169,169,'master_scorecard','en',1,'Political contributions',NULL,NULL,0,1579207652,1,1),(170,170,'master_scorecard','en',1,'Audits and certification',NULL,NULL,0,1579207652,1,1),(171,171,'master_scorecard','en',1,'Sustainable consumption',NULL,NULL,0,1570448459,1,1),(172,172,'master_scorecard','en',1,'Scope and parameters of information',NULL,NULL,0,1579207652,1,1),(173,173,'master_scorecard','en',1,'Pollution',NULL,NULL,0,1579207652,1,1),(174,174,'master_scorecard','en',1,'Impact on communities',NULL,NULL,0,1579207652,1,1),(175,175,'master_scorecard','en',1,'Stakeholder engagement',NULL,NULL,0,1570448506,1,1),(177,177,'master_scorecard','en',1,'Governance',NULL,NULL,0,1570449496,1,1),(179,179,'master_scorecard','en',1,'Upper-limb dexterity',NULL,NULL,0,1579207652,1,1),(180,180,'master_scorecard','en',1,'Anxiety and depression',NULL,NULL,0,1579207652,1,1),(182,182,'master_scorecard','en',1,'Bladder function',NULL,NULL,0,1591175188,1,1),(183,183,'master_scorecard','en',1,'Fatigue',NULL,NULL,0,1591175213,1,1),(184,184,'master_scorecard','en',1,'Patient Reported Outcomes',NULL,NULL,0,1579207237,1,1),(185,185,'master_scorecard','en',1,'Patient Reported Outcomes',NULL,NULL,0,1579207258,1,1),(188,188,'master_scorecard','en',1,'Patient Reported Outcomes',NULL,NULL,0,1579207318,1,1),(189,189,'master_scorecard','en',1,'Patient Reported Outcomes',NULL,NULL,0,1579207338,1,1),(190,190,'content_annotation','en',1,'Bibliometric',NULL,NULL,0,1582396887,1,1),(191,191,'content_annotation','en',1,'Codes And Guidelines',NULL,NULL,0,1582396887,1,1),(195,195,'content_annotation','en',1,'Academic search databases',NULL,NULL,0,1582396154,1,1),(196,196,'content_annotation','en',1,'Bibliometric datasources',NULL,NULL,0,1582396154,1,1),(197,197,'content_annotation','en',1,'Classification of journals with open access options, such as DOAJ list (Directory of Open Access Journals), PMC (PubMed Central), the ROAD list (Directory of Open Access scholarly Resources), CrossRef, and OpenAIRE',NULL,NULL,0,1582396154,1,1),(198,198,'content_annotation','en',1,'Google analytics or similar web engines.',NULL,NULL,0,1582396154,1,1),(199,199,'content_annotation','en',1,'Google scholar',NULL,NULL,0,1582396154,1,1),(200,200,'content_annotation','en',1,'Rankings of journals (e.g., JCR, SJR)',NULL,NULL,0,1582396154,1,1),(201,201,'content_annotation','en',1,'Scopus',NULL,NULL,0,1582396154,1,1),(202,202,'content_annotation','en',1,'Web of Science (WoS)',NULL,NULL,0,1582396154,1,1),(203,203,'content_annotation','en',1,'World Intellectual Property Organization Database',NULL,NULL,0,1582396154,1,1),(204,204,'content_annotation','en',1,'Code of conduct',NULL,NULL,0,1582396261,1,1),(205,205,'content_annotation','en',1,'Code of ethics',NULL,NULL,0,1582396261,1,1),(206,206,'content_annotation','en',1,'Community development plans',NULL,NULL,0,1582396261,1,1),(207,207,'content_annotation','en',1,'Guidelines',NULL,NULL,0,1582396261,1,1),(208,208,'content_annotation','en',1,'Official document containing evaluative criteria in the research proposal evaluation',NULL,NULL,0,1582396261,1,1),(209,209,'content_annotation','en',1,'Stakeholder engagement plans',NULL,NULL,0,1582396261,1,1),(210,210,'content_annotation','en',1,'Strategy documents',NULL,NULL,0,1582396261,1,1),(211,211,'content_annotation','en',1,'Treatment guidelines',NULL,NULL,0,1582396261,1,1),(212,212,'content_annotation','en',1,'Health Records',NULL,NULL,0,1582396887,1,1),(213,213,'content_annotation','en',1,'Clinical data',NULL,NULL,0,1582396409,1,1),(214,214,'content_annotation','en',1,'Clinical information system',NULL,NULL,0,1582396409,1,1),(215,215,'content_annotation','en',1,'Electronic health record system',NULL,NULL,0,1582396409,1,1),(216,216,'content_annotation','en',1,'Electronic medical records',NULL,NULL,0,1582396409,1,1),(217,217,'content_annotation','en',1,'Health care providers, clinics records',NULL,NULL,0,1582396409,1,1),(218,218,'content_annotation','en',1,'Hospital data',NULL,NULL,0,1582396409,1,1),(219,219,'content_annotation','en',1,'Hospital record information systems',NULL,NULL,0,1582396409,1,1),(220,220,'content_annotation','en',1,'Medical costs',NULL,NULL,0,1582396409,1,1),(221,221,'content_annotation','en',1,'Patient records',NULL,NULL,0,1582396409,1,1),(222,222,'content_annotation','en',1,'Interviews And Surveys',NULL,NULL,0,1582396887,1,1),(223,223,'content_annotation','en',1,'Expert survey',NULL,NULL,0,1582396537,1,1),(224,224,'content_annotation','en',1,'Health surveys',NULL,NULL,0,1582396537,1,1),(225,225,'content_annotation','en',1,'Interviews',NULL,NULL,0,1582396537,1,1),(226,226,'content_annotation','en',1,'Interviews and/or surveys with practitioners/experts',NULL,NULL,0,1582396537,1,1),(227,227,'content_annotation','en',1,'Interviews with practitioners/clinicians',NULL,NULL,0,1582396537,1,1),(228,228,'content_annotation','en',1,'Market surveys',NULL,NULL,0,1582396537,1,1),(229,229,'content_annotation','en',1,'Patient surveys and interviews',NULL,NULL,0,1582396537,1,1),(230,230,'content_annotation','en',1,'Preference surveys',NULL,NULL,0,1582396537,1,1),(231,231,'content_annotation','en',1,'Public consultation',NULL,NULL,0,1582396537,1,1),(232,232,'content_annotation','en',1,'Questionaires used in trials',NULL,NULL,0,1582396537,1,1),(233,233,'content_annotation','en',1,'Questionnaires',NULL,NULL,0,1582396537,1,1),(234,234,'content_annotation','en',1,'Surveys',NULL,NULL,0,1582396537,1,1),(235,235,'content_annotation','en',1,'Reports',NULL,NULL,0,1582396887,1,1),(236,236,'content_annotation','en',1,'Annual reports',NULL,NULL,0,1582396760,1,1),(237,237,'content_annotation','en',1,'Expected duration of life and degree of diability',NULL,NULL,0,1582396760,1,1),(238,238,'content_annotation','en',1,'Financial statement, balance sheet and internal management control systems',NULL,NULL,0,1582396760,1,1),(239,239,'content_annotation','en',1,'Human resource management report',NULL,NULL,0,1582396760,1,1),(240,240,'content_annotation','en',1,'Initiative financial report',NULL,NULL,0,1582396760,1,1),(241,241,'content_annotation','en',1,'Initiative scientific report',NULL,NULL,0,1582396760,1,1),(242,242,'content_annotation','en',1,'Internal report',NULL,NULL,0,1582396760,1,1),(243,243,'content_annotation','en',1,'Internal reports by press office',NULL,NULL,0,1582396760,1,1),(244,244,'content_annotation','en',1,'Local data registries',NULL,NULL,0,1582396760,1,1),(245,245,'content_annotation','en',1,'Local statistics',NULL,NULL,0,1582396760,1,1),(246,246,'content_annotation','en',1,'Meeting reports of works councils',NULL,NULL,0,1582396760,1,1),(247,247,'content_annotation','en',1,'Mission statement',NULL,NULL,0,1582396760,1,1),(248,248,'content_annotation','en',1,'National statistics',NULL,NULL,0,1582396760,1,1),(249,249,'content_annotation','en',1,'Policy report',NULL,NULL,0,1582396760,1,1),(250,250,'content_annotation','en',1,'Records of service delivery',NULL,NULL,0,1582396760,1,1),(251,251,'content_annotation','en',1,'Regional data registries',NULL,NULL,0,1582396760,1,1),(252,252,'content_annotation','en',1,'Regional statistics',NULL,NULL,0,1582396760,1,1),(253,253,'content_annotation','en',1,'Research report',NULL,NULL,0,1582396760,1,1),(254,254,'content_annotation','en',1,'Scientific report',NULL,NULL,0,1582396760,1,1),(255,255,'content_annotation','en',1,'Sustainabitly report',NULL,NULL,0,1582396760,1,1),(256,256,'content_annotation','en',1,'Other',NULL,NULL,0,1582396887,1,1),(257,257,'content_annotation','en',1,'Administrative data',NULL,NULL,0,1582396887,1,1),(258,258,'content_annotation','en',1,'Billing and accounting systems, procurement or supply management department',NULL,NULL,0,1582396887,1,1),(259,259,'content_annotation','en',1,'National registries',NULL,NULL,0,1582396887,1,1),(260,260,'content_annotation','en',1,'Production and research sites of the company',NULL,NULL,0,1582396887,1,1),(261,261,'content_annotation','en',1,'Professional association',NULL,NULL,0,1582396887,1,1),(262,262,'master_scorecard','en',1,'Quality of life',NULL,NULL,0,1591175486,1,1),(263,263,'master_scorecard','en',1,'Patient Reported Outcomes',NULL,NULL,0,1591175603,1,1),(264,264,'master_scorecard','en',1,'Locomotion',NULL,NULL,0,1591177130,1,1),(265,265,'master_scorecard','en',1,'Patient Reported Outcomes',NULL,NULL,0,1591177191,1,1),(266,266,'permissions_tags','en',1,'MSCU – ECF – 2020',NULL,NULL,0,1601380077,1,1);

--
-- Table structure for table `taxonomy_term_field_revision`
--

CREATE TABLE `taxonomy_term_field_revision` (
  `tid` int(10) unsigned NOT NULL,
  `revision_id` int(10) unsigned NOT NULL,
  `langcode` varchar(12) CHARACTER SET ascii NOT NULL,
  `status` tinyint(4) NOT NULL,
  `name` varchar(255) DEFAULT NULL,
  `description__value` longtext DEFAULT NULL,
  `description__format` varchar(255) CHARACTER SET ascii DEFAULT NULL,
  `changed` int(11) DEFAULT NULL,
  `default_langcode` tinyint(4) NOT NULL,
  `revision_translation_affected` tinyint(4) DEFAULT NULL,
  PRIMARY KEY (`revision_id`,`langcode`),
  KEY `taxonomy_term__id__default_langcode__langcode` (`tid`,`default_langcode`,`langcode`),
  KEY `taxonomy_term_field__description__format` (`description__format`)
) ENGINE=InnoDB DEFAULT CHARSET=utf8mb4 COMMENT='The revision data table for taxonomy_term entities.';

--
-- Dumping data for table `taxonomy_term_field_revision`
--

INSERT INTO `taxonomy_term_field_revision` VALUES (1,1,'en',1,'Care providers',NULL,NULL,1570019623,1,1),(2,2,'en',1,'Industry',NULL,NULL,1570019649,1,1),(3,3,'en',1,'Patients',NULL,NULL,1570019654,1,1),(4,4,'en',1,'Patients Organizations',NULL,NULL,1570019659,1,1),(5,5,'en',1,'Payers and Purchasers',NULL,NULL,1570019663,1,1),(6,6,'en',1,'Policy makers',NULL,NULL,1570019668,1,1),(7,7,'en',1,'Public',NULL,NULL,1570019674,1,1),(8,8,'en',1,'Research and Education Organizations',NULL,NULL,1570019679,1,1),(9,9,'en',1,'CRIF Dimensions',NULL,NULL,1570101282,1,1),(10,10,'en',1,'Economic','<p><span><span><span><span><span lang=\"EN-GB\">Economic refers to the assessment of the long-term economic sustainability of health R&amp;I</span></span></span></span></span></p>\r\n','basic_html',1570101210,1,1),(11,11,'en',1,'Efficacy','<p><span><span><span><span><span lang=\"EN-GB\">Efficacy refers to the capacity of a given initiative or programme to achieve its mission, whereas the term mission entails all the strategic priorities settled via the stakeholder engagement process.</span></span></span></span></span></p>\r\n','basic_html',1579207652,1,1),(13,13,'en',1,'Social','<p><span><span><span><span><span lang=\"EN-GB\">Social considers the evaluation of direct and indirect effects of health research to the whole society, beyond the mission related dimension that for health R&amp;I would typically focus on patient needs.</span></span></span></span></span></p>\r\n','basic_html',1579207652,1,1),(14,14,'en',1,'Patient Reported','<p><span><span><span><span><span lang=\"EN-GB\">Patient-reported concerns patients as key stakeholder, whose needs, information and perspectives must be understood and incorporated into the process of health research impact evaluation. Thus, it works as an overarching dimension in which the other four dimensions should be rooted</span></span></span></span></span></p>\r\n','basic_html',1579207652,1,1),(15,15,'en',1,'Anti-competitive behaviour',NULL,NULL,1579207652,1,1),(16,16,'en',1,'Control',NULL,NULL,1579207652,1,1),(17,17,'en',1,'Economic externalities',NULL,NULL,1579207652,1,1),(18,18,'en',1,'Financial performance',NULL,NULL,1579207652,1,1),(19,19,'en',1,'Improvement of health services',NULL,NULL,1579207652,1,1),(20,20,'en',1,'Intellectual property',NULL,NULL,1579207652,1,1),(21,21,'en',1,'Market',NULL,NULL,1579207652,1,1),(22,22,'en',1,'Organizational efficiency',NULL,NULL,1579207652,1,1),(23,23,'en',1,'Resources allocated',NULL,NULL,1570103715,1,1),(24,24,'en',1,'Anti-competitive behaviour',NULL,NULL,1570108859,1,1),(25,25,'en',1,'Control process',NULL,NULL,1570108905,1,1),(26,26,'en',1,'Indirect economic impact',NULL,NULL,1570108935,1,1),(27,27,'en',1,'Profitability',NULL,NULL,1579207652,1,1),(28,28,'en',1,'Financial stability',NULL,NULL,1570108980,1,1),(29,29,'en',1,'Revenue',NULL,NULL,1579207652,1,1),(30,30,'en',1,'Effectiveness in healthcare practice',NULL,NULL,1570109014,1,1),(31,31,'en',1,'Patents',NULL,NULL,1570109050,1,1),(32,32,'en',1,'Strategy',NULL,NULL,1579207652,1,1),(33,33,'en',1,'Market presence',NULL,NULL,1579207652,1,1),(34,34,'en',1,'Perspective of long-term relationships',NULL,NULL,1570109104,1,1),(35,35,'en',1,'Cost',NULL,NULL,1579207652,1,1),(36,36,'en',1,'Cost savings',NULL,NULL,1579207652,1,1),(37,37,'en',1,'Quality',NULL,NULL,1570109162,1,1),(38,38,'en',1,'Employment',NULL,NULL,1579207652,1,1),(48,48,'en',1,'Excellence',NULL,NULL,1579207652,1,1),(67,67,'en',1,'Drug supply to patient',NULL,NULL,1579207652,1,1),(68,68,'en',1,'Governance',NULL,NULL,1570438936,1,1),(69,69,'en',1,'Health service assessment',NULL,NULL,1579207652,1,1),(70,70,'en',1,'Health services and products accessibility',NULL,NULL,1579207652,1,1),(71,71,'en',1,'Healthcare practitioners human capital',NULL,NULL,1579207652,1,1),(72,72,'en',1,'Influence on patient behaviour',NULL,NULL,1579207652,1,1),(73,73,'en',1,'Patient quality of life',NULL,NULL,1579207652,1,1),(74,74,'en',1,'Patient satisfaction',NULL,NULL,1579207652,1,1),(75,75,'en',1,'Stakeholder engagement',NULL,NULL,1579207652,1,1),(76,76,'en',1,'Academic production',NULL,NULL,1579207652,1,1),(77,77,'en',1,'Anticipatory design',NULL,NULL,1579207652,1,1),(78,78,'en',1,'Bibliometric',NULL,NULL,1579207652,1,1),(79,79,'en',1,'Communication',NULL,NULL,1579207652,1,1),(80,80,'en',1,'Compliance',NULL,NULL,1579207652,1,1),(81,81,'en',1,'Ethics and integrity',NULL,NULL,1579207652,1,1),(82,82,'en',1,'Financial resources',NULL,NULL,1579207652,1,1),(83,83,'en',1,'Impact evaluation',NULL,NULL,1579207652,1,1),(84,84,'en',1,'Influence on public behaviour',NULL,NULL,1579207652,1,1),(85,85,'en',1,'Influence on subsequent research',NULL,NULL,1579207652,1,1),(86,86,'en',1,'Informing healthcare practice decision making',NULL,NULL,1579207652,1,1),(88,88,'en',1,'Patient engagement & involvement',NULL,NULL,1579207652,1,1),(90,90,'en',1,'Products generated',NULL,NULL,1570440410,1,1),(91,91,'en',1,'Research partnership',NULL,NULL,1579207652,1,1),(92,92,'en',1,'Research recognition',NULL,NULL,1579207652,1,1),(93,93,'en',1,'Researchers\' human capital',NULL,NULL,1579207652,1,1),(94,94,'en',1,'Scientific input',NULL,NULL,1579207652,1,1),(95,95,'en',1,'Corporate reputation',NULL,NULL,1579207652,1,1),(96,96,'en',1,'Ethical marketing',NULL,NULL,1579207652,1,1),(97,97,'en',1,'Labour',NULL,NULL,1570440484,1,1),(98,98,'en',1,'Political externalities',NULL,NULL,1579207652,1,1),(99,99,'en',1,'Socio-environmental impacts',NULL,NULL,1579207652,1,1),(100,100,'en',1,'Employment',NULL,NULL,1570441720,1,1),(101,101,'en',1,'Stakeholder engagement',NULL,NULL,1579207652,1,1),(102,102,'en',1,'Stakeholder engagement',NULL,NULL,1579207652,1,1),(104,104,'en',1,'Improvement of health services',NULL,NULL,1579207652,1,1),(105,105,'en',1,'Intellectual property',NULL,NULL,1579207652,1,1),(107,107,'en',1,'Resources allocated',NULL,NULL,1579207652,1,1),(108,108,'en',1,'Increase in drug supply',NULL,NULL,1570447648,1,1),(109,109,'en',1,'Improvement in drug supply',NULL,NULL,1579207652,1,1),(112,112,'en',1,'Overall health service',NULL,NULL,1570447804,1,1),(113,113,'en',1,'Health service accessibility',NULL,NULL,1570447828,1,1),(114,114,'en',1,'Transparency',NULL,NULL,1579207652,1,1),(115,115,'en',1,'Healthcare practitioners ability',NULL,NULL,1570447857,1,1),(116,116,'en',1,'Health service quality',NULL,NULL,1570447868,1,1),(117,117,'en',1,'Public health',NULL,NULL,1579207652,1,1),(118,118,'en',1,'Hospitalization',NULL,NULL,1579207652,1,1),(119,119,'en',1,'Safety and security',NULL,NULL,1579207652,1,1),(120,120,'en',1,'Patient guidelines and tools',NULL,NULL,1570447910,1,1),(121,121,'en',1,'Patient wellbeing',NULL,NULL,1570447921,1,1),(122,122,'en',1,'Mortality',NULL,NULL,1579207652,1,1),(123,123,'en',1,'Life expectancy',NULL,NULL,1579207652,1,1),(124,124,'en',1,'Patient satisfaction',NULL,NULL,1570447953,1,1),(125,125,'en',1,'Stakeholder engagement',NULL,NULL,1579207652,1,1),(126,126,'en',1,'Patient engagement',NULL,NULL,1570447974,1,1),(127,127,'en',1,'Publications',NULL,NULL,1570447984,1,1),(128,128,'en',1,'Anticipatory design',NULL,NULL,1570447994,1,1),(129,129,'en',1,'Citations',NULL,NULL,1570448004,1,1),(130,130,'en',1,'Dissemination',NULL,NULL,1570448014,1,1),(131,131,'en',1,'Media coverage',NULL,NULL,1579207652,1,1),(132,132,'en',1,'Compliance',NULL,NULL,1579207652,1,1),(133,133,'en',1,'Clinical guidelines',NULL,NULL,1570448044,1,1),(134,134,'en',1,'Risk',NULL,NULL,1579207652,1,1),(135,135,'en',1,'Ethics',NULL,NULL,1570448064,1,1),(136,136,'en',1,'Research funding',NULL,NULL,1570448075,1,1),(137,137,'en',1,'Overall impact evaluation',NULL,NULL,1570448085,1,1),(138,138,'en',1,'Knowledge & Behaviour',NULL,NULL,1570448095,1,1),(139,139,'en',1,'Influence on and improvements for future research',NULL,NULL,1570448106,1,1),(140,140,'en',1,'Influence on healthcare practice',NULL,NULL,1570448116,1,1),(141,141,'en',1,'Influence on policy-making',NULL,NULL,1579207652,1,1),(142,142,'en',1,'Science awareness',NULL,NULL,1579207652,1,1),(143,143,'en',1,'Patents',NULL,NULL,1579207652,1,1),(144,144,'en',1,'Intellectual property',NULL,NULL,1570448158,1,1),(145,145,'en',1,'Licenses',NULL,NULL,1579207652,1,1),(146,146,'en',1,'Clinical trials',NULL,NULL,1579207652,1,1),(147,147,'en',1,'Potential users involvement',NULL,NULL,1570448190,1,1),(148,148,'en',1,'Product and drug development',NULL,NULL,1570448201,1,1),(149,149,'en',1,'Collaboration',NULL,NULL,1570448212,1,1),(150,150,'en',1,'Reputation',NULL,NULL,1570448222,1,1),(151,151,'en',1,'Prizes',NULL,NULL,1579207652,1,1),(152,152,'en',1,'Researchers\' capacity and career',NULL,NULL,1570448243,1,1),(153,153,'en',1,'Gender equality',NULL,NULL,1579207652,1,1),(154,154,'en',1,'Tangible and intangible resources',NULL,NULL,1570448265,1,1),(155,155,'en',1,'Organisational structure',NULL,NULL,1579207652,1,1),(156,156,'en',1,'Supporting projects',NULL,NULL,1579207652,1,1),(157,157,'en',1,'Research management',NULL,NULL,1570448297,1,1),(158,158,'en',1,'Outreach visits',NULL,NULL,1579207652,1,1),(159,159,'en',1,'Research methodologies',NULL,NULL,1579207652,1,1),(160,160,'en',1,'Participation',NULL,NULL,1579207652,1,1),(161,161,'en',1,'External stakeholder engagement',NULL,NULL,1570448340,1,1),(162,162,'en',1,'Reputation',NULL,NULL,1570448352,1,1),(163,163,'en',1,'Ethical marketing',NULL,NULL,1570448364,1,1),(164,164,'en',1,'Safety and security',NULL,NULL,1579207652,1,1),(165,165,'en',1,'Labour rights',NULL,NULL,1579207652,1,1),(166,166,'en',1,'Training and education',NULL,NULL,1570448398,1,1),(167,167,'en',1,'Political influence',NULL,NULL,1570448410,1,1),(168,168,'en',1,'Improved governance',NULL,NULL,1579207652,1,1),(169,169,'en',1,'Political contributions',NULL,NULL,1579207652,1,1),(170,170,'en',1,'Audits and certification',NULL,NULL,1579207652,1,1),(171,171,'en',1,'Sustainable consumption',NULL,NULL,1570448459,1,1),(172,172,'en',1,'Scope and parameters of information',NULL,NULL,1579207652,1,1),(173,173,'en',1,'Pollution',NULL,NULL,1579207652,1,1),(174,174,'en',1,'Impact on communities',NULL,NULL,1579207652,1,1),(175,175,'en',1,'Stakeholder engagement',NULL,NULL,1570448506,1,1),(177,177,'en',1,'Governance',NULL,NULL,1570449496,1,1),(179,179,'en',1,'Upper-limb dexterity',NULL,NULL,1579207652,1,1),(180,180,'en',1,'Anxiety and depression',NULL,NULL,1579207652,1,1),(182,182,'en',1,'Bladder function',NULL,NULL,1591175188,1,1),(183,183,'en',1,'Fatigue',NULL,NULL,1591175213,1,1),(184,184,'en',1,'Patient Reported Outcomes',NULL,NULL,1579207237,1,1),(185,185,'en',1,'Patient Reported Outcomes',NULL,NULL,1579207258,1,1),(188,188,'en',1,'Patient Reported Outcomes',NULL,NULL,1579207318,1,1),(189,189,'en',1,'Patient Reported Outcomes',NULL,NULL,1579207338,1,1),(190,190,'en',1,'Bibliometric',NULL,NULL,1582396887,1,1),(191,191,'en',1,'Codes And Guidelines',NULL,NULL,1582396887,1,1),(195,195,'en',1,'Academic search databases',NULL,NULL,1582396154,1,1),(196,196,'en',1,'Bibliometric datasources',NULL,NULL,1582396154,1,1),(197,197,'en',1,'Classification of journals with open access options, such as DOAJ list (Directory of Open Access Journals), PMC (PubMed Central), the ROAD list (Directory of Open Access scholarly Resources), CrossRef, and OpenAIRE',NULL,NULL,1582396154,1,1),(198,198,'en',1,'Google analytics or similar web engines.',NULL,NULL,1582396154,1,1),(199,199,'en',1,'Google scholar',NULL,NULL,1582396154,1,1),(200,200,'en',1,'Rankings of journals (e.g., JCR, SJR)',NULL,NULL,1582396154,1,1),(201,201,'en',1,'Scopus',NULL,NULL,1582396154,1,1),(202,202,'en',1,'Web of Science (WoS)',NULL,NULL,1582396154,1,1),(203,203,'en',1,'World Intellectual Property Organization Database',NULL,NULL,1582396154,1,1),(204,204,'en',1,'Code of conduct',NULL,NULL,1582396261,1,1),(205,205,'en',1,'Code of ethics',NULL,NULL,1582396261,1,1),(206,206,'en',1,'Community development plans',NULL,NULL,1582396261,1,1),(207,207,'en',1,'Guidelines',NULL,NULL,1582396261,1,1),(208,208,'en',1,'Official document containing evaluative criteria in the research proposal evaluation',NULL,NULL,1582396261,1,1),(209,209,'en',1,'Stakeholder engagement plans',NULL,NULL,1582396261,1,1),(210,210,'en',1,'Strategy documents',NULL,NULL,1582396261,1,1),(211,211,'en',1,'Treatment guidelines',NULL,NULL,1582396261,1,1),(212,212,'en',1,'Health Records',NULL,NULL,1582396887,1,1),(213,213,'en',1,'Clinical data',NULL,NULL,1582396409,1,1),(214,214,'en',1,'Clinical information system',NULL,NULL,1582396409,1,1),(215,215,'en',1,'Electronic health record system',NULL,NULL,1582396409,1,1),(216,216,'en',1,'Electronic medical records',NULL,NULL,1582396409,1,1),(217,217,'en',1,'Health care providers, clinics records',NULL,NULL,1582396409,1,1),(218,218,'en',1,'Hospital data',NULL,NULL,1582396409,1,1),(219,219,'en',1,'Hospital record information systems',NULL,NULL,1582396409,1,1),(220,220,'en',1,'Medical costs',NULL,NULL,1582396409,1,1),(221,221,'en',1,'Patient records',NULL,NULL,1582396409,1,1),(222,222,'en',1,'Interviews And Surveys',NULL,NULL,1582396887,1,1),(223,223,'en',1,'Expert survey',NULL,NULL,1582396537,1,1),(224,224,'en',1,'Health surveys',NULL,NULL,1582396537,1,1),(225,225,'en',1,'Interviews',NULL,NULL,1582396537,1,1),(226,226,'en',1,'Interviews and/or surveys with practitioners/experts',NULL,NULL,1582396537,1,1),(227,227,'en',1,'Interviews with practitioners/clinicians',NULL,NULL,1582396537,1,1),(228,228,'en',1,'Market surveys',NULL,NULL,1582396537,1,1),(229,229,'en',1,'Patient surveys and interviews',NULL,NULL,1582396537,1,1),(230,230,'en',1,'Preference surveys',NULL,NULL,1582396537,1,1),(231,231,'en',1,'Public consultation',NULL,NULL,1582396537,1,1),(232,232,'en',1,'Questionaires used in trials',NULL,NULL,1582396537,1,1),(233,233,'en',1,'Questionnaires',NULL,NULL,1582396537,1,1),(234,234,'en',1,'Surveys',NULL,NULL,1582396537,1,1),(235,235,'en',1,'Reports',NULL,NULL,1582396887,1,1),(236,236,'en',1,'Annual reports',NULL,NULL,1582396760,1,1),(237,237,'en',1,'Expected duration of life and degree of diability',NULL,NULL,1582396760,1,1),(238,238,'en',1,'Financial statement, balance sheet and internal management control systems',NULL,NULL,1582396760,1,1),(239,239,'en',1,'Human resource management report',NULL,NULL,1582396760,1,1),(240,240,'en',1,'Initiative financial report',NULL,NULL,1582396760,1,1),(241,241,'en',1,'Initiative scientific report',NULL,NULL,1582396760,1,1),(242,242,'en',1,'Internal report',NULL,NULL,1582396760,1,1),(243,243,'en',1,'Internal reports by press office',NULL,NULL,1582396760,1,1),(244,244,'en',1,'Local data registries',NULL,NULL,1582396760,1,1),(245,245,'en',1,'Local statistics',NULL,NULL,1582396760,1,1),(246,246,'en',1,'Meeting reports of works councils',NULL,NULL,1582396760,1,1),(247,247,'en',1,'Mission statement',NULL,NULL,1582396760,1,1),(248,248,'en',1,'National statistics',NULL,NULL,1582396760,1,1),(249,249,'en',1,'Policy report',NULL,NULL,1582396760,1,1),(250,250,'en',1,'Records of service delivery',NULL,NULL,1582396760,1,1),(251,251,'en',1,'Regional data registries',NULL,NULL,1582396760,1,1),(252,252,'en',1,'Regional statistics',NULL,NULL,1582396760,1,1),(253,253,'en',1,'Research report',NULL,NULL,1582396760,1,1),(254,254,'en',1,'Scientific report',NULL,NULL,1582396760,1,1),(255,255,'en',1,'Sustainabitly report',NULL,NULL,1582396760,1,1),(256,256,'en',1,'Other',NULL,NULL,1582396887,1,1),(257,257,'en',1,'Administrative data',NULL,NULL,1582396887,1,1),(258,258,'en',1,'Billing and accounting systems, procurement or supply management department',NULL,NULL,1582396887,1,1),(259,259,'en',1,'National registries',NULL,NULL,1582396887,1,1),(260,260,'en',1,'Production and research sites of the company',NULL,NULL,1582396887,1,1),(261,261,'en',1,'Professional association',NULL,NULL,1582396887,1,1),(262,262,'en',1,'Quality of life',NULL,NULL,1591175486,1,1),(263,263,'en',1,'Patient Reported Outcomes',NULL,NULL,1591175603,1,1),(264,264,'en',1,'Locomotion',NULL,NULL,1591177130,1,1),(265,265,'en',1,'Patient Reported Outcomes',NULL,NULL,1591177191,1,1),(266,266,'en',1,'MSCU – ECF – 2020',NULL,NULL,1601380077,1,1);

--
-- Table structure for table `taxonomy_term_revision`
--

CREATE TABLE `taxonomy_term_revision` (
  `tid` int(10) unsigned NOT NULL,
  `revision_id` int(10) unsigned NOT NULL AUTO_INCREMENT,
  `langcode` varchar(12) CHARACTER SET ascii NOT NULL,
  `revision_user` int(10) unsigned DEFAULT NULL COMMENT 'The ID of the target entity.',
  `revision_created` int(11) DEFAULT NULL,
  `revision_log_message` longtext DEFAULT NULL,
  `revision_default` tinyint(4) DEFAULT NULL,
  PRIMARY KEY (`revision_id`),
  KEY `taxonomy_term__tid` (`tid`),
  KEY `taxonomy_term_field__revision_user__target_id` (`revision_user`)
) ENGINE=InnoDB AUTO_INCREMENT=267 DEFAULT CHARSET=utf8mb4 COMMENT='The revision table for taxonomy_term entities.';

--
-- Dumping data for table `taxonomy_term_revision`
--

INSERT INTO `taxonomy_term_revision` VALUES (1,1,'en',NULL,1570019623,NULL,1),(2,2,'en',NULL,1570019649,NULL,1),(3,3,'en',NULL,1570019654,NULL,1),(4,4,'en',NULL,1570019659,NULL,1),(5,5,'en',NULL,1570019663,NULL,1),(6,6,'en',NULL,1570019668,NULL,1),(7,7,'en',NULL,1570019674,NULL,1),(8,8,'en',NULL,1570019679,NULL,1),(9,9,'en',NULL,1570100873,NULL,1),(10,10,'en',NULL,1570101000,NULL,1),(11,11,'en',NULL,1570101185,NULL,1),(13,13,'en',NULL,1570101314,NULL,1),(14,14,'en',NULL,1570101342,NULL,1),(15,15,'en',NULL,1570103233,NULL,1),(16,16,'en',NULL,1570103251,NULL,1),(17,17,'en',NULL,1570103294,NULL,1),(18,18,'en',NULL,1570103310,NULL,1),(19,19,'en',NULL,1570103321,NULL,1),(20,20,'en',NULL,1570103333,NULL,1),(21,21,'en',NULL,1570103345,NULL,1),(22,22,'en',NULL,1570103353,NULL,1),(23,23,'en',NULL,1570103360,NULL,1),(24,24,'en',NULL,1570108859,NULL,1),(25,25,'en',NULL,1570108905,NULL,1),(26,26,'en',NULL,1570108935,NULL,1),(27,27,'en',NULL,1570108953,NULL,1),(28,28,'en',NULL,1570108980,NULL,1),(29,29,'en',NULL,1570108998,NULL,1),(30,30,'en',NULL,1570109014,NULL,1),(31,31,'en',NULL,1570109050,NULL,1),(32,32,'en',NULL,1570109075,NULL,1),(33,33,'en',NULL,1570109087,NULL,1),(34,34,'en',NULL,1570109104,NULL,1),(35,35,'en',NULL,1570109133,NULL,1),(36,36,'en',NULL,1570109148,NULL,1),(37,37,'en',NULL,1570109162,NULL,1),(38,38,'en',NULL,1570109176,NULL,1),(48,48,'en',NULL,1570191806,NULL,1),(67,67,'en',NULL,1570438461,NULL,1),(68,68,'en',NULL,1570438936,NULL,1),(69,69,'en',NULL,1570440122,NULL,1),(70,70,'en',NULL,1570440154,NULL,1),(71,71,'en',NULL,1570440219,NULL,1),(72,72,'en',NULL,1570440229,NULL,1),(73,73,'en',NULL,1570440239,NULL,1),(74,74,'en',NULL,1570440249,NULL,1),(75,75,'en',NULL,1570440259,NULL,1),(76,76,'en',NULL,1570440269,NULL,1),(77,77,'en',NULL,1570440279,NULL,1),(78,78,'en',NULL,1570440289,NULL,1),(79,79,'en',NULL,1570440299,NULL,1),(80,80,'en',NULL,1570440309,NULL,1),(81,81,'en',NULL,1570440319,NULL,1),(82,82,'en',NULL,1570440329,NULL,1),(83,83,'en',NULL,1570440339,NULL,1),(84,84,'en',NULL,1570440349,NULL,1),(85,85,'en',NULL,1570440359,NULL,1),(86,86,'en',NULL,1570440370,NULL,1),(88,88,'en',NULL,1570440390,NULL,1),(90,90,'en',NULL,1570440410,NULL,1),(91,91,'en',NULL,1570440420,NULL,1),(92,92,'en',NULL,1570440431,NULL,1),(93,93,'en',NULL,1570440441,NULL,1),(94,94,'en',NULL,1570440451,NULL,1),(95,95,'en',NULL,1570440462,NULL,1),(96,96,'en',NULL,1570440473,NULL,1),(97,97,'en',NULL,1570440484,NULL,1),(98,98,'en',NULL,1570440495,NULL,1),(99,99,'en',NULL,1570440506,NULL,1),(100,100,'en',NULL,1570441720,NULL,1),(101,101,'en',NULL,1570441851,NULL,1),(102,102,'en',NULL,1570441937,NULL,1),(104,104,'en',NULL,1570446852,NULL,1),(105,105,'en',NULL,1570446861,NULL,1),(107,107,'en',NULL,1570447250,NULL,1),(108,108,'en',NULL,1570447648,NULL,1),(109,109,'en',NULL,1570447657,NULL,1),(112,112,'en',NULL,1570447804,NULL,1),(113,113,'en',NULL,1570447828,NULL,1),(114,114,'en',NULL,1570447847,NULL,1),(115,115,'en',NULL,1570447857,NULL,1),(116,116,'en',NULL,1570447868,NULL,1),(117,117,'en',NULL,1570447878,NULL,1),(118,118,'en',NULL,1570447889,NULL,1),(119,119,'en',NULL,1570447899,NULL,1),(120,120,'en',NULL,1570447910,NULL,1),(121,121,'en',NULL,1570447921,NULL,1),(122,122,'en',NULL,1570447931,NULL,1),(123,123,'en',NULL,1570447942,NULL,1),(124,124,'en',NULL,1570447953,NULL,1),(125,125,'en',NULL,1570447963,NULL,1),(126,126,'en',NULL,1570447974,NULL,1),(127,127,'en',NULL,1570447984,NULL,1),(128,128,'en',NULL,1570447994,NULL,1),(129,129,'en',NULL,1570448004,NULL,1),(130,130,'en',NULL,1570448014,NULL,1),(131,131,'en',NULL,1570448024,NULL,1),(132,132,'en',NULL,1570448034,NULL,1),(133,133,'en',NULL,1570448044,NULL,1),(134,134,'en',NULL,1570448054,NULL,1),(135,135,'en',NULL,1570448064,NULL,1),(136,136,'en',NULL,1570448075,NULL,1),(137,137,'en',NULL,1570448085,NULL,1),(138,138,'en',NULL,1570448095,NULL,1),(139,139,'en',NULL,1570448106,NULL,1),(140,140,'en',NULL,1570448116,NULL,1),(141,141,'en',NULL,1570448126,NULL,1),(142,142,'en',NULL,1570448138,NULL,1),(143,143,'en',NULL,1570448148,NULL,1),(144,144,'en',NULL,1570448158,NULL,1),(145,145,'en',NULL,1570448169,NULL,1),(146,146,'en',NULL,1570448180,NULL,1),(147,147,'en',NULL,1570448190,NULL,1),(148,148,'en',NULL,1570448201,NULL,1),(149,149,'en',NULL,1570448212,NULL,1),(150,150,'en',NULL,1570448222,NULL,1),(151,151,'en',NULL,1570448233,NULL,1),(152,152,'en',NULL,1570448243,NULL,1),(153,153,'en',NULL,1570448254,NULL,1),(154,154,'en',NULL,1570448265,NULL,1),(155,155,'en',NULL,1570448276,NULL,1),(156,156,'en',NULL,1570448286,NULL,1),(157,157,'en',NULL,1570448297,NULL,1),(158,158,'en',NULL,1570448308,NULL,1),(159,159,'en',NULL,1570448319,NULL,1),(160,160,'en',NULL,1570448329,NULL,1),(161,161,'en',NULL,1570448340,NULL,1),(162,162,'en',NULL,1570448352,NULL,1),(163,163,'en',NULL,1570448364,NULL,1),(164,164,'en',NULL,1570448375,NULL,1),(165,165,'en',NULL,1570448387,NULL,1),(166,166,'en',NULL,1570448398,NULL,1),(167,167,'en',NULL,1570448410,NULL,1),(168,168,'en',NULL,1570448422,NULL,1),(169,169,'en',NULL,1570448435,NULL,1),(170,170,'en',NULL,1570448447,NULL,1),(171,171,'en',NULL,1570448459,NULL,1),(172,172,'en',NULL,1570448471,NULL,1),(173,173,'en',NULL,1570448483,NULL,1),(174,174,'en',NULL,1570448494,NULL,1),(175,175,'en',NULL,1570448506,NULL,1),(177,177,'en',NULL,1570449496,NULL,1),(179,179,'en',NULL,1579206946,NULL,1),(180,180,'en',NULL,1579207050,NULL,1),(182,182,'en',NULL,1579207130,NULL,1),(183,183,'en',NULL,1579207162,NULL,1),(184,184,'en',NULL,1579207237,NULL,1),(185,185,'en',NULL,1579207258,NULL,1),(188,188,'en',NULL,1579207318,NULL,1),(189,189,'en',NULL,1579207338,NULL,1),(190,190,'en',NULL,1582395957,NULL,1),(191,191,'en',NULL,1582395996,NULL,1),(195,195,'en',NULL,1582396063,NULL,1),(196,196,'en',NULL,1582396071,NULL,1),(197,197,'en',NULL,1582396075,NULL,1),(198,198,'en',NULL,1582396079,NULL,1),(199,199,'en',NULL,1582396082,NULL,1),(200,200,'en',NULL,1582396085,NULL,1),(201,201,'en',NULL,1582396089,NULL,1),(202,202,'en',NULL,1582396092,NULL,1),(203,203,'en',NULL,1582396095,NULL,1),(204,204,'en',NULL,1582396200,NULL,1),(205,205,'en',NULL,1582396204,NULL,1),(206,206,'en',NULL,1582396207,NULL,1),(207,207,'en',NULL,1582396213,NULL,1),(208,208,'en',NULL,1582396217,NULL,1),(209,209,'en',NULL,1582396220,NULL,1),(210,210,'en',NULL,1582396224,NULL,1),(211,211,'en',NULL,1582396227,NULL,1),(212,212,'en',NULL,1582396301,NULL,1),(213,213,'en',NULL,1582396326,NULL,1),(214,214,'en',NULL,1582396329,NULL,1),(215,215,'en',NULL,1582396332,NULL,1),(216,216,'en',NULL,1582396335,NULL,1),(217,217,'en',NULL,1582396338,NULL,1),(218,218,'en',NULL,1582396342,NULL,1),(219,219,'en',NULL,1582396345,NULL,1),(220,220,'en',NULL,1582396348,NULL,1),(221,221,'en',NULL,1582396351,NULL,1),(222,222,'en',NULL,1582396433,NULL,1),(223,223,'en',NULL,1582396451,NULL,1),(224,224,'en',NULL,1582396454,NULL,1),(225,225,'en',NULL,1582396457,NULL,1),(226,226,'en',NULL,1582396460,NULL,1),(227,227,'en',NULL,1582396464,NULL,1),(228,228,'en',NULL,1582396467,NULL,1),(229,229,'en',NULL,1582396470,NULL,1),(230,230,'en',NULL,1582396473,NULL,1),(231,231,'en',NULL,1582396478,NULL,1),(232,232,'en',NULL,1582396482,NULL,1),(233,233,'en',NULL,1582396485,NULL,1),(234,234,'en',NULL,1582396489,NULL,1),(235,235,'en',NULL,1582396553,NULL,1),(236,236,'en',NULL,1582396585,NULL,1),(237,237,'en',NULL,1582396591,NULL,1),(238,238,'en',NULL,1582396596,NULL,1),(239,239,'en',NULL,1582396599,NULL,1),(240,240,'en',NULL,1582396602,NULL,1),(241,241,'en',NULL,1582396605,NULL,1),(242,242,'en',NULL,1582396609,NULL,1),(243,243,'en',NULL,1582396612,NULL,1),(244,244,'en',NULL,1582396615,NULL,1),(245,245,'en',NULL,1582396619,NULL,1),(246,246,'en',NULL,1582396622,NULL,1),(247,247,'en',NULL,1582396625,NULL,1),(248,248,'en',NULL,1582396628,NULL,1),(249,249,'en',NULL,1582396632,NULL,1),(250,250,'en',NULL,1582396635,NULL,1),(251,251,'en',NULL,1582396639,NULL,1),(252,252,'en',NULL,1582396642,NULL,1),(253,253,'en',NULL,1582396646,NULL,1),(254,254,'en',NULL,1582396649,NULL,1),(255,255,'en',NULL,1582396652,NULL,1),(256,256,'en',NULL,1582396787,NULL,1),(257,257,'en',NULL,1582396810,NULL,1),(258,258,'en',NULL,1582396814,NULL,1),(259,259,'en',NULL,1582396818,NULL,1),(260,260,'en',NULL,1582396821,NULL,1),(261,261,'en',NULL,1582396825,NULL,1),(262,262,'en',NULL,1591175486,NULL,1),(263,263,'en',NULL,1591175603,NULL,1),(264,264,'en',NULL,1591177130,NULL,1),(265,265,'en',NULL,1591177191,NULL,1),(266,266,'en',NULL,1601044878,NULL,1);

--
-- Table structure for table `taxonomy_term_revision__parent`
--

CREATE TABLE `taxonomy_term_revision__parent` (
  `bundle` varchar(128) CHARACTER SET ascii NOT NULL DEFAULT '' COMMENT 'The field instance bundle to which this row belongs, used when deleting a field instance',
  `deleted` tinyint(4) NOT NULL DEFAULT 0 COMMENT 'A boolean indicating whether this data item has been deleted',
  `entity_id` int(10) unsigned NOT NULL COMMENT 'The entity id this data is attached to',
  `revision_id` int(10) unsigned NOT NULL COMMENT 'The entity revision id this data is attached to',
  `langcode` varchar(32) CHARACTER SET ascii NOT NULL DEFAULT '' COMMENT 'The language code for this data item.',
  `delta` int(10) unsigned NOT NULL COMMENT 'The sequence number for this data item, used for multi-value fields',
  `parent_target_id` int(10) unsigned NOT NULL COMMENT 'The ID of the target entity.',
  PRIMARY KEY (`entity_id`,`revision_id`,`deleted`,`delta`,`langcode`),
  KEY `bundle` (`bundle`),
  KEY `revision_id` (`revision_id`),
  KEY `parent_target_id` (`parent_target_id`)
) ENGINE=InnoDB DEFAULT CHARSET=utf8mb4 COMMENT='Revision archive storage for taxonomy_term field parent.';

--
-- Dumping data for table `taxonomy_term_revision__parent`
--

INSERT INTO `taxonomy_term_revision__parent` VALUES ('stakeholder_member_types',0,1,1,'en',0,0),('stakeholder_member_types',0,2,2,'en',0,0),('stakeholder_member_types',0,3,3,'en',0,0),('stakeholder_member_types',0,4,4,'en',0,0),('stakeholder_member_types',0,5,5,'en',0,0),('stakeholder_member_types',0,6,6,'en',0,0),('stakeholder_member_types',0,7,7,'en',0,0),('stakeholder_member_types',0,8,8,'en',0,0),('master_scorecard',0,9,9,'en',0,0),('master_scorecard',0,10,10,'en',0,9),('master_scorecard',0,11,11,'en',0,9),('master_scorecard',0,13,13,'en',0,9),('master_scorecard',0,14,14,'en',0,9),('master_scorecard',0,15,15,'en',0,10),('master_scorecard',0,16,16,'en',0,10),('master_scorecard',0,17,17,'en',0,10),('master_scorecard',0,18,18,'en',0,10),('master_scorecard',0,19,19,'en',0,10),('master_scorecard',0,20,20,'en',0,10),('master_scorecard',0,21,21,'en',0,10),('master_scorecard',0,22,22,'en',0,10),('master_scorecard',0,23,23,'en',0,10),('master_scorecard',0,24,24,'en',0,15),('master_scorecard',0,25,25,'en',0,16),('master_scorecard',0,26,26,'en',0,17),('master_scorecard',0,27,27,'en',0,18),('master_scorecard',0,28,28,'en',0,18),('master_scorecard',0,29,29,'en',0,18),('master_scorecard',0,30,30,'en',0,19),('master_scorecard',0,31,31,'en',0,20),('master_scorecard',0,32,32,'en',0,21),('master_scorecard',0,33,33,'en',0,21),('master_scorecard',0,34,34,'en',0,21),('master_scorecard',0,35,35,'en',0,22),('master_scorecard',0,36,36,'en',0,22),('master_scorecard',0,37,37,'en',0,22),('master_scorecard',0,38,38,'en',0,22),('master_scorecard',0,48,48,'en',0,9),('master_scorecard',0,67,67,'en',0,11),('master_scorecard',0,68,68,'en',0,11),('master_scorecard',0,69,69,'en',0,11),('master_scorecard',0,70,70,'en',0,11),('master_scorecard',0,71,71,'en',0,11),('master_scorecard',0,72,72,'en',0,11),('master_scorecard',0,73,73,'en',0,11),('master_scorecard',0,74,74,'en',0,14),('master_scorecard',0,75,75,'en',0,11),('master_scorecard',0,76,76,'en',0,48),('master_scorecard',0,77,77,'en',0,48),('master_scorecard',0,78,78,'en',0,48),('master_scorecard',0,79,79,'en',0,48),('master_scorecard',0,80,80,'en',0,48),('master_scorecard',0,81,81,'en',0,48),('master_scorecard',0,82,82,'en',0,48),('master_scorecard',0,83,83,'en',0,48),('master_scorecard',0,84,84,'en',0,48),('master_scorecard',0,85,85,'en',0,48),('master_scorecard',0,86,86,'en',0,48),('master_scorecard',0,88,88,'en',0,48),('master_scorecard',0,90,90,'en',0,48),('master_scorecard',0,91,91,'en',0,48),('master_scorecard',0,92,92,'en',0,48),('master_scorecard',0,93,93,'en',0,48),('master_scorecard',0,94,94,'en',0,48),('master_scorecard',0,95,95,'en',0,13),('master_scorecard',0,96,96,'en',0,13),('master_scorecard',0,97,97,'en',0,13),('master_scorecard',0,98,98,'en',0,13),('master_scorecard',0,99,99,'en',0,13),('master_scorecard',0,100,100,'en',0,23),('master_scorecard',0,101,101,'en',0,48),('master_scorecard',0,102,102,'en',0,13),('master_scorecard',0,104,104,'en',0,11),('master_scorecard',0,105,105,'en',0,48),('master_scorecard',0,107,107,'en',0,48),('master_scorecard',0,108,108,'en',0,67),('master_scorecard',0,109,109,'en',0,67),('master_scorecard',0,112,112,'en',0,69),('master_scorecard',0,113,113,'en',0,70),('master_scorecard',0,114,114,'en',0,70),('master_scorecard',0,115,115,'en',0,71),('master_scorecard',0,116,116,'en',0,104),('master_scorecard',0,117,117,'en',0,104),('master_scorecard',0,118,118,'en',0,104),('master_scorecard',0,119,119,'en',0,72),('master_scorecard',0,120,120,'en',0,72),('master_scorecard',0,121,121,'en',0,73),('master_scorecard',0,122,122,'en',0,73),('master_scorecard',0,123,123,'en',0,73),('master_scorecard',0,124,124,'en',0,74),('master_scorecard',0,125,125,'en',0,75),('master_scorecard',0,126,126,'en',0,75),('master_scorecard',0,127,127,'en',0,76),('master_scorecard',0,128,128,'en',0,77),('master_scorecard',0,129,129,'en',0,78),('master_scorecard',0,130,130,'en',0,79),('master_scorecard',0,131,131,'en',0,79),('master_scorecard',0,132,132,'en',0,80),('master_scorecard',0,133,133,'en',0,80),('master_scorecard',0,134,134,'en',0,80),('master_scorecard',0,135,135,'en',0,81),('master_scorecard',0,136,136,'en',0,82),('master_scorecard',0,137,137,'en',0,83),('master_scorecard',0,138,138,'en',0,84),('master_scorecard',0,139,139,'en',0,85),('master_scorecard',0,140,140,'en',0,86),('master_scorecard',0,141,141,'en',0,86),('master_scorecard',0,142,142,'en',0,86),('master_scorecard',0,143,143,'en',0,105),('master_scorecard',0,144,144,'en',0,105),('master_scorecard',0,145,145,'en',0,105),('master_scorecard',0,146,146,'en',0,88),('master_scorecard',0,147,147,'en',0,88),('master_scorecard',0,148,148,'en',0,90),('master_scorecard',0,149,149,'en',0,91),('master_scorecard',0,150,150,'en',0,92),('master_scorecard',0,151,151,'en',0,92),('master_scorecard',0,152,152,'en',0,93),('master_scorecard',0,153,153,'en',0,93),('master_scorecard',0,154,154,'en',0,107),('master_scorecard',0,155,155,'en',0,107),('master_scorecard',0,156,156,'en',0,107),('master_scorecard',0,157,157,'en',0,94),('master_scorecard',0,158,158,'en',0,94),('master_scorecard',0,159,159,'en',0,94),('master_scorecard',0,160,160,'en',0,101),('master_scorecard',0,161,161,'en',0,101),('master_scorecard',0,162,162,'en',0,95),('master_scorecard',0,163,163,'en',0,96),('master_scorecard',0,164,164,'en',0,97),('master_scorecard',0,165,165,'en',0,97),('master_scorecard',0,166,166,'en',0,97),('master_scorecard',0,167,167,'en',0,98),('master_scorecard',0,168,168,'en',0,98),('master_scorecard',0,169,169,'en',0,98),('master_scorecard',0,170,170,'en',0,99),('master_scorecard',0,171,171,'en',0,99),('master_scorecard',0,172,172,'en',0,99),('master_scorecard',0,173,173,'en',0,99),('master_scorecard',0,174,174,'en',0,99),('master_scorecard',0,175,175,'en',0,102),('master_scorecard',0,177,177,'en',0,68),('master_scorecard',0,179,179,'en',0,14),('master_scorecard',0,180,180,'en',0,14),('master_scorecard',0,182,182,'en',0,14),('master_scorecard',0,183,183,'en',0,14),('master_scorecard',0,184,184,'en',0,180),('master_scorecard',0,185,185,'en',0,182),('master_scorecard',0,188,188,'en',0,183),('master_scorecard',0,189,189,'en',0,179),('content_annotation',0,190,190,'en',0,0),('content_annotation',0,191,191,'en',0,0),('content_annotation',0,195,195,'en',0,190),('content_annotation',0,196,196,'en',0,190),('content_annotation',0,197,197,'en',0,190),('content_annotation',0,198,198,'en',0,190),('content_annotation',0,199,199,'en',0,190),('content_annotation',0,200,200,'en',0,190),('content_annotation',0,201,201,'en',0,190),('content_annotation',0,202,202,'en',0,190),('content_annotation',0,203,203,'en',0,190),('content_annotation',0,204,204,'en',0,191),('content_annotation',0,205,205,'en',0,191),('content_annotation',0,206,206,'en',0,191),('content_annotation',0,207,207,'en',0,191),('content_annotation',0,208,208,'en',0,191),('content_annotation',0,209,209,'en',0,191),('content_annotation',0,210,210,'en',0,191),('content_annotation',0,211,211,'en',0,191),('content_annotation',0,212,212,'en',0,0),('content_annotation',0,213,213,'en',0,212),('content_annotation',0,214,214,'en',0,212),('content_annotation',0,215,215,'en',0,212),('content_annotation',0,216,216,'en',0,212),('content_annotation',0,217,217,'en',0,212),('content_annotation',0,218,218,'en',0,212),('content_annotation',0,219,219,'en',0,212),('content_annotation',0,220,220,'en',0,212),('content_annotation',0,221,221,'en',0,212),('content_annotation',0,222,222,'en',0,0),('content_annotation',0,223,223,'en',0,222),('content_annotation',0,224,224,'en',0,222),('content_annotation',0,225,225,'en',0,222),('content_annotation',0,226,226,'en',0,222),('content_annotation',0,227,227,'en',0,222),('content_annotation',0,228,228,'en',0,222),('content_annotation',0,229,229,'en',0,222),('content_annotation',0,230,230,'en',0,222),('content_annotation',0,231,231,'en',0,222),('content_annotation',0,232,232,'en',0,222),('content_annotation',0,233,233,'en',0,222),('content_annotation',0,234,234,'en',0,222),('content_annotation',0,235,235,'en',0,0),('content_annotation',0,236,236,'en',0,235),('content_annotation',0,237,237,'en',0,235),('content_annotation',0,238,238,'en',0,235),('content_annotation',0,239,239,'en',0,235),('content_annotation',0,240,240,'en',0,235),('content_annotation',0,241,241,'en',0,235),('content_annotation',0,242,242,'en',0,235),('content_annotation',0,243,243,'en',0,235),('content_annotation',0,244,244,'en',0,235),('content_annotation',0,245,245,'en',0,235),('content_annotation',0,246,246,'en',0,235),('content_annotation',0,247,247,'en',0,235),('content_annotation',0,248,248,'en',0,235),('content_annotation',0,249,249,'en',0,235),('content_annotation',0,250,250,'en',0,235),('content_annotation',0,251,251,'en',0,235),('content_annotation',0,252,252,'en',0,235),('content_annotation',0,253,253,'en',0,235),('content_annotation',0,254,254,'en',0,235),('content_annotation',0,255,255,'en',0,235),('content_annotation',0,256,256,'en',0,0),('content_annotation',0,257,257,'en',0,256),('content_annotation',0,258,258,'en',0,256),('content_annotation',0,259,259,'en',0,256),('content_annotation',0,260,260,'en',0,256),('content_annotation',0,261,261,'en',0,256),('master_scorecard',0,262,262,'en',0,14),('master_scorecard',0,263,263,'en',0,262),('master_scorecard',0,264,264,'en',0,14),('master_scorecard',0,265,265,'en',0,264),('permissions_tags',0,266,266,'en',0,0);

--
-- Table structure for table `user__field_first_name`
--

CREATE TABLE `user__field_first_name` (
  `bundle` varchar(128) CHARACTER SET ascii NOT NULL DEFAULT '' COMMENT 'The field instance bundle to which this row belongs, used when deleting a field instance',
  `deleted` tinyint(4) NOT NULL DEFAULT 0 COMMENT 'A boolean indicating whether this data item has been deleted',
  `entity_id` int(10) unsigned NOT NULL COMMENT 'The entity id this data is attached to',
  `revision_id` int(10) unsigned NOT NULL COMMENT 'The entity revision id this data is attached to, which for an unversioned entity type is the same as the entity id',
  `langcode` varchar(32) CHARACTER SET ascii NOT NULL DEFAULT '' COMMENT 'The language code for this data item.',
  `delta` int(10) unsigned NOT NULL COMMENT 'The sequence number for this data item, used for multi-value fields',
  `field_first_name_value` varchar(255) NOT NULL,
  PRIMARY KEY (`entity_id`,`deleted`,`delta`,`langcode`),
  KEY `bundle` (`bundle`),
  KEY `revision_id` (`revision_id`)
) ENGINE=InnoDB DEFAULT CHARSET=utf8mb4 COMMENT='Data storage for user field field_first_name.';

--
-- Dumping data for table `user__field_first_name`
--

INSERT INTO `user__field_first_name` VALUES ('user',0,3,3,'en',0,'Firstname'),('user',0,12,12,'en',0,'G'),('user',0,13,13,'en',0,'George'),('user',0,14,14,'en',0,'Sofia'),('user',0,16,16,'en',0,'g'),('user',0,17,17,'en',0,'Stephanie'),('user',0,18,18,'en',0,'Stephanie'),('user',0,19,19,'en',0,'John'),('user',0,21,21,'en',0,'Dane'),('user',0,22,22,'en',0,'Carlos'),('user',0,23,23,'en',0,'Deborah'),('user',0,24,24,'en',0,'Francoise'),('user',0,25,25,'en',0,'Anna'),('user',0,26,26,'en',0,'Nicolas'),('user',0,27,27,'en',0,'Carla'),('user',0,28,28,'en',0,'Juliette'),('user',0,29,29,'en',0,'Andrea'),('user',0,30,30,'en',0,'Valentina'),('user',0,31,31,'en',0,'Danilo'),('user',0,32,32,'en',0,'Elke'),('user',0,33,33,'en',0,'Michele'),('user',0,35,35,'en',0,'gabriele'),('user',0,36,36,'en',0,'Paola'),('user',0,37,37,'en',0,'Elisa'),('user',0,38,38,'en',0,'Ericka'),('user',0,39,39,'en',0,'Molinero'),('user',0,40,40,'en',0,'Luca'),('user',0,41,41,'en',0,'Giampaolo'),('user',0,45,45,'en',0,'MS Care '),('user',0,47,47,'en',0,'Angelo'),('user',0,48,48,'en',0,'Angelo'),('user',0,49,49,'en',0,'Sabrina'),('user',0,56,56,'en',0,'Florence'),('user',0,57,57,'en',0,'Florence'),('user',0,59,59,'en',0,'Graham'),('user',0,61,61,'en',0,'g'),('user',0,85,85,'en',0,'Costas'),('user',0,88,88,'en',0,'Anna');

--
-- Table structure for table `user__field_last_name`
--

CREATE TABLE `user__field_last_name` (
  `bundle` varchar(128) CHARACTER SET ascii NOT NULL DEFAULT '' COMMENT 'The field instance bundle to which this row belongs, used when deleting a field instance',
  `deleted` tinyint(4) NOT NULL DEFAULT 0 COMMENT 'A boolean indicating whether this data item has been deleted',
  `entity_id` int(10) unsigned NOT NULL COMMENT 'The entity id this data is attached to',
  `revision_id` int(10) unsigned NOT NULL COMMENT 'The entity revision id this data is attached to, which for an unversioned entity type is the same as the entity id',
  `langcode` varchar(32) CHARACTER SET ascii NOT NULL DEFAULT '' COMMENT 'The language code for this data item.',
  `delta` int(10) unsigned NOT NULL COMMENT 'The sequence number for this data item, used for multi-value fields',
  `field_last_name_value` varchar(255) NOT NULL,
  PRIMARY KEY (`entity_id`,`deleted`,`delta`,`langcode`),
  KEY `bundle` (`bundle`),
  KEY `revision_id` (`revision_id`)
) ENGINE=InnoDB DEFAULT CHARSET=utf8mb4 COMMENT='Data storage for user field field_last_name.';

--
-- Dumping data for table `user__field_last_name`
--

INSERT INTO `user__field_last_name` VALUES ('user',0,3,3,'en',0,'Lastname'),('user',0,12,12,'en',0,'S'),('user',0,13,13,'en',0,'Tsakirakis'),('user',0,14,14,'en',0,'Tsekeridou'),('user',0,16,16,'en',0,'g'),('user',0,17,17,'en',0,'Kramer'),('user',0,18,18,'en',0,'kramer'),('user',0,19,19,'en',0,'Smith'),('user',0,21,21,'en',0,'Analizy'),('user',0,22,22,'en',0,'Larrinaga'),('user',0,23,23,'en',0,'Bertorello'),('user',0,24,24,'en',0,'Van Hemelryck'),('user',0,25,25,'en',0,'Kork'),('user',0,26,26,'en',0,'Garcia'),('user',0,27,27,'en',0,'Antonini'),('user',0,28,28,'en',0,'Senn'),('user',0,29,29,'en',0,'Gavazzi'),('user',0,30,30,'en',0,'Tageo'),('user',0,31,31,'en',0,'Devigili'),('user',0,32,32,'en',0,'De Witte'),('user',0,33,33,'en',0,'Andreaus'),('user',0,35,35,'en',0,'dati'),('user',0,36,36,'en',0,'Zaratin'),('user',0,37,37,'en',0,'Maninfior'),('user',0,38,38,'en',0,'Costa'),('user',0,39,39,'en',0,'Sara'),('user',0,40,40,'en',0,'Molinari'),('user',0,41,41,'en',0,'Brichetto'),('user',0,45,45,'en',0,'Unit'),('user',0,47,47,'en',0,'Ghezzi'),('user',0,48,48,'en',0,'Ghezzi'),('user',0,49,49,'en',0,'Liberalato'),('user',0,56,56,'en',0,'van Steenbrugghe'),('user',0,57,57,'en',0,'van Steenbrugghe'),('user',0,59,59,'en',0,'McReynolds'),('user',0,61,61,'en',0,'r'),('user',0,85,85,'en',0,'Vassilakis'),('user',0,88,88,'en',0,'Mimi');

--
-- Table structure for table `user__roles`
--

CREATE TABLE `user__roles` (
  `bundle` varchar(128) CHARACTER SET ascii NOT NULL DEFAULT '' COMMENT 'The field instance bundle to which this row belongs, used when deleting a field instance',
  `deleted` tinyint(4) NOT NULL DEFAULT 0 COMMENT 'A boolean indicating whether this data item has been deleted',
  `entity_id` int(10) unsigned NOT NULL COMMENT 'The entity id this data is attached to',
  `revision_id` int(10) unsigned NOT NULL COMMENT 'The entity revision id this data is attached to, which for an unversioned entity type is the same as the entity id',
  `langcode` varchar(32) CHARACTER SET ascii NOT NULL DEFAULT '' COMMENT 'The language code for this data item.',
  `delta` int(10) unsigned NOT NULL COMMENT 'The sequence number for this data item, used for multi-value fields',
  `roles_target_id` varchar(255) CHARACTER SET ascii NOT NULL COMMENT 'The ID of the target entity.',
  PRIMARY KEY (`entity_id`,`deleted`,`delta`,`langcode`),
  KEY `bundle` (`bundle`),
  KEY `revision_id` (`revision_id`),
  KEY `roles_target_id` (`roles_target_id`)
) ENGINE=InnoDB DEFAULT CHARSET=utf8mb4 COMMENT='Data storage for user field roles.';

--
-- Dumping data for table `user__roles`
--

INSERT INTO `user__roles` VALUES ('user',0,1,1,'en',0,'administrator'),('user',0,3,3,'en',0,'author'),('user',0,19,19,'en',0,'author'),('user',0,26,26,'en',0,'author'),('user',0,30,30,'en',0,'author'),('user',0,33,33,'en',0,'author'),('user',0,85,85,'en',0,'webform_admin'),('user',0,88,88,'en',0,'webform_admin');

--
-- Table structure for table `users`
--

CREATE TABLE `users` (
  `uid` int(10) unsigned NOT NULL,
  `uuid` varchar(128) CHARACTER SET ascii NOT NULL,
  `langcode` varchar(12) CHARACTER SET ascii NOT NULL,
  PRIMARY KEY (`uid`),
  UNIQUE KEY `user_field__uuid__value` (`uuid`)
) ENGINE=InnoDB DEFAULT CHARSET=utf8mb4 COMMENT='The base table for user entities.';

--
-- Dumping data for table `users`
--

INSERT INTO `users` VALUES (0,'e4ea0109-2b9c-4fce-81e6-bc1cca8f1bbe','en'),(1,'1fb8845c-f29d-440a-85e4-c95239ed7228','en'),(3,'a76cacef-c8c0-45b7-b048-7a23a6ff1380','en'),(12,'42a73c9a-6fe6-4744-ae3c-df658f0525bf','en'),(13,'4bfd52e6-de2e-4989-851b-c1956e59691c','en'),(14,'fb5262fc-50ad-4bb4-bf7c-8467f6c3ea5e','en'),(16,'164eb190-081d-480e-9f3f-e1f09a7c3faf','en'),(17,'22eef1ac-4d06-47c0-9901-48a95cf283e0','en'),(18,'47190dce-17c5-485b-943c-a1805e141286','en'),(19,'6bdb7d5a-e922-4377-abdd-3bdb3aec1e3d','en'),(21,'00b4a47d-61ab-471a-ac25-4c17e16cef91','en'),(22,'4b916cb9-f253-4478-a327-392d3532aa1c','en'),(23,'2bfdedb9-5803-47cf-b9ff-c9689a2c9308','en'),(24,'42604682-4417-4f1b-83b7-b05aa2499bdc','en'),(25,'097da748-7a1f-4b4d-b0b3-6551ffb6995f','en'),(26,'dce1ab03-092c-4a9a-9e2c-3c031bc2ca95','en'),(27,'a91b727c-80a7-4f1e-8005-936840c93ebe','en'),(28,'46f94291-ccae-4704-9924-7bfe38cb78b2','en'),(29,'036f2739-d644-4681-9ae2-16fcf3f5b39f','en'),(30,'25ebd04e-4370-41ea-9e85-8bdecb223f3f','en'),(31,'faa76599-bdfe-418b-b245-c31c39d84d4a','en'),(32,'342d136d-eea5-4854-abce-82450a36f88b','en'),(33,'235b2d50-5bb7-4105-87a5-08e829f2c3ba','en'),(35,'6a7a9d20-38fe-4dd6-9cee-89efb914e777','en'),(36,'f4aa571f-c51f-48a1-8a1f-0afd0c9f939c','en'),(37,'f4067fd3-ed27-4d13-84c5-62b534debfd5','en'),(38,'28085c84-679c-4d39-b571-0b29eb36b8a3','en'),(39,'fc44df54-d424-4c59-811d-c910b9777c25','en'),(40,'bbf7589d-10c0-4700-b43d-ff58343f00b1','en'),(41,'4d706005-f3ca-4651-a06e-e9479d2202af','en'),(45,'ced7d118-4717-47fb-ad1d-4f7fc30f6486','en'),(47,'925fc10e-cd24-4889-a2dc-f26527e62867','en'),(48,'ade71b5c-2d21-468c-ac4c-1b26bdd88892','en'),(49,'d0b6a906-65db-4625-951d-5200f6eb974d','en'),(56,'56a11386-142c-404f-8be3-da5bc874077e','en'),(57,'8f00ac47-45db-4812-b97a-b3d94f6617ba','en'),(59,'c10d334d-5d99-49f9-9b0f-573d30dbbcaa','en'),(61,'a02b7083-fb0b-46eb-accf-84c29f9d973a','en'),(85,'893f3c7b-9841-45cb-a1f4-42bb682b53de','en'),(88,'436705cd-ab69-406a-9574-36cd1d154847','en');

--
-- Table structure for table `users_data`
--

CREATE TABLE `users_data` (
  `uid` int(10) unsigned NOT NULL DEFAULT 0 COMMENT 'The users.uid this record affects.',
  `module` varchar(50) CHARACTER SET ascii NOT NULL DEFAULT '' COMMENT 'The name of the module declaring the variable.',
  `name` varchar(128) CHARACTER SET ascii NOT NULL DEFAULT '' COMMENT 'The identifier of the data.',
  `value` longblob DEFAULT NULL COMMENT 'The value.',
  `serialized` tinyint(3) unsigned DEFAULT 0 COMMENT 'Whether value is serialized.',
  PRIMARY KEY (`uid`,`module`,`name`),
  KEY `module` (`module`),
  KEY `name` (`name`)
) ENGINE=InnoDB DEFAULT CHARSET=utf8mb4 COMMENT='Stores module data as key/value pairs per user.';

--
-- Dumping data for table `users_data`
--

INSERT INTO `users_data` VALUES (1,'contact','enabled','1',0),(1,'webform_ui','element_type_preview','1',0),(3,'contact','enabled','1',0),(12,'contact','enabled','1',0),(13,'contact','enabled','1',0),(14,'contact','enabled','1',0),(16,'contact','enabled','1',0),(17,'contact','enabled','1',0),(18,'contact','enabled','1',0),(19,'contact','enabled','1',0),(21,'contact','enabled','1',0),(22,'contact','enabled','1',0),(23,'contact','enabled','1',0),(24,'contact','enabled','1',0),(25,'contact','enabled','1',0),(26,'contact','enabled','1',0),(27,'contact','enabled','1',0),(28,'contact','enabled','1',0),(29,'contact','enabled','1',0),(30,'contact','enabled','1',0),(31,'contact','enabled','1',0),(32,'contact','enabled','1',0),(33,'contact','enabled','1',0),(35,'contact','enabled','1',0),(36,'contact','enabled','1',0),(37,'contact','enabled','1',0),(38,'contact','enabled','1',0),(39,'contact','enabled','1',0),(40,'contact','enabled','1',0),(41,'contact','enabled','1',0),(45,'contact','enabled','1',0),(47,'contact','enabled','1',0),(48,'contact','enabled','1',0),(49,'contact','enabled','1',0),(56,'contact','enabled','1',0),(57,'contact','enabled','1',0),(59,'contact','enabled','1',0),(61,'contact','enabled','1',0),(85,'contact','enabled','1',0),(88,'contact','enabled','1',0);

--
-- Table structure for table `users_field_data`
--

CREATE TABLE `users_field_data` (
  `uid` int(10) unsigned NOT NULL,
  `langcode` varchar(12) CHARACTER SET ascii NOT NULL,
  `preferred_langcode` varchar(12) CHARACTER SET ascii DEFAULT NULL,
  `preferred_admin_langcode` varchar(12) CHARACTER SET ascii DEFAULT NULL,
  `name` varchar(60) NOT NULL,
  `pass` varchar(255) DEFAULT NULL,
  `mail` varchar(254) DEFAULT NULL,
  `timezone` varchar(32) DEFAULT NULL,
  `status` tinyint(4) DEFAULT NULL,
  `created` int(11) NOT NULL,
  `changed` int(11) DEFAULT NULL,
  `access` int(11) NOT NULL,
  `login` int(11) DEFAULT NULL,
  `init` varchar(254) DEFAULT NULL,
  `default_langcode` tinyint(4) NOT NULL,
  `revision_log_settings` longtext DEFAULT NULL,
  PRIMARY KEY (`uid`,`langcode`),
  UNIQUE KEY `user__name` (`name`,`langcode`),
  KEY `user__id__default_langcode__langcode` (`uid`,`default_langcode`,`langcode`),
  KEY `user_field__mail` (`mail`(191)),
  KEY `user_field__created` (`created`),
  KEY `user_field__access` (`access`)
) ENGINE=InnoDB DEFAULT CHARSET=utf8mb4 COMMENT='The data table for user entities.';

--
-- Dumping data for table `users_field_data`
--

INSERT INTO `users_field_data` VALUES (0,'en','en',NULL,'',NULL,NULL,'',0,1569920843,1569920843,0,0,NULL,1,NULL),(1,'en','en',NULL,'admin','$S$E1vXMd9W3Q9UgpKNq5hQm6ZCVAgtL7d8e22J3qtyuSOsc07m1HKl','george.tsakirakis@intrasoft-intl.com','Europe/Athens',1,1569920843,1569927241,1601908169,1601894593,'george.tsakirakis@intrasoft-intl.com',1,NULL),(3,'en','en','en','Author','$S$E3GZfl2dB9pmlNiBJA9.BgydZ6SrH5THxrcJffcdKyl84KMc5Xhq','mrtarantilis@gmail.com','Europe/Athens',1,1570519415,1570697416,1576742354,1576742354,'mrtarantilis@gmail.com',1,NULL),(12,'en','en','en','geostam','$S$EtQl3WtNji/lNWjf3kenc4NZjsd4YvP.STs6pgKcptlG0W7g5rw2','geostam@windowslive.com','Europe/Athens',1,1570704040,1570704119,1601044120,1574282975,'geostam@windowslive.com',1,NULL),(13,'en','en','en','gtsa2','$S$EN/VfnQkEZPwMFqH9cGeoawCC/ypRV58UFaeBRnkCj6TYhZg0chb','gtsa@freemail.gr','Europe/Athens',1,1570719849,1570719912,1601044675,1572516663,'gtsa@freemail.gr',1,NULL),(14,'en','en','en','stsekeridou','$S$ELH2si8Rx.95Vvx9UgiqsX9tDP5U1/MPn8w0pbUatg2rVLsKbuKu','sofia.tsekeridou@intrasoft-intl.com','Europe/Athens',1,1571041180,1571041361,1593523168,1593523168,'sofia.tsekeridou@intrasoft-intl.com',1,NULL),(16,'en','en','en','gtsa21','$S$EnF4z6/bNE1/KEHkxAo0FM7Y6Pwt.18tjVOQUqnbKPYLXopvtJOQ','george.tsakirakis5@gmail.com','Europe/Athens',1,1571667243,1571667243,0,0,'george.tsakirakis5@gmail.com',1,NULL),(17,'en','en','en','EBC','$S$EnB2r/ElmcUx2zPDroOTZQwjnYpg0H5boXOyV9oKVtnUm0XV7MRD','projects@braincouncil.eu','Europe/Athens',1,1572513582,1572513582,0,0,'projects@braincouncil.eu',1,NULL),(18,'en','en','en','EBC-2019','$S$Eg8hWbmG8MvEs3LEPUs3OEUzeQzHQBSqUx9AqhXTqFtRFPs2qDwe','stkr@braincouncil.eu','Europe/Athens',1,1572513668,1572513668,0,0,'stkr@braincouncil.eu',1,NULL),(19,'en','en','en','john21','$S$E1vXMd9W3Q9UgpKNq5hQm6ZCVAgtL7d8e22J3qtyuSOsc07m1HKl','john.smith@somewhere.com','Europe/Athens',1,1572520975,1582557400,1599576154,1599576154,'phonedutch@gmail.com',1,NULL),(21,'en','en','en','Dane_i_Analizy','$S$EXExWYBSCY5yqN1KPOjzqIut6.lYyTikh9S81dxhivS9uqTjBe11','multiact@dane-i-analizy.pl','Europe/Athens',1,1576230016,1576231256,1595427763,1595191797,'multiact@dane-i-analizy.pl',1,NULL),(22,'en','en','en','carlos.larrinaga@ubu.es','$S$EV7cvLYgEi8bhHduVQfHj7hdiRYHZvS4ag0cg0IQWmuUNd3hPmQ6','carlos.larrinaga@ubu.es','Europe/Athens',1,1576234662,1591112140,1591176537,1591112088,'carlos.larrinaga@ubu.es',1,NULL),(23,'en','en','en','DBertorello','$S$E3vLh/aVZjJIsne7aw0CEWzR36IX/w7JA0AJD1x4fr.aRYdN2le9','deborah.bertorello@aism.it','Europe/Athens',1,1576248509,1598971696,1598971681,1598971681,'deborah.bertorello@aism.it',1,NULL),(24,'en','en','en','frvh@braincouncil.eu','$S$EbL85d/6p8T2UZpj3qOjVy0LunJ7L0/RP5tgo9QP3CC7iMUU5uSq','frvh@braincouncil.eu','Europe/Athens',1,1576483550,1576483727,1599557895,1599138018,'frvh@braincouncil.eu',1,NULL),(25,'en','en','en','a146744','$S$EF7JZ1V5FQYMVgrMW4pIbk7udg8cxP6P757uTjvq/Y4zgep5vgmn','anna.kork@tuni.fi','Europe/Athens',1,1576483737,1576483785,1587118081,1587118081,'anna.kork@tuni.fi',1,NULL),(26,'en','en','en','ngtorea','$S$EO3bQirPGJxjkB/bTDxGz6Pl.f79q/8JW44GmkB62v5Tb8PlQpJL','ngtorea@ubu.es','Europe/Athens',1,1576567144,1576742485,1593787548,1592387613,'ngtorea@ubu.es',1,NULL),(27,'en','en','en','carla.antonini','$S$ELOjWYqZhVJJzO4oseKwf.Mq3QkBA4gdYRvGj4yiKOZD7zq6XX2a','carla.antonini@gmail.com','Europe/Athens',1,1576572851,1576573877,1591770989,1591770989,'carla.antonini@gmail.com',1,NULL),(28,'en','en','en','Jsenn','$S$E6aUwJhYGplf.EQoYynymnt.KrFG6sMGSDof7uoAw37roKT7H0xo','jsenn@ubu.es','Europe/Athens',1,1576575142,1579077960,1579511530,1579511340,'jsenn@ubu.es',1,NULL),(29,'en','en','en','Andrea Gavazzi','$S$ETzLi4Q4cznI73ONHZ57uDMoIkyAd6W5ZsqyU54lCsc7FQHNaxp6','andrea.gavazzi@it.ey.com','Europe/Athens',1,1576580721,1580479163,1580481123,1580479149,'andrea.gavazzi@it.ey.com',1,NULL),(30,'en','en','en','valentina','$S$ErczbzskeixASfEWTgrDw329NJmrclpzyScztpvralxjcqnnx/wU','tageo.multi-act@aism.it','Europe/Athens',1,1576581159,1576747000,1576581948,1576581178,'tageo.multi-act@aism.it',1,NULL),(31,'en','en','en','Danilo@','$S$Emq3bzIEeuB5EGH0roPXhDkZ0FbmYcLuAMULgeSPqEzzRcY6Wwk8','danilo.devigili@collectibus.it','Europe/Athens',1,1576581352,1576581481,1593492444,1593492444,'danilo.devigili@collectibus.it',1,NULL),(32,'en','en','en','ElkeEBC','$S$EVr0X1PvF6MJ3KLVyAe2gZpUzYtKsx4E0D3MTjADFksofquIwgJJ','eldw@braincouncil.eu','Europe/Athens',1,1576581777,1576581855,1576583129,1576581797,'eldw@braincouncil.eu',1,NULL),(33,'en','en','en','Michele','$S$ESZeQYOc8aaZd9pyJjRbcZbAsoZ3HYQ2/Dhlm3zrd42UrIkE/Q0j','michele.andreaus@unitn.it','Europe/Athens',1,1576766843,1576767459,1601046864,1591165918,'michele.andreaus@unitn.it',1,NULL),(35,'en','en','en','gabriele.dati','$S$EZGAwPhLuNm8iXT88QuJEd4vWODZRIDQ7JUhHfAalKQXdlauV4mL','gabriele.dati@aism.it','Europe/Athens',1,1578489665,1578489774,1578489719,1578489719,'gabriele.dati@aism.it',1,NULL),(36,'en','en','en','pzaratin','$S$EfX.A2otSNWP37BAW9lfnYouu3usmRnCnxpWY3ALFO1B2/YlFjvI','paola.zaratin@aism.it','Europe/Athens',1,1578490632,1598107876,1598108089,1598108089,'paola.zaratin@aism.it',1,NULL),(37,'en','en','en','elisa.maninfior','$S$EmFJmQDVkfIpM9o.Cm8huoqns7RhFOjwr9KWaSIn9b9mrRGtCrU4','elisa.maninfior@unitn.it','Europe/Athens',1,1578570446,1578570521,1578903506,1578732017,'elisa.maninfior@unitn.it',1,NULL),(38,'en','en','en','ericka.costa','$S$E3qJKPc3xVXU4NaSAG0bvIsS9l1tQRMA4TodNeUvg1kQtuUJCFRd','ericka.costa@unitn.it','Europe/Athens',1,1578652215,1578652256,1578775719,1578652237,'ericka.costa@unitn.it',1,NULL),(39,'en','en','en','Sara','$S$EzesSooGldb80/WqWWiOxcxef9bUYFZSkNG3o4TvYrAEOQP8Qj9O','smolinero@ubu.es','Europe/Athens',1,1578994527,1578994643,1582795865,1582789780,'smolinero@ubu.es',1,NULL),(40,'en','en','en','luca.molinari@it.ey.com','$S$E/0jL64RAs27igOIk85y7Lz2OZc6MYHtsEq.qMvFAOsFrOrKlua.','luca.molinari@it.ey.com','Europe/Athens',1,1580308588,1580308644,1580480350,1580308686,'luca.molinari@it.ey.com',1,NULL),(41,'en','en','en','giampaolo.brichetto@aism.it','$S$E7CkPtyenjaBhYRrDzRqnCIwmlyAXwHlLy09w/2biQ77JgVezFq.','giampaolo.brichetto@aism.it','Europe/Athens',1,1580889481,1580889511,1580889683,1580889617,'giampaolo.brichetto@aism.it',1,NULL),(45,'en','en','en','mscareunit','$S$EfZIwQqb.kuujckHZAz4K4m/7hL0HzpvRpZd8XMNqPHugQKC2jsN','mscareunit@multiacttb.com','Europe/Athens',1,1581513458,1581513458,1593168770,1592999851,'mscareunit@multiacttb.com',1,NULL),(47,'en','en','en','angelo@51','$S$ElxjNEfErYcf/musys.1IxXJtcVvcFRULWaTus30JJXNWn7r1nUO','angelo.ghezzi@asst-valleolona.it','Europe/Athens',1,1582704694,1582704694,0,0,'angelo.ghezzi@asst-valleolona.it',1,NULL),(48,'en','en','en','ghezzi@51','$S$ERgc7U9JB7XpAQazgsb3BGZnjJRS.njKRTPhjZyCEdU5B6adAyOH','ghezzangelo@gmai.com','Europe/Athens',1,1582707617,1582707617,0,0,'ghezzangelo@gmai.com',1,NULL),(49,'en','en','en','Sabrina','$S$EXtQ0a0nr4nlJaRA2Hl0V/Y7S.GDguqiabLe00rwbTGoFRl8IJ0s','Sabrina.liberalato@it.ey.com','Europe/Athens',1,1585041360,1585041416,1585128159,1585041394,'Sabrina.liberalato@it.ey.com',1,NULL),(56,'en','en','en','van Steenbrugghe','$S$E/kXHXul3fb3C9GQG9MMklqXlf2xD0fH9wVsJtV33C40ua09c908','florence.vansteen@gmail.com','Europe/Athens',1,1593522184,1594211158,1594211090,1594211090,'florence.vansteen@gmail.com',1,NULL),(57,'en','en','en','vansteen','$S$EQPf0fdmkH6P.UVVdb4agUmMv2O.avXWbCUHhzf2mgeJZ/9q1814','florence.vansteenbrugghe@sfr.fr','Europe/Athens',1,1593522272,1593522272,0,0,'florence.vansteenbrugghe@sfr.fr',1,NULL),(59,'en','en','en','grahammcreynolds','$S$ERwHNQh18qOL1IZUsABTsacXCHo6rLozJkwPUThKGN.piTk.6.3d','graham.mcreynolds@nmss.org','Europe/Athens',1,1598468289,1598468407,1598558268,1598468331,'graham.mcreynolds@nmss.org',1,NULL),(61,'en','en','en','GtsaSmtpTest','$S$EqrjjCAiW0m0OwMY00v1IhrVDCQEwa.eSoAJqklWCr7gcHF8J21X','gtsa@noc.ntua.gr','Europe/Athens',1,1598524250,1598524250,0,0,'gtsa@noc.ntua.gr',1,NULL),(85,'en','en','en','Costas','$S$EWQfsyMLqZrqhs3R78jUbS.9O9aSkxC4N7UX0jvj0.8dJdIFxdm7','costas.vassilakis@gmail.com','Europe/Athens',1,1601041764,1601041764,1601383328,1601041796,'costas.vassilakis@gmail.com',1,NULL),(88,'en','en','en','amimi','$S$EnwrFf1DVj2MjU9tV04pwPp.GBXTIOl/9RqOg0bOj23hv8gMdx63','amimi@open.gr','Europe/Athens',1,1601368441,1601369201,1601549842,1601471271,'amimi@open.gr',1,NULL);

--
-- Table structure for table `watchdog`
--

CREATE TABLE `watchdog` (
  `wid` int(11) NOT NULL AUTO_INCREMENT COMMENT 'Primary Key: Unique watchdog event ID.',
  `uid` int(10) unsigned NOT NULL DEFAULT 0 COMMENT 'The users.uid of the user who triggered the event.',
  `type` varchar(64) CHARACTER SET ascii NOT NULL DEFAULT '' COMMENT 'Type of log message, for example "user" or "page not found."',
  `message` longtext NOT NULL COMMENT 'Text of log message to be passed into the t() function.',
  `variables` longblob NOT NULL COMMENT 'Serialized array of variables that match the message string and that is passed into the t() function.',
  `severity` tinyint(3) unsigned NOT NULL DEFAULT 0 COMMENT 'The severity level of the event. ranges from 0 (Emergency) to 7 (Debug)',
  `link` text DEFAULT NULL COMMENT 'Link to view the result of the event.',
  `location` text NOT NULL COMMENT 'URL of the origin of the event.',
  `referer` text DEFAULT NULL COMMENT 'URL of referring page.',
  `hostname` varchar(128) CHARACTER SET ascii NOT NULL DEFAULT '' COMMENT 'Hostname of the user who triggered the event.',
  `timestamp` int(11) NOT NULL DEFAULT 0 COMMENT 'Unix timestamp of when event occurred.',
  PRIMARY KEY (`wid`),
  KEY `type` (`type`),
  KEY `uid` (`uid`),
  KEY `severity` (`severity`)
) ENGINE=InnoDB AUTO_INCREMENT=29911 DEFAULT CHARSET=utf8mb4 COMMENT='Table that contains logs of all system events.';

--
-- Dumping data for table `watchdog`
--

INSERT INTO `watchdog` VALUES (28899,1,'masquerade','User %username stopped masquerading as %old_username.','a:2:{s:9:\"%username\";s:5:\"admin\";s:13:\"%old_username\";s:7:\"Michele\";}',6,'<a href=\"/user/1\" hreflang=\"en\">view</a>','http://mscare.open.gr/unmasquerade?token=HzshC4lvVVb0da9d-o0uN8mIjFuL4T2VjoccJ4eRocM','http://mscare.open.gr/form/mscu-ecf-2020','85.72.53.208',1601046225),(28900,0,'cron','Starting execution of @module_cron().','a:1:{s:7:\"@module\";s:7:\"comment\";}',5,'','http://mscare.open.gr/admin/structure/webform/manage/mscu_ecf_2020/results/download','http://mscare.open.gr/admin/structure/webform/manage/mscu_ecf_2020/results/submissions','85.72.53.208',1601046353),(28901,0,'cron','Starting execution of @module_cron(), execution of @module_previous_cron() took @time.','a:3:{s:7:\"@module\";s:5:\"dblog\";s:16:\"@module_previous\";s:7:\"comment\";s:5:\"@time\";s:6:\"2.02ms\";}',5,'','http://mscare.open.gr/admin/structure/webform/manage/mscu_ecf_2020/results/download','http://mscare.open.gr/admin/structure/webform/manage/mscu_ecf_2020/results/submissions','85.72.53.208',1601046353),(28902,0,'cron','Starting execution of @module_cron(), execution of @module_previous_cron() took @time.','a:3:{s:7:\"@module\";s:5:\"field\";s:16:\"@module_previous\";s:5:\"dblog\";s:5:\"@time\";s:20:\"6.9299999999999997ms\";}',5,'','http://mscare.open.gr/admin/structure/webform/manage/mscu_ecf_2020/results/download','http://mscare.open.gr/admin/structure/webform/manage/mscu_ecf_2020/results/submissions','85.72.53.208',1601046353),(28903,0,'cron','Starting execution of @module_cron(), execution of @module_previous_cron() took @time.','a:3:{s:7:\"@module\";s:4:\"file\";s:16:\"@module_previous\";s:5:\"field\";s:5:\"@time\";s:20:\"2.8999999999999999ms\";}',5,'','http://mscare.open.gr/admin/structure/webform/manage/mscu_ecf_2020/results/download','http://mscare.open.gr/admin/structure/webform/manage/mscu_ecf_2020/results/submissions','85.72.53.208',1601046353),(28904,0,'cron','Starting execution of @module_cron(), execution of @module_previous_cron() took @time.','a:3:{s:7:\"@module\";s:7:\"history\";s:16:\"@module_previous\";s:4:\"file\";s:5:\"@time\";s:20:\"4.1799999999999997ms\";}',5,'','http://mscare.open.gr/admin/structure/webform/manage/mscu_ecf_2020/results/download','http://mscare.open.gr/admin/structure/webform/manage/mscu_ecf_2020/results/submissions','85.72.53.208',1601046353),(28905,0,'cron','Starting execution of @module_cron(), execution of @module_previous_cron() took @time.','a:3:{s:7:\"@module\";s:4:\"node\";s:16:\"@module_previous\";s:7:\"history\";s:5:\"@time\";s:6:\"0.38ms\";}',5,'','http://mscare.open.gr/admin/structure/webform/manage/mscu_ecf_2020/results/download','http://mscare.open.gr/admin/structure/webform/manage/mscu_ecf_2020/results/submissions','85.72.53.208',1601046353),(28906,0,'cron','Starting execution of @module_cron(), execution of @module_previous_cron() took @time.','a:3:{s:7:\"@module\";s:6:\"search\";s:16:\"@module_previous\";s:4:\"node\";s:5:\"@time\";s:20:\"21.370000000000001ms\";}',5,'','http://mscare.open.gr/admin/structure/webform/manage/mscu_ecf_2020/results/download','http://mscare.open.gr/admin/structure/webform/manage/mscu_ecf_2020/results/submissions','85.72.53.208',1601046353),(28907,0,'cron','Starting execution of @module_cron(), execution of @module_previous_cron() took @time.','a:3:{s:7:\"@module\";s:6:\"system\";s:16:\"@module_previous\";s:6:\"search\";s:5:\"@time\";s:8:\"251.62ms\";}',5,'','http://mscare.open.gr/admin/structure/webform/manage/mscu_ecf_2020/results/download','http://mscare.open.gr/admin/structure/webform/manage/mscu_ecf_2020/results/submissions','85.72.53.208',1601046353),(28908,0,'security','Security warning: Couldn\'t write .htaccess file. Please create a .htaccess file in your %directory directory which contains the following lines: <pre><code>@htaccess</code></pre>','a:2:{s:10:\"%directory\";s:10:\"private://\";s:9:\"@htaccess\";s:686:\"# Deny all requests from Apache 2.4+.\n<IfModule mod_authz_core.c>\n  Require all denied\n</IfModule>\n\n# Deny all requests from Apache 2.0-2.2.\n<IfModule !mod_authz_core.c>\n  Deny from all\n</IfModule>\n\n# Turn off all options we don\'t need.\nOptions -Indexes -ExecCGI -Includes -MultiViews\n\n# Set the catch-all handler to prevent scripts from being executed.\nSetHandler Drupal_Security_Do_Not_Remove_See_SA_2006_006\n<Files *>\n  # Override the handler again if we\'re run later in the evaluation list.\n  SetHandler Drupal_Security_Do_Not_Remove_See_SA_2013_003\n</Files>\n\n# If we know how to do it safely, disable the PHP engine entirely.\n<IfModule mod_php7.c>\n  php_flag engine off\n</IfModule>\";}',3,'','http://mscare.open.gr/admin/structure/webform/manage/mscu_ecf_2020/results/download','http://mscare.open.gr/admin/structure/webform/manage/mscu_ecf_2020/results/submissions','85.72.53.208',1601046353),(28909,0,'cron','Starting execution of @module_cron(), execution of @module_previous_cron() took @time.','a:3:{s:7:\"@module\";s:6:\"update\";s:16:\"@module_previous\";s:6:\"system\";s:5:\"@time\";s:20:\"20.809999999999999ms\";}',5,'','http://mscare.open.gr/admin/structure/webform/manage/mscu_ecf_2020/results/download','http://mscare.open.gr/admin/structure/webform/manage/mscu_ecf_2020/results/submissions','85.72.53.208',1601046353),(28910,0,'cron','Starting execution of @module_cron(), execution of @module_previous_cron() took @time.','a:3:{s:7:\"@module\";s:7:\"webform\";s:16:\"@module_previous\";s:6:\"update\";s:5:\"@time\";s:7:\"15.41ms\";}',5,'','http://mscare.open.gr/admin/structure/webform/manage/mscu_ecf_2020/results/download','http://mscare.open.gr/admin/structure/webform/manage/mscu_ecf_2020/results/submissions','85.72.53.208',1601046353),(28911,0,'cron','Execution of @module_previous_cron() took @time.','a:2:{s:16:\"@module_previous\";s:7:\"webform\";s:5:\"@time\";s:20:\"4.1699999999999999ms\";}',5,'','http://mscare.open.gr/admin/structure/webform/manage/mscu_ecf_2020/results/download','http://mscare.open.gr/admin/structure/webform/manage/mscu_ecf_2020/results/submissions','85.72.53.208',1601046353),(28912,0,'cron','Cron run completed.','a:0:{}',5,'','http://mscare.open.gr/admin/structure/webform/manage/mscu_ecf_2020/results/download','http://mscare.open.gr/admin/structure/webform/manage/mscu_ecf_2020/results/submissions','85.72.53.208',1601046353),(28913,33,'masquerade','User %username masqueraded as %target_username.','a:2:{s:9:\"%username\";s:5:\"admin\";s:16:\"%target_username\";s:7:\"Michele\";}',6,'<a href=\"/user/33\" hreflang=\"en\">view</a>','http://mscare.open.gr/user/1','http://mscare.open.gr/user/1','85.72.53.208',1601046504),(28914,33,'access denied','Path: @uri. %type: @message in %function (line %line of %file).','a:6:{s:5:\"%type\";s:61:\"Drupal\\Core\\Http\\Exception\\CacheableAccessDeniedHttpException\";s:8:\"@message\";s:78:\"The \'access user profiles\' permission is required and the user must be active.\";s:9:\"%function\";s:52:\"Drupal\\Core\\Routing\\AccessAwareRouter->checkAccess()\";s:5:\"%file\";s:73:\"/home/sites/mscare/web/core/lib/Drupal/Core/Routing/AccessAwareRouter.php\";s:5:\"%line\";i:117;s:4:\"@uri\";s:7:\"/user/1\";}',4,'','http://mscare.open.gr/user/1','http://mscare.open.gr/user/1','85.72.53.208',1601046505),(28915,33,'access denied','Path: @uri. %type: @message in %function (line %line of %file).','a:6:{s:5:\"%type\";s:61:\"Drupal\\Core\\Http\\Exception\\CacheableAccessDeniedHttpException\";s:8:\"@message\";s:0:\"\";s:9:\"%function\";s:52:\"Drupal\\Core\\Routing\\AccessAwareRouter->checkAccess()\";s:5:\"%file\";s:73:\"/home/sites/mscare/web/core/lib/Drupal/Core/Routing/AccessAwareRouter.php\";s:5:\"%line\";i:117;s:4:\"@uri\";s:62:\"/admin/structure/webform/manage/mscu_ecf_2020/results/download\";}',4,'','http://mscare.open.gr/admin/structure/webform/manage/mscu_ecf_2020/results/download','','85.72.53.208',1601046511),(28916,85,'user','Session closed for %name.','a:1:{s:5:\"%name\";s:6:\"Costas\";}',5,'','http://mscare.open.gr/user/logout','http://mscare.open.gr/admin/structure/webform/manage/mscu_ecf_2020/results/download','85.72.53.208',1601046525),(28917,33,'access denied','Path: @uri. %type: @message in %function (line %line of %file).','a:6:{s:5:\"%type\";s:61:\"Drupal\\Core\\Http\\Exception\\CacheableAccessDeniedHttpException\";s:8:\"@message\";s:48:\"The \'administer modules\' permission is required.\";s:9:\"%function\";s:52:\"Drupal\\Core\\Routing\\AccessAwareRouter->checkAccess()\";s:5:\"%file\";s:73:\"/home/sites/mscare/web/core/lib/Drupal/Core/Routing/AccessAwareRouter.php\";s:5:\"%line\";i:117;s:4:\"@uri\";s:14:\"/admin/modules\";}',4,'','http://mscare.open.gr/admin/modules','http://mscare.open.gr/node/594/edit?destination=/admin/content','85.72.53.208',1601046865),(28918,1,'masquerade','User %username stopped masquerading as %old_username.','a:2:{s:9:\"%username\";s:5:\"admin\";s:13:\"%old_username\";s:7:\"Michele\";}',6,'<a href=\"/user/1\" hreflang=\"en\">view</a>','http://mscare.open.gr/unmasquerade?token=Q7de7oEPT6ZXBSrAP8BBiVhN0HH_thnGOyN2uvrAil0','http://mscare.open.gr/admin/modules','85.72.53.208',1601046875),(28919,1,'php','%type: @message in %function (line %line of %file) @backtrace_string.','a:6:{s:5:\"%type\";s:10:\"ParseError\";s:8:\"@message\";s:28:\"syntax error, unexpected \',\'\";s:9:\"%function\";s:31:\"Composer\\Autoload\\includeFile()\";s:5:\"%file\";s:99:\"/home/sites/mscare/web/modules/custom/ma_handlers/src/Plugin/WebformHandler/MailReminderHandler.php\";s:5:\"%line\";i:64;s:17:\"@backtrace_string\";s:8976:\"#0 /home/sites/mscare/vendor/composer/ClassLoader.php(322): Composer\\Autoload\\includeFile(\'/home/sites/msc...\')\n#1 [internal function]: Composer\\Autoload\\ClassLoader->loadClass(\'Drupal\\\\ma_handl...\')\n#2 [internal function]: spl_autoload_call(\'Drupal\\\\ma_handl...\')\n#3 /home/sites/mscare/web/core/lib/Drupal/Component/Plugin/Factory/DefaultFactory.php(96): class_exists(\'Drupal\\\\ma_handl...\')\n#4 /home/sites/mscare/web/core/lib/Drupal/Core/Plugin/Factory/ContainerFactory.php(17): Drupal\\Component\\Plugin\\Factory\\DefaultFactory::getPluginClass(\'mail_reminder_h...\', Array, \'Drupal\\\\webform\\\\...\')\n#5 /home/sites/mscare/web/core/lib/Drupal/Component/Plugin/PluginManagerBase.php(76): Drupal\\Core\\Plugin\\Factory\\ContainerFactory->createInstance(\'mail_reminder_h...\', Array)\n#6 /home/sites/mscare/web/core/lib/Drupal/Core/Plugin/DefaultLazyPluginCollection.php(81): Drupal\\Component\\Plugin\\PluginManagerBase->createInstance(\'mail_reminder_h...\', Array)\n#7 /home/sites/mscare/web/modules/contrib/webform/src/Plugin/WebformHandlerPluginCollection.php(35): Drupal\\Core\\Plugin\\DefaultLazyPluginCollection->initializePlugin(\'mail_reminder_h...\')\n#8 /home/sites/mscare/web/core/lib/Drupal/Component/Plugin/LazyPluginCollection.php(80): Drupal\\webform\\Plugin\\WebformHandlerPluginCollection->initializePlugin(\'mail_reminder_h...\')\n#9 /home/sites/mscare/web/core/lib/Drupal/Component/Plugin/LazyPluginCollection.php(148): Drupal\\Component\\Plugin\\LazyPluginCollection->get(\'mail_reminder_h...\')\n#10 /home/sites/mscare/web/modules/contrib/webform/src/Entity/Webform.php(2457): Drupal\\Component\\Plugin\\LazyPluginCollection->getIterator()\n#11 /home/sites/mscare/web/modules/contrib/webform/src/Entity/Webform.php(2573): Drupal\\webform\\Entity\\Webform->getHandlers()\n#12 /home/sites/mscare/web/modules/contrib/webform/src/Entity/Webform.php(1476): Drupal\\webform\\Entity\\Webform->invokeHandlers(\'alterElements\', Array, Object(Drupal\\webform\\Entity\\Webform))\n#13 /home/sites/mscare/web/modules/contrib/webform/src/Entity/Webform.php(1244): Drupal\\webform\\Entity\\Webform->initElements()\n#14 /home/sites/mscare/web/modules/contrib/webform_views/src/WebformSubmissionViewsData.php(203): Drupal\\webform\\Entity\\Webform->getElementsInitializedAndFlattened()\n#15 /home/sites/mscare/web/core/modules/views/views.views.inc(178): Drupal\\webform_views\\WebformSubmissionViewsData->getViewsData()\n#16 [internal function]: views_views_data()\n#17 /home/sites/mscare/web/core/lib/Drupal/Core/Extension/ModuleHandler.php(392): call_user_func_array(\'views_views_dat...\', Array)\n#18 /home/sites/mscare/web/core/modules/views/src/ViewsData.php(245): Drupal\\Core\\Extension\\ModuleHandler->invoke(\'views\', \'views_data\')\n#19 /home/sites/mscare/web/core/modules/views/src/ViewsData.php(162): Drupal\\views\\ViewsData->getData()\n#20 /home/sites/mscare/web/core/modules/views/src/Plugin/Derivative/ViewsEntityRow.php(98): Drupal\\views\\ViewsData->get(\'block_content\')\n#21 /home/sites/mscare/web/core/lib/Drupal/Component/Plugin/Discovery/DerivativeDiscoveryDecorator.php(101): Drupal\\views\\Plugin\\Derivative\\ViewsEntityRow->getDerivativeDefinitions(Array)\n#22 /home/sites/mscare/web/core/lib/Drupal/Component/Plugin/Discovery/DerivativeDiscoveryDecorator.php(87): Drupal\\Component\\Plugin\\Discovery\\DerivativeDiscoveryDecorator->getDerivatives(Array)\n#23 /home/sites/mscare/web/core/lib/Drupal/Core/Plugin/DefaultPluginManager.php(284): Drupal\\Component\\Plugin\\Discovery\\DerivativeDiscoveryDecorator->getDefinitions()\n#24 /home/sites/mscare/web/core/lib/Drupal/Core/Plugin/DefaultPluginManager.php(175): Drupal\\Core\\Plugin\\DefaultPluginManager->findDefinitions()\n#25 /home/sites/mscare/web/core/lib/Drupal/Component/Plugin/Discovery/DiscoveryCachedTrait.php(22): Drupal\\Core\\Plugin\\DefaultPluginManager->getDefinitions()\n#26 /home/sites/mscare/web/core/lib/Drupal/Core/Plugin/Factory/ContainerFactory.php(16): Drupal\\Core\\Plugin\\DefaultPluginManager->getDefinition(\'node_rss\')\n#27 /home/sites/mscare/web/core/lib/Drupal/Component/Plugin/PluginManagerBase.php(83): Drupal\\Core\\Plugin\\Factory\\ContainerFactory->createInstance(\'node_rss\', Array)\n#28 /home/sites/mscare/web/core/modules/views/src/Plugin/views/display/DisplayPluginBase.php(817): Drupal\\Component\\Plugin\\PluginManagerBase->createInstance(\'node_rss\')\n#29 /home/sites/mscare/web/core/modules/views/src/Plugin/views/style/StylePluginBase.php(122): Drupal\\views\\Plugin\\views\\display\\DisplayPluginBase->getPlugin(\'row\')\n#30 /home/sites/mscare/web/core/modules/views/src/Plugin/views/display/DisplayPluginBase.php(820): Drupal\\views\\Plugin\\views\\style\\StylePluginBase->init(Object(Drupal\\views\\ViewExecutable), Object(Drupal\\views\\Plugin\\views\\display\\Feed), Array)\n#31 /home/sites/mscare/web/core/modules/views/src/ViewExecutable.php(882): Drupal\\views\\Plugin\\views\\display\\DisplayPluginBase->getPlugin(\'style\')\n#32 /home/sites/mscare/web/core/modules/views/src/ViewExecutable.php(1842): Drupal\\views\\ViewExecutable->initStyle()\n#33 /home/sites/mscare/web/core/modules/views/src/Plugin/views/display/PathPluginBase.php(132): Drupal\\views\\ViewExecutable->getTitle()\n#34 /home/sites/mscare/web/core/modules/views/src/Plugin/views/display/PathPluginBase.php(220): Drupal\\views\\Plugin\\views\\display\\PathPluginBase->getRoute(\'frontpage\', \'feed_1\')\n#35 /home/sites/mscare/web/core/modules/views/src/EventSubscriber/RouteSubscriber.php(120): Drupal\\views\\Plugin\\views\\display\\PathPluginBase->collectRoutes(Object(Symfony\\Component\\Routing\\RouteCollection))\n#36 [internal function]: Drupal\\views\\EventSubscriber\\RouteSubscriber->routes()\n#37 /home/sites/mscare/web/core/lib/Drupal/Core/Routing/RouteBuilder.php(146): call_user_func(Array)\n#38 /home/sites/mscare/web/core/lib/Drupal/Core/ProxyClass/Routing/RouteBuilder.php(83): Drupal\\Core\\Routing\\RouteBuilder->rebuild()\n#39 /home/sites/mscare/web/core/includes/common.inc(1090): Drupal\\Core\\ProxyClass\\Routing\\RouteBuilder->rebuild()\n#40 /home/sites/mscare/web/modules/contrib/admin_toolbar/admin_toolbar_tools/src/Controller/ToolbarController.php(205): drupal_flush_all_caches()\n#41 [internal function]: Drupal\\admin_toolbar_tools\\Controller\\ToolbarController->flushAll()\n#42 /home/sites/mscare/web/core/lib/Drupal/Core/EventSubscriber/EarlyRenderingControllerWrapperSubscriber.php(123): call_user_func_array(Array, Array)\n#43 /home/sites/mscare/web/core/lib/Drupal/Core/Render/Renderer.php(573): Drupal\\Core\\EventSubscriber\\EarlyRenderingControllerWrapperSubscriber->Drupal\\Core\\EventSubscriber\\{closure}()\n#44 /home/sites/mscare/web/core/lib/Drupal/Core/EventSubscriber/EarlyRenderingControllerWrapperSubscriber.php(124): Drupal\\Core\\Render\\Renderer->executeInRenderContext(Object(Drupal\\Core\\Render\\RenderContext), Object(Closure))\n#45 /home/sites/mscare/web/core/lib/Drupal/Core/EventSubscriber/EarlyRenderingControllerWrapperSubscriber.php(97): Drupal\\Core\\EventSubscriber\\EarlyRenderingControllerWrapperSubscriber->wrapControllerExecutionInRenderContext(Array, Array)\n#46 /home/sites/mscare/vendor/symfony/http-kernel/HttpKernel.php(151): Drupal\\Core\\EventSubscriber\\EarlyRenderingControllerWrapperSubscriber->Drupal\\Core\\EventSubscriber\\{closure}()\n#47 /home/sites/mscare/vendor/symfony/http-kernel/HttpKernel.php(68): Symfony\\Component\\HttpKernel\\HttpKernel->handleRaw(Object(Symfony\\Component\\HttpFoundation\\Request), 1)\n#48 /home/sites/mscare/web/core/lib/Drupal/Core/StackMiddleware/Session.php(57): Symfony\\Component\\HttpKernel\\HttpKernel->handle(Object(Symfony\\Component\\HttpFoundation\\Request), 1, true)\n#49 /home/sites/mscare/web/core/lib/Drupal/Core/StackMiddleware/KernelPreHandle.php(47): Drupal\\Core\\StackMiddleware\\Session->handle(Object(Symfony\\Component\\HttpFoundation\\Request), 1, true)\n#50 /home/sites/mscare/web/core/modules/page_cache/src/StackMiddleware/PageCache.php(106): Drupal\\Core\\StackMiddleware\\KernelPreHandle->handle(Object(Symfony\\Component\\HttpFoundation\\Request), 1, true)\n#51 /home/sites/mscare/web/core/modules/page_cache/src/StackMiddleware/PageCache.php(85): Drupal\\page_cache\\StackMiddleware\\PageCache->pass(Object(Symfony\\Component\\HttpFoundation\\Request), 1, true)\n#52 /home/sites/mscare/web/core/lib/Drupal/Core/StackMiddleware/ReverseProxyMiddleware.php(47): Drupal\\page_cache\\StackMiddleware\\PageCache->handle(Object(Symfony\\Component\\HttpFoundation\\Request), 1, true)\n#53 /home/sites/mscare/web/core/lib/Drupal/Core/StackMiddleware/NegotiationMiddleware.php(52): Drupal\\Core\\StackMiddleware\\ReverseProxyMiddleware->handle(Object(Symfony\\Component\\HttpFoundation\\Request), 1, true)\n#54 /home/sites/mscare/vendor/stack/builder/src/Stack/StackedHttpKernel.php(23): Drupal\\Core\\StackMiddleware\\NegotiationMiddleware->handle(Object(Symfony\\Component\\HttpFoundation\\Request), 1, true)\n#55 /home/sites/mscare/web/core/lib/Drupal/Core/DrupalKernel.php(708): Stack\\StackedHttpKernel->handle(Object(Symfony\\Component\\HttpFoundation\\Request), 1, true)\n#56 /home/sites/mscare/web/index.php(19): Drupal\\Core\\DrupalKernel->handle(Object(Symfony\\Component\\HttpFoundation\\Request))\n#57 {main}\";}',3,'','http://mscare.open.gr/admin/flush?token=-X1EtlCpwhH16umWY3F6RhMX4k_MG-bd5MyjembfkhE','http://mscare.open.gr/admin/structure/views/view/submition_rest_export/edit/rest_export_1','85.72.53.208',1601047524),(28920,1,'php','%type: @message in %function (line %line of %file) @backtrace_string.','a:6:{s:5:\"%type\";s:10:\"ParseError\";s:8:\"@message\";s:49:\"syntax error, unexpected \'$viewdata\' (T_VARIABLE)\";s:9:\"%function\";s:31:\"Composer\\Autoload\\includeFile()\";s:5:\"%file\";s:99:\"/home/sites/mscare/web/modules/custom/ma_handlers/src/Plugin/WebformHandler/MailReminderHandler.php\";s:5:\"%line\";i:66;s:17:\"@backtrace_string\";s:9630:\"#0 /home/sites/mscare/vendor/composer/ClassLoader.php(322): Composer\\Autoload\\includeFile(\'/home/sites/msc...\')\n#1 [internal function]: Composer\\Autoload\\ClassLoader->loadClass(\'Drupal\\\\ma_handl...\')\n#2 [internal function]: spl_autoload_call(\'Drupal\\\\ma_handl...\')\n#3 /home/sites/mscare/web/core/lib/Drupal/Component/Plugin/Factory/DefaultFactory.php(96): class_exists(\'Drupal\\\\ma_handl...\')\n#4 /home/sites/mscare/web/core/lib/Drupal/Core/Plugin/Factory/ContainerFactory.php(17): Drupal\\Component\\Plugin\\Factory\\DefaultFactory::getPluginClass(\'mail_reminder_h...\', Array, \'Drupal\\\\webform\\\\...\')\n#5 /home/sites/mscare/web/core/lib/Drupal/Component/Plugin/PluginManagerBase.php(76): Drupal\\Core\\Plugin\\Factory\\ContainerFactory->createInstance(\'mail_reminder_h...\', Array)\n#6 /home/sites/mscare/web/core/lib/Drupal/Core/Plugin/DefaultLazyPluginCollection.php(81): Drupal\\Component\\Plugin\\PluginManagerBase->createInstance(\'mail_reminder_h...\', Array)\n#7 /home/sites/mscare/web/modules/contrib/webform/src/Plugin/WebformHandlerPluginCollection.php(35): Drupal\\Core\\Plugin\\DefaultLazyPluginCollection->initializePlugin(\'mail_reminder_h...\')\n#8 /home/sites/mscare/web/core/lib/Drupal/Component/Plugin/LazyPluginCollection.php(80): Drupal\\webform\\Plugin\\WebformHandlerPluginCollection->initializePlugin(\'mail_reminder_h...\')\n#9 /home/sites/mscare/web/core/lib/Drupal/Component/Plugin/LazyPluginCollection.php(148): Drupal\\Component\\Plugin\\LazyPluginCollection->get(\'mail_reminder_h...\')\n#10 /home/sites/mscare/web/modules/contrib/webform/src/Entity/Webform.php(2457): Drupal\\Component\\Plugin\\LazyPluginCollection->getIterator()\n#11 /home/sites/mscare/web/modules/contrib/webform/src/Entity/Webform.php(2573): Drupal\\webform\\Entity\\Webform->getHandlers()\n#12 /home/sites/mscare/web/modules/contrib/webform/src/Entity/Webform.php(1476): Drupal\\webform\\Entity\\Webform->invokeHandlers(\'alterElements\', Array, Object(Drupal\\webform\\Entity\\Webform))\n#13 /home/sites/mscare/web/modules/contrib/webform/src/Entity/Webform.php(1244): Drupal\\webform\\Entity\\Webform->initElements()\n#14 /home/sites/mscare/web/modules/contrib/webform_views/src/WebformSubmissionViewsData.php(203): Drupal\\webform\\Entity\\Webform->getElementsInitializedAndFlattened()\n#15 /home/sites/mscare/web/core/modules/views/views.views.inc(178): Drupal\\webform_views\\WebformSubmissionViewsData->getViewsData()\n#16 [internal function]: views_views_data()\n#17 /home/sites/mscare/web/core/lib/Drupal/Core/Extension/ModuleHandler.php(392): call_user_func_array(\'views_views_dat...\', Array)\n#18 /home/sites/mscare/web/core/modules/views/src/ViewsData.php(245): Drupal\\Core\\Extension\\ModuleHandler->invoke(\'views\', \'views_data\')\n#19 /home/sites/mscare/web/core/modules/views/src/ViewsData.php(162): Drupal\\views\\ViewsData->getData()\n#20 /home/sites/mscare/web/core/modules/views/src/Plugin/Derivative/ViewsEntityRow.php(98): Drupal\\views\\ViewsData->get(\'block_content\')\n#21 /home/sites/mscare/web/core/lib/Drupal/Component/Plugin/Discovery/DerivativeDiscoveryDecorator.php(101): Drupal\\views\\Plugin\\Derivative\\ViewsEntityRow->getDerivativeDefinitions(Array)\n#22 /home/sites/mscare/web/core/lib/Drupal/Component/Plugin/Discovery/DerivativeDiscoveryDecorator.php(87): Drupal\\Component\\Plugin\\Discovery\\DerivativeDiscoveryDecorator->getDerivatives(Array)\n#23 /home/sites/mscare/web/core/lib/Drupal/Core/Plugin/DefaultPluginManager.php(284): Drupal\\Component\\Plugin\\Discovery\\DerivativeDiscoveryDecorator->getDefinitions()\n#24 /home/sites/mscare/web/core/lib/Drupal/Core/Plugin/DefaultPluginManager.php(175): Drupal\\Core\\Plugin\\DefaultPluginManager->findDefinitions()\n#25 /home/sites/mscare/web/core/lib/Drupal/Component/Plugin/Discovery/DiscoveryCachedTrait.php(22): Drupal\\Core\\Plugin\\DefaultPluginManager->getDefinitions()\n#26 /home/sites/mscare/web/core/lib/Drupal/Core/Plugin/Factory/ContainerFactory.php(16): Drupal\\Core\\Plugin\\DefaultPluginManager->getDefinition(\'fields\')\n#27 /home/sites/mscare/web/core/lib/Drupal/Component/Plugin/PluginManagerBase.php(83): Drupal\\Core\\Plugin\\Factory\\ContainerFactory->createInstance(\'fields\', Array)\n#28 /home/sites/mscare/web/core/modules/views/src/Plugin/views/display/DisplayPluginBase.php(817): Drupal\\Component\\Plugin\\PluginManagerBase->createInstance(\'fields\')\n#29 /home/sites/mscare/web/core/modules/views/src/Plugin/views/style/StylePluginBase.php(122): Drupal\\views\\Plugin\\views\\display\\DisplayPluginBase->getPlugin(\'row\')\n#30 /home/sites/mscare/web/core/modules/views/src/Plugin/views/display/DisplayPluginBase.php(820): Drupal\\views\\Plugin\\views\\style\\StylePluginBase->init(Object(Drupal\\views\\ViewExecutable), Object(Drupal\\views\\Plugin\\views\\display\\DefaultDisplay), Array)\n#31 /home/sites/mscare/web/core/modules/views/src/Plugin/views/display/DisplayPluginBase.php(791): Drupal\\views\\Plugin\\views\\display\\DisplayPluginBase->getPlugin(\'style\')\n#32 /home/sites/mscare/web/core/modules/views/src/Plugin/views/display/DisplayPluginBase.php(2486): Drupal\\views\\Plugin\\views\\display\\DisplayPluginBase->usesFields()\n#33 /home/sites/mscare/web/core/modules/views/src/ViewExecutable.php(2112): Drupal\\views\\Plugin\\views\\display\\DisplayPluginBase->validate()\n#34 /home/sites/mscare/web/core/modules/views_ui/src/ViewFormBase.php(125): Drupal\\views\\ViewExecutable->validate()\n#35 /home/sites/mscare/web/core/modules/views_ui/src/ViewFormBase.php(49): Drupal\\views_ui\\ViewFormBase->getDisplayTabs(Object(Drupal\\views_ui\\ViewUI))\n#36 /home/sites/mscare/web/core/lib/Drupal/Core/Entity/EntityForm.php(168): Drupal\\views_ui\\ViewFormBase->prepareEntity()\n#37 /home/sites/mscare/web/core/modules/views_ui/src/ViewFormBase.php(26): Drupal\\Core\\Entity\\EntityForm->init(Object(Drupal\\Core\\Form\\FormState))\n#38 /home/sites/mscare/web/core/lib/Drupal/Core/Entity/EntityForm.php(139): Drupal\\views_ui\\ViewFormBase->init(Object(Drupal\\Core\\Form\\FormState))\n#39 /home/sites/mscare/web/core/modules/views_ui/src/ViewFormBase.php(41): Drupal\\Core\\Entity\\EntityForm->buildForm(Array, Object(Drupal\\Core\\Form\\FormState))\n#40 [internal function]: Drupal\\views_ui\\ViewFormBase->buildForm(Array, Object(Drupal\\Core\\Form\\FormState), \'rest_export_1\')\n#41 /home/sites/mscare/web/core/lib/Drupal/Core/Form/FormBuilder.php(532): call_user_func_array(Array, Array)\n#42 /home/sites/mscare/web/core/lib/Drupal/Core/Form/FormBuilder.php(278): Drupal\\Core\\Form\\FormBuilder->retrieveForm(\'view_preview_fo...\', Object(Drupal\\Core\\Form\\FormState))\n#43 /home/sites/mscare/web/core/lib/Drupal/Core/Controller/FormController.php(91): Drupal\\Core\\Form\\FormBuilder->buildForm(Object(Drupal\\views_ui\\ViewPreviewForm), Object(Drupal\\Core\\Form\\FormState))\n#44 [internal function]: Drupal\\Core\\Controller\\FormController->getContentResult(Object(Symfony\\Component\\HttpFoundation\\Request), Object(Drupal\\Core\\Routing\\RouteMatch))\n#45 /home/sites/mscare/web/core/lib/Drupal/Core/EventSubscriber/EarlyRenderingControllerWrapperSubscriber.php(123): call_user_func_array(Array, Array)\n#46 /home/sites/mscare/web/core/lib/Drupal/Core/Render/Renderer.php(573): Drupal\\Core\\EventSubscriber\\EarlyRenderingControllerWrapperSubscriber->Drupal\\Core\\EventSubscriber\\{closure}()\n#47 /home/sites/mscare/web/core/lib/Drupal/Core/EventSubscriber/EarlyRenderingControllerWrapperSubscriber.php(124): Drupal\\Core\\Render\\Renderer->executeInRenderContext(Object(Drupal\\Core\\Render\\RenderContext), Object(Closure))\n#48 /home/sites/mscare/web/core/lib/Drupal/Core/EventSubscriber/EarlyRenderingControllerWrapperSubscriber.php(97): Drupal\\Core\\EventSubscriber\\EarlyRenderingControllerWrapperSubscriber->wrapControllerExecutionInRenderContext(Array, Array)\n#49 /home/sites/mscare/vendor/symfony/http-kernel/HttpKernel.php(151): Drupal\\Core\\EventSubscriber\\EarlyRenderingControllerWrapperSubscriber->Drupal\\Core\\EventSubscriber\\{closure}()\n#50 /home/sites/mscare/vendor/symfony/http-kernel/HttpKernel.php(68): Symfony\\Component\\HttpKernel\\HttpKernel->handleRaw(Object(Symfony\\Component\\HttpFoundation\\Request), 1)\n#51 /home/sites/mscare/web/core/lib/Drupal/Core/StackMiddleware/Session.php(57): Symfony\\Component\\HttpKernel\\HttpKernel->handle(Object(Symfony\\Component\\HttpFoundation\\Request), 1, true)\n#52 /home/sites/mscare/web/core/lib/Drupal/Core/StackMiddleware/KernelPreHandle.php(47): Drupal\\Core\\StackMiddleware\\Session->handle(Object(Symfony\\Component\\HttpFoundation\\Request), 1, true)\n#53 /home/sites/mscare/web/core/modules/page_cache/src/StackMiddleware/PageCache.php(106): Drupal\\Core\\StackMiddleware\\KernelPreHandle->handle(Object(Symfony\\Component\\HttpFoundation\\Request), 1, true)\n#54 /home/sites/mscare/web/core/modules/page_cache/src/StackMiddleware/PageCache.php(85): Drupal\\page_cache\\StackMiddleware\\PageCache->pass(Object(Symfony\\Component\\HttpFoundation\\Request), 1, true)\n#55 /home/sites/mscare/web/core/lib/Drupal/Core/StackMiddleware/ReverseProxyMiddleware.php(47): Drupal\\page_cache\\StackMiddleware\\PageCache->handle(Object(Symfony\\Component\\HttpFoundation\\Request), 1, true)\n#56 /home/sites/mscare/web/core/lib/Drupal/Core/StackMiddleware/NegotiationMiddleware.php(52): Drupal\\Core\\StackMiddleware\\ReverseProxyMiddleware->handle(Object(Symfony\\Component\\HttpFoundation\\Request), 1, true)\n#57 /home/sites/mscare/vendor/stack/builder/src/Stack/StackedHttpKernel.php(23): Drupal\\Core\\StackMiddleware\\NegotiationMiddleware->handle(Object(Symfony\\Component\\HttpFoundation\\Request), 1, true)\n#58 /home/sites/mscare/web/core/lib/Drupal/Core/DrupalKernel.php(708): Stack\\StackedHttpKernel->handle(Object(Symfony\\Component\\HttpFoundation\\Request), 1, true)\n#59 /home/sites/mscare/web/index.php(19): Drupal\\Core\\DrupalKernel->handle(Object(Symfony\\Component\\HttpFoundation\\Request))\n#60 {main}\";}',3,'','http://mscare.open.gr/admin/structure/views/view/submition_rest_export/preview/rest_export_1?_wrapper_format=drupal_ajax','http://mscare.open.gr/admin/structure/views/view/submition_rest_export/edit/rest_export_1','85.72.53.208',1601047557),(28921,1,'php','%type: @message in %function (line %line of %file) @backtrace_string.','a:6:{s:5:\"%type\";s:10:\"ParseError\";s:8:\"@message\";s:49:\"syntax error, unexpected \'$viewdata\' (T_VARIABLE)\";s:9:\"%function\";s:31:\"Composer\\Autoload\\includeFile()\";s:5:\"%file\";s:99:\"/home/sites/mscare/web/modules/custom/ma_handlers/src/Plugin/WebformHandler/MailReminderHandler.php\";s:5:\"%line\";i:66;s:17:\"@backtrace_string\";s:8976:\"#0 /home/sites/mscare/vendor/composer/ClassLoader.php(322): Composer\\Autoload\\includeFile(\'/home/sites/msc...\')\n#1 [internal function]: Composer\\Autoload\\ClassLoader->loadClass(\'Drupal\\\\ma_handl...\')\n#2 [internal function]: spl_autoload_call(\'Drupal\\\\ma_handl...\')\n#3 /home/sites/mscare/web/core/lib/Drupal/Component/Plugin/Factory/DefaultFactory.php(96): class_exists(\'Drupal\\\\ma_handl...\')\n#4 /home/sites/mscare/web/core/lib/Drupal/Core/Plugin/Factory/ContainerFactory.php(17): Drupal\\Component\\Plugin\\Factory\\DefaultFactory::getPluginClass(\'mail_reminder_h...\', Array, \'Drupal\\\\webform\\\\...\')\n#5 /home/sites/mscare/web/core/lib/Drupal/Component/Plugin/PluginManagerBase.php(76): Drupal\\Core\\Plugin\\Factory\\ContainerFactory->createInstance(\'mail_reminder_h...\', Array)\n#6 /home/sites/mscare/web/core/lib/Drupal/Core/Plugin/DefaultLazyPluginCollection.php(81): Drupal\\Component\\Plugin\\PluginManagerBase->createInstance(\'mail_reminder_h...\', Array)\n#7 /home/sites/mscare/web/modules/contrib/webform/src/Plugin/WebformHandlerPluginCollection.php(35): Drupal\\Core\\Plugin\\DefaultLazyPluginCollection->initializePlugin(\'mail_reminder_h...\')\n#8 /home/sites/mscare/web/core/lib/Drupal/Component/Plugin/LazyPluginCollection.php(80): Drupal\\webform\\Plugin\\WebformHandlerPluginCollection->initializePlugin(\'mail_reminder_h...\')\n#9 /home/sites/mscare/web/core/lib/Drupal/Component/Plugin/LazyPluginCollection.php(148): Drupal\\Component\\Plugin\\LazyPluginCollection->get(\'mail_reminder_h...\')\n#10 /home/sites/mscare/web/modules/contrib/webform/src/Entity/Webform.php(2457): Drupal\\Component\\Plugin\\LazyPluginCollection->getIterator()\n#11 /home/sites/mscare/web/modules/contrib/webform/src/Entity/Webform.php(2573): Drupal\\webform\\Entity\\Webform->getHandlers()\n#12 /home/sites/mscare/web/modules/contrib/webform/src/Entity/Webform.php(1476): Drupal\\webform\\Entity\\Webform->invokeHandlers(\'alterElements\', Array, Object(Drupal\\webform\\Entity\\Webform))\n#13 /home/sites/mscare/web/modules/contrib/webform/src/Entity/Webform.php(1244): Drupal\\webform\\Entity\\Webform->initElements()\n#14 /home/sites/mscare/web/modules/contrib/webform_views/src/WebformSubmissionViewsData.php(203): Drupal\\webform\\Entity\\Webform->getElementsInitializedAndFlattened()\n#15 /home/sites/mscare/web/core/modules/views/views.views.inc(178): Drupal\\webform_views\\WebformSubmissionViewsData->getViewsData()\n#16 [internal function]: views_views_data()\n#17 /home/sites/mscare/web/core/lib/Drupal/Core/Extension/ModuleHandler.php(392): call_user_func_array(\'views_views_dat...\', Array)\n#18 /home/sites/mscare/web/core/modules/views/src/ViewsData.php(245): Drupal\\Core\\Extension\\ModuleHandler->invoke(\'views\', \'views_data\')\n#19 /home/sites/mscare/web/core/modules/views/src/ViewsData.php(162): Drupal\\views\\ViewsData->getData()\n#20 /home/sites/mscare/web/core/modules/views/src/Plugin/Derivative/ViewsEntityRow.php(98): Drupal\\views\\ViewsData->get(\'block_content\')\n#21 /home/sites/mscare/web/core/lib/Drupal/Component/Plugin/Discovery/DerivativeDiscoveryDecorator.php(101): Drupal\\views\\Plugin\\Derivative\\ViewsEntityRow->getDerivativeDefinitions(Array)\n#22 /home/sites/mscare/web/core/lib/Drupal/Component/Plugin/Discovery/DerivativeDiscoveryDecorator.php(87): Drupal\\Component\\Plugin\\Discovery\\DerivativeDiscoveryDecorator->getDerivatives(Array)\n#23 /home/sites/mscare/web/core/lib/Drupal/Core/Plugin/DefaultPluginManager.php(284): Drupal\\Component\\Plugin\\Discovery\\DerivativeDiscoveryDecorator->getDefinitions()\n#24 /home/sites/mscare/web/core/lib/Drupal/Core/Plugin/DefaultPluginManager.php(175): Drupal\\Core\\Plugin\\DefaultPluginManager->findDefinitions()\n#25 /home/sites/mscare/web/core/lib/Drupal/Component/Plugin/Discovery/DiscoveryCachedTrait.php(22): Drupal\\Core\\Plugin\\DefaultPluginManager->getDefinitions()\n#26 /home/sites/mscare/web/core/lib/Drupal/Core/Plugin/Factory/ContainerFactory.php(16): Drupal\\Core\\Plugin\\DefaultPluginManager->getDefinition(\'node_rss\')\n#27 /home/sites/mscare/web/core/lib/Drupal/Component/Plugin/PluginManagerBase.php(83): Drupal\\Core\\Plugin\\Factory\\ContainerFactory->createInstance(\'node_rss\', Array)\n#28 /home/sites/mscare/web/core/modules/views/src/Plugin/views/display/DisplayPluginBase.php(817): Drupal\\Component\\Plugin\\PluginManagerBase->createInstance(\'node_rss\')\n#29 /home/sites/mscare/web/core/modules/views/src/Plugin/views/style/StylePluginBase.php(122): Drupal\\views\\Plugin\\views\\display\\DisplayPluginBase->getPlugin(\'row\')\n#30 /home/sites/mscare/web/core/modules/views/src/Plugin/views/display/DisplayPluginBase.php(820): Drupal\\views\\Plugin\\views\\style\\StylePluginBase->init(Object(Drupal\\views\\ViewExecutable), Object(Drupal\\views\\Plugin\\views\\display\\Feed), Array)\n#31 /home/sites/mscare/web/core/modules/views/src/ViewExecutable.php(882): Drupal\\views\\Plugin\\views\\display\\DisplayPluginBase->getPlugin(\'style\')\n#32 /home/sites/mscare/web/core/modules/views/src/ViewExecutable.php(1842): Drupal\\views\\ViewExecutable->initStyle()\n#33 /home/sites/mscare/web/core/modules/views/src/Plugin/views/display/PathPluginBase.php(132): Drupal\\views\\ViewExecutable->getTitle()\n#34 /home/sites/mscare/web/core/modules/views/src/Plugin/views/display/PathPluginBase.php(220): Drupal\\views\\Plugin\\views\\display\\PathPluginBase->getRoute(\'frontpage\', \'feed_1\')\n#35 /home/sites/mscare/web/core/modules/views/src/EventSubscriber/RouteSubscriber.php(120): Drupal\\views\\Plugin\\views\\display\\PathPluginBase->collectRoutes(Object(Symfony\\Component\\Routing\\RouteCollection))\n#36 [internal function]: Drupal\\views\\EventSubscriber\\RouteSubscriber->routes()\n#37 /home/sites/mscare/web/core/lib/Drupal/Core/Routing/RouteBuilder.php(146): call_user_func(Array)\n#38 /home/sites/mscare/web/core/lib/Drupal/Core/ProxyClass/Routing/RouteBuilder.php(83): Drupal\\Core\\Routing\\RouteBuilder->rebuild()\n#39 /home/sites/mscare/web/core/includes/common.inc(1090): Drupal\\Core\\ProxyClass\\Routing\\RouteBuilder->rebuild()\n#40 /home/sites/mscare/web/modules/contrib/admin_toolbar/admin_toolbar_tools/src/Controller/ToolbarController.php(205): drupal_flush_all_caches()\n#41 [internal function]: Drupal\\admin_toolbar_tools\\Controller\\ToolbarController->flushAll()\n#42 /home/sites/mscare/web/core/lib/Drupal/Core/EventSubscriber/EarlyRenderingControllerWrapperSubscriber.php(123): call_user_func_array(Array, Array)\n#43 /home/sites/mscare/web/core/lib/Drupal/Core/Render/Renderer.php(573): Drupal\\Core\\EventSubscriber\\EarlyRenderingControllerWrapperSubscriber->Drupal\\Core\\EventSubscriber\\{closure}()\n#44 /home/sites/mscare/web/core/lib/Drupal/Core/EventSubscriber/EarlyRenderingControllerWrapperSubscriber.php(124): Drupal\\Core\\Render\\Renderer->executeInRenderContext(Object(Drupal\\Core\\Render\\RenderContext), Object(Closure))\n#45 /home/sites/mscare/web/core/lib/Drupal/Core/EventSubscriber/EarlyRenderingControllerWrapperSubscriber.php(97): Drupal\\Core\\EventSubscriber\\EarlyRenderingControllerWrapperSubscriber->wrapControllerExecutionInRenderContext(Array, Array)\n#46 /home/sites/mscare/vendor/symfony/http-kernel/HttpKernel.php(151): Drupal\\Core\\EventSubscriber\\EarlyRenderingControllerWrapperSubscriber->Drupal\\Core\\EventSubscriber\\{closure}()\n#47 /home/sites/mscare/vendor/symfony/http-kernel/HttpKernel.php(68): Symfony\\Component\\HttpKernel\\HttpKernel->handleRaw(Object(Symfony\\Component\\HttpFoundation\\Request), 1)\n#48 /home/sites/mscare/web/core/lib/Drupal/Core/StackMiddleware/Session.php(57): Symfony\\Component\\HttpKernel\\HttpKernel->handle(Object(Symfony\\Component\\HttpFoundation\\Request), 1, true)\n#49 /home/sites/mscare/web/core/lib/Drupal/Core/StackMiddleware/KernelPreHandle.php(47): Drupal\\Core\\StackMiddleware\\Session->handle(Object(Symfony\\Component\\HttpFoundation\\Request), 1, true)\n#50 /home/sites/mscare/web/core/modules/page_cache/src/StackMiddleware/PageCache.php(106): Drupal\\Core\\StackMiddleware\\KernelPreHandle->handle(Object(Symfony\\Component\\HttpFoundation\\Request), 1, true)\n#51 /home/sites/mscare/web/core/modules/page_cache/src/StackMiddleware/PageCache.php(85): Drupal\\page_cache\\StackMiddleware\\PageCache->pass(Object(Symfony\\Component\\HttpFoundation\\Request), 1, true)\n#52 /home/sites/mscare/web/core/lib/Drupal/Core/StackMiddleware/ReverseProxyMiddleware.php(47): Drupal\\page_cache\\StackMiddleware\\PageCache->handle(Object(Symfony\\Component\\HttpFoundation\\Request), 1, true)\n#53 /home/sites/mscare/web/core/lib/Drupal/Core/StackMiddleware/NegotiationMiddleware.php(52): Drupal\\Core\\StackMiddleware\\ReverseProxyMiddleware->handle(Object(Symfony\\Component\\HttpFoundation\\Request), 1, true)\n#54 /home/sites/mscare/vendor/stack/builder/src/Stack/StackedHttpKernel.php(23): Drupal\\Core\\StackMiddleware\\NegotiationMiddleware->handle(Object(Symfony\\Component\\HttpFoundation\\Request), 1, true)\n#55 /home/sites/mscare/web/core/lib/Drupal/Core/DrupalKernel.php(708): Stack\\StackedHttpKernel->handle(Object(Symfony\\Component\\HttpFoundation\\Request), 1, true)\n#56 /home/sites/mscare/web/index.php(19): Drupal\\Core\\DrupalKernel->handle(Object(Symfony\\Component\\HttpFoundation\\Request))\n#57 {main}\";}',3,'','http://mscare.open.gr/admin/flush?token=-X1EtlCpwhH16umWY3F6RhMX4k_MG-bd5MyjembfkhE','http://mscare.open.gr/admin/structure/views/view/submition_rest_export/edit/rest_export_1','85.72.53.208',1601047561),(28922,1,'php','%type: @message in %function (line %line of %file) @backtrace_string.','a:6:{s:5:\"%type\";s:6:\"Notice\";s:8:\"@message\";O:25:\"Drupal\\Core\\Render\\Markup\":1:{s:9:\"\0*\0string\";s:25:\"Undefined variable: aTmp1\";}s:9:\"%function\";s:74:\"Drupal\\ma_handlers\\Plugin\\WebformHandler\\MailReminderHandler->submitForm()\";s:5:\"%file\";s:99:\"/home/sites/mscare/web/modules/custom/ma_handlers/src/Plugin/WebformHandler/MailReminderHandler.php\";s:5:\"%line\";i:56;s:17:\"@backtrace_string\";s:10512:\"#0 /home/sites/mscare/web/core/includes/bootstrap.inc(600): _drupal_error_handler_real(8, \'Undefined varia...\', \'/home/sites/msc...\', 56, Array)\n#1 /home/sites/mscare/web/modules/custom/ma_handlers/src/Plugin/WebformHandler/MailReminderHandler.php(56): _drupal_error_handler(8, \'Undefined varia...\', \'/home/sites/msc...\', 56, Array)\n#2 /home/sites/mscare/web/modules/contrib/webform/src/Entity/Webform.php(2616): Drupal\\ma_handlers\\Plugin\\WebformHandler\\MailReminderHandler->submitForm(Array, Object(Drupal\\Core\\Form\\FormState), Object(Drupal\\webform\\Entity\\WebformSubmission))\n#3 /home/sites/mscare/web/modules/contrib/webform/src/WebformSubmissionForm.php(1843): Drupal\\webform\\Entity\\Webform->invokeHandlers(\'submitForm\', Array, Object(Drupal\\Core\\Form\\FormState), Object(Drupal\\webform\\Entity\\WebformSubmission))\n#4 [internal function]: Drupal\\webform\\WebformSubmissionForm->submitForm(Array, Object(Drupal\\Core\\Form\\FormState))\n#5 /home/sites/mscare/web/core/lib/Drupal/Core/Form/FormSubmitter.php(114): call_user_func_array(Array, Array)\n#6 /home/sites/mscare/web/core/lib/Drupal/Core/Form/FormSubmitter.php(52): Drupal\\Core\\Form\\FormSubmitter->executeSubmitHandlers(Array, Object(Drupal\\Core\\Form\\FormState))\n#7 /home/sites/mscare/web/core/lib/Drupal/Core/Form/FormBuilder.php(593): Drupal\\Core\\Form\\FormSubmitter->doSubmitForm(Array, Object(Drupal\\Core\\Form\\FormState))\n#8 /home/sites/mscare/web/core/lib/Drupal/Core/Form/FormBuilder.php(321): Drupal\\Core\\Form\\FormBuilder->processForm(\'webform_submiss...\', Array, Object(Drupal\\Core\\Form\\FormState))\n#9 /home/sites/mscare/web/core/lib/Drupal/Core/Entity/EntityFormBuilder.php(61): Drupal\\Core\\Form\\FormBuilder->buildForm(Object(Drupal\\webform\\WebformSubmissionForm), Object(Drupal\\Core\\Form\\FormState))\n#10 /home/sites/mscare/web/modules/contrib/webform/src/Entity/Webform.php(1193): Drupal\\Core\\Entity\\EntityFormBuilder->getForm(Object(Drupal\\webform\\Entity\\WebformSubmission), \'add\')\n#11 /home/sites/mscare/web/modules/contrib/webform/src/Element/Webform.php(78): Drupal\\webform\\Entity\\Webform->getSubmissionForm(Array)\n#12 [internal function]: Drupal\\webform\\Element\\Webform::preRenderWebformElement(Array)\n#13 /home/sites/mscare/web/core/lib/Drupal/Core/Security/DoTrustedCallbackTrait.php(100): call_user_func_array(Array, Array)\n#14 /home/sites/mscare/web/core/lib/Drupal/Core/Render/Renderer.php(781): Drupal\\Core\\Render\\Renderer->doTrustedCallback(Array, Array, \'Render #pre_ren...\', \'silenced_deprec...\', \'Drupal\\\\Core\\\\Ren...\')\n#15 /home/sites/mscare/web/core/lib/Drupal/Core/Render/Renderer.php(372): Drupal\\Core\\Render\\Renderer->doCallback(\'#pre_render\', Array, Array)\n#16 /home/sites/mscare/web/core/lib/Drupal/Core/Render/Renderer.php(200): Drupal\\Core\\Render\\Renderer->doRender(Array, false)\n#17 /home/sites/mscare/web/core/lib/Drupal/Core/Template/TwigExtension.php(501): Drupal\\Core\\Render\\Renderer->render(Array)\n#18 /home/sites/mscare/web/sites/default/files/php/twig/5f6e0c2bd4b69_block.html.twig_Nk3ADGmD6577FPjExdzeXMxT4/nuybyK89cfQJaxJWKD6SnxmXyM6aKDlE1UP2AKyWgwU.php(101): Drupal\\Core\\Template\\TwigExtension->escapeFilter(Object(Drupal\\Core\\Template\\TwigEnvironment), Array, \'html\', NULL, true)\n#19 /home/sites/mscare/vendor/twig/twig/src/Template.php(214): __TwigTemplate_5091a0d8f0ef8b286c27524f1cf433c7bb7dec63549fb60634c9387d354e1f98->block_content(Array, Array)\n#20 /home/sites/mscare/web/sites/default/files/php/twig/5f6e0c2bd4b69_block.html.twig_Nk3ADGmD6577FPjExdzeXMxT4/nuybyK89cfQJaxJWKD6SnxmXyM6aKDlE1UP2AKyWgwU.php(86): Twig\\Template->displayBlock(\'content\', Array, Array)\n#21 /home/sites/mscare/vendor/twig/twig/src/Template.php(453): __TwigTemplate_5091a0d8f0ef8b286c27524f1cf433c7bb7dec63549fb60634c9387d354e1f98->doDisplay(Array, Array)\n#22 /home/sites/mscare/vendor/twig/twig/src/Template.php(420): Twig\\Template->displayWithErrorHandling(Array, Array)\n#23 /home/sites/mscare/vendor/twig/twig/src/Template.php(432): Twig\\Template->display(Array)\n#24 /home/sites/mscare/web/core/themes/engines/twig/twig.engine(64): Twig\\Template->render(Array)\n#25 /home/sites/mscare/web/core/lib/Drupal/Core/Theme/ThemeManager.php(384): twig_render_template(\'themes/contrib/...\', Array)\n#26 /home/sites/mscare/web/core/lib/Drupal/Core/Render/Renderer.php(431): Drupal\\Core\\Theme\\ThemeManager->render(\'block\', Array)\n#27 /home/sites/mscare/web/core/lib/Drupal/Core/Render/Renderer.php(444): Drupal\\Core\\Render\\Renderer->doRender(Array)\n#28 /home/sites/mscare/web/core/lib/Drupal/Core/Render/Renderer.php(200): Drupal\\Core\\Render\\Renderer->doRender(Array, false)\n#29 /home/sites/mscare/web/core/lib/Drupal/Core/Template/TwigExtension.php(501): Drupal\\Core\\Render\\Renderer->render(Array)\n#30 /home/sites/mscare/web/sites/default/files/php/twig/5f6e0c2bd4b69_page.html.twig_4ox8-P5MHIxgqBYbfb3a3CTbA/UI6bZuq9bixKzb1h8cxFO35UG2VAadSrwF3us40CmvU.php(681): Drupal\\Core\\Template\\TwigExtension->escapeFilter(Object(Drupal\\Core\\Template\\TwigEnvironment), Array, \'html\', NULL, true)\n#31 /home/sites/mscare/vendor/twig/twig/src/Template.php(453): __TwigTemplate_5e0df418b56ee94b19b45c345522aa482f0ec073a7057983d5cf5340a1d66973->doDisplay(Array, Array)\n#32 /home/sites/mscare/vendor/twig/twig/src/Template.php(420): Twig\\Template->displayWithErrorHandling(Array, Array)\n#33 /home/sites/mscare/vendor/twig/twig/src/Template.php(432): Twig\\Template->display(Array)\n#34 /home/sites/mscare/web/core/themes/engines/twig/twig.engine(64): Twig\\Template->render(Array)\n#35 /home/sites/mscare/web/core/lib/Drupal/Core/Theme/ThemeManager.php(384): twig_render_template(\'themes/contrib/...\', Array)\n#36 /home/sites/mscare/web/core/lib/Drupal/Core/Render/Renderer.php(431): Drupal\\Core\\Theme\\ThemeManager->render(\'page\', Array)\n#37 /home/sites/mscare/web/core/lib/Drupal/Core/Render/Renderer.php(200): Drupal\\Core\\Render\\Renderer->doRender(Array, false)\n#38 /home/sites/mscare/web/core/lib/Drupal/Core/Template/TwigExtension.php(501): Drupal\\Core\\Render\\Renderer->render(Array)\n#39 /home/sites/mscare/web/sites/default/files/php/twig/5f6e0c2bd4b69_html.html.twig_GESAq2dKb9BUD92Q77xHkU4bQ/yO_RLNh3wlPhH7Bcz9sWlMpb53PuVhNdX-rW0DikM_w.php(102): Drupal\\Core\\Template\\TwigExtension->escapeFilter(Object(Drupal\\Core\\Template\\TwigEnvironment), Array, \'html\', NULL, true)\n#40 /home/sites/mscare/vendor/twig/twig/src/Template.php(453): __TwigTemplate_df4712f18857557a4d3b981d2f5e5289601677673aff5b6804b5dea6df9da3c1->doDisplay(Array, Array)\n#41 /home/sites/mscare/vendor/twig/twig/src/Template.php(420): Twig\\Template->displayWithErrorHandling(Array, Array)\n#42 /home/sites/mscare/vendor/twig/twig/src/Template.php(432): Twig\\Template->display(Array)\n#43 /home/sites/mscare/web/core/themes/engines/twig/twig.engine(64): Twig\\Template->render(Array)\n#44 /home/sites/mscare/web/core/lib/Drupal/Core/Theme/ThemeManager.php(384): twig_render_template(\'core/themes/cla...\', Array)\n#45 /home/sites/mscare/web/core/lib/Drupal/Core/Render/Renderer.php(431): Drupal\\Core\\Theme\\ThemeManager->render(\'html\', Array)\n#46 /home/sites/mscare/web/core/lib/Drupal/Core/Render/Renderer.php(200): Drupal\\Core\\Render\\Renderer->doRender(Array, false)\n#47 /home/sites/mscare/web/core/lib/Drupal/Core/Render/MainContent/HtmlRenderer.php(147): Drupal\\Core\\Render\\Renderer->render(Array)\n#48 /home/sites/mscare/web/core/lib/Drupal/Core/Render/Renderer.php(573): Drupal\\Core\\Render\\MainContent\\HtmlRenderer->Drupal\\Core\\Render\\MainContent\\{closure}()\n#49 /home/sites/mscare/web/core/lib/Drupal/Core/Render/MainContent/HtmlRenderer.php(148): Drupal\\Core\\Render\\Renderer->executeInRenderContext(Object(Drupal\\Core\\Render\\RenderContext), Object(Closure))\n#50 /home/sites/mscare/web/core/lib/Drupal/Core/EventSubscriber/MainContentViewSubscriber.php(90): Drupal\\Core\\Render\\MainContent\\HtmlRenderer->renderResponse(Array, Object(Symfony\\Component\\HttpFoundation\\Request), Object(Drupal\\Core\\Routing\\CurrentRouteMatch))\n#51 [internal function]: Drupal\\Core\\EventSubscriber\\MainContentViewSubscriber->onViewRenderArray(Object(Symfony\\Component\\HttpKernel\\Event\\GetResponseForControllerResultEvent), \'kernel.view\', Object(Drupal\\Component\\EventDispatcher\\ContainerAwareEventDispatcher))\n#52 /home/sites/mscare/web/core/lib/Drupal/Component/EventDispatcher/ContainerAwareEventDispatcher.php(111): call_user_func(Array, Object(Symfony\\Component\\HttpKernel\\Event\\GetResponseForControllerResultEvent), \'kernel.view\', Object(Drupal\\Component\\EventDispatcher\\ContainerAwareEventDispatcher))\n#53 /home/sites/mscare/vendor/symfony/http-kernel/HttpKernel.php(156): Drupal\\Component\\EventDispatcher\\ContainerAwareEventDispatcher->dispatch(\'kernel.view\', Object(Symfony\\Component\\HttpKernel\\Event\\GetResponseForControllerResultEvent))\n#54 /home/sites/mscare/vendor/symfony/http-kernel/HttpKernel.php(68): Symfony\\Component\\HttpKernel\\HttpKernel->handleRaw(Object(Symfony\\Component\\HttpFoundation\\Request), 1)\n#55 /home/sites/mscare/web/core/lib/Drupal/Core/StackMiddleware/Session.php(57): Symfony\\Component\\HttpKernel\\HttpKernel->handle(Object(Symfony\\Component\\HttpFoundation\\Request), 1, true)\n#56 /home/sites/mscare/web/core/lib/Drupal/Core/StackMiddleware/KernelPreHandle.php(47): Drupal\\Core\\StackMiddleware\\Session->handle(Object(Symfony\\Component\\HttpFoundation\\Request), 1, true)\n#57 /home/sites/mscare/web/core/modules/page_cache/src/StackMiddleware/PageCache.php(106): Drupal\\Core\\StackMiddleware\\KernelPreHandle->handle(Object(Symfony\\Component\\HttpFoundation\\Request), 1, true)\n#58 /home/sites/mscare/web/core/modules/page_cache/src/StackMiddleware/PageCache.php(85): Drupal\\page_cache\\StackMiddleware\\PageCache->pass(Object(Symfony\\Component\\HttpFoundation\\Request), 1, true)\n#59 /home/sites/mscare/web/core/lib/Drupal/Core/StackMiddleware/ReverseProxyMiddleware.php(47): Drupal\\page_cache\\StackMiddleware\\PageCache->handle(Object(Symfony\\Component\\HttpFoundation\\Request), 1, true)\n#60 /home/sites/mscare/web/core/lib/Drupal/Core/StackMiddleware/NegotiationMiddleware.php(52): Drupal\\Core\\StackMiddleware\\ReverseProxyMiddleware->handle(Object(Symfony\\Component\\HttpFoundation\\Request), 1, true)\n#61 /home/sites/mscare/vendor/stack/builder/src/Stack/StackedHttpKernel.php(23): Drupal\\Core\\StackMiddleware\\NegotiationMiddleware->handle(Object(Symfony\\Component\\HttpFoundation\\Request), 1, true)\n#62 /home/sites/mscare/web/core/lib/Drupal/Core/DrupalKernel.php(708): Stack\\StackedHttpKernel->handle(Object(Symfony\\Component\\HttpFoundation\\Request), 1, true)\n#63 /home/sites/mscare/web/index.php(19): Drupal\\Core\\DrupalKernel->handle(Object(Symfony\\Component\\HttpFoundation\\Request))\n#64 {main}\";}',5,'','http://mscare.open.gr/node/594','http://mscare.open.gr/node/594','85.72.53.208',1601047633),(28923,1,'php','%type: @message in %function (line %line of %file) @backtrace_string.','a:6:{s:5:\"%type\";s:7:\"Warning\";s:8:\"@message\";O:25:\"Drupal\\Core\\Render\\Markup\":1:{s:9:\"\0*\0string\";s:41:\"array_diff(): Argument #1 is not an array\";}s:9:\"%function\";s:74:\"Drupal\\ma_handlers\\Plugin\\WebformHandler\\MailReminderHandler->submitForm()\";s:5:\"%file\";s:99:\"/home/sites/mscare/web/modules/custom/ma_handlers/src/Plugin/WebformHandler/MailReminderHandler.php\";s:5:\"%line\";i:56;s:17:\"@backtrace_string\";s:10561:\"#0 /home/sites/mscare/web/core/includes/bootstrap.inc(600): _drupal_error_handler_real(2, \'array_diff(): A...\', \'/home/sites/msc...\', 56, Array)\n#1 [internal function]: _drupal_error_handler(2, \'array_diff(): A...\', \'/home/sites/msc...\', 56, Array)\n#2 /home/sites/mscare/web/modules/custom/ma_handlers/src/Plugin/WebformHandler/MailReminderHandler.php(56): array_diff(NULL, Array)\n#3 /home/sites/mscare/web/modules/contrib/webform/src/Entity/Webform.php(2616): Drupal\\ma_handlers\\Plugin\\WebformHandler\\MailReminderHandler->submitForm(Array, Object(Drupal\\Core\\Form\\FormState), Object(Drupal\\webform\\Entity\\WebformSubmission))\n#4 /home/sites/mscare/web/modules/contrib/webform/src/WebformSubmissionForm.php(1843): Drupal\\webform\\Entity\\Webform->invokeHandlers(\'submitForm\', Array, Object(Drupal\\Core\\Form\\FormState), Object(Drupal\\webform\\Entity\\WebformSubmission))\n#5 [internal function]: Drupal\\webform\\WebformSubmissionForm->submitForm(Array, Object(Drupal\\Core\\Form\\FormState))\n#6 /home/sites/mscare/web/core/lib/Drupal/Core/Form/FormSubmitter.php(114): call_user_func_array(Array, Array)\n#7 /home/sites/mscare/web/core/lib/Drupal/Core/Form/FormSubmitter.php(52): Drupal\\Core\\Form\\FormSubmitter->executeSubmitHandlers(Array, Object(Drupal\\Core\\Form\\FormState))\n#8 /home/sites/mscare/web/core/lib/Drupal/Core/Form/FormBuilder.php(593): Drupal\\Core\\Form\\FormSubmitter->doSubmitForm(Array, Object(Drupal\\Core\\Form\\FormState))\n#9 /home/sites/mscare/web/core/lib/Drupal/Core/Form/FormBuilder.php(321): Drupal\\Core\\Form\\FormBuilder->processForm(\'webform_submiss...\', Array, Object(Drupal\\Core\\Form\\FormState))\n#10 /home/sites/mscare/web/core/lib/Drupal/Core/Entity/EntityFormBuilder.php(61): Drupal\\Core\\Form\\FormBuilder->buildForm(Object(Drupal\\webform\\WebformSubmissionForm), Object(Drupal\\Core\\Form\\FormState))\n#11 /home/sites/mscare/web/modules/contrib/webform/src/Entity/Webform.php(1193): Drupal\\Core\\Entity\\EntityFormBuilder->getForm(Object(Drupal\\webform\\Entity\\WebformSubmission), \'add\')\n#12 /home/sites/mscare/web/modules/contrib/webform/src/Element/Webform.php(78): Drupal\\webform\\Entity\\Webform->getSubmissionForm(Array)\n#13 [internal function]: Drupal\\webform\\Element\\Webform::preRenderWebformElement(Array)\n#14 /home/sites/mscare/web/core/lib/Drupal/Core/Security/DoTrustedCallbackTrait.php(100): call_user_func_array(Array, Array)\n#15 /home/sites/mscare/web/core/lib/Drupal/Core/Render/Renderer.php(781): Drupal\\Core\\Render\\Renderer->doTrustedCallback(Array, Array, \'Render #pre_ren...\', \'silenced_deprec...\', \'Drupal\\\\Core\\\\Ren...\')\n#16 /home/sites/mscare/web/core/lib/Drupal/Core/Render/Renderer.php(372): Drupal\\Core\\Render\\Renderer->doCallback(\'#pre_render\', Array, Array)\n#17 /home/sites/mscare/web/core/lib/Drupal/Core/Render/Renderer.php(200): Drupal\\Core\\Render\\Renderer->doRender(Array, false)\n#18 /home/sites/mscare/web/core/lib/Drupal/Core/Template/TwigExtension.php(501): Drupal\\Core\\Render\\Renderer->render(Array)\n#19 /home/sites/mscare/web/sites/default/files/php/twig/5f6e0c2bd4b69_block.html.twig_Nk3ADGmD6577FPjExdzeXMxT4/nuybyK89cfQJaxJWKD6SnxmXyM6aKDlE1UP2AKyWgwU.php(101): Drupal\\Core\\Template\\TwigExtension->escapeFilter(Object(Drupal\\Core\\Template\\TwigEnvironment), Array, \'html\', NULL, true)\n#20 /home/sites/mscare/vendor/twig/twig/src/Template.php(214): __TwigTemplate_5091a0d8f0ef8b286c27524f1cf433c7bb7dec63549fb60634c9387d354e1f98->block_content(Array, Array)\n#21 /home/sites/mscare/web/sites/default/files/php/twig/5f6e0c2bd4b69_block.html.twig_Nk3ADGmD6577FPjExdzeXMxT4/nuybyK89cfQJaxJWKD6SnxmXyM6aKDlE1UP2AKyWgwU.php(86): Twig\\Template->displayBlock(\'content\', Array, Array)\n#22 /home/sites/mscare/vendor/twig/twig/src/Template.php(453): __TwigTemplate_5091a0d8f0ef8b286c27524f1cf433c7bb7dec63549fb60634c9387d354e1f98->doDisplay(Array, Array)\n#23 /home/sites/mscare/vendor/twig/twig/src/Template.php(420): Twig\\Template->displayWithErrorHandling(Array, Array)\n#24 /home/sites/mscare/vendor/twig/twig/src/Template.php(432): Twig\\Template->display(Array)\n#25 /home/sites/mscare/web/core/themes/engines/twig/twig.engine(64): Twig\\Template->render(Array)\n#26 /home/sites/mscare/web/core/lib/Drupal/Core/Theme/ThemeManager.php(384): twig_render_template(\'themes/contrib/...\', Array)\n#27 /home/sites/mscare/web/core/lib/Drupal/Core/Render/Renderer.php(431): Drupal\\Core\\Theme\\ThemeManager->render(\'block\', Array)\n#28 /home/sites/mscare/web/core/lib/Drupal/Core/Render/Renderer.php(444): Drupal\\Core\\Render\\Renderer->doRender(Array)\n#29 /home/sites/mscare/web/core/lib/Drupal/Core/Render/Renderer.php(200): Drupal\\Core\\Render\\Renderer->doRender(Array, false)\n#30 /home/sites/mscare/web/core/lib/Drupal/Core/Template/TwigExtension.php(501): Drupal\\Core\\Render\\Renderer->render(Array)\n#31 /home/sites/mscare/web/sites/default/files/php/twig/5f6e0c2bd4b69_page.html.twig_4ox8-P5MHIxgqBYbfb3a3CTbA/UI6bZuq9bixKzb1h8cxFO35UG2VAadSrwF3us40CmvU.php(681): Drupal\\Core\\Template\\TwigExtension->escapeFilter(Object(Drupal\\Core\\Template\\TwigEnvironment), Array, \'html\', NULL, true)\n#32 /home/sites/mscare/vendor/twig/twig/src/Template.php(453): __TwigTemplate_5e0df418b56ee94b19b45c345522aa482f0ec073a7057983d5cf5340a1d66973->doDisplay(Array, Array)\n#33 /home/sites/mscare/vendor/twig/twig/src/Template.php(420): Twig\\Template->displayWithErrorHandling(Array, Array)\n#34 /home/sites/mscare/vendor/twig/twig/src/Template.php(432): Twig\\Template->display(Array)\n#35 /home/sites/mscare/web/core/themes/engines/twig/twig.engine(64): Twig\\Template->render(Array)\n#36 /home/sites/mscare/web/core/lib/Drupal/Core/Theme/ThemeManager.php(384): twig_render_template(\'themes/contrib/...\', Array)\n#37 /home/sites/mscare/web/core/lib/Drupal/Core/Render/Renderer.php(431): Drupal\\Core\\Theme\\ThemeManager->render(\'page\', Array)\n#38 /home/sites/mscare/web/core/lib/Drupal/Core/Render/Renderer.php(200): Drupal\\Core\\Render\\Renderer->doRender(Array, false)\n#39 /home/sites/mscare/web/core/lib/Drupal/Core/Template/TwigExtension.php(501): Drupal\\Core\\Render\\Renderer->render(Array)\n#40 /home/sites/mscare/web/sites/default/files/php/twig/5f6e0c2bd4b69_html.html.twig_GESAq2dKb9BUD92Q77xHkU4bQ/yO_RLNh3wlPhH7Bcz9sWlMpb53PuVhNdX-rW0DikM_w.php(102): Drupal\\Core\\Template\\TwigExtension->escapeFilter(Object(Drupal\\Core\\Template\\TwigEnvironment), Array, \'html\', NULL, true)\n#41 /home/sites/mscare/vendor/twig/twig/src/Template.php(453): __TwigTemplate_df4712f18857557a4d3b981d2f5e5289601677673aff5b6804b5dea6df9da3c1->doDisplay(Array, Array)\n#42 /home/sites/mscare/vendor/twig/twig/src/Template.php(420): Twig\\Template->displayWithErrorHandling(Array, Array)\n#43 /home/sites/mscare/vendor/twig/twig/src/Template.php(432): Twig\\Template->display(Array)\n#44 /home/sites/mscare/web/core/themes/engines/twig/twig.engine(64): Twig\\Template->render(Array)\n#45 /home/sites/mscare/web/core/lib/Drupal/Core/Theme/ThemeManager.php(384): twig_render_template(\'core/themes/cla...\', Array)\n#46 /home/sites/mscare/web/core/lib/Drupal/Core/Render/Renderer.php(431): Drupal\\Core\\Theme\\ThemeManager->render(\'html\', Array)\n#47 /home/sites/mscare/web/core/lib/Drupal/Core/Render/Renderer.php(200): Drupal\\Core\\Render\\Renderer->doRender(Array, false)\n#48 /home/sites/mscare/web/core/lib/Drupal/Core/Render/MainContent/HtmlRenderer.php(147): Drupal\\Core\\Render\\Renderer->render(Array)\n#49 /home/sites/mscare/web/core/lib/Drupal/Core/Render/Renderer.php(573): Drupal\\Core\\Render\\MainContent\\HtmlRenderer->Drupal\\Core\\Render\\MainContent\\{closure}()\n#50 /home/sites/mscare/web/core/lib/Drupal/Core/Render/MainContent/HtmlRenderer.php(148): Drupal\\Core\\Render\\Renderer->executeInRenderContext(Object(Drupal\\Core\\Render\\RenderContext), Object(Closure))\n#51 /home/sites/mscare/web/core/lib/Drupal/Core/EventSubscriber/MainContentViewSubscriber.php(90): Drupal\\Core\\Render\\MainContent\\HtmlRenderer->renderResponse(Array, Object(Symfony\\Component\\HttpFoundation\\Request), Object(Drupal\\Core\\Routing\\CurrentRouteMatch))\n#52 [internal function]: Drupal\\Core\\EventSubscriber\\MainContentViewSubscriber->onViewRenderArray(Object(Symfony\\Component\\HttpKernel\\Event\\GetResponseForControllerResultEvent), \'kernel.view\', Object(Drupal\\Component\\EventDispatcher\\ContainerAwareEventDispatcher))\n#53 /home/sites/mscare/web/core/lib/Drupal/Component/EventDispatcher/ContainerAwareEventDispatcher.php(111): call_user_func(Array, Object(Symfony\\Component\\HttpKernel\\Event\\GetResponseForControllerResultEvent), \'kernel.view\', Object(Drupal\\Component\\EventDispatcher\\ContainerAwareEventDispatcher))\n#54 /home/sites/mscare/vendor/symfony/http-kernel/HttpKernel.php(156): Drupal\\Component\\EventDispatcher\\ContainerAwareEventDispatcher->dispatch(\'kernel.view\', Object(Symfony\\Component\\HttpKernel\\Event\\GetResponseForControllerResultEvent))\n#55 /home/sites/mscare/vendor/symfony/http-kernel/HttpKernel.php(68): Symfony\\Component\\HttpKernel\\HttpKernel->handleRaw(Object(Symfony\\Component\\HttpFoundation\\Request), 1)\n#56 /home/sites/mscare/web/core/lib/Drupal/Core/StackMiddleware/Session.php(57): Symfony\\Component\\HttpKernel\\HttpKernel->handle(Object(Symfony\\Component\\HttpFoundation\\Request), 1, true)\n#57 /home/sites/mscare/web/core/lib/Drupal/Core/StackMiddleware/KernelPreHandle.php(47): Drupal\\Core\\StackMiddleware\\Session->handle(Object(Symfony\\Component\\HttpFoundation\\Request), 1, true)\n#58 /home/sites/mscare/web/core/modules/page_cache/src/StackMiddleware/PageCache.php(106): Drupal\\Core\\StackMiddleware\\KernelPreHandle->handle(Object(Symfony\\Component\\HttpFoundation\\Request), 1, true)\n#59 /home/sites/mscare/web/core/modules/page_cache/src/StackMiddleware/PageCache.php(85): Drupal\\page_cache\\StackMiddleware\\PageCache->pass(Object(Symfony\\Component\\HttpFoundation\\Request), 1, true)\n#60 /home/sites/mscare/web/core/lib/Drupal/Core/StackMiddleware/ReverseProxyMiddleware.php(47): Drupal\\page_cache\\StackMiddleware\\PageCache->handle(Object(Symfony\\Component\\HttpFoundation\\Request), 1, true)\n#61 /home/sites/mscare/web/core/lib/Drupal/Core/StackMiddleware/NegotiationMiddleware.php(52): Drupal\\Core\\StackMiddleware\\ReverseProxyMiddleware->handle(Object(Symfony\\Component\\HttpFoundation\\Request), 1, true)\n#62 /home/sites/mscare/vendor/stack/builder/src/Stack/StackedHttpKernel.php(23): Drupal\\Core\\StackMiddleware\\NegotiationMiddleware->handle(Object(Symfony\\Component\\HttpFoundation\\Request), 1, true)\n#63 /home/sites/mscare/web/core/lib/Drupal/Core/DrupalKernel.php(708): Stack\\StackedHttpKernel->handle(Object(Symfony\\Component\\HttpFoundation\\Request), 1, true)\n#64 /home/sites/mscare/web/index.php(19): Drupal\\Core\\DrupalKernel->handle(Object(Symfony\\Component\\HttpFoundation\\Request))\n#65 {main}\";}',4,'','http://mscare.open.gr/node/594','http://mscare.open.gr/node/594','85.72.53.208',1601047633),(28924,1,'php','%type: @message in %function (line %line of %file) @backtrace_string.','a:6:{s:5:\"%type\";s:7:\"Warning\";s:8:\"@message\";O:25:\"Drupal\\Core\\Render\\Markup\":1:{s:9:\"\0*\0string\";s:59:\"json_decode() expects parameter 1 to be string, array given\";}s:9:\"%function\";s:74:\"Drupal\\ma_handlers\\Plugin\\WebformHandler\\MailReminderHandler->submitForm()\";s:5:\"%file\";s:99:\"/home/sites/mscare/web/modules/custom/ma_handlers/src/Plugin/WebformHandler/MailReminderHandler.php\";s:5:\"%line\";i:66;s:17:\"@backtrace_string\";s:10562:\"#0 /home/sites/mscare/web/core/includes/bootstrap.inc(600): _drupal_error_handler_real(2, \'json_decode() e...\', \'/home/sites/msc...\', 66, Array)\n#1 [internal function]: _drupal_error_handler(2, \'json_decode() e...\', \'/home/sites/msc...\', 66, Array)\n#2 /home/sites/mscare/web/modules/custom/ma_handlers/src/Plugin/WebformHandler/MailReminderHandler.php(66): json_decode(Array, true)\n#3 /home/sites/mscare/web/modules/contrib/webform/src/Entity/Webform.php(2616): Drupal\\ma_handlers\\Plugin\\WebformHandler\\MailReminderHandler->submitForm(Array, Object(Drupal\\Core\\Form\\FormState), Object(Drupal\\webform\\Entity\\WebformSubmission))\n#4 /home/sites/mscare/web/modules/contrib/webform/src/WebformSubmissionForm.php(1843): Drupal\\webform\\Entity\\Webform->invokeHandlers(\'submitForm\', Array, Object(Drupal\\Core\\Form\\FormState), Object(Drupal\\webform\\Entity\\WebformSubmission))\n#5 [internal function]: Drupal\\webform\\WebformSubmissionForm->submitForm(Array, Object(Drupal\\Core\\Form\\FormState))\n#6 /home/sites/mscare/web/core/lib/Drupal/Core/Form/FormSubmitter.php(114): call_user_func_array(Array, Array)\n#7 /home/sites/mscare/web/core/lib/Drupal/Core/Form/FormSubmitter.php(52): Drupal\\Core\\Form\\FormSubmitter->executeSubmitHandlers(Array, Object(Drupal\\Core\\Form\\FormState))\n#8 /home/sites/mscare/web/core/lib/Drupal/Core/Form/FormBuilder.php(593): Drupal\\Core\\Form\\FormSubmitter->doSubmitForm(Array, Object(Drupal\\Core\\Form\\FormState))\n#9 /home/sites/mscare/web/core/lib/Drupal/Core/Form/FormBuilder.php(321): Drupal\\Core\\Form\\FormBuilder->processForm(\'webform_submiss...\', Array, Object(Drupal\\Core\\Form\\FormState))\n#10 /home/sites/mscare/web/core/lib/Drupal/Core/Entity/EntityFormBuilder.php(61): Drupal\\Core\\Form\\FormBuilder->buildForm(Object(Drupal\\webform\\WebformSubmissionForm), Object(Drupal\\Core\\Form\\FormState))\n#11 /home/sites/mscare/web/modules/contrib/webform/src/Entity/Webform.php(1193): Drupal\\Core\\Entity\\EntityFormBuilder->getForm(Object(Drupal\\webform\\Entity\\WebformSubmission), \'add\')\n#12 /home/sites/mscare/web/modules/contrib/webform/src/Element/Webform.php(78): Drupal\\webform\\Entity\\Webform->getSubmissionForm(Array)\n#13 [internal function]: Drupal\\webform\\Element\\Webform::preRenderWebformElement(Array)\n#14 /home/sites/mscare/web/core/lib/Drupal/Core/Security/DoTrustedCallbackTrait.php(100): call_user_func_array(Array, Array)\n#15 /home/sites/mscare/web/core/lib/Drupal/Core/Render/Renderer.php(781): Drupal\\Core\\Render\\Renderer->doTrustedCallback(Array, Array, \'Render #pre_ren...\', \'silenced_deprec...\', \'Drupal\\\\Core\\\\Ren...\')\n#16 /home/sites/mscare/web/core/lib/Drupal/Core/Render/Renderer.php(372): Drupal\\Core\\Render\\Renderer->doCallback(\'#pre_render\', Array, Array)\n#17 /home/sites/mscare/web/core/lib/Drupal/Core/Render/Renderer.php(200): Drupal\\Core\\Render\\Renderer->doRender(Array, false)\n#18 /home/sites/mscare/web/core/lib/Drupal/Core/Template/TwigExtension.php(501): Drupal\\Core\\Render\\Renderer->render(Array)\n#19 /home/sites/mscare/web/sites/default/files/php/twig/5f6e0c2bd4b69_block.html.twig_Nk3ADGmD6577FPjExdzeXMxT4/nuybyK89cfQJaxJWKD6SnxmXyM6aKDlE1UP2AKyWgwU.php(101): Drupal\\Core\\Template\\TwigExtension->escapeFilter(Object(Drupal\\Core\\Template\\TwigEnvironment), Array, \'html\', NULL, true)\n#20 /home/sites/mscare/vendor/twig/twig/src/Template.php(214): __TwigTemplate_5091a0d8f0ef8b286c27524f1cf433c7bb7dec63549fb60634c9387d354e1f98->block_content(Array, Array)\n#21 /home/sites/mscare/web/sites/default/files/php/twig/5f6e0c2bd4b69_block.html.twig_Nk3ADGmD6577FPjExdzeXMxT4/nuybyK89cfQJaxJWKD6SnxmXyM6aKDlE1UP2AKyWgwU.php(86): Twig\\Template->displayBlock(\'content\', Array, Array)\n#22 /home/sites/mscare/vendor/twig/twig/src/Template.php(453): __TwigTemplate_5091a0d8f0ef8b286c27524f1cf433c7bb7dec63549fb60634c9387d354e1f98->doDisplay(Array, Array)\n#23 /home/sites/mscare/vendor/twig/twig/src/Template.php(420): Twig\\Template->displayWithErrorHandling(Array, Array)\n#24 /home/sites/mscare/vendor/twig/twig/src/Template.php(432): Twig\\Template->display(Array)\n#25 /home/sites/mscare/web/core/themes/engines/twig/twig.engine(64): Twig\\Template->render(Array)\n#26 /home/sites/mscare/web/core/lib/Drupal/Core/Theme/ThemeManager.php(384): twig_render_template(\'themes/contrib/...\', Array)\n#27 /home/sites/mscare/web/core/lib/Drupal/Core/Render/Renderer.php(431): Drupal\\Core\\Theme\\ThemeManager->render(\'block\', Array)\n#28 /home/sites/mscare/web/core/lib/Drupal/Core/Render/Renderer.php(444): Drupal\\Core\\Render\\Renderer->doRender(Array)\n#29 /home/sites/mscare/web/core/lib/Drupal/Core/Render/Renderer.php(200): Drupal\\Core\\Render\\Renderer->doRender(Array, false)\n#30 /home/sites/mscare/web/core/lib/Drupal/Core/Template/TwigExtension.php(501): Drupal\\Core\\Render\\Renderer->render(Array)\n#31 /home/sites/mscare/web/sites/default/files/php/twig/5f6e0c2bd4b69_page.html.twig_4ox8-P5MHIxgqBYbfb3a3CTbA/UI6bZuq9bixKzb1h8cxFO35UG2VAadSrwF3us40CmvU.php(681): Drupal\\Core\\Template\\TwigExtension->escapeFilter(Object(Drupal\\Core\\Template\\TwigEnvironment), Array, \'html\', NULL, true)\n#32 /home/sites/mscare/vendor/twig/twig/src/Template.php(453): __TwigTemplate_5e0df418b56ee94b19b45c345522aa482f0ec073a7057983d5cf5340a1d66973->doDisplay(Array, Array)\n#33 /home/sites/mscare/vendor/twig/twig/src/Template.php(420): Twig\\Template->displayWithErrorHandling(Array, Array)\n#34 /home/sites/mscare/vendor/twig/twig/src/Template.php(432): Twig\\Template->display(Array)\n#35 /home/sites/mscare/web/core/themes/engines/twig/twig.engine(64): Twig\\Template->render(Array)\n#36 /home/sites/mscare/web/core/lib/Drupal/Core/Theme/ThemeManager.php(384): twig_render_template(\'themes/contrib/...\', Array)\n#37 /home/sites/mscare/web/core/lib/Drupal/Core/Render/Renderer.php(431): Drupal\\Core\\Theme\\ThemeManager->render(\'page\', Array)\n#38 /home/sites/mscare/web/core/lib/Drupal/Core/Render/Renderer.php(200): Drupal\\Core\\Render\\Renderer->doRender(Array, false)\n#39 /home/sites/mscare/web/core/lib/Drupal/Core/Template/TwigExtension.php(501): Drupal\\Core\\Render\\Renderer->render(Array)\n#40 /home/sites/mscare/web/sites/default/files/php/twig/5f6e0c2bd4b69_html.html.twig_GESAq2dKb9BUD92Q77xHkU4bQ/yO_RLNh3wlPhH7Bcz9sWlMpb53PuVhNdX-rW0DikM_w.php(102): Drupal\\Core\\Template\\TwigExtension->escapeFilter(Object(Drupal\\Core\\Template\\TwigEnvironment), Array, \'html\', NULL, true)\n#41 /home/sites/mscare/vendor/twig/twig/src/Template.php(453): __TwigTemplate_df4712f18857557a4d3b981d2f5e5289601677673aff5b6804b5dea6df9da3c1->doDisplay(Array, Array)\n#42 /home/sites/mscare/vendor/twig/twig/src/Template.php(420): Twig\\Template->displayWithErrorHandling(Array, Array)\n#43 /home/sites/mscare/vendor/twig/twig/src/Template.php(432): Twig\\Template->display(Array)\n#44 /home/sites/mscare/web/core/themes/engines/twig/twig.engine(64): Twig\\Template->render(Array)\n#45 /home/sites/mscare/web/core/lib/Drupal/Core/Theme/ThemeManager.php(384): twig_render_template(\'core/themes/cla...\', Array)\n#46 /home/sites/mscare/web/core/lib/Drupal/Core/Render/Renderer.php(431): Drupal\\Core\\Theme\\ThemeManager->render(\'html\', Array)\n#47 /home/sites/mscare/web/core/lib/Drupal/Core/Render/Renderer.php(200): Drupal\\Core\\Render\\Renderer->doRender(Array, false)\n#48 /home/sites/mscare/web/core/lib/Drupal/Core/Render/MainContent/HtmlRenderer.php(147): Drupal\\Core\\Render\\Renderer->render(Array)\n#49 /home/sites/mscare/web/core/lib/Drupal/Core/Render/Renderer.php(573): Drupal\\Core\\Render\\MainContent\\HtmlRenderer->Drupal\\Core\\Render\\MainContent\\{closure}()\n#50 /home/sites/mscare/web/core/lib/Drupal/Core/Render/MainContent/HtmlRenderer.php(148): Drupal\\Core\\Render\\Renderer->executeInRenderContext(Object(Drupal\\Core\\Render\\RenderContext), Object(Closure))\n#51 /home/sites/mscare/web/core/lib/Drupal/Core/EventSubscriber/MainContentViewSubscriber.php(90): Drupal\\Core\\Render\\MainContent\\HtmlRenderer->renderResponse(Array, Object(Symfony\\Component\\HttpFoundation\\Request), Object(Drupal\\Core\\Routing\\CurrentRouteMatch))\n#52 [internal function]: Drupal\\Core\\EventSubscriber\\MainContentViewSubscriber->onViewRenderArray(Object(Symfony\\Component\\HttpKernel\\Event\\GetResponseForControllerResultEvent), \'kernel.view\', Object(Drupal\\Component\\EventDispatcher\\ContainerAwareEventDispatcher))\n#53 /home/sites/mscare/web/core/lib/Drupal/Component/EventDispatcher/ContainerAwareEventDispatcher.php(111): call_user_func(Array, Object(Symfony\\Component\\HttpKernel\\Event\\GetResponseForControllerResultEvent), \'kernel.view\', Object(Drupal\\Component\\EventDispatcher\\ContainerAwareEventDispatcher))\n#54 /home/sites/mscare/vendor/symfony/http-kernel/HttpKernel.php(156): Drupal\\Component\\EventDispatcher\\ContainerAwareEventDispatcher->dispatch(\'kernel.view\', Object(Symfony\\Component\\HttpKernel\\Event\\GetResponseForControllerResultEvent))\n#55 /home/sites/mscare/vendor/symfony/http-kernel/HttpKernel.php(68): Symfony\\Component\\HttpKernel\\HttpKernel->handleRaw(Object(Symfony\\Component\\HttpFoundation\\Request), 1)\n#56 /home/sites/mscare/web/core/lib/Drupal/Core/StackMiddleware/Session.php(57): Symfony\\Component\\HttpKernel\\HttpKernel->handle(Object(Symfony\\Component\\HttpFoundation\\Request), 1, true)\n#57 /home/sites/mscare/web/core/lib/Drupal/Core/StackMiddleware/KernelPreHandle.php(47): Drupal\\Core\\StackMiddleware\\Session->handle(Object(Symfony\\Component\\HttpFoundation\\Request), 1, true)\n#58 /home/sites/mscare/web/core/modules/page_cache/src/StackMiddleware/PageCache.php(106): Drupal\\Core\\StackMiddleware\\KernelPreHandle->handle(Object(Symfony\\Component\\HttpFoundation\\Request), 1, true)\n#59 /home/sites/mscare/web/core/modules/page_cache/src/StackMiddleware/PageCache.php(85): Drupal\\page_cache\\StackMiddleware\\PageCache->pass(Object(Symfony\\Component\\HttpFoundation\\Request), 1, true)\n#60 /home/sites/mscare/web/core/lib/Drupal/Core/StackMiddleware/ReverseProxyMiddleware.php(47): Drupal\\page_cache\\StackMiddleware\\PageCache->handle(Object(Symfony\\Component\\HttpFoundation\\Request), 1, true)\n#61 /home/sites/mscare/web/core/lib/Drupal/Core/StackMiddleware/NegotiationMiddleware.php(52): Drupal\\Core\\StackMiddleware\\ReverseProxyMiddleware->handle(Object(Symfony\\Component\\HttpFoundation\\Request), 1, true)\n#62 /home/sites/mscare/vendor/stack/builder/src/Stack/StackedHttpKernel.php(23): Drupal\\Core\\StackMiddleware\\NegotiationMiddleware->handle(Object(Symfony\\Component\\HttpFoundation\\Request), 1, true)\n#63 /home/sites/mscare/web/core/lib/Drupal/Core/DrupalKernel.php(708): Stack\\StackedHttpKernel->handle(Object(Symfony\\Component\\HttpFoundation\\Request), 1, true)\n#64 /home/sites/mscare/web/index.php(19): Drupal\\Core\\DrupalKernel->handle(Object(Symfony\\Component\\HttpFoundation\\Request))\n#65 {main}\";}',4,'','http://mscare.open.gr/node/594','http://mscare.open.gr/node/594','85.72.53.208',1601047633),(28925,1,'myformhandler','MyHandler got form data:','a:0:{}',4,'','http://mscare.open.gr/node/594','http://mscare.open.gr/node/594','85.72.53.208',1601047633),(28926,1,'webform','@title created.','a:2:{s:3:\"@id\";s:3:\"133\";s:6:\"@title\";s:37:\"MSCU – ECF – 2020: Submission #27\";}',5,'<a href=\"/admin/structure/webform/manage/email_reminder/submission/133/edit\" hreflang=\"en\">Edit</a>','http://mscare.open.gr/node/594','http://mscare.open.gr/node/594','85.72.53.208',1601047633),(28927,1,'php','%type: @message in %function (line %line of %file) @backtrace_string.','a:6:{s:5:\"%type\";s:6:\"Notice\";s:8:\"@message\";O:25:\"Drupal\\Core\\Render\\Markup\":1:{s:9:\"\0*\0string\";s:25:\"Undefined variable: aTmp1\";}s:9:\"%function\";s:74:\"Drupal\\ma_handlers\\Plugin\\WebformHandler\\MailReminderHandler->submitForm()\";s:5:\"%file\";s:99:\"/home/sites/mscare/web/modules/custom/ma_handlers/src/Plugin/WebformHandler/MailReminderHandler.php\";s:5:\"%line\";i:56;s:17:\"@backtrace_string\";s:10512:\"#0 /home/sites/mscare/web/core/includes/bootstrap.inc(600): _drupal_error_handler_real(8, \'Undefined varia...\', \'/home/sites/msc...\', 56, Array)\n#1 /home/sites/mscare/web/modules/custom/ma_handlers/src/Plugin/WebformHandler/MailReminderHandler.php(56): _drupal_error_handler(8, \'Undefined varia...\', \'/home/sites/msc...\', 56, Array)\n#2 /home/sites/mscare/web/modules/contrib/webform/src/Entity/Webform.php(2616): Drupal\\ma_handlers\\Plugin\\WebformHandler\\MailReminderHandler->submitForm(Array, Object(Drupal\\Core\\Form\\FormState), Object(Drupal\\webform\\Entity\\WebformSubmission))\n#3 /home/sites/mscare/web/modules/contrib/webform/src/WebformSubmissionForm.php(1843): Drupal\\webform\\Entity\\Webform->invokeHandlers(\'submitForm\', Array, Object(Drupal\\Core\\Form\\FormState), Object(Drupal\\webform\\Entity\\WebformSubmission))\n#4 [internal function]: Drupal\\webform\\WebformSubmissionForm->submitForm(Array, Object(Drupal\\Core\\Form\\FormState))\n#5 /home/sites/mscare/web/core/lib/Drupal/Core/Form/FormSubmitter.php(114): call_user_func_array(Array, Array)\n#6 /home/sites/mscare/web/core/lib/Drupal/Core/Form/FormSubmitter.php(52): Drupal\\Core\\Form\\FormSubmitter->executeSubmitHandlers(Array, Object(Drupal\\Core\\Form\\FormState))\n#7 /home/sites/mscare/web/core/lib/Drupal/Core/Form/FormBuilder.php(593): Drupal\\Core\\Form\\FormSubmitter->doSubmitForm(Array, Object(Drupal\\Core\\Form\\FormState))\n#8 /home/sites/mscare/web/core/lib/Drupal/Core/Form/FormBuilder.php(321): Drupal\\Core\\Form\\FormBuilder->processForm(\'webform_submiss...\', Array, Object(Drupal\\Core\\Form\\FormState))\n#9 /home/sites/mscare/web/core/lib/Drupal/Core/Entity/EntityFormBuilder.php(61): Drupal\\Core\\Form\\FormBuilder->buildForm(Object(Drupal\\webform\\WebformSubmissionForm), Object(Drupal\\Core\\Form\\FormState))\n#10 /home/sites/mscare/web/modules/contrib/webform/src/Entity/Webform.php(1193): Drupal\\Core\\Entity\\EntityFormBuilder->getForm(Object(Drupal\\webform\\Entity\\WebformSubmission), \'add\')\n#11 /home/sites/mscare/web/modules/contrib/webform/src/Element/Webform.php(78): Drupal\\webform\\Entity\\Webform->getSubmissionForm(Array)\n#12 [internal function]: Drupal\\webform\\Element\\Webform::preRenderWebformElement(Array)\n#13 /home/sites/mscare/web/core/lib/Drupal/Core/Security/DoTrustedCallbackTrait.php(100): call_user_func_array(Array, Array)\n#14 /home/sites/mscare/web/core/lib/Drupal/Core/Render/Renderer.php(781): Drupal\\Core\\Render\\Renderer->doTrustedCallback(Array, Array, \'Render #pre_ren...\', \'silenced_deprec...\', \'Drupal\\\\Core\\\\Ren...\')\n#15 /home/sites/mscare/web/core/lib/Drupal/Core/Render/Renderer.php(372): Drupal\\Core\\Render\\Renderer->doCallback(\'#pre_render\', Array, Array)\n#16 /home/sites/mscare/web/core/lib/Drupal/Core/Render/Renderer.php(200): Drupal\\Core\\Render\\Renderer->doRender(Array, false)\n#17 /home/sites/mscare/web/core/lib/Drupal/Core/Template/TwigExtension.php(501): Drupal\\Core\\Render\\Renderer->render(Array)\n#18 /home/sites/mscare/web/sites/default/files/php/twig/5f6e0cbfe7503_block.html.twig_Nk3ADGmD6577FPjExdzeXMxT4/s4OkAS9OsYALgn8NDKgddlgirPvJteaC7Fj88tFy_Es.php(101): Drupal\\Core\\Template\\TwigExtension->escapeFilter(Object(Drupal\\Core\\Template\\TwigEnvironment), Array, \'html\', NULL, true)\n#19 /home/sites/mscare/vendor/twig/twig/src/Template.php(214): __TwigTemplate_5091a0d8f0ef8b286c27524f1cf433c7bb7dec63549fb60634c9387d354e1f98->block_content(Array, Array)\n#20 /home/sites/mscare/web/sites/default/files/php/twig/5f6e0cbfe7503_block.html.twig_Nk3ADGmD6577FPjExdzeXMxT4/s4OkAS9OsYALgn8NDKgddlgirPvJteaC7Fj88tFy_Es.php(86): Twig\\Template->displayBlock(\'content\', Array, Array)\n#21 /home/sites/mscare/vendor/twig/twig/src/Template.php(453): __TwigTemplate_5091a0d8f0ef8b286c27524f1cf433c7bb7dec63549fb60634c9387d354e1f98->doDisplay(Array, Array)\n#22 /home/sites/mscare/vendor/twig/twig/src/Template.php(420): Twig\\Template->displayWithErrorHandling(Array, Array)\n#23 /home/sites/mscare/vendor/twig/twig/src/Template.php(432): Twig\\Template->display(Array)\n#24 /home/sites/mscare/web/core/themes/engines/twig/twig.engine(64): Twig\\Template->render(Array)\n#25 /home/sites/mscare/web/core/lib/Drupal/Core/Theme/ThemeManager.php(384): twig_render_template(\'themes/contrib/...\', Array)\n#26 /home/sites/mscare/web/core/lib/Drupal/Core/Render/Renderer.php(431): Drupal\\Core\\Theme\\ThemeManager->render(\'block\', Array)\n#27 /home/sites/mscare/web/core/lib/Drupal/Core/Render/Renderer.php(444): Drupal\\Core\\Render\\Renderer->doRender(Array)\n#28 /home/sites/mscare/web/core/lib/Drupal/Core/Render/Renderer.php(200): Drupal\\Core\\Render\\Renderer->doRender(Array, false)\n#29 /home/sites/mscare/web/core/lib/Drupal/Core/Template/TwigExtension.php(501): Drupal\\Core\\Render\\Renderer->render(Array)\n#30 /home/sites/mscare/web/sites/default/files/php/twig/5f6e0cbfe7503_page.html.twig_4ox8-P5MHIxgqBYbfb3a3CTbA/d2_Mry6N8CfJ47iq783agNKbJsthtzIuhfJhAWeTFsk.php(681): Drupal\\Core\\Template\\TwigExtension->escapeFilter(Object(Drupal\\Core\\Template\\TwigEnvironment), Array, \'html\', NULL, true)\n#31 /home/sites/mscare/vendor/twig/twig/src/Template.php(453): __TwigTemplate_5e0df418b56ee94b19b45c345522aa482f0ec073a7057983d5cf5340a1d66973->doDisplay(Array, Array)\n#32 /home/sites/mscare/vendor/twig/twig/src/Template.php(420): Twig\\Template->displayWithErrorHandling(Array, Array)\n#33 /home/sites/mscare/vendor/twig/twig/src/Template.php(432): Twig\\Template->display(Array)\n#34 /home/sites/mscare/web/core/themes/engines/twig/twig.engine(64): Twig\\Template->render(Array)\n#35 /home/sites/mscare/web/core/lib/Drupal/Core/Theme/ThemeManager.php(384): twig_render_template(\'themes/contrib/...\', Array)\n#36 /home/sites/mscare/web/core/lib/Drupal/Core/Render/Renderer.php(431): Drupal\\Core\\Theme\\ThemeManager->render(\'page\', Array)\n#37 /home/sites/mscare/web/core/lib/Drupal/Core/Render/Renderer.php(200): Drupal\\Core\\Render\\Renderer->doRender(Array, false)\n#38 /home/sites/mscare/web/core/lib/Drupal/Core/Template/TwigExtension.php(501): Drupal\\Core\\Render\\Renderer->render(Array)\n#39 /home/sites/mscare/web/sites/default/files/php/twig/5f6e0cbfe7503_html.html.twig_GESAq2dKb9BUD92Q77xHkU4bQ/bnUF_LBm9obBZzTQHHJu76jm-iYGiRztLxDaJ5HpnYY.php(102): Drupal\\Core\\Template\\TwigExtension->escapeFilter(Object(Drupal\\Core\\Template\\TwigEnvironment), Array, \'html\', NULL, true)\n#40 /home/sites/mscare/vendor/twig/twig/src/Template.php(453): __TwigTemplate_df4712f18857557a4d3b981d2f5e5289601677673aff5b6804b5dea6df9da3c1->doDisplay(Array, Array)\n#41 /home/sites/mscare/vendor/twig/twig/src/Template.php(420): Twig\\Template->displayWithErrorHandling(Array, Array)\n#42 /home/sites/mscare/vendor/twig/twig/src/Template.php(432): Twig\\Template->display(Array)\n#43 /home/sites/mscare/web/core/themes/engines/twig/twig.engine(64): Twig\\Template->render(Array)\n#44 /home/sites/mscare/web/core/lib/Drupal/Core/Theme/ThemeManager.php(384): twig_render_template(\'core/themes/cla...\', Array)\n#45 /home/sites/mscare/web/core/lib/Drupal/Core/Render/Renderer.php(431): Drupal\\Core\\Theme\\ThemeManager->render(\'html\', Array)\n#46 /home/sites/mscare/web/core/lib/Drupal/Core/Render/Renderer.php(200): Drupal\\Core\\Render\\Renderer->doRender(Array, false)\n#47 /home/sites/mscare/web/core/lib/Drupal/Core/Render/MainContent/HtmlRenderer.php(147): Drupal\\Core\\Render\\Renderer->render(Array)\n#48 /home/sites/mscare/web/core/lib/Drupal/Core/Render/Renderer.php(573): Drupal\\Core\\Render\\MainContent\\HtmlRenderer->Drupal\\Core\\Render\\MainContent\\{closure}()\n#49 /home/sites/mscare/web/core/lib/Drupal/Core/Render/MainContent/HtmlRenderer.php(148): Drupal\\Core\\Render\\Renderer->executeInRenderContext(Object(Drupal\\Core\\Render\\RenderContext), Object(Closure))\n#50 /home/sites/mscare/web/core/lib/Drupal/Core/EventSubscriber/MainContentViewSubscriber.php(90): Drupal\\Core\\Render\\MainContent\\HtmlRenderer->renderResponse(Array, Object(Symfony\\Component\\HttpFoundation\\Request), Object(Drupal\\Core\\Routing\\CurrentRouteMatch))\n#51 [internal function]: Drupal\\Core\\EventSubscriber\\MainContentViewSubscriber->onViewRenderArray(Object(Symfony\\Component\\HttpKernel\\Event\\GetResponseForControllerResultEvent), \'kernel.view\', Object(Drupal\\Component\\EventDispatcher\\ContainerAwareEventDispatcher))\n#52 /home/sites/mscare/web/core/lib/Drupal/Component/EventDispatcher/ContainerAwareEventDispatcher.php(111): call_user_func(Array, Object(Symfony\\Component\\HttpKernel\\Event\\GetResponseForControllerResultEvent), \'kernel.view\', Object(Drupal\\Component\\EventDispatcher\\ContainerAwareEventDispatcher))\n#53 /home/sites/mscare/vendor/symfony/http-kernel/HttpKernel.php(156): Drupal\\Component\\EventDispatcher\\ContainerAwareEventDispatcher->dispatch(\'kernel.view\', Object(Symfony\\Component\\HttpKernel\\Event\\GetResponseForControllerResultEvent))\n#54 /home/sites/mscare/vendor/symfony/http-kernel/HttpKernel.php(68): Symfony\\Component\\HttpKernel\\HttpKernel->handleRaw(Object(Symfony\\Component\\HttpFoundation\\Request), 1)\n#55 /home/sites/mscare/web/core/lib/Drupal/Core/StackMiddleware/Session.php(57): Symfony\\Component\\HttpKernel\\HttpKernel->handle(Object(Symfony\\Component\\HttpFoundation\\Request), 1, true)\n#56 /home/sites/mscare/web/core/lib/Drupal/Core/StackMiddleware/KernelPreHandle.php(47): Drupal\\Core\\StackMiddleware\\Session->handle(Object(Symfony\\Component\\HttpFoundation\\Request), 1, true)\n#57 /home/sites/mscare/web/core/modules/page_cache/src/StackMiddleware/PageCache.php(106): Drupal\\Core\\StackMiddleware\\KernelPreHandle->handle(Object(Symfony\\Component\\HttpFoundation\\Request), 1, true)\n#58 /home/sites/mscare/web/core/modules/page_cache/src/StackMiddleware/PageCache.php(85): Drupal\\page_cache\\StackMiddleware\\PageCache->pass(Object(Symfony\\Component\\HttpFoundation\\Request), 1, true)\n#59 /home/sites/mscare/web/core/lib/Drupal/Core/StackMiddleware/ReverseProxyMiddleware.php(47): Drupal\\page_cache\\StackMiddleware\\PageCache->handle(Object(Symfony\\Component\\HttpFoundation\\Request), 1, true)\n#60 /home/sites/mscare/web/core/lib/Drupal/Core/StackMiddleware/NegotiationMiddleware.php(52): Drupal\\Core\\StackMiddleware\\ReverseProxyMiddleware->handle(Object(Symfony\\Component\\HttpFoundation\\Request), 1, true)\n#61 /home/sites/mscare/vendor/stack/builder/src/Stack/StackedHttpKernel.php(23): Drupal\\Core\\StackMiddleware\\NegotiationMiddleware->handle(Object(Symfony\\Component\\HttpFoundation\\Request), 1, true)\n#62 /home/sites/mscare/web/core/lib/Drupal/Core/DrupalKernel.php(708): Stack\\StackedHttpKernel->handle(Object(Symfony\\Component\\HttpFoundation\\Request), 1, true)\n#63 /home/sites/mscare/web/index.php(19): Drupal\\Core\\DrupalKernel->handle(Object(Symfony\\Component\\HttpFoundation\\Request))\n#64 {main}\";}',5,'','http://mscare.open.gr/node/594','http://mscare.open.gr/node/594','85.72.53.208',1601047758),(28928,1,'php','%type: @message in %function (line %line of %file) @backtrace_string.','a:6:{s:5:\"%type\";s:7:\"Warning\";s:8:\"@message\";O:25:\"Drupal\\Core\\Render\\Markup\":1:{s:9:\"\0*\0string\";s:41:\"array_diff(): Argument #1 is not an array\";}s:9:\"%function\";s:74:\"Drupal\\ma_handlers\\Plugin\\WebformHandler\\MailReminderHandler->submitForm()\";s:5:\"%file\";s:99:\"/home/sites/mscare/web/modules/custom/ma_handlers/src/Plugin/WebformHandler/MailReminderHandler.php\";s:5:\"%line\";i:56;s:17:\"@backtrace_string\";s:10561:\"#0 /home/sites/mscare/web/core/includes/bootstrap.inc(600): _drupal_error_handler_real(2, \'array_diff(): A...\', \'/home/sites/msc...\', 56, Array)\n#1 [internal function]: _drupal_error_handler(2, \'array_diff(): A...\', \'/home/sites/msc...\', 56, Array)\n#2 /home/sites/mscare/web/modules/custom/ma_handlers/src/Plugin/WebformHandler/MailReminderHandler.php(56): array_diff(NULL, Array)\n#3 /home/sites/mscare/web/modules/contrib/webform/src/Entity/Webform.php(2616): Drupal\\ma_handlers\\Plugin\\WebformHandler\\MailReminderHandler->submitForm(Array, Object(Drupal\\Core\\Form\\FormState), Object(Drupal\\webform\\Entity\\WebformSubmission))\n#4 /home/sites/mscare/web/modules/contrib/webform/src/WebformSubmissionForm.php(1843): Drupal\\webform\\Entity\\Webform->invokeHandlers(\'submitForm\', Array, Object(Drupal\\Core\\Form\\FormState), Object(Drupal\\webform\\Entity\\WebformSubmission))\n#5 [internal function]: Drupal\\webform\\WebformSubmissionForm->submitForm(Array, Object(Drupal\\Core\\Form\\FormState))\n#6 /home/sites/mscare/web/core/lib/Drupal/Core/Form/FormSubmitter.php(114): call_user_func_array(Array, Array)\n#7 /home/sites/mscare/web/core/lib/Drupal/Core/Form/FormSubmitter.php(52): Drupal\\Core\\Form\\FormSubmitter->executeSubmitHandlers(Array, Object(Drupal\\Core\\Form\\FormState))\n#8 /home/sites/mscare/web/core/lib/Drupal/Core/Form/FormBuilder.php(593): Drupal\\Core\\Form\\FormSubmitter->doSubmitForm(Array, Object(Drupal\\Core\\Form\\FormState))\n#9 /home/sites/mscare/web/core/lib/Drupal/Core/Form/FormBuilder.php(321): Drupal\\Core\\Form\\FormBuilder->processForm(\'webform_submiss...\', Array, Object(Drupal\\Core\\Form\\FormState))\n#10 /home/sites/mscare/web/core/lib/Drupal/Core/Entity/EntityFormBuilder.php(61): Drupal\\Core\\Form\\FormBuilder->buildForm(Object(Drupal\\webform\\WebformSubmissionForm), Object(Drupal\\Core\\Form\\FormState))\n#11 /home/sites/mscare/web/modules/contrib/webform/src/Entity/Webform.php(1193): Drupal\\Core\\Entity\\EntityFormBuilder->getForm(Object(Drupal\\webform\\Entity\\WebformSubmission), \'add\')\n#12 /home/sites/mscare/web/modules/contrib/webform/src/Element/Webform.php(78): Drupal\\webform\\Entity\\Webform->getSubmissionForm(Array)\n#13 [internal function]: Drupal\\webform\\Element\\Webform::preRenderWebformElement(Array)\n#14 /home/sites/mscare/web/core/lib/Drupal/Core/Security/DoTrustedCallbackTrait.php(100): call_user_func_array(Array, Array)\n#15 /home/sites/mscare/web/core/lib/Drupal/Core/Render/Renderer.php(781): Drupal\\Core\\Render\\Renderer->doTrustedCallback(Array, Array, \'Render #pre_ren...\', \'silenced_deprec...\', \'Drupal\\\\Core\\\\Ren...\')\n#16 /home/sites/mscare/web/core/lib/Drupal/Core/Render/Renderer.php(372): Drupal\\Core\\Render\\Renderer->doCallback(\'#pre_render\', Array, Array)\n#17 /home/sites/mscare/web/core/lib/Drupal/Core/Render/Renderer.php(200): Drupal\\Core\\Render\\Renderer->doRender(Array, false)\n#18 /home/sites/mscare/web/core/lib/Drupal/Core/Template/TwigExtension.php(501): Drupal\\Core\\Render\\Renderer->render(Array)\n#19 /home/sites/mscare/web/sites/default/files/php/twig/5f6e0cbfe7503_block.html.twig_Nk3ADGmD6577FPjExdzeXMxT4/s4OkAS9OsYALgn8NDKgddlgirPvJteaC7Fj88tFy_Es.php(101): Drupal\\Core\\Template\\TwigExtension->escapeFilter(Object(Drupal\\Core\\Template\\TwigEnvironment), Array, \'html\', NULL, true)\n#20 /home/sites/mscare/vendor/twig/twig/src/Template.php(214): __TwigTemplate_5091a0d8f0ef8b286c27524f1cf433c7bb7dec63549fb60634c9387d354e1f98->block_content(Array, Array)\n#21 /home/sites/mscare/web/sites/default/files/php/twig/5f6e0cbfe7503_block.html.twig_Nk3ADGmD6577FPjExdzeXMxT4/s4OkAS9OsYALgn8NDKgddlgirPvJteaC7Fj88tFy_Es.php(86): Twig\\Template->displayBlock(\'content\', Array, Array)\n#22 /home/sites/mscare/vendor/twig/twig/src/Template.php(453): __TwigTemplate_5091a0d8f0ef8b286c27524f1cf433c7bb7dec63549fb60634c9387d354e1f98->doDisplay(Array, Array)\n#23 /home/sites/mscare/vendor/twig/twig/src/Template.php(420): Twig\\Template->displayWithErrorHandling(Array, Array)\n#24 /home/sites/mscare/vendor/twig/twig/src/Template.php(432): Twig\\Template->display(Array)\n#25 /home/sites/mscare/web/core/themes/engines/twig/twig.engine(64): Twig\\Template->render(Array)\n#26 /home/sites/mscare/web/core/lib/Drupal/Core/Theme/ThemeManager.php(384): twig_render_template(\'themes/contrib/...\', Array)\n#27 /home/sites/mscare/web/core/lib/Drupal/Core/Render/Renderer.php(431): Drupal\\Core\\Theme\\ThemeManager->render(\'block\', Array)\n#28 /home/sites/mscare/web/core/lib/Drupal/Core/Render/Renderer.php(444): Drupal\\Core\\Render\\Renderer->doRender(Array)\n#29 /home/sites/mscare/web/core/lib/Drupal/Core/Render/Renderer.php(200): Drupal\\Core\\Render\\Renderer->doRender(Array, false)\n#30 /home/sites/mscare/web/core/lib/Drupal/Core/Template/TwigExtension.php(501): Drupal\\Core\\Render\\Renderer->render(Array)\n#31 /home/sites/mscare/web/sites/default/files/php/twig/5f6e0cbfe7503_page.html.twig_4ox8-P5MHIxgqBYbfb3a3CTbA/d2_Mry6N8CfJ47iq783agNKbJsthtzIuhfJhAWeTFsk.php(681): Drupal\\Core\\Template\\TwigExtension->escapeFilter(Object(Drupal\\Core\\Template\\TwigEnvironment), Array, \'html\', NULL, true)\n#32 /home/sites/mscare/vendor/twig/twig/src/Template.php(453): __TwigTemplate_5e0df418b56ee94b19b45c345522aa482f0ec073a7057983d5cf5340a1d66973->doDisplay(Array, Array)\n#33 /home/sites/mscare/vendor/twig/twig/src/Template.php(420): Twig\\Template->displayWithErrorHandling(Array, Array)\n#34 /home/sites/mscare/vendor/twig/twig/src/Template.php(432): Twig\\Template->display(Array)\n#35 /home/sites/mscare/web/core/themes/engines/twig/twig.engine(64): Twig\\Template->render(Array)\n#36 /home/sites/mscare/web/core/lib/Drupal/Core/Theme/ThemeManager.php(384): twig_render_template(\'themes/contrib/...\', Array)\n#37 /home/sites/mscare/web/core/lib/Drupal/Core/Render/Renderer.php(431): Drupal\\Core\\Theme\\ThemeManager->render(\'page\', Array)\n#38 /home/sites/mscare/web/core/lib/Drupal/Core/Render/Renderer.php(200): Drupal\\Core\\Render\\Renderer->doRender(Array, false)\n#39 /home/sites/mscare/web/core/lib/Drupal/Core/Template/TwigExtension.php(501): Drupal\\Core\\Render\\Renderer->render(Array)\n#40 /home/sites/mscare/web/sites/default/files/php/twig/5f6e0cbfe7503_html.html.twig_GESAq2dKb9BUD92Q77xHkU4bQ/bnUF_LBm9obBZzTQHHJu76jm-iYGiRztLxDaJ5HpnYY.php(102): Drupal\\Core\\Template\\TwigExtension->escapeFilter(Object(Drupal\\Core\\Template\\TwigEnvironment), Array, \'html\', NULL, true)\n#41 /home/sites/mscare/vendor/twig/twig/src/Template.php(453): __TwigTemplate_df4712f18857557a4d3b981d2f5e5289601677673aff5b6804b5dea6df9da3c1->doDisplay(Array, Array)\n#42 /home/sites/mscare/vendor/twig/twig/src/Template.php(420): Twig\\Template->displayWithErrorHandling(Array, Array)\n#43 /home/sites/mscare/vendor/twig/twig/src/Template.php(432): Twig\\Template->display(Array)\n#44 /home/sites/mscare/web/core/themes/engines/twig/twig.engine(64): Twig\\Template->render(Array)\n#45 /home/sites/mscare/web/core/lib/Drupal/Core/Theme/ThemeManager.php(384): twig_render_template(\'core/themes/cla...\', Array)\n#46 /home/sites/mscare/web/core/lib/Drupal/Core/Render/Renderer.php(431): Drupal\\Core\\Theme\\ThemeManager->render(\'html\', Array)\n#47 /home/sites/mscare/web/core/lib/Drupal/Core/Render/Renderer.php(200): Drupal\\Core\\Render\\Renderer->doRender(Array, false)\n#48 /home/sites/mscare/web/core/lib/Drupal/Core/Render/MainContent/HtmlRenderer.php(147): Drupal\\Core\\Render\\Renderer->render(Array)\n#49 /home/sites/mscare/web/core/lib/Drupal/Core/Render/Renderer.php(573): Drupal\\Core\\Render\\MainContent\\HtmlRenderer->Drupal\\Core\\Render\\MainContent\\{closure}()\n#50 /home/sites/mscare/web/core/lib/Drupal/Core/Render/MainContent/HtmlRenderer.php(148): Drupal\\Core\\Render\\Renderer->executeInRenderContext(Object(Drupal\\Core\\Render\\RenderContext), Object(Closure))\n#51 /home/sites/mscare/web/core/lib/Drupal/Core/EventSubscriber/MainContentViewSubscriber.php(90): Drupal\\Core\\Render\\MainContent\\HtmlRenderer->renderResponse(Array, Object(Symfony\\Component\\HttpFoundation\\Request), Object(Drupal\\Core\\Routing\\CurrentRouteMatch))\n#52 [internal function]: Drupal\\Core\\EventSubscriber\\MainContentViewSubscriber->onViewRenderArray(Object(Symfony\\Component\\HttpKernel\\Event\\GetResponseForControllerResultEvent), \'kernel.view\', Object(Drupal\\Component\\EventDispatcher\\ContainerAwareEventDispatcher))\n#53 /home/sites/mscare/web/core/lib/Drupal/Component/EventDispatcher/ContainerAwareEventDispatcher.php(111): call_user_func(Array, Object(Symfony\\Component\\HttpKernel\\Event\\GetResponseForControllerResultEvent), \'kernel.view\', Object(Drupal\\Component\\EventDispatcher\\ContainerAwareEventDispatcher))\n#54 /home/sites/mscare/vendor/symfony/http-kernel/HttpKernel.php(156): Drupal\\Component\\EventDispatcher\\ContainerAwareEventDispatcher->dispatch(\'kernel.view\', Object(Symfony\\Component\\HttpKernel\\Event\\GetResponseForControllerResultEvent))\n#55 /home/sites/mscare/vendor/symfony/http-kernel/HttpKernel.php(68): Symfony\\Component\\HttpKernel\\HttpKernel->handleRaw(Object(Symfony\\Component\\HttpFoundation\\Request), 1)\n#56 /home/sites/mscare/web/core/lib/Drupal/Core/StackMiddleware/Session.php(57): Symfony\\Component\\HttpKernel\\HttpKernel->handle(Object(Symfony\\Component\\HttpFoundation\\Request), 1, true)\n#57 /home/sites/mscare/web/core/lib/Drupal/Core/StackMiddleware/KernelPreHandle.php(47): Drupal\\Core\\StackMiddleware\\Session->handle(Object(Symfony\\Component\\HttpFoundation\\Request), 1, true)\n#58 /home/sites/mscare/web/core/modules/page_cache/src/StackMiddleware/PageCache.php(106): Drupal\\Core\\StackMiddleware\\KernelPreHandle->handle(Object(Symfony\\Component\\HttpFoundation\\Request), 1, true)\n#59 /home/sites/mscare/web/core/modules/page_cache/src/StackMiddleware/PageCache.php(85): Drupal\\page_cache\\StackMiddleware\\PageCache->pass(Object(Symfony\\Component\\HttpFoundation\\Request), 1, true)\n#60 /home/sites/mscare/web/core/lib/Drupal/Core/StackMiddleware/ReverseProxyMiddleware.php(47): Drupal\\page_cache\\StackMiddleware\\PageCache->handle(Object(Symfony\\Component\\HttpFoundation\\Request), 1, true)\n#61 /home/sites/mscare/web/core/lib/Drupal/Core/StackMiddleware/NegotiationMiddleware.php(52): Drupal\\Core\\StackMiddleware\\ReverseProxyMiddleware->handle(Object(Symfony\\Component\\HttpFoundation\\Request), 1, true)\n#62 /home/sites/mscare/vendor/stack/builder/src/Stack/StackedHttpKernel.php(23): Drupal\\Core\\StackMiddleware\\NegotiationMiddleware->handle(Object(Symfony\\Component\\HttpFoundation\\Request), 1, true)\n#63 /home/sites/mscare/web/core/lib/Drupal/Core/DrupalKernel.php(708): Stack\\StackedHttpKernel->handle(Object(Symfony\\Component\\HttpFoundation\\Request), 1, true)\n#64 /home/sites/mscare/web/index.php(19): Drupal\\Core\\DrupalKernel->handle(Object(Symfony\\Component\\HttpFoundation\\Request))\n#65 {main}\";}',4,'','http://mscare.open.gr/node/594','http://mscare.open.gr/node/594','85.72.53.208',1601047758),(28929,1,'php','%type: @message in %function (line %line of %file) @backtrace_string.','a:6:{s:5:\"%type\";s:7:\"Warning\";s:8:\"@message\";O:25:\"Drupal\\Core\\Render\\Markup\":1:{s:9:\"\0*\0string\";s:59:\"json_decode() expects parameter 1 to be string, array given\";}s:9:\"%function\";s:74:\"Drupal\\ma_handlers\\Plugin\\WebformHandler\\MailReminderHandler->submitForm()\";s:5:\"%file\";s:99:\"/home/sites/mscare/web/modules/custom/ma_handlers/src/Plugin/WebformHandler/MailReminderHandler.php\";s:5:\"%line\";i:66;s:17:\"@backtrace_string\";s:10556:\"#0 /home/sites/mscare/web/core/includes/bootstrap.inc(600): _drupal_error_handler_real(2, \'json_decode() e...\', \'/home/sites/msc...\', 66, Array)\n#1 [internal function]: _drupal_error_handler(2, \'json_decode() e...\', \'/home/sites/msc...\', 66, Array)\n#2 /home/sites/mscare/web/modules/custom/ma_handlers/src/Plugin/WebformHandler/MailReminderHandler.php(66): json_decode(Array)\n#3 /home/sites/mscare/web/modules/contrib/webform/src/Entity/Webform.php(2616): Drupal\\ma_handlers\\Plugin\\WebformHandler\\MailReminderHandler->submitForm(Array, Object(Drupal\\Core\\Form\\FormState), Object(Drupal\\webform\\Entity\\WebformSubmission))\n#4 /home/sites/mscare/web/modules/contrib/webform/src/WebformSubmissionForm.php(1843): Drupal\\webform\\Entity\\Webform->invokeHandlers(\'submitForm\', Array, Object(Drupal\\Core\\Form\\FormState), Object(Drupal\\webform\\Entity\\WebformSubmission))\n#5 [internal function]: Drupal\\webform\\WebformSubmissionForm->submitForm(Array, Object(Drupal\\Core\\Form\\FormState))\n#6 /home/sites/mscare/web/core/lib/Drupal/Core/Form/FormSubmitter.php(114): call_user_func_array(Array, Array)\n#7 /home/sites/mscare/web/core/lib/Drupal/Core/Form/FormSubmitter.php(52): Drupal\\Core\\Form\\FormSubmitter->executeSubmitHandlers(Array, Object(Drupal\\Core\\Form\\FormState))\n#8 /home/sites/mscare/web/core/lib/Drupal/Core/Form/FormBuilder.php(593): Drupal\\Core\\Form\\FormSubmitter->doSubmitForm(Array, Object(Drupal\\Core\\Form\\FormState))\n#9 /home/sites/mscare/web/core/lib/Drupal/Core/Form/FormBuilder.php(321): Drupal\\Core\\Form\\FormBuilder->processForm(\'webform_submiss...\', Array, Object(Drupal\\Core\\Form\\FormState))\n#10 /home/sites/mscare/web/core/lib/Drupal/Core/Entity/EntityFormBuilder.php(61): Drupal\\Core\\Form\\FormBuilder->buildForm(Object(Drupal\\webform\\WebformSubmissionForm), Object(Drupal\\Core\\Form\\FormState))\n#11 /home/sites/mscare/web/modules/contrib/webform/src/Entity/Webform.php(1193): Drupal\\Core\\Entity\\EntityFormBuilder->getForm(Object(Drupal\\webform\\Entity\\WebformSubmission), \'add\')\n#12 /home/sites/mscare/web/modules/contrib/webform/src/Element/Webform.php(78): Drupal\\webform\\Entity\\Webform->getSubmissionForm(Array)\n#13 [internal function]: Drupal\\webform\\Element\\Webform::preRenderWebformElement(Array)\n#14 /home/sites/mscare/web/core/lib/Drupal/Core/Security/DoTrustedCallbackTrait.php(100): call_user_func_array(Array, Array)\n#15 /home/sites/mscare/web/core/lib/Drupal/Core/Render/Renderer.php(781): Drupal\\Core\\Render\\Renderer->doTrustedCallback(Array, Array, \'Render #pre_ren...\', \'silenced_deprec...\', \'Drupal\\\\Core\\\\Ren...\')\n#16 /home/sites/mscare/web/core/lib/Drupal/Core/Render/Renderer.php(372): Drupal\\Core\\Render\\Renderer->doCallback(\'#pre_render\', Array, Array)\n#17 /home/sites/mscare/web/core/lib/Drupal/Core/Render/Renderer.php(200): Drupal\\Core\\Render\\Renderer->doRender(Array, false)\n#18 /home/sites/mscare/web/core/lib/Drupal/Core/Template/TwigExtension.php(501): Drupal\\Core\\Render\\Renderer->render(Array)\n#19 /home/sites/mscare/web/sites/default/files/php/twig/5f6e0cbfe7503_block.html.twig_Nk3ADGmD6577FPjExdzeXMxT4/s4OkAS9OsYALgn8NDKgddlgirPvJteaC7Fj88tFy_Es.php(101): Drupal\\Core\\Template\\TwigExtension->escapeFilter(Object(Drupal\\Core\\Template\\TwigEnvironment), Array, \'html\', NULL, true)\n#20 /home/sites/mscare/vendor/twig/twig/src/Template.php(214): __TwigTemplate_5091a0d8f0ef8b286c27524f1cf433c7bb7dec63549fb60634c9387d354e1f98->block_content(Array, Array)\n#21 /home/sites/mscare/web/sites/default/files/php/twig/5f6e0cbfe7503_block.html.twig_Nk3ADGmD6577FPjExdzeXMxT4/s4OkAS9OsYALgn8NDKgddlgirPvJteaC7Fj88tFy_Es.php(86): Twig\\Template->displayBlock(\'content\', Array, Array)\n#22 /home/sites/mscare/vendor/twig/twig/src/Template.php(453): __TwigTemplate_5091a0d8f0ef8b286c27524f1cf433c7bb7dec63549fb60634c9387d354e1f98->doDisplay(Array, Array)\n#23 /home/sites/mscare/vendor/twig/twig/src/Template.php(420): Twig\\Template->displayWithErrorHandling(Array, Array)\n#24 /home/sites/mscare/vendor/twig/twig/src/Template.php(432): Twig\\Template->display(Array)\n#25 /home/sites/mscare/web/core/themes/engines/twig/twig.engine(64): Twig\\Template->render(Array)\n#26 /home/sites/mscare/web/core/lib/Drupal/Core/Theme/ThemeManager.php(384): twig_render_template(\'themes/contrib/...\', Array)\n#27 /home/sites/mscare/web/core/lib/Drupal/Core/Render/Renderer.php(431): Drupal\\Core\\Theme\\ThemeManager->render(\'block\', Array)\n#28 /home/sites/mscare/web/core/lib/Drupal/Core/Render/Renderer.php(444): Drupal\\Core\\Render\\Renderer->doRender(Array)\n#29 /home/sites/mscare/web/core/lib/Drupal/Core/Render/Renderer.php(200): Drupal\\Core\\Render\\Renderer->doRender(Array, false)\n#30 /home/sites/mscare/web/core/lib/Drupal/Core/Template/TwigExtension.php(501): Drupal\\Core\\Render\\Renderer->render(Array)\n#31 /home/sites/mscare/web/sites/default/files/php/twig/5f6e0cbfe7503_page.html.twig_4ox8-P5MHIxgqBYbfb3a3CTbA/d2_Mry6N8CfJ47iq783agNKbJsthtzIuhfJhAWeTFsk.php(681): Drupal\\Core\\Template\\TwigExtension->escapeFilter(Object(Drupal\\Core\\Template\\TwigEnvironment), Array, \'html\', NULL, true)\n#32 /home/sites/mscare/vendor/twig/twig/src/Template.php(453): __TwigTemplate_5e0df418b56ee94b19b45c345522aa482f0ec073a7057983d5cf5340a1d66973->doDisplay(Array, Array)\n#33 /home/sites/mscare/vendor/twig/twig/src/Template.php(420): Twig\\Template->displayWithErrorHandling(Array, Array)\n#34 /home/sites/mscare/vendor/twig/twig/src/Template.php(432): Twig\\Template->display(Array)\n#35 /home/sites/mscare/web/core/themes/engines/twig/twig.engine(64): Twig\\Template->render(Array)\n#36 /home/sites/mscare/web/core/lib/Drupal/Core/Theme/ThemeManager.php(384): twig_render_template(\'themes/contrib/...\', Array)\n#37 /home/sites/mscare/web/core/lib/Drupal/Core/Render/Renderer.php(431): Drupal\\Core\\Theme\\ThemeManager->render(\'page\', Array)\n#38 /home/sites/mscare/web/core/lib/Drupal/Core/Render/Renderer.php(200): Drupal\\Core\\Render\\Renderer->doRender(Array, false)\n#39 /home/sites/mscare/web/core/lib/Drupal/Core/Template/TwigExtension.php(501): Drupal\\Core\\Render\\Renderer->render(Array)\n#40 /home/sites/mscare/web/sites/default/files/php/twig/5f6e0cbfe7503_html.html.twig_GESAq2dKb9BUD92Q77xHkU4bQ/bnUF_LBm9obBZzTQHHJu76jm-iYGiRztLxDaJ5HpnYY.php(102): Drupal\\Core\\Template\\TwigExtension->escapeFilter(Object(Drupal\\Core\\Template\\TwigEnvironment), Array, \'html\', NULL, true)\n#41 /home/sites/mscare/vendor/twig/twig/src/Template.php(453): __TwigTemplate_df4712f18857557a4d3b981d2f5e5289601677673aff5b6804b5dea6df9da3c1->doDisplay(Array, Array)\n#42 /home/sites/mscare/vendor/twig/twig/src/Template.php(420): Twig\\Template->displayWithErrorHandling(Array, Array)\n#43 /home/sites/mscare/vendor/twig/twig/src/Template.php(432): Twig\\Template->display(Array)\n#44 /home/sites/mscare/web/core/themes/engines/twig/twig.engine(64): Twig\\Template->render(Array)\n#45 /home/sites/mscare/web/core/lib/Drupal/Core/Theme/ThemeManager.php(384): twig_render_template(\'core/themes/cla...\', Array)\n#46 /home/sites/mscare/web/core/lib/Drupal/Core/Render/Renderer.php(431): Drupal\\Core\\Theme\\ThemeManager->render(\'html\', Array)\n#47 /home/sites/mscare/web/core/lib/Drupal/Core/Render/Renderer.php(200): Drupal\\Core\\Render\\Renderer->doRender(Array, false)\n#48 /home/sites/mscare/web/core/lib/Drupal/Core/Render/MainContent/HtmlRenderer.php(147): Drupal\\Core\\Render\\Renderer->render(Array)\n#49 /home/sites/mscare/web/core/lib/Drupal/Core/Render/Renderer.php(573): Drupal\\Core\\Render\\MainContent\\HtmlRenderer->Drupal\\Core\\Render\\MainContent\\{closure}()\n#50 /home/sites/mscare/web/core/lib/Drupal/Core/Render/MainContent/HtmlRenderer.php(148): Drupal\\Core\\Render\\Renderer->executeInRenderContext(Object(Drupal\\Core\\Render\\RenderContext), Object(Closure))\n#51 /home/sites/mscare/web/core/lib/Drupal/Core/EventSubscriber/MainContentViewSubscriber.php(90): Drupal\\Core\\Render\\MainContent\\HtmlRenderer->renderResponse(Array, Object(Symfony\\Component\\HttpFoundation\\Request), Object(Drupal\\Core\\Routing\\CurrentRouteMatch))\n#52 [internal function]: Drupal\\Core\\EventSubscriber\\MainContentViewSubscriber->onViewRenderArray(Object(Symfony\\Component\\HttpKernel\\Event\\GetResponseForControllerResultEvent), \'kernel.view\', Object(Drupal\\Component\\EventDispatcher\\ContainerAwareEventDispatcher))\n#53 /home/sites/mscare/web/core/lib/Drupal/Component/EventDispatcher/ContainerAwareEventDispatcher.php(111): call_user_func(Array, Object(Symfony\\Component\\HttpKernel\\Event\\GetResponseForControllerResultEvent), \'kernel.view\', Object(Drupal\\Component\\EventDispatcher\\ContainerAwareEventDispatcher))\n#54 /home/sites/mscare/vendor/symfony/http-kernel/HttpKernel.php(156): Drupal\\Component\\EventDispatcher\\ContainerAwareEventDispatcher->dispatch(\'kernel.view\', Object(Symfony\\Component\\HttpKernel\\Event\\GetResponseForControllerResultEvent))\n#55 /home/sites/mscare/vendor/symfony/http-kernel/HttpKernel.php(68): Symfony\\Component\\HttpKernel\\HttpKernel->handleRaw(Object(Symfony\\Component\\HttpFoundation\\Request), 1)\n#56 /home/sites/mscare/web/core/lib/Drupal/Core/StackMiddleware/Session.php(57): Symfony\\Component\\HttpKernel\\HttpKernel->handle(Object(Symfony\\Component\\HttpFoundation\\Request), 1, true)\n#57 /home/sites/mscare/web/core/lib/Drupal/Core/StackMiddleware/KernelPreHandle.php(47): Drupal\\Core\\StackMiddleware\\Session->handle(Object(Symfony\\Component\\HttpFoundation\\Request), 1, true)\n#58 /home/sites/mscare/web/core/modules/page_cache/src/StackMiddleware/PageCache.php(106): Drupal\\Core\\StackMiddleware\\KernelPreHandle->handle(Object(Symfony\\Component\\HttpFoundation\\Request), 1, true)\n#59 /home/sites/mscare/web/core/modules/page_cache/src/StackMiddleware/PageCache.php(85): Drupal\\page_cache\\StackMiddleware\\PageCache->pass(Object(Symfony\\Component\\HttpFoundation\\Request), 1, true)\n#60 /home/sites/mscare/web/core/lib/Drupal/Core/StackMiddleware/ReverseProxyMiddleware.php(47): Drupal\\page_cache\\StackMiddleware\\PageCache->handle(Object(Symfony\\Component\\HttpFoundation\\Request), 1, true)\n#61 /home/sites/mscare/web/core/lib/Drupal/Core/StackMiddleware/NegotiationMiddleware.php(52): Drupal\\Core\\StackMiddleware\\ReverseProxyMiddleware->handle(Object(Symfony\\Component\\HttpFoundation\\Request), 1, true)\n#62 /home/sites/mscare/vendor/stack/builder/src/Stack/StackedHttpKernel.php(23): Drupal\\Core\\StackMiddleware\\NegotiationMiddleware->handle(Object(Symfony\\Component\\HttpFoundation\\Request), 1, true)\n#63 /home/sites/mscare/web/core/lib/Drupal/Core/DrupalKernel.php(708): Stack\\StackedHttpKernel->handle(Object(Symfony\\Component\\HttpFoundation\\Request), 1, true)\n#64 /home/sites/mscare/web/index.php(19): Drupal\\Core\\DrupalKernel->handle(Object(Symfony\\Component\\HttpFoundation\\Request))\n#65 {main}\";}',4,'','http://mscare.open.gr/node/594','http://mscare.open.gr/node/594','85.72.53.208',1601047758),(28930,1,'myformhandler','MyHandler got form data:','a:0:{}',4,'','http://mscare.open.gr/node/594','http://mscare.open.gr/node/594','85.72.53.208',1601047758),(28931,1,'webform','@title created.','a:2:{s:3:\"@id\";s:3:\"134\";s:6:\"@title\";s:37:\"MSCU – ECF – 2020: Submission #28\";}',5,'<a href=\"/admin/structure/webform/manage/email_reminder/submission/134/edit\" hreflang=\"en\">Edit</a>','http://mscare.open.gr/node/594','http://mscare.open.gr/node/594','85.72.53.208',1601047758),(28932,1,'php','%type: @message in %function (line %line of %file) @backtrace_string.','a:6:{s:5:\"%type\";s:6:\"Notice\";s:8:\"@message\";O:25:\"Drupal\\Core\\Render\\Markup\":1:{s:9:\"\0*\0string\";s:25:\"Undefined variable: aTmp1\";}s:9:\"%function\";s:74:\"Drupal\\ma_handlers\\Plugin\\WebformHandler\\MailReminderHandler->submitForm()\";s:5:\"%file\";s:99:\"/home/sites/mscare/web/modules/custom/ma_handlers/src/Plugin/WebformHandler/MailReminderHandler.php\";s:5:\"%line\";i:56;s:17:\"@backtrace_string\";s:10512:\"#0 /home/sites/mscare/web/core/includes/bootstrap.inc(600): _drupal_error_handler_real(8, \'Undefined varia...\', \'/home/sites/msc...\', 56, Array)\n#1 /home/sites/mscare/web/modules/custom/ma_handlers/src/Plugin/WebformHandler/MailReminderHandler.php(56): _drupal_error_handler(8, \'Undefined varia...\', \'/home/sites/msc...\', 56, Array)\n#2 /home/sites/mscare/web/modules/contrib/webform/src/Entity/Webform.php(2616): Drupal\\ma_handlers\\Plugin\\WebformHandler\\MailReminderHandler->submitForm(Array, Object(Drupal\\Core\\Form\\FormState), Object(Drupal\\webform\\Entity\\WebformSubmission))\n#3 /home/sites/mscare/web/modules/contrib/webform/src/WebformSubmissionForm.php(1843): Drupal\\webform\\Entity\\Webform->invokeHandlers(\'submitForm\', Array, Object(Drupal\\Core\\Form\\FormState), Object(Drupal\\webform\\Entity\\WebformSubmission))\n#4 [internal function]: Drupal\\webform\\WebformSubmissionForm->submitForm(Array, Object(Drupal\\Core\\Form\\FormState))\n#5 /home/sites/mscare/web/core/lib/Drupal/Core/Form/FormSubmitter.php(114): call_user_func_array(Array, Array)\n#6 /home/sites/mscare/web/core/lib/Drupal/Core/Form/FormSubmitter.php(52): Drupal\\Core\\Form\\FormSubmitter->executeSubmitHandlers(Array, Object(Drupal\\Core\\Form\\FormState))\n#7 /home/sites/mscare/web/core/lib/Drupal/Core/Form/FormBuilder.php(593): Drupal\\Core\\Form\\FormSubmitter->doSubmitForm(Array, Object(Drupal\\Core\\Form\\FormState))\n#8 /home/sites/mscare/web/core/lib/Drupal/Core/Form/FormBuilder.php(321): Drupal\\Core\\Form\\FormBuilder->processForm(\'webform_submiss...\', Array, Object(Drupal\\Core\\Form\\FormState))\n#9 /home/sites/mscare/web/core/lib/Drupal/Core/Entity/EntityFormBuilder.php(61): Drupal\\Core\\Form\\FormBuilder->buildForm(Object(Drupal\\webform\\WebformSubmissionForm), Object(Drupal\\Core\\Form\\FormState))\n#10 /home/sites/mscare/web/modules/contrib/webform/src/Entity/Webform.php(1193): Drupal\\Core\\Entity\\EntityFormBuilder->getForm(Object(Drupal\\webform\\Entity\\WebformSubmission), \'add\')\n#11 /home/sites/mscare/web/modules/contrib/webform/src/Element/Webform.php(78): Drupal\\webform\\Entity\\Webform->getSubmissionForm(Array)\n#12 [internal function]: Drupal\\webform\\Element\\Webform::preRenderWebformElement(Array)\n#13 /home/sites/mscare/web/core/lib/Drupal/Core/Security/DoTrustedCallbackTrait.php(100): call_user_func_array(Array, Array)\n#14 /home/sites/mscare/web/core/lib/Drupal/Core/Render/Renderer.php(781): Drupal\\Core\\Render\\Renderer->doTrustedCallback(Array, Array, \'Render #pre_ren...\', \'silenced_deprec...\', \'Drupal\\\\Core\\\\Ren...\')\n#15 /home/sites/mscare/web/core/lib/Drupal/Core/Render/Renderer.php(372): Drupal\\Core\\Render\\Renderer->doCallback(\'#pre_render\', Array, Array)\n#16 /home/sites/mscare/web/core/lib/Drupal/Core/Render/Renderer.php(200): Drupal\\Core\\Render\\Renderer->doRender(Array, false)\n#17 /home/sites/mscare/web/core/lib/Drupal/Core/Template/TwigExtension.php(501): Drupal\\Core\\Render\\Renderer->render(Array)\n#18 /home/sites/mscare/web/sites/default/files/php/twig/5f6e0d6bf36e9_block.html.twig_Nk3ADGmD6577FPjExdzeXMxT4/ehmpHY8ITRKdr8y1A-1kwX0NzwvdQu9V1-hTRdDN_Gc.php(101): Drupal\\Core\\Template\\TwigExtension->escapeFilter(Object(Drupal\\Core\\Template\\TwigEnvironment), Array, \'html\', NULL, true)\n#19 /home/sites/mscare/vendor/twig/twig/src/Template.php(214): __TwigTemplate_5091a0d8f0ef8b286c27524f1cf433c7bb7dec63549fb60634c9387d354e1f98->block_content(Array, Array)\n#20 /home/sites/mscare/web/sites/default/files/php/twig/5f6e0d6bf36e9_block.html.twig_Nk3ADGmD6577FPjExdzeXMxT4/ehmpHY8ITRKdr8y1A-1kwX0NzwvdQu9V1-hTRdDN_Gc.php(86): Twig\\Template->displayBlock(\'content\', Array, Array)\n#21 /home/sites/mscare/vendor/twig/twig/src/Template.php(453): __TwigTemplate_5091a0d8f0ef8b286c27524f1cf433c7bb7dec63549fb60634c9387d354e1f98->doDisplay(Array, Array)\n#22 /home/sites/mscare/vendor/twig/twig/src/Template.php(420): Twig\\Template->displayWithErrorHandling(Array, Array)\n#23 /home/sites/mscare/vendor/twig/twig/src/Template.php(432): Twig\\Template->display(Array)\n#24 /home/sites/mscare/web/core/themes/engines/twig/twig.engine(64): Twig\\Template->render(Array)\n#25 /home/sites/mscare/web/core/lib/Drupal/Core/Theme/ThemeManager.php(384): twig_render_template(\'themes/contrib/...\', Array)\n#26 /home/sites/mscare/web/core/lib/Drupal/Core/Render/Renderer.php(431): Drupal\\Core\\Theme\\ThemeManager->render(\'block\', Array)\n#27 /home/sites/mscare/web/core/lib/Drupal/Core/Render/Renderer.php(444): Drupal\\Core\\Render\\Renderer->doRender(Array)\n#28 /home/sites/mscare/web/core/lib/Drupal/Core/Render/Renderer.php(200): Drupal\\Core\\Render\\Renderer->doRender(Array, false)\n#29 /home/sites/mscare/web/core/lib/Drupal/Core/Template/TwigExtension.php(501): Drupal\\Core\\Render\\Renderer->render(Array)\n#30 /home/sites/mscare/web/sites/default/files/php/twig/5f6e0d6bf36e9_page.html.twig_4ox8-P5MHIxgqBYbfb3a3CTbA/9oC30PaCNVHlov8ZHqJg2wAlSn5P7__d20vLc9JRDOU.php(681): Drupal\\Core\\Template\\TwigExtension->escapeFilter(Object(Drupal\\Core\\Template\\TwigEnvironment), Array, \'html\', NULL, true)\n#31 /home/sites/mscare/vendor/twig/twig/src/Template.php(453): __TwigTemplate_5e0df418b56ee94b19b45c345522aa482f0ec073a7057983d5cf5340a1d66973->doDisplay(Array, Array)\n#32 /home/sites/mscare/vendor/twig/twig/src/Template.php(420): Twig\\Template->displayWithErrorHandling(Array, Array)\n#33 /home/sites/mscare/vendor/twig/twig/src/Template.php(432): Twig\\Template->display(Array)\n#34 /home/sites/mscare/web/core/themes/engines/twig/twig.engine(64): Twig\\Template->render(Array)\n#35 /home/sites/mscare/web/core/lib/Drupal/Core/Theme/ThemeManager.php(384): twig_render_template(\'themes/contrib/...\', Array)\n#36 /home/sites/mscare/web/core/lib/Drupal/Core/Render/Renderer.php(431): Drupal\\Core\\Theme\\ThemeManager->render(\'page\', Array)\n#37 /home/sites/mscare/web/core/lib/Drupal/Core/Render/Renderer.php(200): Drupal\\Core\\Render\\Renderer->doRender(Array, false)\n#38 /home/sites/mscare/web/core/lib/Drupal/Core/Template/TwigExtension.php(501): Drupal\\Core\\Render\\Renderer->render(Array)\n#39 /home/sites/mscare/web/sites/default/files/php/twig/5f6e0d6bf36e9_html.html.twig_GESAq2dKb9BUD92Q77xHkU4bQ/qgKOHO8iS_erJtvlBR2leKe4g6vNaHxOxiUy-EoANcA.php(102): Drupal\\Core\\Template\\TwigExtension->escapeFilter(Object(Drupal\\Core\\Template\\TwigEnvironment), Array, \'html\', NULL, true)\n#40 /home/sites/mscare/vendor/twig/twig/src/Template.php(453): __TwigTemplate_df4712f18857557a4d3b981d2f5e5289601677673aff5b6804b5dea6df9da3c1->doDisplay(Array, Array)\n#41 /home/sites/mscare/vendor/twig/twig/src/Template.php(420): Twig\\Template->displayWithErrorHandling(Array, Array)\n#42 /home/sites/mscare/vendor/twig/twig/src/Template.php(432): Twig\\Template->display(Array)\n#43 /home/sites/mscare/web/core/themes/engines/twig/twig.engine(64): Twig\\Template->render(Array)\n#44 /home/sites/mscare/web/core/lib/Drupal/Core/Theme/ThemeManager.php(384): twig_render_template(\'core/themes/cla...\', Array)\n#45 /home/sites/mscare/web/core/lib/Drupal/Core/Render/Renderer.php(431): Drupal\\Core\\Theme\\ThemeManager->render(\'html\', Array)\n#46 /home/sites/mscare/web/core/lib/Drupal/Core/Render/Renderer.php(200): Drupal\\Core\\Render\\Renderer->doRender(Array, false)\n#47 /home/sites/mscare/web/core/lib/Drupal/Core/Render/MainContent/HtmlRenderer.php(147): Drupal\\Core\\Render\\Renderer->render(Array)\n#48 /home/sites/mscare/web/core/lib/Drupal/Core/Render/Renderer.php(573): Drupal\\Core\\Render\\MainContent\\HtmlRenderer->Drupal\\Core\\Render\\MainContent\\{closure}()\n#49 /home/sites/mscare/web/core/lib/Drupal/Core/Render/MainContent/HtmlRenderer.php(148): Drupal\\Core\\Render\\Renderer->executeInRenderContext(Object(Drupal\\Core\\Render\\RenderContext), Object(Closure))\n#50 /home/sites/mscare/web/core/lib/Drupal/Core/EventSubscriber/MainContentViewSubscriber.php(90): Drupal\\Core\\Render\\MainContent\\HtmlRenderer->renderResponse(Array, Object(Symfony\\Component\\HttpFoundation\\Request), Object(Drupal\\Core\\Routing\\CurrentRouteMatch))\n#51 [internal function]: Drupal\\Core\\EventSubscriber\\MainContentViewSubscriber->onViewRenderArray(Object(Symfony\\Component\\HttpKernel\\Event\\GetResponseForControllerResultEvent), \'kernel.view\', Object(Drupal\\Component\\EventDispatcher\\ContainerAwareEventDispatcher))\n#52 /home/sites/mscare/web/core/lib/Drupal/Component/EventDispatcher/ContainerAwareEventDispatcher.php(111): call_user_func(Array, Object(Symfony\\Component\\HttpKernel\\Event\\GetResponseForControllerResultEvent), \'kernel.view\', Object(Drupal\\Component\\EventDispatcher\\ContainerAwareEventDispatcher))\n#53 /home/sites/mscare/vendor/symfony/http-kernel/HttpKernel.php(156): Drupal\\Component\\EventDispatcher\\ContainerAwareEventDispatcher->dispatch(\'kernel.view\', Object(Symfony\\Component\\HttpKernel\\Event\\GetResponseForControllerResultEvent))\n#54 /home/sites/mscare/vendor/symfony/http-kernel/HttpKernel.php(68): Symfony\\Component\\HttpKernel\\HttpKernel->handleRaw(Object(Symfony\\Component\\HttpFoundation\\Request), 1)\n#55 /home/sites/mscare/web/core/lib/Drupal/Core/StackMiddleware/Session.php(57): Symfony\\Component\\HttpKernel\\HttpKernel->handle(Object(Symfony\\Component\\HttpFoundation\\Request), 1, true)\n#56 /home/sites/mscare/web/core/lib/Drupal/Core/StackMiddleware/KernelPreHandle.php(47): Drupal\\Core\\StackMiddleware\\Session->handle(Object(Symfony\\Component\\HttpFoundation\\Request), 1, true)\n#57 /home/sites/mscare/web/core/modules/page_cache/src/StackMiddleware/PageCache.php(106): Drupal\\Core\\StackMiddleware\\KernelPreHandle->handle(Object(Symfony\\Component\\HttpFoundation\\Request), 1, true)\n#58 /home/sites/mscare/web/core/modules/page_cache/src/StackMiddleware/PageCache.php(85): Drupal\\page_cache\\StackMiddleware\\PageCache->pass(Object(Symfony\\Component\\HttpFoundation\\Request), 1, true)\n#59 /home/sites/mscare/web/core/lib/Drupal/Core/StackMiddleware/ReverseProxyMiddleware.php(47): Drupal\\page_cache\\StackMiddleware\\PageCache->handle(Object(Symfony\\Component\\HttpFoundation\\Request), 1, true)\n#60 /home/sites/mscare/web/core/lib/Drupal/Core/StackMiddleware/NegotiationMiddleware.php(52): Drupal\\Core\\StackMiddleware\\ReverseProxyMiddleware->handle(Object(Symfony\\Component\\HttpFoundation\\Request), 1, true)\n#61 /home/sites/mscare/vendor/stack/builder/src/Stack/StackedHttpKernel.php(23): Drupal\\Core\\StackMiddleware\\NegotiationMiddleware->handle(Object(Symfony\\Component\\HttpFoundation\\Request), 1, true)\n#62 /home/sites/mscare/web/core/lib/Drupal/Core/DrupalKernel.php(708): Stack\\StackedHttpKernel->handle(Object(Symfony\\Component\\HttpFoundation\\Request), 1, true)\n#63 /home/sites/mscare/web/index.php(19): Drupal\\Core\\DrupalKernel->handle(Object(Symfony\\Component\\HttpFoundation\\Request))\n#64 {main}\";}',5,'','http://mscare.open.gr/node/594','http://mscare.open.gr/node/594','85.72.53.208',1601047929),(28933,1,'php','%type: @message in %function (line %line of %file) @backtrace_string.','a:6:{s:5:\"%type\";s:7:\"Warning\";s:8:\"@message\";O:25:\"Drupal\\Core\\Render\\Markup\":1:{s:9:\"\0*\0string\";s:41:\"array_diff(): Argument #1 is not an array\";}s:9:\"%function\";s:74:\"Drupal\\ma_handlers\\Plugin\\WebformHandler\\MailReminderHandler->submitForm()\";s:5:\"%file\";s:99:\"/home/sites/mscare/web/modules/custom/ma_handlers/src/Plugin/WebformHandler/MailReminderHandler.php\";s:5:\"%line\";i:56;s:17:\"@backtrace_string\";s:10561:\"#0 /home/sites/mscare/web/core/includes/bootstrap.inc(600): _drupal_error_handler_real(2, \'array_diff(): A...\', \'/home/sites/msc...\', 56, Array)\n#1 [internal function]: _drupal_error_handler(2, \'array_diff(): A...\', \'/home/sites/msc...\', 56, Array)\n#2 /home/sites/mscare/web/modules/custom/ma_handlers/src/Plugin/WebformHandler/MailReminderHandler.php(56): array_diff(NULL, Array)\n#3 /home/sites/mscare/web/modules/contrib/webform/src/Entity/Webform.php(2616): Drupal\\ma_handlers\\Plugin\\WebformHandler\\MailReminderHandler->submitForm(Array, Object(Drupal\\Core\\Form\\FormState), Object(Drupal\\webform\\Entity\\WebformSubmission))\n#4 /home/sites/mscare/web/modules/contrib/webform/src/WebformSubmissionForm.php(1843): Drupal\\webform\\Entity\\Webform->invokeHandlers(\'submitForm\', Array, Object(Drupal\\Core\\Form\\FormState), Object(Drupal\\webform\\Entity\\WebformSubmission))\n#5 [internal function]: Drupal\\webform\\WebformSubmissionForm->submitForm(Array, Object(Drupal\\Core\\Form\\FormState))\n#6 /home/sites/mscare/web/core/lib/Drupal/Core/Form/FormSubmitter.php(114): call_user_func_array(Array, Array)\n#7 /home/sites/mscare/web/core/lib/Drupal/Core/Form/FormSubmitter.php(52): Drupal\\Core\\Form\\FormSubmitter->executeSubmitHandlers(Array, Object(Drupal\\Core\\Form\\FormState))\n#8 /home/sites/mscare/web/core/lib/Drupal/Core/Form/FormBuilder.php(593): Drupal\\Core\\Form\\FormSubmitter->doSubmitForm(Array, Object(Drupal\\Core\\Form\\FormState))\n#9 /home/sites/mscare/web/core/lib/Drupal/Core/Form/FormBuilder.php(321): Drupal\\Core\\Form\\FormBuilder->processForm(\'webform_submiss...\', Array, Object(Drupal\\Core\\Form\\FormState))\n#10 /home/sites/mscare/web/core/lib/Drupal/Core/Entity/EntityFormBuilder.php(61): Drupal\\Core\\Form\\FormBuilder->buildForm(Object(Drupal\\webform\\WebformSubmissionForm), Object(Drupal\\Core\\Form\\FormState))\n#11 /home/sites/mscare/web/modules/contrib/webform/src/Entity/Webform.php(1193): Drupal\\Core\\Entity\\EntityFormBuilder->getForm(Object(Drupal\\webform\\Entity\\WebformSubmission), \'add\')\n#12 /home/sites/mscare/web/modules/contrib/webform/src/Element/Webform.php(78): Drupal\\webform\\Entity\\Webform->getSubmissionForm(Array)\n#13 [internal function]: Drupal\\webform\\Element\\Webform::preRenderWebformElement(Array)\n#14 /home/sites/mscare/web/core/lib/Drupal/Core/Security/DoTrustedCallbackTrait.php(100): call_user_func_array(Array, Array)\n#15 /home/sites/mscare/web/core/lib/Drupal/Core/Render/Renderer.php(781): Drupal\\Core\\Render\\Renderer->doTrustedCallback(Array, Array, \'Render #pre_ren...\', \'silenced_deprec...\', \'Drupal\\\\Core\\\\Ren...\')\n#16 /home/sites/mscare/web/core/lib/Drupal/Core/Render/Renderer.php(372): Drupal\\Core\\Render\\Renderer->doCallback(\'#pre_render\', Array, Array)\n#17 /home/sites/mscare/web/core/lib/Drupal/Core/Render/Renderer.php(200): Drupal\\Core\\Render\\Renderer->doRender(Array, false)\n#18 /home/sites/mscare/web/core/lib/Drupal/Core/Template/TwigExtension.php(501): Drupal\\Core\\Render\\Renderer->render(Array)\n#19 /home/sites/mscare/web/sites/default/files/php/twig/5f6e0d6bf36e9_block.html.twig_Nk3ADGmD6577FPjExdzeXMxT4/ehmpHY8ITRKdr8y1A-1kwX0NzwvdQu9V1-hTRdDN_Gc.php(101): Drupal\\Core\\Template\\TwigExtension->escapeFilter(Object(Drupal\\Core\\Template\\TwigEnvironment), Array, \'html\', NULL, true)\n#20 /home/sites/mscare/vendor/twig/twig/src/Template.php(214): __TwigTemplate_5091a0d8f0ef8b286c27524f1cf433c7bb7dec63549fb60634c9387d354e1f98->block_content(Array, Array)\n#21 /home/sites/mscare/web/sites/default/files/php/twig/5f6e0d6bf36e9_block.html.twig_Nk3ADGmD6577FPjExdzeXMxT4/ehmpHY8ITRKdr8y1A-1kwX0NzwvdQu9V1-hTRdDN_Gc.php(86): Twig\\Template->displayBlock(\'content\', Array, Array)\n#22 /home/sites/mscare/vendor/twig/twig/src/Template.php(453): __TwigTemplate_5091a0d8f0ef8b286c27524f1cf433c7bb7dec63549fb60634c9387d354e1f98->doDisplay(Array, Array)\n#23 /home/sites/mscare/vendor/twig/twig/src/Template.php(420): Twig\\Template->displayWithErrorHandling(Array, Array)\n#24 /home/sites/mscare/vendor/twig/twig/src/Template.php(432): Twig\\Template->display(Array)\n#25 /home/sites/mscare/web/core/themes/engines/twig/twig.engine(64): Twig\\Template->render(Array)\n#26 /home/sites/mscare/web/core/lib/Drupal/Core/Theme/ThemeManager.php(384): twig_render_template(\'themes/contrib/...\', Array)\n#27 /home/sites/mscare/web/core/lib/Drupal/Core/Render/Renderer.php(431): Drupal\\Core\\Theme\\ThemeManager->render(\'block\', Array)\n#28 /home/sites/mscare/web/core/lib/Drupal/Core/Render/Renderer.php(444): Drupal\\Core\\Render\\Renderer->doRender(Array)\n#29 /home/sites/mscare/web/core/lib/Drupal/Core/Render/Renderer.php(200): Drupal\\Core\\Render\\Renderer->doRender(Array, false)\n#30 /home/sites/mscare/web/core/lib/Drupal/Core/Template/TwigExtension.php(501): Drupal\\Core\\Render\\Renderer->render(Array)\n#31 /home/sites/mscare/web/sites/default/files/php/twig/5f6e0d6bf36e9_page.html.twig_4ox8-P5MHIxgqBYbfb3a3CTbA/9oC30PaCNVHlov8ZHqJg2wAlSn5P7__d20vLc9JRDOU.php(681): Drupal\\Core\\Template\\TwigExtension->escapeFilter(Object(Drupal\\Core\\Template\\TwigEnvironment), Array, \'html\', NULL, true)\n#32 /home/sites/mscare/vendor/twig/twig/src/Template.php(453): __TwigTemplate_5e0df418b56ee94b19b45c345522aa482f0ec073a7057983d5cf5340a1d66973->doDisplay(Array, Array)\n#33 /home/sites/mscare/vendor/twig/twig/src/Template.php(420): Twig\\Template->displayWithErrorHandling(Array, Array)\n#34 /home/sites/mscare/vendor/twig/twig/src/Template.php(432): Twig\\Template->display(Array)\n#35 /home/sites/mscare/web/core/themes/engines/twig/twig.engine(64): Twig\\Template->render(Array)\n#36 /home/sites/mscare/web/core/lib/Drupal/Core/Theme/ThemeManager.php(384): twig_render_template(\'themes/contrib/...\', Array)\n#37 /home/sites/mscare/web/core/lib/Drupal/Core/Render/Renderer.php(431): Drupal\\Core\\Theme\\ThemeManager->render(\'page\', Array)\n#38 /home/sites/mscare/web/core/lib/Drupal/Core/Render/Renderer.php(200): Drupal\\Core\\Render\\Renderer->doRender(Array, false)\n#39 /home/sites/mscare/web/core/lib/Drupal/Core/Template/TwigExtension.php(501): Drupal\\Core\\Render\\Renderer->render(Array)\n#40 /home/sites/mscare/web/sites/default/files/php/twig/5f6e0d6bf36e9_html.html.twig_GESAq2dKb9BUD92Q77xHkU4bQ/qgKOHO8iS_erJtvlBR2leKe4g6vNaHxOxiUy-EoANcA.php(102): Drupal\\Core\\Template\\TwigExtension->escapeFilter(Object(Drupal\\Core\\Template\\TwigEnvironment), Array, \'html\', NULL, true)\n#41 /home/sites/mscare/vendor/twig/twig/src/Template.php(453): __TwigTemplate_df4712f18857557a4d3b981d2f5e5289601677673aff5b6804b5dea6df9da3c1->doDisplay(Array, Array)\n#42 /home/sites/mscare/vendor/twig/twig/src/Template.php(420): Twig\\Template->displayWithErrorHandling(Array, Array)\n#43 /home/sites/mscare/vendor/twig/twig/src/Template.php(432): Twig\\Template->display(Array)\n#44 /home/sites/mscare/web/core/themes/engines/twig/twig.engine(64): Twig\\Template->render(Array)\n#45 /home/sites/mscare/web/core/lib/Drupal/Core/Theme/ThemeManager.php(384): twig_render_template(\'core/themes/cla...\', Array)\n#46 /home/sites/mscare/web/core/lib/Drupal/Core/Render/Renderer.php(431): Drupal\\Core\\Theme\\ThemeManager->render(\'html\', Array)\n#47 /home/sites/mscare/web/core/lib/Drupal/Core/Render/Renderer.php(200): Drupal\\Core\\Render\\Renderer->doRender(Array, false)\n#48 /home/sites/mscare/web/core/lib/Drupal/Core/Render/MainContent/HtmlRenderer.php(147): Drupal\\Core\\Render\\Renderer->render(Array)\n#49 /home/sites/mscare/web/core/lib/Drupal/Core/Render/Renderer.php(573): Drupal\\Core\\Render\\MainContent\\HtmlRenderer->Drupal\\Core\\Render\\MainContent\\{closure}()\n#50 /home/sites/mscare/web/core/lib/Drupal/Core/Render/MainContent/HtmlRenderer.php(148): Drupal\\Core\\Render\\Renderer->executeInRenderContext(Object(Drupal\\Core\\Render\\RenderContext), Object(Closure))\n#51 /home/sites/mscare/web/core/lib/Drupal/Core/EventSubscriber/MainContentViewSubscriber.php(90): Drupal\\Core\\Render\\MainContent\\HtmlRenderer->renderResponse(Array, Object(Symfony\\Component\\HttpFoundation\\Request), Object(Drupal\\Core\\Routing\\CurrentRouteMatch))\n#52 [internal function]: Drupal\\Core\\EventSubscriber\\MainContentViewSubscriber->onViewRenderArray(Object(Symfony\\Component\\HttpKernel\\Event\\GetResponseForControllerResultEvent), \'kernel.view\', Object(Drupal\\Component\\EventDispatcher\\ContainerAwareEventDispatcher))\n#53 /home/sites/mscare/web/core/lib/Drupal/Component/EventDispatcher/ContainerAwareEventDispatcher.php(111): call_user_func(Array, Object(Symfony\\Component\\HttpKernel\\Event\\GetResponseForControllerResultEvent), \'kernel.view\', Object(Drupal\\Component\\EventDispatcher\\ContainerAwareEventDispatcher))\n#54 /home/sites/mscare/vendor/symfony/http-kernel/HttpKernel.php(156): Drupal\\Component\\EventDispatcher\\ContainerAwareEventDispatcher->dispatch(\'kernel.view\', Object(Symfony\\Component\\HttpKernel\\Event\\GetResponseForControllerResultEvent))\n#55 /home/sites/mscare/vendor/symfony/http-kernel/HttpKernel.php(68): Symfony\\Component\\HttpKernel\\HttpKernel->handleRaw(Object(Symfony\\Component\\HttpFoundation\\Request), 1)\n#56 /home/sites/mscare/web/core/lib/Drupal/Core/StackMiddleware/Session.php(57): Symfony\\Component\\HttpKernel\\HttpKernel->handle(Object(Symfony\\Component\\HttpFoundation\\Request), 1, true)\n#57 /home/sites/mscare/web/core/lib/Drupal/Core/StackMiddleware/KernelPreHandle.php(47): Drupal\\Core\\StackMiddleware\\Session->handle(Object(Symfony\\Component\\HttpFoundation\\Request), 1, true)\n#58 /home/sites/mscare/web/core/modules/page_cache/src/StackMiddleware/PageCache.php(106): Drupal\\Core\\StackMiddleware\\KernelPreHandle->handle(Object(Symfony\\Component\\HttpFoundation\\Request), 1, true)\n#59 /home/sites/mscare/web/core/modules/page_cache/src/StackMiddleware/PageCache.php(85): Drupal\\page_cache\\StackMiddleware\\PageCache->pass(Object(Symfony\\Component\\HttpFoundation\\Request), 1, true)\n#60 /home/sites/mscare/web/core/lib/Drupal/Core/StackMiddleware/ReverseProxyMiddleware.php(47): Drupal\\page_cache\\StackMiddleware\\PageCache->handle(Object(Symfony\\Component\\HttpFoundation\\Request), 1, true)\n#61 /home/sites/mscare/web/core/lib/Drupal/Core/StackMiddleware/NegotiationMiddleware.php(52): Drupal\\Core\\StackMiddleware\\ReverseProxyMiddleware->handle(Object(Symfony\\Component\\HttpFoundation\\Request), 1, true)\n#62 /home/sites/mscare/vendor/stack/builder/src/Stack/StackedHttpKernel.php(23): Drupal\\Core\\StackMiddleware\\NegotiationMiddleware->handle(Object(Symfony\\Component\\HttpFoundation\\Request), 1, true)\n#63 /home/sites/mscare/web/core/lib/Drupal/Core/DrupalKernel.php(708): Stack\\StackedHttpKernel->handle(Object(Symfony\\Component\\HttpFoundation\\Request), 1, true)\n#64 /home/sites/mscare/web/index.php(19): Drupal\\Core\\DrupalKernel->handle(Object(Symfony\\Component\\HttpFoundation\\Request))\n#65 {main}\";}',4,'','http://mscare.open.gr/node/594','http://mscare.open.gr/node/594','85.72.53.208',1601047929),(28934,1,'myformhandler','MyHandler got form data:Array\n(\n    [#type] => view\n    [#name] => submition_rest_export\n    [#display_id] => rest_export_1\n    [#arguments] => Array\n        (\n            [0] => 594\n        )\n\n    [#embed] => 1\n)\n','a:0:{}',4,'','http://mscare.open.gr/node/594','http://mscare.open.gr/node/594','85.72.53.208',1601047929),(28935,1,'webform','@title created.','a:2:{s:3:\"@id\";s:3:\"135\";s:6:\"@title\";s:37:\"MSCU – ECF – 2020: Submission #29\";}',5,'<a href=\"/admin/structure/webform/manage/email_reminder/submission/135/edit\" hreflang=\"en\">Edit</a>','http://mscare.open.gr/node/594','http://mscare.open.gr/node/594','85.72.53.208',1601047929),(28936,1,'php','%type: @message in %function (line %line of %file) @backtrace_string.','a:6:{s:5:\"%type\";s:6:\"Notice\";s:8:\"@message\";O:25:\"Drupal\\Core\\Render\\Markup\":1:{s:9:\"\0*\0string\";s:25:\"Undefined variable: aTmp1\";}s:9:\"%function\";s:74:\"Drupal\\ma_handlers\\Plugin\\WebformHandler\\MailReminderHandler->submitForm()\";s:5:\"%file\";s:99:\"/home/sites/mscare/web/modules/custom/ma_handlers/src/Plugin/WebformHandler/MailReminderHandler.php\";s:5:\"%line\";i:56;s:17:\"@backtrace_string\";s:10512:\"#0 /home/sites/mscare/web/core/includes/bootstrap.inc(600): _drupal_error_handler_real(8, \'Undefined varia...\', \'/home/sites/msc...\', 56, Array)\n#1 /home/sites/mscare/web/modules/custom/ma_handlers/src/Plugin/WebformHandler/MailReminderHandler.php(56): _drupal_error_handler(8, \'Undefined varia...\', \'/home/sites/msc...\', 56, Array)\n#2 /home/sites/mscare/web/modules/contrib/webform/src/Entity/Webform.php(2616): Drupal\\ma_handlers\\Plugin\\WebformHandler\\MailReminderHandler->submitForm(Array, Object(Drupal\\Core\\Form\\FormState), Object(Drupal\\webform\\Entity\\WebformSubmission))\n#3 /home/sites/mscare/web/modules/contrib/webform/src/WebformSubmissionForm.php(1843): Drupal\\webform\\Entity\\Webform->invokeHandlers(\'submitForm\', Array, Object(Drupal\\Core\\Form\\FormState), Object(Drupal\\webform\\Entity\\WebformSubmission))\n#4 [internal function]: Drupal\\webform\\WebformSubmissionForm->submitForm(Array, Object(Drupal\\Core\\Form\\FormState))\n#5 /home/sites/mscare/web/core/lib/Drupal/Core/Form/FormSubmitter.php(114): call_user_func_array(Array, Array)\n#6 /home/sites/mscare/web/core/lib/Drupal/Core/Form/FormSubmitter.php(52): Drupal\\Core\\Form\\FormSubmitter->executeSubmitHandlers(Array, Object(Drupal\\Core\\Form\\FormState))\n#7 /home/sites/mscare/web/core/lib/Drupal/Core/Form/FormBuilder.php(593): Drupal\\Core\\Form\\FormSubmitter->doSubmitForm(Array, Object(Drupal\\Core\\Form\\FormState))\n#8 /home/sites/mscare/web/core/lib/Drupal/Core/Form/FormBuilder.php(321): Drupal\\Core\\Form\\FormBuilder->processForm(\'webform_submiss...\', Array, Object(Drupal\\Core\\Form\\FormState))\n#9 /home/sites/mscare/web/core/lib/Drupal/Core/Entity/EntityFormBuilder.php(61): Drupal\\Core\\Form\\FormBuilder->buildForm(Object(Drupal\\webform\\WebformSubmissionForm), Object(Drupal\\Core\\Form\\FormState))\n#10 /home/sites/mscare/web/modules/contrib/webform/src/Entity/Webform.php(1193): Drupal\\Core\\Entity\\EntityFormBuilder->getForm(Object(Drupal\\webform\\Entity\\WebformSubmission), \'add\')\n#11 /home/sites/mscare/web/modules/contrib/webform/src/Element/Webform.php(78): Drupal\\webform\\Entity\\Webform->getSubmissionForm(Array)\n#12 [internal function]: Drupal\\webform\\Element\\Webform::preRenderWebformElement(Array)\n#13 /home/sites/mscare/web/core/lib/Drupal/Core/Security/DoTrustedCallbackTrait.php(100): call_user_func_array(Array, Array)\n#14 /home/sites/mscare/web/core/lib/Drupal/Core/Render/Renderer.php(781): Drupal\\Core\\Render\\Renderer->doTrustedCallback(Array, Array, \'Render #pre_ren...\', \'silenced_deprec...\', \'Drupal\\\\Core\\\\Ren...\')\n#15 /home/sites/mscare/web/core/lib/Drupal/Core/Render/Renderer.php(372): Drupal\\Core\\Render\\Renderer->doCallback(\'#pre_render\', Array, Array)\n#16 /home/sites/mscare/web/core/lib/Drupal/Core/Render/Renderer.php(200): Drupal\\Core\\Render\\Renderer->doRender(Array, false)\n#17 /home/sites/mscare/web/core/lib/Drupal/Core/Template/TwigExtension.php(501): Drupal\\Core\\Render\\Renderer->render(Array)\n#18 /home/sites/mscare/web/sites/default/files/php/twig/5f6e0df3b6e6c_block.html.twig_Nk3ADGmD6577FPjExdzeXMxT4/o_9HOfKCDIDJhwxF38BwPA0Bk_aiMgG8V-znBYvEIuU.php(101): Drupal\\Core\\Template\\TwigExtension->escapeFilter(Object(Drupal\\Core\\Template\\TwigEnvironment), Array, \'html\', NULL, true)\n#19 /home/sites/mscare/vendor/twig/twig/src/Template.php(214): __TwigTemplate_5091a0d8f0ef8b286c27524f1cf433c7bb7dec63549fb60634c9387d354e1f98->block_content(Array, Array)\n#20 /home/sites/mscare/web/sites/default/files/php/twig/5f6e0df3b6e6c_block.html.twig_Nk3ADGmD6577FPjExdzeXMxT4/o_9HOfKCDIDJhwxF38BwPA0Bk_aiMgG8V-znBYvEIuU.php(86): Twig\\Template->displayBlock(\'content\', Array, Array)\n#21 /home/sites/mscare/vendor/twig/twig/src/Template.php(453): __TwigTemplate_5091a0d8f0ef8b286c27524f1cf433c7bb7dec63549fb60634c9387d354e1f98->doDisplay(Array, Array)\n#22 /home/sites/mscare/vendor/twig/twig/src/Template.php(420): Twig\\Template->displayWithErrorHandling(Array, Array)\n#23 /home/sites/mscare/vendor/twig/twig/src/Template.php(432): Twig\\Template->display(Array)\n#24 /home/sites/mscare/web/core/themes/engines/twig/twig.engine(64): Twig\\Template->render(Array)\n#25 /home/sites/mscare/web/core/lib/Drupal/Core/Theme/ThemeManager.php(384): twig_render_template(\'themes/contrib/...\', Array)\n#26 /home/sites/mscare/web/core/lib/Drupal/Core/Render/Renderer.php(431): Drupal\\Core\\Theme\\ThemeManager->render(\'block\', Array)\n#27 /home/sites/mscare/web/core/lib/Drupal/Core/Render/Renderer.php(444): Drupal\\Core\\Render\\Renderer->doRender(Array)\n#28 /home/sites/mscare/web/core/lib/Drupal/Core/Render/Renderer.php(200): Drupal\\Core\\Render\\Renderer->doRender(Array, false)\n#29 /home/sites/mscare/web/core/lib/Drupal/Core/Template/TwigExtension.php(501): Drupal\\Core\\Render\\Renderer->render(Array)\n#30 /home/sites/mscare/web/sites/default/files/php/twig/5f6e0df3b6e6c_page.html.twig_4ox8-P5MHIxgqBYbfb3a3CTbA/502ZTazCLKtL64cjyxtYkyAMu3TPlwsGEhBoYyQB8_4.php(681): Drupal\\Core\\Template\\TwigExtension->escapeFilter(Object(Drupal\\Core\\Template\\TwigEnvironment), Array, \'html\', NULL, true)\n#31 /home/sites/mscare/vendor/twig/twig/src/Template.php(453): __TwigTemplate_5e0df418b56ee94b19b45c345522aa482f0ec073a7057983d5cf5340a1d66973->doDisplay(Array, Array)\n#32 /home/sites/mscare/vendor/twig/twig/src/Template.php(420): Twig\\Template->displayWithErrorHandling(Array, Array)\n#33 /home/sites/mscare/vendor/twig/twig/src/Template.php(432): Twig\\Template->display(Array)\n#34 /home/sites/mscare/web/core/themes/engines/twig/twig.engine(64): Twig\\Template->render(Array)\n#35 /home/sites/mscare/web/core/lib/Drupal/Core/Theme/ThemeManager.php(384): twig_render_template(\'themes/contrib/...\', Array)\n#36 /home/sites/mscare/web/core/lib/Drupal/Core/Render/Renderer.php(431): Drupal\\Core\\Theme\\ThemeManager->render(\'page\', Array)\n#37 /home/sites/mscare/web/core/lib/Drupal/Core/Render/Renderer.php(200): Drupal\\Core\\Render\\Renderer->doRender(Array, false)\n#38 /home/sites/mscare/web/core/lib/Drupal/Core/Template/TwigExtension.php(501): Drupal\\Core\\Render\\Renderer->render(Array)\n#39 /home/sites/mscare/web/sites/default/files/php/twig/5f6e0df3b6e6c_html.html.twig_GESAq2dKb9BUD92Q77xHkU4bQ/3v9gFHxGibM84BHVbtLTtbC1qNvfiFsWgP8isK6b2X4.php(102): Drupal\\Core\\Template\\TwigExtension->escapeFilter(Object(Drupal\\Core\\Template\\TwigEnvironment), Array, \'html\', NULL, true)\n#40 /home/sites/mscare/vendor/twig/twig/src/Template.php(453): __TwigTemplate_df4712f18857557a4d3b981d2f5e5289601677673aff5b6804b5dea6df9da3c1->doDisplay(Array, Array)\n#41 /home/sites/mscare/vendor/twig/twig/src/Template.php(420): Twig\\Template->displayWithErrorHandling(Array, Array)\n#42 /home/sites/mscare/vendor/twig/twig/src/Template.php(432): Twig\\Template->display(Array)\n#43 /home/sites/mscare/web/core/themes/engines/twig/twig.engine(64): Twig\\Template->render(Array)\n#44 /home/sites/mscare/web/core/lib/Drupal/Core/Theme/ThemeManager.php(384): twig_render_template(\'core/themes/cla...\', Array)\n#45 /home/sites/mscare/web/core/lib/Drupal/Core/Render/Renderer.php(431): Drupal\\Core\\Theme\\ThemeManager->render(\'html\', Array)\n#46 /home/sites/mscare/web/core/lib/Drupal/Core/Render/Renderer.php(200): Drupal\\Core\\Render\\Renderer->doRender(Array, false)\n#47 /home/sites/mscare/web/core/lib/Drupal/Core/Render/MainContent/HtmlRenderer.php(147): Drupal\\Core\\Render\\Renderer->render(Array)\n#48 /home/sites/mscare/web/core/lib/Drupal/Core/Render/Renderer.php(573): Drupal\\Core\\Render\\MainContent\\HtmlRenderer->Drupal\\Core\\Render\\MainContent\\{closure}()\n#49 /home/sites/mscare/web/core/lib/Drupal/Core/Render/MainContent/HtmlRenderer.php(148): Drupal\\Core\\Render\\Renderer->executeInRenderContext(Object(Drupal\\Core\\Render\\RenderContext), Object(Closure))\n#50 /home/sites/mscare/web/core/lib/Drupal/Core/EventSubscriber/MainContentViewSubscriber.php(90): Drupal\\Core\\Render\\MainContent\\HtmlRenderer->renderResponse(Array, Object(Symfony\\Component\\HttpFoundation\\Request), Object(Drupal\\Core\\Routing\\CurrentRouteMatch))\n#51 [internal function]: Drupal\\Core\\EventSubscriber\\MainContentViewSubscriber->onViewRenderArray(Object(Symfony\\Component\\HttpKernel\\Event\\GetResponseForControllerResultEvent), \'kernel.view\', Object(Drupal\\Component\\EventDispatcher\\ContainerAwareEventDispatcher))\n#52 /home/sites/mscare/web/core/lib/Drupal/Component/EventDispatcher/ContainerAwareEventDispatcher.php(111): call_user_func(Array, Object(Symfony\\Component\\HttpKernel\\Event\\GetResponseForControllerResultEvent), \'kernel.view\', Object(Drupal\\Component\\EventDispatcher\\ContainerAwareEventDispatcher))\n#53 /home/sites/mscare/vendor/symfony/http-kernel/HttpKernel.php(156): Drupal\\Component\\EventDispatcher\\ContainerAwareEventDispatcher->dispatch(\'kernel.view\', Object(Symfony\\Component\\HttpKernel\\Event\\GetResponseForControllerResultEvent))\n#54 /home/sites/mscare/vendor/symfony/http-kernel/HttpKernel.php(68): Symfony\\Component\\HttpKernel\\HttpKernel->handleRaw(Object(Symfony\\Component\\HttpFoundation\\Request), 1)\n#55 /home/sites/mscare/web/core/lib/Drupal/Core/StackMiddleware/Session.php(57): Symfony\\Component\\HttpKernel\\HttpKernel->handle(Object(Symfony\\Component\\HttpFoundation\\Request), 1, true)\n#56 /home/sites/mscare/web/core/lib/Drupal/Core/StackMiddleware/KernelPreHandle.php(47): Drupal\\Core\\StackMiddleware\\Session->handle(Object(Symfony\\Component\\HttpFoundation\\Request), 1, true)\n#57 /home/sites/mscare/web/core/modules/page_cache/src/StackMiddleware/PageCache.php(106): Drupal\\Core\\StackMiddleware\\KernelPreHandle->handle(Object(Symfony\\Component\\HttpFoundation\\Request), 1, true)\n#58 /home/sites/mscare/web/core/modules/page_cache/src/StackMiddleware/PageCache.php(85): Drupal\\page_cache\\StackMiddleware\\PageCache->pass(Object(Symfony\\Component\\HttpFoundation\\Request), 1, true)\n#59 /home/sites/mscare/web/core/lib/Drupal/Core/StackMiddleware/ReverseProxyMiddleware.php(47): Drupal\\page_cache\\StackMiddleware\\PageCache->handle(Object(Symfony\\Component\\HttpFoundation\\Request), 1, true)\n#60 /home/sites/mscare/web/core/lib/Drupal/Core/StackMiddleware/NegotiationMiddleware.php(52): Drupal\\Core\\StackMiddleware\\ReverseProxyMiddleware->handle(Object(Symfony\\Component\\HttpFoundation\\Request), 1, true)\n#61 /home/sites/mscare/vendor/stack/builder/src/Stack/StackedHttpKernel.php(23): Drupal\\Core\\StackMiddleware\\NegotiationMiddleware->handle(Object(Symfony\\Component\\HttpFoundation\\Request), 1, true)\n#62 /home/sites/mscare/web/core/lib/Drupal/Core/DrupalKernel.php(708): Stack\\StackedHttpKernel->handle(Object(Symfony\\Component\\HttpFoundation\\Request), 1, true)\n#63 /home/sites/mscare/web/index.php(19): Drupal\\Core\\DrupalKernel->handle(Object(Symfony\\Component\\HttpFoundation\\Request))\n#64 {main}\";}',5,'','http://mscare.open.gr/node/594','http://mscare.open.gr/node/594','85.72.53.208',1601048108),(28937,1,'php','%type: @message in %function (line %line of %file) @backtrace_string.','a:6:{s:5:\"%type\";s:7:\"Warning\";s:8:\"@message\";O:25:\"Drupal\\Core\\Render\\Markup\":1:{s:9:\"\0*\0string\";s:41:\"array_diff(): Argument #1 is not an array\";}s:9:\"%function\";s:74:\"Drupal\\ma_handlers\\Plugin\\WebformHandler\\MailReminderHandler->submitForm()\";s:5:\"%file\";s:99:\"/home/sites/mscare/web/modules/custom/ma_handlers/src/Plugin/WebformHandler/MailReminderHandler.php\";s:5:\"%line\";i:56;s:17:\"@backtrace_string\";s:10561:\"#0 /home/sites/mscare/web/core/includes/bootstrap.inc(600): _drupal_error_handler_real(2, \'array_diff(): A...\', \'/home/sites/msc...\', 56, Array)\n#1 [internal function]: _drupal_error_handler(2, \'array_diff(): A...\', \'/home/sites/msc...\', 56, Array)\n#2 /home/sites/mscare/web/modules/custom/ma_handlers/src/Plugin/WebformHandler/MailReminderHandler.php(56): array_diff(NULL, Array)\n#3 /home/sites/mscare/web/modules/contrib/webform/src/Entity/Webform.php(2616): Drupal\\ma_handlers\\Plugin\\WebformHandler\\MailReminderHandler->submitForm(Array, Object(Drupal\\Core\\Form\\FormState), Object(Drupal\\webform\\Entity\\WebformSubmission))\n#4 /home/sites/mscare/web/modules/contrib/webform/src/WebformSubmissionForm.php(1843): Drupal\\webform\\Entity\\Webform->invokeHandlers(\'submitForm\', Array, Object(Drupal\\Core\\Form\\FormState), Object(Drupal\\webform\\Entity\\WebformSubmission))\n#5 [internal function]: Drupal\\webform\\WebformSubmissionForm->submitForm(Array, Object(Drupal\\Core\\Form\\FormState))\n#6 /home/sites/mscare/web/core/lib/Drupal/Core/Form/FormSubmitter.php(114): call_user_func_array(Array, Array)\n#7 /home/sites/mscare/web/core/lib/Drupal/Core/Form/FormSubmitter.php(52): Drupal\\Core\\Form\\FormSubmitter->executeSubmitHandlers(Array, Object(Drupal\\Core\\Form\\FormState))\n#8 /home/sites/mscare/web/core/lib/Drupal/Core/Form/FormBuilder.php(593): Drupal\\Core\\Form\\FormSubmitter->doSubmitForm(Array, Object(Drupal\\Core\\Form\\FormState))\n#9 /home/sites/mscare/web/core/lib/Drupal/Core/Form/FormBuilder.php(321): Drupal\\Core\\Form\\FormBuilder->processForm(\'webform_submiss...\', Array, Object(Drupal\\Core\\Form\\FormState))\n#10 /home/sites/mscare/web/core/lib/Drupal/Core/Entity/EntityFormBuilder.php(61): Drupal\\Core\\Form\\FormBuilder->buildForm(Object(Drupal\\webform\\WebformSubmissionForm), Object(Drupal\\Core\\Form\\FormState))\n#11 /home/sites/mscare/web/modules/contrib/webform/src/Entity/Webform.php(1193): Drupal\\Core\\Entity\\EntityFormBuilder->getForm(Object(Drupal\\webform\\Entity\\WebformSubmission), \'add\')\n#12 /home/sites/mscare/web/modules/contrib/webform/src/Element/Webform.php(78): Drupal\\webform\\Entity\\Webform->getSubmissionForm(Array)\n#13 [internal function]: Drupal\\webform\\Element\\Webform::preRenderWebformElement(Array)\n#14 /home/sites/mscare/web/core/lib/Drupal/Core/Security/DoTrustedCallbackTrait.php(100): call_user_func_array(Array, Array)\n#15 /home/sites/mscare/web/core/lib/Drupal/Core/Render/Renderer.php(781): Drupal\\Core\\Render\\Renderer->doTrustedCallback(Array, Array, \'Render #pre_ren...\', \'silenced_deprec...\', \'Drupal\\\\Core\\\\Ren...\')\n#16 /home/sites/mscare/web/core/lib/Drupal/Core/Render/Renderer.php(372): Drupal\\Core\\Render\\Renderer->doCallback(\'#pre_render\', Array, Array)\n#17 /home/sites/mscare/web/core/lib/Drupal/Core/Render/Renderer.php(200): Drupal\\Core\\Render\\Renderer->doRender(Array, false)\n#18 /home/sites/mscare/web/core/lib/Drupal/Core/Template/TwigExtension.php(501): Drupal\\Core\\Render\\Renderer->render(Array)\n#19 /home/sites/mscare/web/sites/default/files/php/twig/5f6e0df3b6e6c_block.html.twig_Nk3ADGmD6577FPjExdzeXMxT4/o_9HOfKCDIDJhwxF38BwPA0Bk_aiMgG8V-znBYvEIuU.php(101): Drupal\\Core\\Template\\TwigExtension->escapeFilter(Object(Drupal\\Core\\Template\\TwigEnvironment), Array, \'html\', NULL, true)\n#20 /home/sites/mscare/vendor/twig/twig/src/Template.php(214): __TwigTemplate_5091a0d8f0ef8b286c27524f1cf433c7bb7dec63549fb60634c9387d354e1f98->block_content(Array, Array)\n#21 /home/sites/mscare/web/sites/default/files/php/twig/5f6e0df3b6e6c_block.html.twig_Nk3ADGmD6577FPjExdzeXMxT4/o_9HOfKCDIDJhwxF38BwPA0Bk_aiMgG8V-znBYvEIuU.php(86): Twig\\Template->displayBlock(\'content\', Array, Array)\n#22 /home/sites/mscare/vendor/twig/twig/src/Template.php(453): __TwigTemplate_5091a0d8f0ef8b286c27524f1cf433c7bb7dec63549fb60634c9387d354e1f98->doDisplay(Array, Array)\n#23 /home/sites/mscare/vendor/twig/twig/src/Template.php(420): Twig\\Template->displayWithErrorHandling(Array, Array)\n#24 /home/sites/mscare/vendor/twig/twig/src/Template.php(432): Twig\\Template->display(Array)\n#25 /home/sites/mscare/web/core/themes/engines/twig/twig.engine(64): Twig\\Template->render(Array)\n#26 /home/sites/mscare/web/core/lib/Drupal/Core/Theme/ThemeManager.php(384): twig_render_template(\'themes/contrib/...\', Array)\n#27 /home/sites/mscare/web/core/lib/Drupal/Core/Render/Renderer.php(431): Drupal\\Core\\Theme\\ThemeManager->render(\'block\', Array)\n#28 /home/sites/mscare/web/core/lib/Drupal/Core/Render/Renderer.php(444): Drupal\\Core\\Render\\Renderer->doRender(Array)\n#29 /home/sites/mscare/web/core/lib/Drupal/Core/Render/Renderer.php(200): Drupal\\Core\\Render\\Renderer->doRender(Array, false)\n#30 /home/sites/mscare/web/core/lib/Drupal/Core/Template/TwigExtension.php(501): Drupal\\Core\\Render\\Renderer->render(Array)\n#31 /home/sites/mscare/web/sites/default/files/php/twig/5f6e0df3b6e6c_page.html.twig_4ox8-P5MHIxgqBYbfb3a3CTbA/502ZTazCLKtL64cjyxtYkyAMu3TPlwsGEhBoYyQB8_4.php(681): Drupal\\Core\\Template\\TwigExtension->escapeFilter(Object(Drupal\\Core\\Template\\TwigEnvironment), Array, \'html\', NULL, true)\n#32 /home/sites/mscare/vendor/twig/twig/src/Template.php(453): __TwigTemplate_5e0df418b56ee94b19b45c345522aa482f0ec073a7057983d5cf5340a1d66973->doDisplay(Array, Array)\n#33 /home/sites/mscare/vendor/twig/twig/src/Template.php(420): Twig\\Template->displayWithErrorHandling(Array, Array)\n#34 /home/sites/mscare/vendor/twig/twig/src/Template.php(432): Twig\\Template->display(Array)\n#35 /home/sites/mscare/web/core/themes/engines/twig/twig.engine(64): Twig\\Template->render(Array)\n#36 /home/sites/mscare/web/core/lib/Drupal/Core/Theme/ThemeManager.php(384): twig_render_template(\'themes/contrib/...\', Array)\n#37 /home/sites/mscare/web/core/lib/Drupal/Core/Render/Renderer.php(431): Drupal\\Core\\Theme\\ThemeManager->render(\'page\', Array)\n#38 /home/sites/mscare/web/core/lib/Drupal/Core/Render/Renderer.php(200): Drupal\\Core\\Render\\Renderer->doRender(Array, false)\n#39 /home/sites/mscare/web/core/lib/Drupal/Core/Template/TwigExtension.php(501): Drupal\\Core\\Render\\Renderer->render(Array)\n#40 /home/sites/mscare/web/sites/default/files/php/twig/5f6e0df3b6e6c_html.html.twig_GESAq2dKb9BUD92Q77xHkU4bQ/3v9gFHxGibM84BHVbtLTtbC1qNvfiFsWgP8isK6b2X4.php(102): Drupal\\Core\\Template\\TwigExtension->escapeFilter(Object(Drupal\\Core\\Template\\TwigEnvironment), Array, \'html\', NULL, true)\n#41 /home/sites/mscare/vendor/twig/twig/src/Template.php(453): __TwigTemplate_df4712f18857557a4d3b981d2f5e5289601677673aff5b6804b5dea6df9da3c1->doDisplay(Array, Array)\n#42 /home/sites/mscare/vendor/twig/twig/src/Template.php(420): Twig\\Template->displayWithErrorHandling(Array, Array)\n#43 /home/sites/mscare/vendor/twig/twig/src/Template.php(432): Twig\\Template->display(Array)\n#44 /home/sites/mscare/web/core/themes/engines/twig/twig.engine(64): Twig\\Template->render(Array)\n#45 /home/sites/mscare/web/core/lib/Drupal/Core/Theme/ThemeManager.php(384): twig_render_template(\'core/themes/cla...\', Array)\n#46 /home/sites/mscare/web/core/lib/Drupal/Core/Render/Renderer.php(431): Drupal\\Core\\Theme\\ThemeManager->render(\'html\', Array)\n#47 /home/sites/mscare/web/core/lib/Drupal/Core/Render/Renderer.php(200): Drupal\\Core\\Render\\Renderer->doRender(Array, false)\n#48 /home/sites/mscare/web/core/lib/Drupal/Core/Render/MainContent/HtmlRenderer.php(147): Drupal\\Core\\Render\\Renderer->render(Array)\n#49 /home/sites/mscare/web/core/lib/Drupal/Core/Render/Renderer.php(573): Drupal\\Core\\Render\\MainContent\\HtmlRenderer->Drupal\\Core\\Render\\MainContent\\{closure}()\n#50 /home/sites/mscare/web/core/lib/Drupal/Core/Render/MainContent/HtmlRenderer.php(148): Drupal\\Core\\Render\\Renderer->executeInRenderContext(Object(Drupal\\Core\\Render\\RenderContext), Object(Closure))\n#51 /home/sites/mscare/web/core/lib/Drupal/Core/EventSubscriber/MainContentViewSubscriber.php(90): Drupal\\Core\\Render\\MainContent\\HtmlRenderer->renderResponse(Array, Object(Symfony\\Component\\HttpFoundation\\Request), Object(Drupal\\Core\\Routing\\CurrentRouteMatch))\n#52 [internal function]: Drupal\\Core\\EventSubscriber\\MainContentViewSubscriber->onViewRenderArray(Object(Symfony\\Component\\HttpKernel\\Event\\GetResponseForControllerResultEvent), \'kernel.view\', Object(Drupal\\Component\\EventDispatcher\\ContainerAwareEventDispatcher))\n#53 /home/sites/mscare/web/core/lib/Drupal/Component/EventDispatcher/ContainerAwareEventDispatcher.php(111): call_user_func(Array, Object(Symfony\\Component\\HttpKernel\\Event\\GetResponseForControllerResultEvent), \'kernel.view\', Object(Drupal\\Component\\EventDispatcher\\ContainerAwareEventDispatcher))\n#54 /home/sites/mscare/vendor/symfony/http-kernel/HttpKernel.php(156): Drupal\\Component\\EventDispatcher\\ContainerAwareEventDispatcher->dispatch(\'kernel.view\', Object(Symfony\\Component\\HttpKernel\\Event\\GetResponseForControllerResultEvent))\n#55 /home/sites/mscare/vendor/symfony/http-kernel/HttpKernel.php(68): Symfony\\Component\\HttpKernel\\HttpKernel->handleRaw(Object(Symfony\\Component\\HttpFoundation\\Request), 1)\n#56 /home/sites/mscare/web/core/lib/Drupal/Core/StackMiddleware/Session.php(57): Symfony\\Component\\HttpKernel\\HttpKernel->handle(Object(Symfony\\Component\\HttpFoundation\\Request), 1, true)\n#57 /home/sites/mscare/web/core/lib/Drupal/Core/StackMiddleware/KernelPreHandle.php(47): Drupal\\Core\\StackMiddleware\\Session->handle(Object(Symfony\\Component\\HttpFoundation\\Request), 1, true)\n#58 /home/sites/mscare/web/core/modules/page_cache/src/StackMiddleware/PageCache.php(106): Drupal\\Core\\StackMiddleware\\KernelPreHandle->handle(Object(Symfony\\Component\\HttpFoundation\\Request), 1, true)\n#59 /home/sites/mscare/web/core/modules/page_cache/src/StackMiddleware/PageCache.php(85): Drupal\\page_cache\\StackMiddleware\\PageCache->pass(Object(Symfony\\Component\\HttpFoundation\\Request), 1, true)\n#60 /home/sites/mscare/web/core/lib/Drupal/Core/StackMiddleware/ReverseProxyMiddleware.php(47): Drupal\\page_cache\\StackMiddleware\\PageCache->handle(Object(Symfony\\Component\\HttpFoundation\\Request), 1, true)\n#61 /home/sites/mscare/web/core/lib/Drupal/Core/StackMiddleware/NegotiationMiddleware.php(52): Drupal\\Core\\StackMiddleware\\ReverseProxyMiddleware->handle(Object(Symfony\\Component\\HttpFoundation\\Request), 1, true)\n#62 /home/sites/mscare/vendor/stack/builder/src/Stack/StackedHttpKernel.php(23): Drupal\\Core\\StackMiddleware\\NegotiationMiddleware->handle(Object(Symfony\\Component\\HttpFoundation\\Request), 1, true)\n#63 /home/sites/mscare/web/core/lib/Drupal/Core/DrupalKernel.php(708): Stack\\StackedHttpKernel->handle(Object(Symfony\\Component\\HttpFoundation\\Request), 1, true)\n#64 /home/sites/mscare/web/index.php(19): Drupal\\Core\\DrupalKernel->handle(Object(Symfony\\Component\\HttpFoundation\\Request))\n#65 {main}\";}',4,'','http://mscare.open.gr/node/594','http://mscare.open.gr/node/594','85.72.53.208',1601048108),(28938,1,'myformhandler','MyHandler got form data:','a:0:{}',4,'','http://mscare.open.gr/node/594','http://mscare.open.gr/node/594','85.72.53.208',1601048108),(28939,1,'webform','@title created.','a:2:{s:3:\"@id\";s:3:\"136\";s:6:\"@title\";s:37:\"MSCU – ECF – 2020: Submission #30\";}',5,'<a href=\"/admin/structure/webform/manage/email_reminder/submission/136/edit\" hreflang=\"en\">Edit</a>','http://mscare.open.gr/node/594','http://mscare.open.gr/node/594','85.72.53.208',1601048108),(28940,1,'php','%type: @message in %function (line %line of %file) @backtrace_string.','a:6:{s:5:\"%type\";s:6:\"Notice\";s:8:\"@message\";O:25:\"Drupal\\Core\\Render\\Markup\":1:{s:9:\"\0*\0string\";s:25:\"Undefined variable: aTmp1\";}s:9:\"%function\";s:74:\"Drupal\\ma_handlers\\Plugin\\WebformHandler\\MailReminderHandler->submitForm()\";s:5:\"%file\";s:99:\"/home/sites/mscare/web/modules/custom/ma_handlers/src/Plugin/WebformHandler/MailReminderHandler.php\";s:5:\"%line\";i:56;s:17:\"@backtrace_string\";s:10512:\"#0 /home/sites/mscare/web/core/includes/bootstrap.inc(600): _drupal_error_handler_real(8, \'Undefined varia...\', \'/home/sites/msc...\', 56, Array)\n#1 /home/sites/mscare/web/modules/custom/ma_handlers/src/Plugin/WebformHandler/MailReminderHandler.php(56): _drupal_error_handler(8, \'Undefined varia...\', \'/home/sites/msc...\', 56, Array)\n#2 /home/sites/mscare/web/modules/contrib/webform/src/Entity/Webform.php(2616): Drupal\\ma_handlers\\Plugin\\WebformHandler\\MailReminderHandler->submitForm(Array, Object(Drupal\\Core\\Form\\FormState), Object(Drupal\\webform\\Entity\\WebformSubmission))\n#3 /home/sites/mscare/web/modules/contrib/webform/src/WebformSubmissionForm.php(1843): Drupal\\webform\\Entity\\Webform->invokeHandlers(\'submitForm\', Array, Object(Drupal\\Core\\Form\\FormState), Object(Drupal\\webform\\Entity\\WebformSubmission))\n#4 [internal function]: Drupal\\webform\\WebformSubmissionForm->submitForm(Array, Object(Drupal\\Core\\Form\\FormState))\n#5 /home/sites/mscare/web/core/lib/Drupal/Core/Form/FormSubmitter.php(114): call_user_func_array(Array, Array)\n#6 /home/sites/mscare/web/core/lib/Drupal/Core/Form/FormSubmitter.php(52): Drupal\\Core\\Form\\FormSubmitter->executeSubmitHandlers(Array, Object(Drupal\\Core\\Form\\FormState))\n#7 /home/sites/mscare/web/core/lib/Drupal/Core/Form/FormBuilder.php(593): Drupal\\Core\\Form\\FormSubmitter->doSubmitForm(Array, Object(Drupal\\Core\\Form\\FormState))\n#8 /home/sites/mscare/web/core/lib/Drupal/Core/Form/FormBuilder.php(321): Drupal\\Core\\Form\\FormBuilder->processForm(\'webform_submiss...\', Array, Object(Drupal\\Core\\Form\\FormState))\n#9 /home/sites/mscare/web/core/lib/Drupal/Core/Entity/EntityFormBuilder.php(61): Drupal\\Core\\Form\\FormBuilder->buildForm(Object(Drupal\\webform\\WebformSubmissionForm), Object(Drupal\\Core\\Form\\FormState))\n#10 /home/sites/mscare/web/modules/contrib/webform/src/Entity/Webform.php(1193): Drupal\\Core\\Entity\\EntityFormBuilder->getForm(Object(Drupal\\webform\\Entity\\WebformSubmission), \'add\')\n#11 /home/sites/mscare/web/modules/contrib/webform/src/Element/Webform.php(78): Drupal\\webform\\Entity\\Webform->getSubmissionForm(Array)\n#12 [internal function]: Drupal\\webform\\Element\\Webform::preRenderWebformElement(Array)\n#13 /home/sites/mscare/web/core/lib/Drupal/Core/Security/DoTrustedCallbackTrait.php(100): call_user_func_array(Array, Array)\n#14 /home/sites/mscare/web/core/lib/Drupal/Core/Render/Renderer.php(781): Drupal\\Core\\Render\\Renderer->doTrustedCallback(Array, Array, \'Render #pre_ren...\', \'silenced_deprec...\', \'Drupal\\\\Core\\\\Ren...\')\n#15 /home/sites/mscare/web/core/lib/Drupal/Core/Render/Renderer.php(372): Drupal\\Core\\Render\\Renderer->doCallback(\'#pre_render\', Array, Array)\n#16 /home/sites/mscare/web/core/lib/Drupal/Core/Render/Renderer.php(200): Drupal\\Core\\Render\\Renderer->doRender(Array, false)\n#17 /home/sites/mscare/web/core/lib/Drupal/Core/Template/TwigExtension.php(501): Drupal\\Core\\Render\\Renderer->render(Array)\n#18 /home/sites/mscare/web/sites/default/files/php/twig/5f6e0e9609ea1_block.html.twig_Nk3ADGmD6577FPjExdzeXMxT4/tj7oOw1TSsCtzskwkgOyRSYGdHjwgx09DBBIUy-HGJ8.php(101): Drupal\\Core\\Template\\TwigExtension->escapeFilter(Object(Drupal\\Core\\Template\\TwigEnvironment), Array, \'html\', NULL, true)\n#19 /home/sites/mscare/vendor/twig/twig/src/Template.php(214): __TwigTemplate_5091a0d8f0ef8b286c27524f1cf433c7bb7dec63549fb60634c9387d354e1f98->block_content(Array, Array)\n#20 /home/sites/mscare/web/sites/default/files/php/twig/5f6e0e9609ea1_block.html.twig_Nk3ADGmD6577FPjExdzeXMxT4/tj7oOw1TSsCtzskwkgOyRSYGdHjwgx09DBBIUy-HGJ8.php(86): Twig\\Template->displayBlock(\'content\', Array, Array)\n#21 /home/sites/mscare/vendor/twig/twig/src/Template.php(453): __TwigTemplate_5091a0d8f0ef8b286c27524f1cf433c7bb7dec63549fb60634c9387d354e1f98->doDisplay(Array, Array)\n#22 /home/sites/mscare/vendor/twig/twig/src/Template.php(420): Twig\\Template->displayWithErrorHandling(Array, Array)\n#23 /home/sites/mscare/vendor/twig/twig/src/Template.php(432): Twig\\Template->display(Array)\n#24 /home/sites/mscare/web/core/themes/engines/twig/twig.engine(64): Twig\\Template->render(Array)\n#25 /home/sites/mscare/web/core/lib/Drupal/Core/Theme/ThemeManager.php(384): twig_render_template(\'themes/contrib/...\', Array)\n#26 /home/sites/mscare/web/core/lib/Drupal/Core/Render/Renderer.php(431): Drupal\\Core\\Theme\\ThemeManager->render(\'block\', Array)\n#27 /home/sites/mscare/web/core/lib/Drupal/Core/Render/Renderer.php(444): Drupal\\Core\\Render\\Renderer->doRender(Array)\n#28 /home/sites/mscare/web/core/lib/Drupal/Core/Render/Renderer.php(200): Drupal\\Core\\Render\\Renderer->doRender(Array, false)\n#29 /home/sites/mscare/web/core/lib/Drupal/Core/Template/TwigExtension.php(501): Drupal\\Core\\Render\\Renderer->render(Array)\n#30 /home/sites/mscare/web/sites/default/files/php/twig/5f6e0e9609ea1_page.html.twig_4ox8-P5MHIxgqBYbfb3a3CTbA/kasUPdbYCsD-YBIQHqf3zeAB2gzCT-SfaMC73bxcnnA.php(681): Drupal\\Core\\Template\\TwigExtension->escapeFilter(Object(Drupal\\Core\\Template\\TwigEnvironment), Array, \'html\', NULL, true)\n#31 /home/sites/mscare/vendor/twig/twig/src/Template.php(453): __TwigTemplate_5e0df418b56ee94b19b45c345522aa482f0ec073a7057983d5cf5340a1d66973->doDisplay(Array, Array)\n#32 /home/sites/mscare/vendor/twig/twig/src/Template.php(420): Twig\\Template->displayWithErrorHandling(Array, Array)\n#33 /home/sites/mscare/vendor/twig/twig/src/Template.php(432): Twig\\Template->display(Array)\n#34 /home/sites/mscare/web/core/themes/engines/twig/twig.engine(64): Twig\\Template->render(Array)\n#35 /home/sites/mscare/web/core/lib/Drupal/Core/Theme/ThemeManager.php(384): twig_render_template(\'themes/contrib/...\', Array)\n#36 /home/sites/mscare/web/core/lib/Drupal/Core/Render/Renderer.php(431): Drupal\\Core\\Theme\\ThemeManager->render(\'page\', Array)\n#37 /home/sites/mscare/web/core/lib/Drupal/Core/Render/Renderer.php(200): Drupal\\Core\\Render\\Renderer->doRender(Array, false)\n#38 /home/sites/mscare/web/core/lib/Drupal/Core/Template/TwigExtension.php(501): Drupal\\Core\\Render\\Renderer->render(Array)\n#39 /home/sites/mscare/web/sites/default/files/php/twig/5f6e0e9609ea1_html.html.twig_GESAq2dKb9BUD92Q77xHkU4bQ/2PXzTeQNqPg9ReixlZorVyXnuLg2cgxDFRxVSwBBLJc.php(102): Drupal\\Core\\Template\\TwigExtension->escapeFilter(Object(Drupal\\Core\\Template\\TwigEnvironment), Array, \'html\', NULL, true)\n#40 /home/sites/mscare/vendor/twig/twig/src/Template.php(453): __TwigTemplate_df4712f18857557a4d3b981d2f5e5289601677673aff5b6804b5dea6df9da3c1->doDisplay(Array, Array)\n#41 /home/sites/mscare/vendor/twig/twig/src/Template.php(420): Twig\\Template->displayWithErrorHandling(Array, Array)\n#42 /home/sites/mscare/vendor/twig/twig/src/Template.php(432): Twig\\Template->display(Array)\n#43 /home/sites/mscare/web/core/themes/engines/twig/twig.engine(64): Twig\\Template->render(Array)\n#44 /home/sites/mscare/web/core/lib/Drupal/Core/Theme/ThemeManager.php(384): twig_render_template(\'core/themes/cla...\', Array)\n#45 /home/sites/mscare/web/core/lib/Drupal/Core/Render/Renderer.php(431): Drupal\\Core\\Theme\\ThemeManager->render(\'html\', Array)\n#46 /home/sites/mscare/web/core/lib/Drupal/Core/Render/Renderer.php(200): Drupal\\Core\\Render\\Renderer->doRender(Array, false)\n#47 /home/sites/mscare/web/core/lib/Drupal/Core/Render/MainContent/HtmlRenderer.php(147): Drupal\\Core\\Render\\Renderer->render(Array)\n#48 /home/sites/mscare/web/core/lib/Drupal/Core/Render/Renderer.php(573): Drupal\\Core\\Render\\MainContent\\HtmlRenderer->Drupal\\Core\\Render\\MainContent\\{closure}()\n#49 /home/sites/mscare/web/core/lib/Drupal/Core/Render/MainContent/HtmlRenderer.php(148): Drupal\\Core\\Render\\Renderer->executeInRenderContext(Object(Drupal\\Core\\Render\\RenderContext), Object(Closure))\n#50 /home/sites/mscare/web/core/lib/Drupal/Core/EventSubscriber/MainContentViewSubscriber.php(90): Drupal\\Core\\Render\\MainContent\\HtmlRenderer->renderResponse(Array, Object(Symfony\\Component\\HttpFoundation\\Request), Object(Drupal\\Core\\Routing\\CurrentRouteMatch))\n#51 [internal function]: Drupal\\Core\\EventSubscriber\\MainContentViewSubscriber->onViewRenderArray(Object(Symfony\\Component\\HttpKernel\\Event\\GetResponseForControllerResultEvent), \'kernel.view\', Object(Drupal\\Component\\EventDispatcher\\ContainerAwareEventDispatcher))\n#52 /home/sites/mscare/web/core/lib/Drupal/Component/EventDispatcher/ContainerAwareEventDispatcher.php(111): call_user_func(Array, Object(Symfony\\Component\\HttpKernel\\Event\\GetResponseForControllerResultEvent), \'kernel.view\', Object(Drupal\\Component\\EventDispatcher\\ContainerAwareEventDispatcher))\n#53 /home/sites/mscare/vendor/symfony/http-kernel/HttpKernel.php(156): Drupal\\Component\\EventDispatcher\\ContainerAwareEventDispatcher->dispatch(\'kernel.view\', Object(Symfony\\Component\\HttpKernel\\Event\\GetResponseForControllerResultEvent))\n#54 /home/sites/mscare/vendor/symfony/http-kernel/HttpKernel.php(68): Symfony\\Component\\HttpKernel\\HttpKernel->handleRaw(Object(Symfony\\Component\\HttpFoundation\\Request), 1)\n#55 /home/sites/mscare/web/core/lib/Drupal/Core/StackMiddleware/Session.php(57): Symfony\\Component\\HttpKernel\\HttpKernel->handle(Object(Symfony\\Component\\HttpFoundation\\Request), 1, true)\n#56 /home/sites/mscare/web/core/lib/Drupal/Core/StackMiddleware/KernelPreHandle.php(47): Drupal\\Core\\StackMiddleware\\Session->handle(Object(Symfony\\Component\\HttpFoundation\\Request), 1, true)\n#57 /home/sites/mscare/web/core/modules/page_cache/src/StackMiddleware/PageCache.php(106): Drupal\\Core\\StackMiddleware\\KernelPreHandle->handle(Object(Symfony\\Component\\HttpFoundation\\Request), 1, true)\n#58 /home/sites/mscare/web/core/modules/page_cache/src/StackMiddleware/PageCache.php(85): Drupal\\page_cache\\StackMiddleware\\PageCache->pass(Object(Symfony\\Component\\HttpFoundation\\Request), 1, true)\n#59 /home/sites/mscare/web/core/lib/Drupal/Core/StackMiddleware/ReverseProxyMiddleware.php(47): Drupal\\page_cache\\StackMiddleware\\PageCache->handle(Object(Symfony\\Component\\HttpFoundation\\Request), 1, true)\n#60 /home/sites/mscare/web/core/lib/Drupal/Core/StackMiddleware/NegotiationMiddleware.php(52): Drupal\\Core\\StackMiddleware\\ReverseProxyMiddleware->handle(Object(Symfony\\Component\\HttpFoundation\\Request), 1, true)\n#61 /home/sites/mscare/vendor/stack/builder/src/Stack/StackedHttpKernel.php(23): Drupal\\Core\\StackMiddleware\\NegotiationMiddleware->handle(Object(Symfony\\Component\\HttpFoundation\\Request), 1, true)\n#62 /home/sites/mscare/web/core/lib/Drupal/Core/DrupalKernel.php(708): Stack\\StackedHttpKernel->handle(Object(Symfony\\Component\\HttpFoundation\\Request), 1, true)\n#63 /home/sites/mscare/web/index.php(19): Drupal\\Core\\DrupalKernel->handle(Object(Symfony\\Component\\HttpFoundation\\Request))\n#64 {main}\";}',5,'','http://mscare.open.gr/node/594','http://mscare.open.gr/node/594','85.72.53.208',1601048228),(28941,1,'php','%type: @message in %function (line %line of %file) @backtrace_string.','a:6:{s:5:\"%type\";s:7:\"Warning\";s:8:\"@message\";O:25:\"Drupal\\Core\\Render\\Markup\":1:{s:9:\"\0*\0string\";s:41:\"array_diff(): Argument #1 is not an array\";}s:9:\"%function\";s:74:\"Drupal\\ma_handlers\\Plugin\\WebformHandler\\MailReminderHandler->submitForm()\";s:5:\"%file\";s:99:\"/home/sites/mscare/web/modules/custom/ma_handlers/src/Plugin/WebformHandler/MailReminderHandler.php\";s:5:\"%line\";i:56;s:17:\"@backtrace_string\";s:10561:\"#0 /home/sites/mscare/web/core/includes/bootstrap.inc(600): _drupal_error_handler_real(2, \'array_diff(): A...\', \'/home/sites/msc...\', 56, Array)\n#1 [internal function]: _drupal_error_handler(2, \'array_diff(): A...\', \'/home/sites/msc...\', 56, Array)\n#2 /home/sites/mscare/web/modules/custom/ma_handlers/src/Plugin/WebformHandler/MailReminderHandler.php(56): array_diff(NULL, Array)\n#3 /home/sites/mscare/web/modules/contrib/webform/src/Entity/Webform.php(2616): Drupal\\ma_handlers\\Plugin\\WebformHandler\\MailReminderHandler->submitForm(Array, Object(Drupal\\Core\\Form\\FormState), Object(Drupal\\webform\\Entity\\WebformSubmission))\n#4 /home/sites/mscare/web/modules/contrib/webform/src/WebformSubmissionForm.php(1843): Drupal\\webform\\Entity\\Webform->invokeHandlers(\'submitForm\', Array, Object(Drupal\\Core\\Form\\FormState), Object(Drupal\\webform\\Entity\\WebformSubmission))\n#5 [internal function]: Drupal\\webform\\WebformSubmissionForm->submitForm(Array, Object(Drupal\\Core\\Form\\FormState))\n#6 /home/sites/mscare/web/core/lib/Drupal/Core/Form/FormSubmitter.php(114): call_user_func_array(Array, Array)\n#7 /home/sites/mscare/web/core/lib/Drupal/Core/Form/FormSubmitter.php(52): Drupal\\Core\\Form\\FormSubmitter->executeSubmitHandlers(Array, Object(Drupal\\Core\\Form\\FormState))\n#8 /home/sites/mscare/web/core/lib/Drupal/Core/Form/FormBuilder.php(593): Drupal\\Core\\Form\\FormSubmitter->doSubmitForm(Array, Object(Drupal\\Core\\Form\\FormState))\n#9 /home/sites/mscare/web/core/lib/Drupal/Core/Form/FormBuilder.php(321): Drupal\\Core\\Form\\FormBuilder->processForm(\'webform_submiss...\', Array, Object(Drupal\\Core\\Form\\FormState))\n#10 /home/sites/mscare/web/core/lib/Drupal/Core/Entity/EntityFormBuilder.php(61): Drupal\\Core\\Form\\FormBuilder->buildForm(Object(Drupal\\webform\\WebformSubmissionForm), Object(Drupal\\Core\\Form\\FormState))\n#11 /home/sites/mscare/web/modules/contrib/webform/src/Entity/Webform.php(1193): Drupal\\Core\\Entity\\EntityFormBuilder->getForm(Object(Drupal\\webform\\Entity\\WebformSubmission), \'add\')\n#12 /home/sites/mscare/web/modules/contrib/webform/src/Element/Webform.php(78): Drupal\\webform\\Entity\\Webform->getSubmissionForm(Array)\n#13 [internal function]: Drupal\\webform\\Element\\Webform::preRenderWebformElement(Array)\n#14 /home/sites/mscare/web/core/lib/Drupal/Core/Security/DoTrustedCallbackTrait.php(100): call_user_func_array(Array, Array)\n#15 /home/sites/mscare/web/core/lib/Drupal/Core/Render/Renderer.php(781): Drupal\\Core\\Render\\Renderer->doTrustedCallback(Array, Array, \'Render #pre_ren...\', \'silenced_deprec...\', \'Drupal\\\\Core\\\\Ren...\')\n#16 /home/sites/mscare/web/core/lib/Drupal/Core/Render/Renderer.php(372): Drupal\\Core\\Render\\Renderer->doCallback(\'#pre_render\', Array, Array)\n#17 /home/sites/mscare/web/core/lib/Drupal/Core/Render/Renderer.php(200): Drupal\\Core\\Render\\Renderer->doRender(Array, false)\n#18 /home/sites/mscare/web/core/lib/Drupal/Core/Template/TwigExtension.php(501): Drupal\\Core\\Render\\Renderer->render(Array)\n#19 /home/sites/mscare/web/sites/default/files/php/twig/5f6e0e9609ea1_block.html.twig_Nk3ADGmD6577FPjExdzeXMxT4/tj7oOw1TSsCtzskwkgOyRSYGdHjwgx09DBBIUy-HGJ8.php(101): Drupal\\Core\\Template\\TwigExtension->escapeFilter(Object(Drupal\\Core\\Template\\TwigEnvironment), Array, \'html\', NULL, true)\n#20 /home/sites/mscare/vendor/twig/twig/src/Template.php(214): __TwigTemplate_5091a0d8f0ef8b286c27524f1cf433c7bb7dec63549fb60634c9387d354e1f98->block_content(Array, Array)\n#21 /home/sites/mscare/web/sites/default/files/php/twig/5f6e0e9609ea1_block.html.twig_Nk3ADGmD6577FPjExdzeXMxT4/tj7oOw1TSsCtzskwkgOyRSYGdHjwgx09DBBIUy-HGJ8.php(86): Twig\\Template->displayBlock(\'content\', Array, Array)\n#22 /home/sites/mscare/vendor/twig/twig/src/Template.php(453): __TwigTemplate_5091a0d8f0ef8b286c27524f1cf433c7bb7dec63549fb60634c9387d354e1f98->doDisplay(Array, Array)\n#23 /home/sites/mscare/vendor/twig/twig/src/Template.php(420): Twig\\Template->displayWithErrorHandling(Array, Array)\n#24 /home/sites/mscare/vendor/twig/twig/src/Template.php(432): Twig\\Template->display(Array)\n#25 /home/sites/mscare/web/core/themes/engines/twig/twig.engine(64): Twig\\Template->render(Array)\n#26 /home/sites/mscare/web/core/lib/Drupal/Core/Theme/ThemeManager.php(384): twig_render_template(\'themes/contrib/...\', Array)\n#27 /home/sites/mscare/web/core/lib/Drupal/Core/Render/Renderer.php(431): Drupal\\Core\\Theme\\ThemeManager->render(\'block\', Array)\n#28 /home/sites/mscare/web/core/lib/Drupal/Core/Render/Renderer.php(444): Drupal\\Core\\Render\\Renderer->doRender(Array)\n#29 /home/sites/mscare/web/core/lib/Drupal/Core/Render/Renderer.php(200): Drupal\\Core\\Render\\Renderer->doRender(Array, false)\n#30 /home/sites/mscare/web/core/lib/Drupal/Core/Template/TwigExtension.php(501): Drupal\\Core\\Render\\Renderer->render(Array)\n#31 /home/sites/mscare/web/sites/default/files/php/twig/5f6e0e9609ea1_page.html.twig_4ox8-P5MHIxgqBYbfb3a3CTbA/kasUPdbYCsD-YBIQHqf3zeAB2gzCT-SfaMC73bxcnnA.php(681): Drupal\\Core\\Template\\TwigExtension->escapeFilter(Object(Drupal\\Core\\Template\\TwigEnvironment), Array, \'html\', NULL, true)\n#32 /home/sites/mscare/vendor/twig/twig/src/Template.php(453): __TwigTemplate_5e0df418b56ee94b19b45c345522aa482f0ec073a7057983d5cf5340a1d66973->doDisplay(Array, Array)\n#33 /home/sites/mscare/vendor/twig/twig/src/Template.php(420): Twig\\Template->displayWithErrorHandling(Array, Array)\n#34 /home/sites/mscare/vendor/twig/twig/src/Template.php(432): Twig\\Template->display(Array)\n#35 /home/sites/mscare/web/core/themes/engines/twig/twig.engine(64): Twig\\Template->render(Array)\n#36 /home/sites/mscare/web/core/lib/Drupal/Core/Theme/ThemeManager.php(384): twig_render_template(\'themes/contrib/...\', Array)\n#37 /home/sites/mscare/web/core/lib/Drupal/Core/Render/Renderer.php(431): Drupal\\Core\\Theme\\ThemeManager->render(\'page\', Array)\n#38 /home/sites/mscare/web/core/lib/Drupal/Core/Render/Renderer.php(200): Drupal\\Core\\Render\\Renderer->doRender(Array, false)\n#39 /home/sites/mscare/web/core/lib/Drupal/Core/Template/TwigExtension.php(501): Drupal\\Core\\Render\\Renderer->render(Array)\n#40 /home/sites/mscare/web/sites/default/files/php/twig/5f6e0e9609ea1_html.html.twig_GESAq2dKb9BUD92Q77xHkU4bQ/2PXzTeQNqPg9ReixlZorVyXnuLg2cgxDFRxVSwBBLJc.php(102): Drupal\\Core\\Template\\TwigExtension->escapeFilter(Object(Drupal\\Core\\Template\\TwigEnvironment), Array, \'html\', NULL, true)\n#41 /home/sites/mscare/vendor/twig/twig/src/Template.php(453): __TwigTemplate_df4712f18857557a4d3b981d2f5e5289601677673aff5b6804b5dea6df9da3c1->doDisplay(Array, Array)\n#42 /home/sites/mscare/vendor/twig/twig/src/Template.php(420): Twig\\Template->displayWithErrorHandling(Array, Array)\n#43 /home/sites/mscare/vendor/twig/twig/src/Template.php(432): Twig\\Template->display(Array)\n#44 /home/sites/mscare/web/core/themes/engines/twig/twig.engine(64): Twig\\Template->render(Array)\n#45 /home/sites/mscare/web/core/lib/Drupal/Core/Theme/ThemeManager.php(384): twig_render_template(\'core/themes/cla...\', Array)\n#46 /home/sites/mscare/web/core/lib/Drupal/Core/Render/Renderer.php(431): Drupal\\Core\\Theme\\ThemeManager->render(\'html\', Array)\n#47 /home/sites/mscare/web/core/lib/Drupal/Core/Render/Renderer.php(200): Drupal\\Core\\Render\\Renderer->doRender(Array, false)\n#48 /home/sites/mscare/web/core/lib/Drupal/Core/Render/MainContent/HtmlRenderer.php(147): Drupal\\Core\\Render\\Renderer->render(Array)\n#49 /home/sites/mscare/web/core/lib/Drupal/Core/Render/Renderer.php(573): Drupal\\Core\\Render\\MainContent\\HtmlRenderer->Drupal\\Core\\Render\\MainContent\\{closure}()\n#50 /home/sites/mscare/web/core/lib/Drupal/Core/Render/MainContent/HtmlRenderer.php(148): Drupal\\Core\\Render\\Renderer->executeInRenderContext(Object(Drupal\\Core\\Render\\RenderContext), Object(Closure))\n#51 /home/sites/mscare/web/core/lib/Drupal/Core/EventSubscriber/MainContentViewSubscriber.php(90): Drupal\\Core\\Render\\MainContent\\HtmlRenderer->renderResponse(Array, Object(Symfony\\Component\\HttpFoundation\\Request), Object(Drupal\\Core\\Routing\\CurrentRouteMatch))\n#52 [internal function]: Drupal\\Core\\EventSubscriber\\MainContentViewSubscriber->onViewRenderArray(Object(Symfony\\Component\\HttpKernel\\Event\\GetResponseForControllerResultEvent), \'kernel.view\', Object(Drupal\\Component\\EventDispatcher\\ContainerAwareEventDispatcher))\n#53 /home/sites/mscare/web/core/lib/Drupal/Component/EventDispatcher/ContainerAwareEventDispatcher.php(111): call_user_func(Array, Object(Symfony\\Component\\HttpKernel\\Event\\GetResponseForControllerResultEvent), \'kernel.view\', Object(Drupal\\Component\\EventDispatcher\\ContainerAwareEventDispatcher))\n#54 /home/sites/mscare/vendor/symfony/http-kernel/HttpKernel.php(156): Drupal\\Component\\EventDispatcher\\ContainerAwareEventDispatcher->dispatch(\'kernel.view\', Object(Symfony\\Component\\HttpKernel\\Event\\GetResponseForControllerResultEvent))\n#55 /home/sites/mscare/vendor/symfony/http-kernel/HttpKernel.php(68): Symfony\\Component\\HttpKernel\\HttpKernel->handleRaw(Object(Symfony\\Component\\HttpFoundation\\Request), 1)\n#56 /home/sites/mscare/web/core/lib/Drupal/Core/StackMiddleware/Session.php(57): Symfony\\Component\\HttpKernel\\HttpKernel->handle(Object(Symfony\\Component\\HttpFoundation\\Request), 1, true)\n#57 /home/sites/mscare/web/core/lib/Drupal/Core/StackMiddleware/KernelPreHandle.php(47): Drupal\\Core\\StackMiddleware\\Session->handle(Object(Symfony\\Component\\HttpFoundation\\Request), 1, true)\n#58 /home/sites/mscare/web/core/modules/page_cache/src/StackMiddleware/PageCache.php(106): Drupal\\Core\\StackMiddleware\\KernelPreHandle->handle(Object(Symfony\\Component\\HttpFoundation\\Request), 1, true)\n#59 /home/sites/mscare/web/core/modules/page_cache/src/StackMiddleware/PageCache.php(85): Drupal\\page_cache\\StackMiddleware\\PageCache->pass(Object(Symfony\\Component\\HttpFoundation\\Request), 1, true)\n#60 /home/sites/mscare/web/core/lib/Drupal/Core/StackMiddleware/ReverseProxyMiddleware.php(47): Drupal\\page_cache\\StackMiddleware\\PageCache->handle(Object(Symfony\\Component\\HttpFoundation\\Request), 1, true)\n#61 /home/sites/mscare/web/core/lib/Drupal/Core/StackMiddleware/NegotiationMiddleware.php(52): Drupal\\Core\\StackMiddleware\\ReverseProxyMiddleware->handle(Object(Symfony\\Component\\HttpFoundation\\Request), 1, true)\n#62 /home/sites/mscare/vendor/stack/builder/src/Stack/StackedHttpKernel.php(23): Drupal\\Core\\StackMiddleware\\NegotiationMiddleware->handle(Object(Symfony\\Component\\HttpFoundation\\Request), 1, true)\n#63 /home/sites/mscare/web/core/lib/Drupal/Core/DrupalKernel.php(708): Stack\\StackedHttpKernel->handle(Object(Symfony\\Component\\HttpFoundation\\Request), 1, true)\n#64 /home/sites/mscare/web/index.php(19): Drupal\\Core\\DrupalKernel->handle(Object(Symfony\\Component\\HttpFoundation\\Request))\n#65 {main}\";}',4,'','http://mscare.open.gr/node/594','http://mscare.open.gr/node/594','85.72.53.208',1601048228),(28942,1,'myformhandler','MyHandler got form data:','a:0:{}',4,'','http://mscare.open.gr/node/594','http://mscare.open.gr/node/594','85.72.53.208',1601048228),(28943,1,'webform','@title created.','a:2:{s:3:\"@id\";s:3:\"137\";s:6:\"@title\";s:37:\"MSCU – ECF – 2020: Submission #31\";}',5,'<a href=\"/admin/structure/webform/manage/email_reminder/submission/137/edit\" hreflang=\"en\">Edit</a>','http://mscare.open.gr/node/594','http://mscare.open.gr/node/594','85.72.53.208',1601048228),(28944,1,'php','%type: @message in %function (line %line of %file) @backtrace_string.','a:6:{s:5:\"%type\";s:6:\"Notice\";s:8:\"@message\";O:25:\"Drupal\\Core\\Render\\Markup\":1:{s:9:\"\0*\0string\";s:25:\"Undefined variable: aTmp1\";}s:9:\"%function\";s:74:\"Drupal\\ma_handlers\\Plugin\\WebformHandler\\MailReminderHandler->submitForm()\";s:5:\"%file\";s:99:\"/home/sites/mscare/web/modules/custom/ma_handlers/src/Plugin/WebformHandler/MailReminderHandler.php\";s:5:\"%line\";i:61;s:17:\"@backtrace_string\";s:10512:\"#0 /home/sites/mscare/web/core/includes/bootstrap.inc(600): _drupal_error_handler_real(8, \'Undefined varia...\', \'/home/sites/msc...\', 61, Array)\n#1 /home/sites/mscare/web/modules/custom/ma_handlers/src/Plugin/WebformHandler/MailReminderHandler.php(61): _drupal_error_handler(8, \'Undefined varia...\', \'/home/sites/msc...\', 61, Array)\n#2 /home/sites/mscare/web/modules/contrib/webform/src/Entity/Webform.php(2616): Drupal\\ma_handlers\\Plugin\\WebformHandler\\MailReminderHandler->submitForm(Array, Object(Drupal\\Core\\Form\\FormState), Object(Drupal\\webform\\Entity\\WebformSubmission))\n#3 /home/sites/mscare/web/modules/contrib/webform/src/WebformSubmissionForm.php(1843): Drupal\\webform\\Entity\\Webform->invokeHandlers(\'submitForm\', Array, Object(Drupal\\Core\\Form\\FormState), Object(Drupal\\webform\\Entity\\WebformSubmission))\n#4 [internal function]: Drupal\\webform\\WebformSubmissionForm->submitForm(Array, Object(Drupal\\Core\\Form\\FormState))\n#5 /home/sites/mscare/web/core/lib/Drupal/Core/Form/FormSubmitter.php(114): call_user_func_array(Array, Array)\n#6 /home/sites/mscare/web/core/lib/Drupal/Core/Form/FormSubmitter.php(52): Drupal\\Core\\Form\\FormSubmitter->executeSubmitHandlers(Array, Object(Drupal\\Core\\Form\\FormState))\n#7 /home/sites/mscare/web/core/lib/Drupal/Core/Form/FormBuilder.php(593): Drupal\\Core\\Form\\FormSubmitter->doSubmitForm(Array, Object(Drupal\\Core\\Form\\FormState))\n#8 /home/sites/mscare/web/core/lib/Drupal/Core/Form/FormBuilder.php(321): Drupal\\Core\\Form\\FormBuilder->processForm(\'webform_submiss...\', Array, Object(Drupal\\Core\\Form\\FormState))\n#9 /home/sites/mscare/web/core/lib/Drupal/Core/Entity/EntityFormBuilder.php(61): Drupal\\Core\\Form\\FormBuilder->buildForm(Object(Drupal\\webform\\WebformSubmissionForm), Object(Drupal\\Core\\Form\\FormState))\n#10 /home/sites/mscare/web/modules/contrib/webform/src/Entity/Webform.php(1193): Drupal\\Core\\Entity\\EntityFormBuilder->getForm(Object(Drupal\\webform\\Entity\\WebformSubmission), \'add\')\n#11 /home/sites/mscare/web/modules/contrib/webform/src/Element/Webform.php(78): Drupal\\webform\\Entity\\Webform->getSubmissionForm(Array)\n#12 [internal function]: Drupal\\webform\\Element\\Webform::preRenderWebformElement(Array)\n#13 /home/sites/mscare/web/core/lib/Drupal/Core/Security/DoTrustedCallbackTrait.php(100): call_user_func_array(Array, Array)\n#14 /home/sites/mscare/web/core/lib/Drupal/Core/Render/Renderer.php(781): Drupal\\Core\\Render\\Renderer->doTrustedCallback(Array, Array, \'Render #pre_ren...\', \'silenced_deprec...\', \'Drupal\\\\Core\\\\Ren...\')\n#15 /home/sites/mscare/web/core/lib/Drupal/Core/Render/Renderer.php(372): Drupal\\Core\\Render\\Renderer->doCallback(\'#pre_render\', Array, Array)\n#16 /home/sites/mscare/web/core/lib/Drupal/Core/Render/Renderer.php(200): Drupal\\Core\\Render\\Renderer->doRender(Array, false)\n#17 /home/sites/mscare/web/core/lib/Drupal/Core/Template/TwigExtension.php(501): Drupal\\Core\\Render\\Renderer->render(Array)\n#18 /home/sites/mscare/web/sites/default/files/php/twig/5f6e0f7145590_block.html.twig_Nk3ADGmD6577FPjExdzeXMxT4/B_bzX_i04XOj7kO1NES_WQpp3iVP5kTAF4jpECM56sc.php(101): Drupal\\Core\\Template\\TwigExtension->escapeFilter(Object(Drupal\\Core\\Template\\TwigEnvironment), Array, \'html\', NULL, true)\n#19 /home/sites/mscare/vendor/twig/twig/src/Template.php(214): __TwigTemplate_5091a0d8f0ef8b286c27524f1cf433c7bb7dec63549fb60634c9387d354e1f98->block_content(Array, Array)\n#20 /home/sites/mscare/web/sites/default/files/php/twig/5f6e0f7145590_block.html.twig_Nk3ADGmD6577FPjExdzeXMxT4/B_bzX_i04XOj7kO1NES_WQpp3iVP5kTAF4jpECM56sc.php(86): Twig\\Template->displayBlock(\'content\', Array, Array)\n#21 /home/sites/mscare/vendor/twig/twig/src/Template.php(453): __TwigTemplate_5091a0d8f0ef8b286c27524f1cf433c7bb7dec63549fb60634c9387d354e1f98->doDisplay(Array, Array)\n#22 /home/sites/mscare/vendor/twig/twig/src/Template.php(420): Twig\\Template->displayWithErrorHandling(Array, Array)\n#23 /home/sites/mscare/vendor/twig/twig/src/Template.php(432): Twig\\Template->display(Array)\n#24 /home/sites/mscare/web/core/themes/engines/twig/twig.engine(64): Twig\\Template->render(Array)\n#25 /home/sites/mscare/web/core/lib/Drupal/Core/Theme/ThemeManager.php(384): twig_render_template(\'themes/contrib/...\', Array)\n#26 /home/sites/mscare/web/core/lib/Drupal/Core/Render/Renderer.php(431): Drupal\\Core\\Theme\\ThemeManager->render(\'block\', Array)\n#27 /home/sites/mscare/web/core/lib/Drupal/Core/Render/Renderer.php(444): Drupal\\Core\\Render\\Renderer->doRender(Array)\n#28 /home/sites/mscare/web/core/lib/Drupal/Core/Render/Renderer.php(200): Drupal\\Core\\Render\\Renderer->doRender(Array, false)\n#29 /home/sites/mscare/web/core/lib/Drupal/Core/Template/TwigExtension.php(501): Drupal\\Core\\Render\\Renderer->render(Array)\n#30 /home/sites/mscare/web/sites/default/files/php/twig/5f6e0f7145590_page.html.twig_4ox8-P5MHIxgqBYbfb3a3CTbA/1c6g-CuoI_SSHZ-OBT2A6Qx4dO73Olg_0Q0e_pB8TWE.php(681): Drupal\\Core\\Template\\TwigExtension->escapeFilter(Object(Drupal\\Core\\Template\\TwigEnvironment), Array, \'html\', NULL, true)\n#31 /home/sites/mscare/vendor/twig/twig/src/Template.php(453): __TwigTemplate_5e0df418b56ee94b19b45c345522aa482f0ec073a7057983d5cf5340a1d66973->doDisplay(Array, Array)\n#32 /home/sites/mscare/vendor/twig/twig/src/Template.php(420): Twig\\Template->displayWithErrorHandling(Array, Array)\n#33 /home/sites/mscare/vendor/twig/twig/src/Template.php(432): Twig\\Template->display(Array)\n#34 /home/sites/mscare/web/core/themes/engines/twig/twig.engine(64): Twig\\Template->render(Array)\n#35 /home/sites/mscare/web/core/lib/Drupal/Core/Theme/ThemeManager.php(384): twig_render_template(\'themes/contrib/...\', Array)\n#36 /home/sites/mscare/web/core/lib/Drupal/Core/Render/Renderer.php(431): Drupal\\Core\\Theme\\ThemeManager->render(\'page\', Array)\n#37 /home/sites/mscare/web/core/lib/Drupal/Core/Render/Renderer.php(200): Drupal\\Core\\Render\\Renderer->doRender(Array, false)\n#38 /home/sites/mscare/web/core/lib/Drupal/Core/Template/TwigExtension.php(501): Drupal\\Core\\Render\\Renderer->render(Array)\n#39 /home/sites/mscare/web/sites/default/files/php/twig/5f6e0f7145590_html.html.twig_GESAq2dKb9BUD92Q77xHkU4bQ/4ND4abN68z43WLMzd1Zl2PxMaZ0e1hTzGXG3A-_gSgg.php(102): Drupal\\Core\\Template\\TwigExtension->escapeFilter(Object(Drupal\\Core\\Template\\TwigEnvironment), Array, \'html\', NULL, true)\n#40 /home/sites/mscare/vendor/twig/twig/src/Template.php(453): __TwigTemplate_df4712f18857557a4d3b981d2f5e5289601677673aff5b6804b5dea6df9da3c1->doDisplay(Array, Array)\n#41 /home/sites/mscare/vendor/twig/twig/src/Template.php(420): Twig\\Template->displayWithErrorHandling(Array, Array)\n#42 /home/sites/mscare/vendor/twig/twig/src/Template.php(432): Twig\\Template->display(Array)\n#43 /home/sites/mscare/web/core/themes/engines/twig/twig.engine(64): Twig\\Template->render(Array)\n#44 /home/sites/mscare/web/core/lib/Drupal/Core/Theme/ThemeManager.php(384): twig_render_template(\'core/themes/cla...\', Array)\n#45 /home/sites/mscare/web/core/lib/Drupal/Core/Render/Renderer.php(431): Drupal\\Core\\Theme\\ThemeManager->render(\'html\', Array)\n#46 /home/sites/mscare/web/core/lib/Drupal/Core/Render/Renderer.php(200): Drupal\\Core\\Render\\Renderer->doRender(Array, false)\n#47 /home/sites/mscare/web/core/lib/Drupal/Core/Render/MainContent/HtmlRenderer.php(147): Drupal\\Core\\Render\\Renderer->render(Array)\n#48 /home/sites/mscare/web/core/lib/Drupal/Core/Render/Renderer.php(573): Drupal\\Core\\Render\\MainContent\\HtmlRenderer->Drupal\\Core\\Render\\MainContent\\{closure}()\n#49 /home/sites/mscare/web/core/lib/Drupal/Core/Render/MainContent/HtmlRenderer.php(148): Drupal\\Core\\Render\\Renderer->executeInRenderContext(Object(Drupal\\Core\\Render\\RenderContext), Object(Closure))\n#50 /home/sites/mscare/web/core/lib/Drupal/Core/EventSubscriber/MainContentViewSubscriber.php(90): Drupal\\Core\\Render\\MainContent\\HtmlRenderer->renderResponse(Array, Object(Symfony\\Component\\HttpFoundation\\Request), Object(Drupal\\Core\\Routing\\CurrentRouteMatch))\n#51 [internal function]: Drupal\\Core\\EventSubscriber\\MainContentViewSubscriber->onViewRenderArray(Object(Symfony\\Component\\HttpKernel\\Event\\GetResponseForControllerResultEvent), \'kernel.view\', Object(Drupal\\Component\\EventDispatcher\\ContainerAwareEventDispatcher))\n#52 /home/sites/mscare/web/core/lib/Drupal/Component/EventDispatcher/ContainerAwareEventDispatcher.php(111): call_user_func(Array, Object(Symfony\\Component\\HttpKernel\\Event\\GetResponseForControllerResultEvent), \'kernel.view\', Object(Drupal\\Component\\EventDispatcher\\ContainerAwareEventDispatcher))\n#53 /home/sites/mscare/vendor/symfony/http-kernel/HttpKernel.php(156): Drupal\\Component\\EventDispatcher\\ContainerAwareEventDispatcher->dispatch(\'kernel.view\', Object(Symfony\\Component\\HttpKernel\\Event\\GetResponseForControllerResultEvent))\n#54 /home/sites/mscare/vendor/symfony/http-kernel/HttpKernel.php(68): Symfony\\Component\\HttpKernel\\HttpKernel->handleRaw(Object(Symfony\\Component\\HttpFoundation\\Request), 1)\n#55 /home/sites/mscare/web/core/lib/Drupal/Core/StackMiddleware/Session.php(57): Symfony\\Component\\HttpKernel\\HttpKernel->handle(Object(Symfony\\Component\\HttpFoundation\\Request), 1, true)\n#56 /home/sites/mscare/web/core/lib/Drupal/Core/StackMiddleware/KernelPreHandle.php(47): Drupal\\Core\\StackMiddleware\\Session->handle(Object(Symfony\\Component\\HttpFoundation\\Request), 1, true)\n#57 /home/sites/mscare/web/core/modules/page_cache/src/StackMiddleware/PageCache.php(106): Drupal\\Core\\StackMiddleware\\KernelPreHandle->handle(Object(Symfony\\Component\\HttpFoundation\\Request), 1, true)\n#58 /home/sites/mscare/web/core/modules/page_cache/src/StackMiddleware/PageCache.php(85): Drupal\\page_cache\\StackMiddleware\\PageCache->pass(Object(Symfony\\Component\\HttpFoundation\\Request), 1, true)\n#59 /home/sites/mscare/web/core/lib/Drupal/Core/StackMiddleware/ReverseProxyMiddleware.php(47): Drupal\\page_cache\\StackMiddleware\\PageCache->handle(Object(Symfony\\Component\\HttpFoundation\\Request), 1, true)\n#60 /home/sites/mscare/web/core/lib/Drupal/Core/StackMiddleware/NegotiationMiddleware.php(52): Drupal\\Core\\StackMiddleware\\ReverseProxyMiddleware->handle(Object(Symfony\\Component\\HttpFoundation\\Request), 1, true)\n#61 /home/sites/mscare/vendor/stack/builder/src/Stack/StackedHttpKernel.php(23): Drupal\\Core\\StackMiddleware\\NegotiationMiddleware->handle(Object(Symfony\\Component\\HttpFoundation\\Request), 1, true)\n#62 /home/sites/mscare/web/core/lib/Drupal/Core/DrupalKernel.php(708): Stack\\StackedHttpKernel->handle(Object(Symfony\\Component\\HttpFoundation\\Request), 1, true)\n#63 /home/sites/mscare/web/index.php(19): Drupal\\Core\\DrupalKernel->handle(Object(Symfony\\Component\\HttpFoundation\\Request))\n#64 {main}\";}',5,'','http://mscare.open.gr/node/594','http://mscare.open.gr/node/594','85.72.53.208',1601048448),(28945,1,'php','%type: @message in %function (line %line of %file) @backtrace_string.','a:6:{s:5:\"%type\";s:7:\"Warning\";s:8:\"@message\";O:25:\"Drupal\\Core\\Render\\Markup\":1:{s:9:\"\0*\0string\";s:41:\"array_diff(): Argument #1 is not an array\";}s:9:\"%function\";s:74:\"Drupal\\ma_handlers\\Plugin\\WebformHandler\\MailReminderHandler->submitForm()\";s:5:\"%file\";s:99:\"/home/sites/mscare/web/modules/custom/ma_handlers/src/Plugin/WebformHandler/MailReminderHandler.php\";s:5:\"%line\";i:61;s:17:\"@backtrace_string\";s:10561:\"#0 /home/sites/mscare/web/core/includes/bootstrap.inc(600): _drupal_error_handler_real(2, \'array_diff(): A...\', \'/home/sites/msc...\', 61, Array)\n#1 [internal function]: _drupal_error_handler(2, \'array_diff(): A...\', \'/home/sites/msc...\', 61, Array)\n#2 /home/sites/mscare/web/modules/custom/ma_handlers/src/Plugin/WebformHandler/MailReminderHandler.php(61): array_diff(NULL, Array)\n#3 /home/sites/mscare/web/modules/contrib/webform/src/Entity/Webform.php(2616): Drupal\\ma_handlers\\Plugin\\WebformHandler\\MailReminderHandler->submitForm(Array, Object(Drupal\\Core\\Form\\FormState), Object(Drupal\\webform\\Entity\\WebformSubmission))\n#4 /home/sites/mscare/web/modules/contrib/webform/src/WebformSubmissionForm.php(1843): Drupal\\webform\\Entity\\Webform->invokeHandlers(\'submitForm\', Array, Object(Drupal\\Core\\Form\\FormState), Object(Drupal\\webform\\Entity\\WebformSubmission))\n#5 [internal function]: Drupal\\webform\\WebformSubmissionForm->submitForm(Array, Object(Drupal\\Core\\Form\\FormState))\n#6 /home/sites/mscare/web/core/lib/Drupal/Core/Form/FormSubmitter.php(114): call_user_func_array(Array, Array)\n#7 /home/sites/mscare/web/core/lib/Drupal/Core/Form/FormSubmitter.php(52): Drupal\\Core\\Form\\FormSubmitter->executeSubmitHandlers(Array, Object(Drupal\\Core\\Form\\FormState))\n#8 /home/sites/mscare/web/core/lib/Drupal/Core/Form/FormBuilder.php(593): Drupal\\Core\\Form\\FormSubmitter->doSubmitForm(Array, Object(Drupal\\Core\\Form\\FormState))\n#9 /home/sites/mscare/web/core/lib/Drupal/Core/Form/FormBuilder.php(321): Drupal\\Core\\Form\\FormBuilder->processForm(\'webform_submiss...\', Array, Object(Drupal\\Core\\Form\\FormState))\n#10 /home/sites/mscare/web/core/lib/Drupal/Core/Entity/EntityFormBuilder.php(61): Drupal\\Core\\Form\\FormBuilder->buildForm(Object(Drupal\\webform\\WebformSubmissionForm), Object(Drupal\\Core\\Form\\FormState))\n#11 /home/sites/mscare/web/modules/contrib/webform/src/Entity/Webform.php(1193): Drupal\\Core\\Entity\\EntityFormBuilder->getForm(Object(Drupal\\webform\\Entity\\WebformSubmission), \'add\')\n#12 /home/sites/mscare/web/modules/contrib/webform/src/Element/Webform.php(78): Drupal\\webform\\Entity\\Webform->getSubmissionForm(Array)\n#13 [internal function]: Drupal\\webform\\Element\\Webform::preRenderWebformElement(Array)\n#14 /home/sites/mscare/web/core/lib/Drupal/Core/Security/DoTrustedCallbackTrait.php(100): call_user_func_array(Array, Array)\n#15 /home/sites/mscare/web/core/lib/Drupal/Core/Render/Renderer.php(781): Drupal\\Core\\Render\\Renderer->doTrustedCallback(Array, Array, \'Render #pre_ren...\', \'silenced_deprec...\', \'Drupal\\\\Core\\\\Ren...\')\n#16 /home/sites/mscare/web/core/lib/Drupal/Core/Render/Renderer.php(372): Drupal\\Core\\Render\\Renderer->doCallback(\'#pre_render\', Array, Array)\n#17 /home/sites/mscare/web/core/lib/Drupal/Core/Render/Renderer.php(200): Drupal\\Core\\Render\\Renderer->doRender(Array, false)\n#18 /home/sites/mscare/web/core/lib/Drupal/Core/Template/TwigExtension.php(501): Drupal\\Core\\Render\\Renderer->render(Array)\n#19 /home/sites/mscare/web/sites/default/files/php/twig/5f6e0f7145590_block.html.twig_Nk3ADGmD6577FPjExdzeXMxT4/B_bzX_i04XOj7kO1NES_WQpp3iVP5kTAF4jpECM56sc.php(101): Drupal\\Core\\Template\\TwigExtension->escapeFilter(Object(Drupal\\Core\\Template\\TwigEnvironment), Array, \'html\', NULL, true)\n#20 /home/sites/mscare/vendor/twig/twig/src/Template.php(214): __TwigTemplate_5091a0d8f0ef8b286c27524f1cf433c7bb7dec63549fb60634c9387d354e1f98->block_content(Array, Array)\n#21 /home/sites/mscare/web/sites/default/files/php/twig/5f6e0f7145590_block.html.twig_Nk3ADGmD6577FPjExdzeXMxT4/B_bzX_i04XOj7kO1NES_WQpp3iVP5kTAF4jpECM56sc.php(86): Twig\\Template->displayBlock(\'content\', Array, Array)\n#22 /home/sites/mscare/vendor/twig/twig/src/Template.php(453): __TwigTemplate_5091a0d8f0ef8b286c27524f1cf433c7bb7dec63549fb60634c9387d354e1f98->doDisplay(Array, Array)\n#23 /home/sites/mscare/vendor/twig/twig/src/Template.php(420): Twig\\Template->displayWithErrorHandling(Array, Array)\n#24 /home/sites/mscare/vendor/twig/twig/src/Template.php(432): Twig\\Template->display(Array)\n#25 /home/sites/mscare/web/core/themes/engines/twig/twig.engine(64): Twig\\Template->render(Array)\n#26 /home/sites/mscare/web/core/lib/Drupal/Core/Theme/ThemeManager.php(384): twig_render_template(\'themes/contrib/...\', Array)\n#27 /home/sites/mscare/web/core/lib/Drupal/Core/Render/Renderer.php(431): Drupal\\Core\\Theme\\ThemeManager->render(\'block\', Array)\n#28 /home/sites/mscare/web/core/lib/Drupal/Core/Render/Renderer.php(444): Drupal\\Core\\Render\\Renderer->doRender(Array)\n#29 /home/sites/mscare/web/core/lib/Drupal/Core/Render/Renderer.php(200): Drupal\\Core\\Render\\Renderer->doRender(Array, false)\n#30 /home/sites/mscare/web/core/lib/Drupal/Core/Template/TwigExtension.php(501): Drupal\\Core\\Render\\Renderer->render(Array)\n#31 /home/sites/mscare/web/sites/default/files/php/twig/5f6e0f7145590_page.html.twig_4ox8-P5MHIxgqBYbfb3a3CTbA/1c6g-CuoI_SSHZ-OBT2A6Qx4dO73Olg_0Q0e_pB8TWE.php(681): Drupal\\Core\\Template\\TwigExtension->escapeFilter(Object(Drupal\\Core\\Template\\TwigEnvironment), Array, \'html\', NULL, true)\n#32 /home/sites/mscare/vendor/twig/twig/src/Template.php(453): __TwigTemplate_5e0df418b56ee94b19b45c345522aa482f0ec073a7057983d5cf5340a1d66973->doDisplay(Array, Array)\n#33 /home/sites/mscare/vendor/twig/twig/src/Template.php(420): Twig\\Template->displayWithErrorHandling(Array, Array)\n#34 /home/sites/mscare/vendor/twig/twig/src/Template.php(432): Twig\\Template->display(Array)\n#35 /home/sites/mscare/web/core/themes/engines/twig/twig.engine(64): Twig\\Template->render(Array)\n#36 /home/sites/mscare/web/core/lib/Drupal/Core/Theme/ThemeManager.php(384): twig_render_template(\'themes/contrib/...\', Array)\n#37 /home/sites/mscare/web/core/lib/Drupal/Core/Render/Renderer.php(431): Drupal\\Core\\Theme\\ThemeManager->render(\'page\', Array)\n#38 /home/sites/mscare/web/core/lib/Drupal/Core/Render/Renderer.php(200): Drupal\\Core\\Render\\Renderer->doRender(Array, false)\n#39 /home/sites/mscare/web/core/lib/Drupal/Core/Template/TwigExtension.php(501): Drupal\\Core\\Render\\Renderer->render(Array)\n#40 /home/sites/mscare/web/sites/default/files/php/twig/5f6e0f7145590_html.html.twig_GESAq2dKb9BUD92Q77xHkU4bQ/4ND4abN68z43WLMzd1Zl2PxMaZ0e1hTzGXG3A-_gSgg.php(102): Drupal\\Core\\Template\\TwigExtension->escapeFilter(Object(Drupal\\Core\\Template\\TwigEnvironment), Array, \'html\', NULL, true)\n#41 /home/sites/mscare/vendor/twig/twig/src/Template.php(453): __TwigTemplate_df4712f18857557a4d3b981d2f5e5289601677673aff5b6804b5dea6df9da3c1->doDisplay(Array, Array)\n#42 /home/sites/mscare/vendor/twig/twig/src/Template.php(420): Twig\\Template->displayWithErrorHandling(Array, Array)\n#43 /home/sites/mscare/vendor/twig/twig/src/Template.php(432): Twig\\Template->display(Array)\n#44 /home/sites/mscare/web/core/themes/engines/twig/twig.engine(64): Twig\\Template->render(Array)\n#45 /home/sites/mscare/web/core/lib/Drupal/Core/Theme/ThemeManager.php(384): twig_render_template(\'core/themes/cla...\', Array)\n#46 /home/sites/mscare/web/core/lib/Drupal/Core/Render/Renderer.php(431): Drupal\\Core\\Theme\\ThemeManager->render(\'html\', Array)\n#47 /home/sites/mscare/web/core/lib/Drupal/Core/Render/Renderer.php(200): Drupal\\Core\\Render\\Renderer->doRender(Array, false)\n#48 /home/sites/mscare/web/core/lib/Drupal/Core/Render/MainContent/HtmlRenderer.php(147): Drupal\\Core\\Render\\Renderer->render(Array)\n#49 /home/sites/mscare/web/core/lib/Drupal/Core/Render/Renderer.php(573): Drupal\\Core\\Render\\MainContent\\HtmlRenderer->Drupal\\Core\\Render\\MainContent\\{closure}()\n#50 /home/sites/mscare/web/core/lib/Drupal/Core/Render/MainContent/HtmlRenderer.php(148): Drupal\\Core\\Render\\Renderer->executeInRenderContext(Object(Drupal\\Core\\Render\\RenderContext), Object(Closure))\n#51 /home/sites/mscare/web/core/lib/Drupal/Core/EventSubscriber/MainContentViewSubscriber.php(90): Drupal\\Core\\Render\\MainContent\\HtmlRenderer->renderResponse(Array, Object(Symfony\\Component\\HttpFoundation\\Request), Object(Drupal\\Core\\Routing\\CurrentRouteMatch))\n#52 [internal function]: Drupal\\Core\\EventSubscriber\\MainContentViewSubscriber->onViewRenderArray(Object(Symfony\\Component\\HttpKernel\\Event\\GetResponseForControllerResultEvent), \'kernel.view\', Object(Drupal\\Component\\EventDispatcher\\ContainerAwareEventDispatcher))\n#53 /home/sites/mscare/web/core/lib/Drupal/Component/EventDispatcher/ContainerAwareEventDispatcher.php(111): call_user_func(Array, Object(Symfony\\Component\\HttpKernel\\Event\\GetResponseForControllerResultEvent), \'kernel.view\', Object(Drupal\\Component\\EventDispatcher\\ContainerAwareEventDispatcher))\n#54 /home/sites/mscare/vendor/symfony/http-kernel/HttpKernel.php(156): Drupal\\Component\\EventDispatcher\\ContainerAwareEventDispatcher->dispatch(\'kernel.view\', Object(Symfony\\Component\\HttpKernel\\Event\\GetResponseForControllerResultEvent))\n#55 /home/sites/mscare/vendor/symfony/http-kernel/HttpKernel.php(68): Symfony\\Component\\HttpKernel\\HttpKernel->handleRaw(Object(Symfony\\Component\\HttpFoundation\\Request), 1)\n#56 /home/sites/mscare/web/core/lib/Drupal/Core/StackMiddleware/Session.php(57): Symfony\\Component\\HttpKernel\\HttpKernel->handle(Object(Symfony\\Component\\HttpFoundation\\Request), 1, true)\n#57 /home/sites/mscare/web/core/lib/Drupal/Core/StackMiddleware/KernelPreHandle.php(47): Drupal\\Core\\StackMiddleware\\Session->handle(Object(Symfony\\Component\\HttpFoundation\\Request), 1, true)\n#58 /home/sites/mscare/web/core/modules/page_cache/src/StackMiddleware/PageCache.php(106): Drupal\\Core\\StackMiddleware\\KernelPreHandle->handle(Object(Symfony\\Component\\HttpFoundation\\Request), 1, true)\n#59 /home/sites/mscare/web/core/modules/page_cache/src/StackMiddleware/PageCache.php(85): Drupal\\page_cache\\StackMiddleware\\PageCache->pass(Object(Symfony\\Component\\HttpFoundation\\Request), 1, true)\n#60 /home/sites/mscare/web/core/lib/Drupal/Core/StackMiddleware/ReverseProxyMiddleware.php(47): Drupal\\page_cache\\StackMiddleware\\PageCache->handle(Object(Symfony\\Component\\HttpFoundation\\Request), 1, true)\n#61 /home/sites/mscare/web/core/lib/Drupal/Core/StackMiddleware/NegotiationMiddleware.php(52): Drupal\\Core\\StackMiddleware\\ReverseProxyMiddleware->handle(Object(Symfony\\Component\\HttpFoundation\\Request), 1, true)\n#62 /home/sites/mscare/vendor/stack/builder/src/Stack/StackedHttpKernel.php(23): Drupal\\Core\\StackMiddleware\\NegotiationMiddleware->handle(Object(Symfony\\Component\\HttpFoundation\\Request), 1, true)\n#63 /home/sites/mscare/web/core/lib/Drupal/Core/DrupalKernel.php(708): Stack\\StackedHttpKernel->handle(Object(Symfony\\Component\\HttpFoundation\\Request), 1, true)\n#64 /home/sites/mscare/web/index.php(19): Drupal\\Core\\DrupalKernel->handle(Object(Symfony\\Component\\HttpFoundation\\Request))\n#65 {main}\";}',4,'','http://mscare.open.gr/node/594','http://mscare.open.gr/node/594','85.72.53.208',1601048448),(28946,1,'php','%type: @message in %function (line %line of %file) @backtrace_string.','a:6:{s:5:\"%type\";s:7:\"Warning\";s:8:\"@message\";O:25:\"Drupal\\Core\\Render\\Markup\":1:{s:9:\"\0*\0string\";s:39:\"Invalid argument supplied for foreach()\";}s:9:\"%function\";s:74:\"Drupal\\ma_handlers\\Plugin\\WebformHandler\\MailReminderHandler->submitForm()\";s:5:\"%file\";s:99:\"/home/sites/mscare/web/modules/custom/ma_handlers/src/Plugin/WebformHandler/MailReminderHandler.php\";s:5:\"%line\";i:66;s:17:\"@backtrace_string\";s:10512:\"#0 /home/sites/mscare/web/core/includes/bootstrap.inc(600): _drupal_error_handler_real(2, \'Invalid argumen...\', \'/home/sites/msc...\', 66, Array)\n#1 /home/sites/mscare/web/modules/custom/ma_handlers/src/Plugin/WebformHandler/MailReminderHandler.php(66): _drupal_error_handler(2, \'Invalid argumen...\', \'/home/sites/msc...\', 66, Array)\n#2 /home/sites/mscare/web/modules/contrib/webform/src/Entity/Webform.php(2616): Drupal\\ma_handlers\\Plugin\\WebformHandler\\MailReminderHandler->submitForm(Array, Object(Drupal\\Core\\Form\\FormState), Object(Drupal\\webform\\Entity\\WebformSubmission))\n#3 /home/sites/mscare/web/modules/contrib/webform/src/WebformSubmissionForm.php(1843): Drupal\\webform\\Entity\\Webform->invokeHandlers(\'submitForm\', Array, Object(Drupal\\Core\\Form\\FormState), Object(Drupal\\webform\\Entity\\WebformSubmission))\n#4 [internal function]: Drupal\\webform\\WebformSubmissionForm->submitForm(Array, Object(Drupal\\Core\\Form\\FormState))\n#5 /home/sites/mscare/web/core/lib/Drupal/Core/Form/FormSubmitter.php(114): call_user_func_array(Array, Array)\n#6 /home/sites/mscare/web/core/lib/Drupal/Core/Form/FormSubmitter.php(52): Drupal\\Core\\Form\\FormSubmitter->executeSubmitHandlers(Array, Object(Drupal\\Core\\Form\\FormState))\n#7 /home/sites/mscare/web/core/lib/Drupal/Core/Form/FormBuilder.php(593): Drupal\\Core\\Form\\FormSubmitter->doSubmitForm(Array, Object(Drupal\\Core\\Form\\FormState))\n#8 /home/sites/mscare/web/core/lib/Drupal/Core/Form/FormBuilder.php(321): Drupal\\Core\\Form\\FormBuilder->processForm(\'webform_submiss...\', Array, Object(Drupal\\Core\\Form\\FormState))\n#9 /home/sites/mscare/web/core/lib/Drupal/Core/Entity/EntityFormBuilder.php(61): Drupal\\Core\\Form\\FormBuilder->buildForm(Object(Drupal\\webform\\WebformSubmissionForm), Object(Drupal\\Core\\Form\\FormState))\n#10 /home/sites/mscare/web/modules/contrib/webform/src/Entity/Webform.php(1193): Drupal\\Core\\Entity\\EntityFormBuilder->getForm(Object(Drupal\\webform\\Entity\\WebformSubmission), \'add\')\n#11 /home/sites/mscare/web/modules/contrib/webform/src/Element/Webform.php(78): Drupal\\webform\\Entity\\Webform->getSubmissionForm(Array)\n#12 [internal function]: Drupal\\webform\\Element\\Webform::preRenderWebformElement(Array)\n#13 /home/sites/mscare/web/core/lib/Drupal/Core/Security/DoTrustedCallbackTrait.php(100): call_user_func_array(Array, Array)\n#14 /home/sites/mscare/web/core/lib/Drupal/Core/Render/Renderer.php(781): Drupal\\Core\\Render\\Renderer->doTrustedCallback(Array, Array, \'Render #pre_ren...\', \'silenced_deprec...\', \'Drupal\\\\Core\\\\Ren...\')\n#15 /home/sites/mscare/web/core/lib/Drupal/Core/Render/Renderer.php(372): Drupal\\Core\\Render\\Renderer->doCallback(\'#pre_render\', Array, Array)\n#16 /home/sites/mscare/web/core/lib/Drupal/Core/Render/Renderer.php(200): Drupal\\Core\\Render\\Renderer->doRender(Array, false)\n#17 /home/sites/mscare/web/core/lib/Drupal/Core/Template/TwigExtension.php(501): Drupal\\Core\\Render\\Renderer->render(Array)\n#18 /home/sites/mscare/web/sites/default/files/php/twig/5f6e0f7145590_block.html.twig_Nk3ADGmD6577FPjExdzeXMxT4/B_bzX_i04XOj7kO1NES_WQpp3iVP5kTAF4jpECM56sc.php(101): Drupal\\Core\\Template\\TwigExtension->escapeFilter(Object(Drupal\\Core\\Template\\TwigEnvironment), Array, \'html\', NULL, true)\n#19 /home/sites/mscare/vendor/twig/twig/src/Template.php(214): __TwigTemplate_5091a0d8f0ef8b286c27524f1cf433c7bb7dec63549fb60634c9387d354e1f98->block_content(Array, Array)\n#20 /home/sites/mscare/web/sites/default/files/php/twig/5f6e0f7145590_block.html.twig_Nk3ADGmD6577FPjExdzeXMxT4/B_bzX_i04XOj7kO1NES_WQpp3iVP5kTAF4jpECM56sc.php(86): Twig\\Template->displayBlock(\'content\', Array, Array)\n#21 /home/sites/mscare/vendor/twig/twig/src/Template.php(453): __TwigTemplate_5091a0d8f0ef8b286c27524f1cf433c7bb7dec63549fb60634c9387d354e1f98->doDisplay(Array, Array)\n#22 /home/sites/mscare/vendor/twig/twig/src/Template.php(420): Twig\\Template->displayWithErrorHandling(Array, Array)\n#23 /home/sites/mscare/vendor/twig/twig/src/Template.php(432): Twig\\Template->display(Array)\n#24 /home/sites/mscare/web/core/themes/engines/twig/twig.engine(64): Twig\\Template->render(Array)\n#25 /home/sites/mscare/web/core/lib/Drupal/Core/Theme/ThemeManager.php(384): twig_render_template(\'themes/contrib/...\', Array)\n#26 /home/sites/mscare/web/core/lib/Drupal/Core/Render/Renderer.php(431): Drupal\\Core\\Theme\\ThemeManager->render(\'block\', Array)\n#27 /home/sites/mscare/web/core/lib/Drupal/Core/Render/Renderer.php(444): Drupal\\Core\\Render\\Renderer->doRender(Array)\n#28 /home/sites/mscare/web/core/lib/Drupal/Core/Render/Renderer.php(200): Drupal\\Core\\Render\\Renderer->doRender(Array, false)\n#29 /home/sites/mscare/web/core/lib/Drupal/Core/Template/TwigExtension.php(501): Drupal\\Core\\Render\\Renderer->render(Array)\n#30 /home/sites/mscare/web/sites/default/files/php/twig/5f6e0f7145590_page.html.twig_4ox8-P5MHIxgqBYbfb3a3CTbA/1c6g-CuoI_SSHZ-OBT2A6Qx4dO73Olg_0Q0e_pB8TWE.php(681): Drupal\\Core\\Template\\TwigExtension->escapeFilter(Object(Drupal\\Core\\Template\\TwigEnvironment), Array, \'html\', NULL, true)\n#31 /home/sites/mscare/vendor/twig/twig/src/Template.php(453): __TwigTemplate_5e0df418b56ee94b19b45c345522aa482f0ec073a7057983d5cf5340a1d66973->doDisplay(Array, Array)\n#32 /home/sites/mscare/vendor/twig/twig/src/Template.php(420): Twig\\Template->displayWithErrorHandling(Array, Array)\n#33 /home/sites/mscare/vendor/twig/twig/src/Template.php(432): Twig\\Template->display(Array)\n#34 /home/sites/mscare/web/core/themes/engines/twig/twig.engine(64): Twig\\Template->render(Array)\n#35 /home/sites/mscare/web/core/lib/Drupal/Core/Theme/ThemeManager.php(384): twig_render_template(\'themes/contrib/...\', Array)\n#36 /home/sites/mscare/web/core/lib/Drupal/Core/Render/Renderer.php(431): Drupal\\Core\\Theme\\ThemeManager->render(\'page\', Array)\n#37 /home/sites/mscare/web/core/lib/Drupal/Core/Render/Renderer.php(200): Drupal\\Core\\Render\\Renderer->doRender(Array, false)\n#38 /home/sites/mscare/web/core/lib/Drupal/Core/Template/TwigExtension.php(501): Drupal\\Core\\Render\\Renderer->render(Array)\n#39 /home/sites/mscare/web/sites/default/files/php/twig/5f6e0f7145590_html.html.twig_GESAq2dKb9BUD92Q77xHkU4bQ/4ND4abN68z43WLMzd1Zl2PxMaZ0e1hTzGXG3A-_gSgg.php(102): Drupal\\Core\\Template\\TwigExtension->escapeFilter(Object(Drupal\\Core\\Template\\TwigEnvironment), Array, \'html\', NULL, true)\n#40 /home/sites/mscare/vendor/twig/twig/src/Template.php(453): __TwigTemplate_df4712f18857557a4d3b981d2f5e5289601677673aff5b6804b5dea6df9da3c1->doDisplay(Array, Array)\n#41 /home/sites/mscare/vendor/twig/twig/src/Template.php(420): Twig\\Template->displayWithErrorHandling(Array, Array)\n#42 /home/sites/mscare/vendor/twig/twig/src/Template.php(432): Twig\\Template->display(Array)\n#43 /home/sites/mscare/web/core/themes/engines/twig/twig.engine(64): Twig\\Template->render(Array)\n#44 /home/sites/mscare/web/core/lib/Drupal/Core/Theme/ThemeManager.php(384): twig_render_template(\'core/themes/cla...\', Array)\n#45 /home/sites/mscare/web/core/lib/Drupal/Core/Render/Renderer.php(431): Drupal\\Core\\Theme\\ThemeManager->render(\'html\', Array)\n#46 /home/sites/mscare/web/core/lib/Drupal/Core/Render/Renderer.php(200): Drupal\\Core\\Render\\Renderer->doRender(Array, false)\n#47 /home/sites/mscare/web/core/lib/Drupal/Core/Render/MainContent/HtmlRenderer.php(147): Drupal\\Core\\Render\\Renderer->render(Array)\n#48 /home/sites/mscare/web/core/lib/Drupal/Core/Render/Renderer.php(573): Drupal\\Core\\Render\\MainContent\\HtmlRenderer->Drupal\\Core\\Render\\MainContent\\{closure}()\n#49 /home/sites/mscare/web/core/lib/Drupal/Core/Render/MainContent/HtmlRenderer.php(148): Drupal\\Core\\Render\\Renderer->executeInRenderContext(Object(Drupal\\Core\\Render\\RenderContext), Object(Closure))\n#50 /home/sites/mscare/web/core/lib/Drupal/Core/EventSubscriber/MainContentViewSubscriber.php(90): Drupal\\Core\\Render\\MainContent\\HtmlRenderer->renderResponse(Array, Object(Symfony\\Component\\HttpFoundation\\Request), Object(Drupal\\Core\\Routing\\CurrentRouteMatch))\n#51 [internal function]: Drupal\\Core\\EventSubscriber\\MainContentViewSubscriber->onViewRenderArray(Object(Symfony\\Component\\HttpKernel\\Event\\GetResponseForControllerResultEvent), \'kernel.view\', Object(Drupal\\Component\\EventDispatcher\\ContainerAwareEventDispatcher))\n#52 /home/sites/mscare/web/core/lib/Drupal/Component/EventDispatcher/ContainerAwareEventDispatcher.php(111): call_user_func(Array, Object(Symfony\\Component\\HttpKernel\\Event\\GetResponseForControllerResultEvent), \'kernel.view\', Object(Drupal\\Component\\EventDispatcher\\ContainerAwareEventDispatcher))\n#53 /home/sites/mscare/vendor/symfony/http-kernel/HttpKernel.php(156): Drupal\\Component\\EventDispatcher\\ContainerAwareEventDispatcher->dispatch(\'kernel.view\', Object(Symfony\\Component\\HttpKernel\\Event\\GetResponseForControllerResultEvent))\n#54 /home/sites/mscare/vendor/symfony/http-kernel/HttpKernel.php(68): Symfony\\Component\\HttpKernel\\HttpKernel->handleRaw(Object(Symfony\\Component\\HttpFoundation\\Request), 1)\n#55 /home/sites/mscare/web/core/lib/Drupal/Core/StackMiddleware/Session.php(57): Symfony\\Component\\HttpKernel\\HttpKernel->handle(Object(Symfony\\Component\\HttpFoundation\\Request), 1, true)\n#56 /home/sites/mscare/web/core/lib/Drupal/Core/StackMiddleware/KernelPreHandle.php(47): Drupal\\Core\\StackMiddleware\\Session->handle(Object(Symfony\\Component\\HttpFoundation\\Request), 1, true)\n#57 /home/sites/mscare/web/core/modules/page_cache/src/StackMiddleware/PageCache.php(106): Drupal\\Core\\StackMiddleware\\KernelPreHandle->handle(Object(Symfony\\Component\\HttpFoundation\\Request), 1, true)\n#58 /home/sites/mscare/web/core/modules/page_cache/src/StackMiddleware/PageCache.php(85): Drupal\\page_cache\\StackMiddleware\\PageCache->pass(Object(Symfony\\Component\\HttpFoundation\\Request), 1, true)\n#59 /home/sites/mscare/web/core/lib/Drupal/Core/StackMiddleware/ReverseProxyMiddleware.php(47): Drupal\\page_cache\\StackMiddleware\\PageCache->handle(Object(Symfony\\Component\\HttpFoundation\\Request), 1, true)\n#60 /home/sites/mscare/web/core/lib/Drupal/Core/StackMiddleware/NegotiationMiddleware.php(52): Drupal\\Core\\StackMiddleware\\ReverseProxyMiddleware->handle(Object(Symfony\\Component\\HttpFoundation\\Request), 1, true)\n#61 /home/sites/mscare/vendor/stack/builder/src/Stack/StackedHttpKernel.php(23): Drupal\\Core\\StackMiddleware\\NegotiationMiddleware->handle(Object(Symfony\\Component\\HttpFoundation\\Request), 1, true)\n#62 /home/sites/mscare/web/core/lib/Drupal/Core/DrupalKernel.php(708): Stack\\StackedHttpKernel->handle(Object(Symfony\\Component\\HttpFoundation\\Request), 1, true)\n#63 /home/sites/mscare/web/index.php(19): Drupal\\Core\\DrupalKernel->handle(Object(Symfony\\Component\\HttpFoundation\\Request))\n#64 {main}\";}',4,'','http://mscare.open.gr/node/594','http://mscare.open.gr/node/594','85.72.53.208',1601048448),(28947,1,'myformhandler','MyHandler got form data:','a:0:{}',4,'','http://mscare.open.gr/node/594','http://mscare.open.gr/node/594','85.72.53.208',1601048448),(28948,1,'webform','@title created.','a:2:{s:3:\"@id\";s:3:\"138\";s:6:\"@title\";s:37:\"MSCU – ECF – 2020: Submission #32\";}',5,'<a href=\"/admin/structure/webform/manage/email_reminder/submission/138/edit\" hreflang=\"en\">Edit</a>','http://mscare.open.gr/node/594','http://mscare.open.gr/node/594','85.72.53.208',1601048448),(28949,1,'php','%type: @message in %function (line %line of %file) @backtrace_string.','a:6:{s:5:\"%type\";s:6:\"Notice\";s:8:\"@message\";O:25:\"Drupal\\Core\\Render\\Markup\":1:{s:9:\"\0*\0string\";s:25:\"Undefined variable: aTmp1\";}s:9:\"%function\";s:74:\"Drupal\\ma_handlers\\Plugin\\WebformHandler\\MailReminderHandler->submitForm()\";s:5:\"%file\";s:99:\"/home/sites/mscare/web/modules/custom/ma_handlers/src/Plugin/WebformHandler/MailReminderHandler.php\";s:5:\"%line\";i:58;s:17:\"@backtrace_string\";s:10512:\"#0 /home/sites/mscare/web/core/includes/bootstrap.inc(600): _drupal_error_handler_real(8, \'Undefined varia...\', \'/home/sites/msc...\', 58, Array)\n#1 /home/sites/mscare/web/modules/custom/ma_handlers/src/Plugin/WebformHandler/MailReminderHandler.php(58): _drupal_error_handler(8, \'Undefined varia...\', \'/home/sites/msc...\', 58, Array)\n#2 /home/sites/mscare/web/modules/contrib/webform/src/Entity/Webform.php(2616): Drupal\\ma_handlers\\Plugin\\WebformHandler\\MailReminderHandler->submitForm(Array, Object(Drupal\\Core\\Form\\FormState), Object(Drupal\\webform\\Entity\\WebformSubmission))\n#3 /home/sites/mscare/web/modules/contrib/webform/src/WebformSubmissionForm.php(1843): Drupal\\webform\\Entity\\Webform->invokeHandlers(\'submitForm\', Array, Object(Drupal\\Core\\Form\\FormState), Object(Drupal\\webform\\Entity\\WebformSubmission))\n#4 [internal function]: Drupal\\webform\\WebformSubmissionForm->submitForm(Array, Object(Drupal\\Core\\Form\\FormState))\n#5 /home/sites/mscare/web/core/lib/Drupal/Core/Form/FormSubmitter.php(114): call_user_func_array(Array, Array)\n#6 /home/sites/mscare/web/core/lib/Drupal/Core/Form/FormSubmitter.php(52): Drupal\\Core\\Form\\FormSubmitter->executeSubmitHandlers(Array, Object(Drupal\\Core\\Form\\FormState))\n#7 /home/sites/mscare/web/core/lib/Drupal/Core/Form/FormBuilder.php(593): Drupal\\Core\\Form\\FormSubmitter->doSubmitForm(Array, Object(Drupal\\Core\\Form\\FormState))\n#8 /home/sites/mscare/web/core/lib/Drupal/Core/Form/FormBuilder.php(321): Drupal\\Core\\Form\\FormBuilder->processForm(\'webform_submiss...\', Array, Object(Drupal\\Core\\Form\\FormState))\n#9 /home/sites/mscare/web/core/lib/Drupal/Core/Entity/EntityFormBuilder.php(61): Drupal\\Core\\Form\\FormBuilder->buildForm(Object(Drupal\\webform\\WebformSubmissionForm), Object(Drupal\\Core\\Form\\FormState))\n#10 /home/sites/mscare/web/modules/contrib/webform/src/Entity/Webform.php(1193): Drupal\\Core\\Entity\\EntityFormBuilder->getForm(Object(Drupal\\webform\\Entity\\WebformSubmission), \'add\')\n#11 /home/sites/mscare/web/modules/contrib/webform/src/Element/Webform.php(78): Drupal\\webform\\Entity\\Webform->getSubmissionForm(Array)\n#12 [internal function]: Drupal\\webform\\Element\\Webform::preRenderWebformElement(Array)\n#13 /home/sites/mscare/web/core/lib/Drupal/Core/Security/DoTrustedCallbackTrait.php(100): call_user_func_array(Array, Array)\n#14 /home/sites/mscare/web/core/lib/Drupal/Core/Render/Renderer.php(781): Drupal\\Core\\Render\\Renderer->doTrustedCallback(Array, Array, \'Render #pre_ren...\', \'silenced_deprec...\', \'Drupal\\\\Core\\\\Ren...\')\n#15 /home/sites/mscare/web/core/lib/Drupal/Core/Render/Renderer.php(372): Drupal\\Core\\Render\\Renderer->doCallback(\'#pre_render\', Array, Array)\n#16 /home/sites/mscare/web/core/lib/Drupal/Core/Render/Renderer.php(200): Drupal\\Core\\Render\\Renderer->doRender(Array, false)\n#17 /home/sites/mscare/web/core/lib/Drupal/Core/Template/TwigExtension.php(501): Drupal\\Core\\Render\\Renderer->render(Array)\n#18 /home/sites/mscare/web/sites/default/files/php/twig/5f6e123f14923_block.html.twig_Nk3ADGmD6577FPjExdzeXMxT4/b3i9M67dpif7pL6tU1cwilZYEU7ZCsTRyooioOiMFWU.php(101): Drupal\\Core\\Template\\TwigExtension->escapeFilter(Object(Drupal\\Core\\Template\\TwigEnvironment), Array, \'html\', NULL, true)\n#19 /home/sites/mscare/vendor/twig/twig/src/Template.php(214): __TwigTemplate_5091a0d8f0ef8b286c27524f1cf433c7bb7dec63549fb60634c9387d354e1f98->block_content(Array, Array)\n#20 /home/sites/mscare/web/sites/default/files/php/twig/5f6e123f14923_block.html.twig_Nk3ADGmD6577FPjExdzeXMxT4/b3i9M67dpif7pL6tU1cwilZYEU7ZCsTRyooioOiMFWU.php(86): Twig\\Template->displayBlock(\'content\', Array, Array)\n#21 /home/sites/mscare/vendor/twig/twig/src/Template.php(453): __TwigTemplate_5091a0d8f0ef8b286c27524f1cf433c7bb7dec63549fb60634c9387d354e1f98->doDisplay(Array, Array)\n#22 /home/sites/mscare/vendor/twig/twig/src/Template.php(420): Twig\\Template->displayWithErrorHandling(Array, Array)\n#23 /home/sites/mscare/vendor/twig/twig/src/Template.php(432): Twig\\Template->display(Array)\n#24 /home/sites/mscare/web/core/themes/engines/twig/twig.engine(64): Twig\\Template->render(Array)\n#25 /home/sites/mscare/web/core/lib/Drupal/Core/Theme/ThemeManager.php(384): twig_render_template(\'themes/contrib/...\', Array)\n#26 /home/sites/mscare/web/core/lib/Drupal/Core/Render/Renderer.php(431): Drupal\\Core\\Theme\\ThemeManager->render(\'block\', Array)\n#27 /home/sites/mscare/web/core/lib/Drupal/Core/Render/Renderer.php(444): Drupal\\Core\\Render\\Renderer->doRender(Array)\n#28 /home/sites/mscare/web/core/lib/Drupal/Core/Render/Renderer.php(200): Drupal\\Core\\Render\\Renderer->doRender(Array, false)\n#29 /home/sites/mscare/web/core/lib/Drupal/Core/Template/TwigExtension.php(501): Drupal\\Core\\Render\\Renderer->render(Array)\n#30 /home/sites/mscare/web/sites/default/files/php/twig/5f6e123f14923_page.html.twig_4ox8-P5MHIxgqBYbfb3a3CTbA/UffxqoO7_rs7GFpBYdf7sExJ9kjKWzTYquMLr7ZSbKc.php(681): Drupal\\Core\\Template\\TwigExtension->escapeFilter(Object(Drupal\\Core\\Template\\TwigEnvironment), Array, \'html\', NULL, true)\n#31 /home/sites/mscare/vendor/twig/twig/src/Template.php(453): __TwigTemplate_5e0df418b56ee94b19b45c345522aa482f0ec073a7057983d5cf5340a1d66973->doDisplay(Array, Array)\n#32 /home/sites/mscare/vendor/twig/twig/src/Template.php(420): Twig\\Template->displayWithErrorHandling(Array, Array)\n#33 /home/sites/mscare/vendor/twig/twig/src/Template.php(432): Twig\\Template->display(Array)\n#34 /home/sites/mscare/web/core/themes/engines/twig/twig.engine(64): Twig\\Template->render(Array)\n#35 /home/sites/mscare/web/core/lib/Drupal/Core/Theme/ThemeManager.php(384): twig_render_template(\'themes/contrib/...\', Array)\n#36 /home/sites/mscare/web/core/lib/Drupal/Core/Render/Renderer.php(431): Drupal\\Core\\Theme\\ThemeManager->render(\'page\', Array)\n#37 /home/sites/mscare/web/core/lib/Drupal/Core/Render/Renderer.php(200): Drupal\\Core\\Render\\Renderer->doRender(Array, false)\n#38 /home/sites/mscare/web/core/lib/Drupal/Core/Template/TwigExtension.php(501): Drupal\\Core\\Render\\Renderer->render(Array)\n#39 /home/sites/mscare/web/sites/default/files/php/twig/5f6e123f14923_html.html.twig_GESAq2dKb9BUD92Q77xHkU4bQ/fSHO668xsSFx26F2IBohjW7qFALVDedYA6CyUEHKPqE.php(102): Drupal\\Core\\Template\\TwigExtension->escapeFilter(Object(Drupal\\Core\\Template\\TwigEnvironment), Array, \'html\', NULL, true)\n#40 /home/sites/mscare/vendor/twig/twig/src/Template.php(453): __TwigTemplate_df4712f18857557a4d3b981d2f5e5289601677673aff5b6804b5dea6df9da3c1->doDisplay(Array, Array)\n#41 /home/sites/mscare/vendor/twig/twig/src/Template.php(420): Twig\\Template->displayWithErrorHandling(Array, Array)\n#42 /home/sites/mscare/vendor/twig/twig/src/Template.php(432): Twig\\Template->display(Array)\n#43 /home/sites/mscare/web/core/themes/engines/twig/twig.engine(64): Twig\\Template->render(Array)\n#44 /home/sites/mscare/web/core/lib/Drupal/Core/Theme/ThemeManager.php(384): twig_render_template(\'core/themes/cla...\', Array)\n#45 /home/sites/mscare/web/core/lib/Drupal/Core/Render/Renderer.php(431): Drupal\\Core\\Theme\\ThemeManager->render(\'html\', Array)\n#46 /home/sites/mscare/web/core/lib/Drupal/Core/Render/Renderer.php(200): Drupal\\Core\\Render\\Renderer->doRender(Array, false)\n#47 /home/sites/mscare/web/core/lib/Drupal/Core/Render/MainContent/HtmlRenderer.php(147): Drupal\\Core\\Render\\Renderer->render(Array)\n#48 /home/sites/mscare/web/core/lib/Drupal/Core/Render/Renderer.php(573): Drupal\\Core\\Render\\MainContent\\HtmlRenderer->Drupal\\Core\\Render\\MainContent\\{closure}()\n#49 /home/sites/mscare/web/core/lib/Drupal/Core/Render/MainContent/HtmlRenderer.php(148): Drupal\\Core\\Render\\Renderer->executeInRenderContext(Object(Drupal\\Core\\Render\\RenderContext), Object(Closure))\n#50 /home/sites/mscare/web/core/lib/Drupal/Core/EventSubscriber/MainContentViewSubscriber.php(90): Drupal\\Core\\Render\\MainContent\\HtmlRenderer->renderResponse(Array, Object(Symfony\\Component\\HttpFoundation\\Request), Object(Drupal\\Core\\Routing\\CurrentRouteMatch))\n#51 [internal function]: Drupal\\Core\\EventSubscriber\\MainContentViewSubscriber->onViewRenderArray(Object(Symfony\\Component\\HttpKernel\\Event\\GetResponseForControllerResultEvent), \'kernel.view\', Object(Drupal\\Component\\EventDispatcher\\ContainerAwareEventDispatcher))\n#52 /home/sites/mscare/web/core/lib/Drupal/Component/EventDispatcher/ContainerAwareEventDispatcher.php(111): call_user_func(Array, Object(Symfony\\Component\\HttpKernel\\Event\\GetResponseForControllerResultEvent), \'kernel.view\', Object(Drupal\\Component\\EventDispatcher\\ContainerAwareEventDispatcher))\n#53 /home/sites/mscare/vendor/symfony/http-kernel/HttpKernel.php(156): Drupal\\Component\\EventDispatcher\\ContainerAwareEventDispatcher->dispatch(\'kernel.view\', Object(Symfony\\Component\\HttpKernel\\Event\\GetResponseForControllerResultEvent))\n#54 /home/sites/mscare/vendor/symfony/http-kernel/HttpKernel.php(68): Symfony\\Component\\HttpKernel\\HttpKernel->handleRaw(Object(Symfony\\Component\\HttpFoundation\\Request), 1)\n#55 /home/sites/mscare/web/core/lib/Drupal/Core/StackMiddleware/Session.php(57): Symfony\\Component\\HttpKernel\\HttpKernel->handle(Object(Symfony\\Component\\HttpFoundation\\Request), 1, true)\n#56 /home/sites/mscare/web/core/lib/Drupal/Core/StackMiddleware/KernelPreHandle.php(47): Drupal\\Core\\StackMiddleware\\Session->handle(Object(Symfony\\Component\\HttpFoundation\\Request), 1, true)\n#57 /home/sites/mscare/web/core/modules/page_cache/src/StackMiddleware/PageCache.php(106): Drupal\\Core\\StackMiddleware\\KernelPreHandle->handle(Object(Symfony\\Component\\HttpFoundation\\Request), 1, true)\n#58 /home/sites/mscare/web/core/modules/page_cache/src/StackMiddleware/PageCache.php(85): Drupal\\page_cache\\StackMiddleware\\PageCache->pass(Object(Symfony\\Component\\HttpFoundation\\Request), 1, true)\n#59 /home/sites/mscare/web/core/lib/Drupal/Core/StackMiddleware/ReverseProxyMiddleware.php(47): Drupal\\page_cache\\StackMiddleware\\PageCache->handle(Object(Symfony\\Component\\HttpFoundation\\Request), 1, true)\n#60 /home/sites/mscare/web/core/lib/Drupal/Core/StackMiddleware/NegotiationMiddleware.php(52): Drupal\\Core\\StackMiddleware\\ReverseProxyMiddleware->handle(Object(Symfony\\Component\\HttpFoundation\\Request), 1, true)\n#61 /home/sites/mscare/vendor/stack/builder/src/Stack/StackedHttpKernel.php(23): Drupal\\Core\\StackMiddleware\\NegotiationMiddleware->handle(Object(Symfony\\Component\\HttpFoundation\\Request), 1, true)\n#62 /home/sites/mscare/web/core/lib/Drupal/Core/DrupalKernel.php(708): Stack\\StackedHttpKernel->handle(Object(Symfony\\Component\\HttpFoundation\\Request), 1, true)\n#63 /home/sites/mscare/web/index.php(19): Drupal\\Core\\DrupalKernel->handle(Object(Symfony\\Component\\HttpFoundation\\Request))\n#64 {main}\";}',5,'','http://mscare.open.gr/node/594','http://mscare.open.gr/node/594','85.72.53.208',1601049165),(28950,1,'php','%type: @message in %function (line %line of %file) @backtrace_string.','a:6:{s:5:\"%type\";s:7:\"Warning\";s:8:\"@message\";O:25:\"Drupal\\Core\\Render\\Markup\":1:{s:9:\"\0*\0string\";s:41:\"array_diff(): Argument #1 is not an array\";}s:9:\"%function\";s:74:\"Drupal\\ma_handlers\\Plugin\\WebformHandler\\MailReminderHandler->submitForm()\";s:5:\"%file\";s:99:\"/home/sites/mscare/web/modules/custom/ma_handlers/src/Plugin/WebformHandler/MailReminderHandler.php\";s:5:\"%line\";i:58;s:17:\"@backtrace_string\";s:10561:\"#0 /home/sites/mscare/web/core/includes/bootstrap.inc(600): _drupal_error_handler_real(2, \'array_diff(): A...\', \'/home/sites/msc...\', 58, Array)\n#1 [internal function]: _drupal_error_handler(2, \'array_diff(): A...\', \'/home/sites/msc...\', 58, Array)\n#2 /home/sites/mscare/web/modules/custom/ma_handlers/src/Plugin/WebformHandler/MailReminderHandler.php(58): array_diff(NULL, Array)\n#3 /home/sites/mscare/web/modules/contrib/webform/src/Entity/Webform.php(2616): Drupal\\ma_handlers\\Plugin\\WebformHandler\\MailReminderHandler->submitForm(Array, Object(Drupal\\Core\\Form\\FormState), Object(Drupal\\webform\\Entity\\WebformSubmission))\n#4 /home/sites/mscare/web/modules/contrib/webform/src/WebformSubmissionForm.php(1843): Drupal\\webform\\Entity\\Webform->invokeHandlers(\'submitForm\', Array, Object(Drupal\\Core\\Form\\FormState), Object(Drupal\\webform\\Entity\\WebformSubmission))\n#5 [internal function]: Drupal\\webform\\WebformSubmissionForm->submitForm(Array, Object(Drupal\\Core\\Form\\FormState))\n#6 /home/sites/mscare/web/core/lib/Drupal/Core/Form/FormSubmitter.php(114): call_user_func_array(Array, Array)\n#7 /home/sites/mscare/web/core/lib/Drupal/Core/Form/FormSubmitter.php(52): Drupal\\Core\\Form\\FormSubmitter->executeSubmitHandlers(Array, Object(Drupal\\Core\\Form\\FormState))\n#8 /home/sites/mscare/web/core/lib/Drupal/Core/Form/FormBuilder.php(593): Drupal\\Core\\Form\\FormSubmitter->doSubmitForm(Array, Object(Drupal\\Core\\Form\\FormState))\n#9 /home/sites/mscare/web/core/lib/Drupal/Core/Form/FormBuilder.php(321): Drupal\\Core\\Form\\FormBuilder->processForm(\'webform_submiss...\', Array, Object(Drupal\\Core\\Form\\FormState))\n#10 /home/sites/mscare/web/core/lib/Drupal/Core/Entity/EntityFormBuilder.php(61): Drupal\\Core\\Form\\FormBuilder->buildForm(Object(Drupal\\webform\\WebformSubmissionForm), Object(Drupal\\Core\\Form\\FormState))\n#11 /home/sites/mscare/web/modules/contrib/webform/src/Entity/Webform.php(1193): Drupal\\Core\\Entity\\EntityFormBuilder->getForm(Object(Drupal\\webform\\Entity\\WebformSubmission), \'add\')\n#12 /home/sites/mscare/web/modules/contrib/webform/src/Element/Webform.php(78): Drupal\\webform\\Entity\\Webform->getSubmissionForm(Array)\n#13 [internal function]: Drupal\\webform\\Element\\Webform::preRenderWebformElement(Array)\n#14 /home/sites/mscare/web/core/lib/Drupal/Core/Security/DoTrustedCallbackTrait.php(100): call_user_func_array(Array, Array)\n#15 /home/sites/mscare/web/core/lib/Drupal/Core/Render/Renderer.php(781): Drupal\\Core\\Render\\Renderer->doTrustedCallback(Array, Array, \'Render #pre_ren...\', \'silenced_deprec...\', \'Drupal\\\\Core\\\\Ren...\')\n#16 /home/sites/mscare/web/core/lib/Drupal/Core/Render/Renderer.php(372): Drupal\\Core\\Render\\Renderer->doCallback(\'#pre_render\', Array, Array)\n#17 /home/sites/mscare/web/core/lib/Drupal/Core/Render/Renderer.php(200): Drupal\\Core\\Render\\Renderer->doRender(Array, false)\n#18 /home/sites/mscare/web/core/lib/Drupal/Core/Template/TwigExtension.php(501): Drupal\\Core\\Render\\Renderer->render(Array)\n#19 /home/sites/mscare/web/sites/default/files/php/twig/5f6e123f14923_block.html.twig_Nk3ADGmD6577FPjExdzeXMxT4/b3i9M67dpif7pL6tU1cwilZYEU7ZCsTRyooioOiMFWU.php(101): Drupal\\Core\\Template\\TwigExtension->escapeFilter(Object(Drupal\\Core\\Template\\TwigEnvironment), Array, \'html\', NULL, true)\n#20 /home/sites/mscare/vendor/twig/twig/src/Template.php(214): __TwigTemplate_5091a0d8f0ef8b286c27524f1cf433c7bb7dec63549fb60634c9387d354e1f98->block_content(Array, Array)\n#21 /home/sites/mscare/web/sites/default/files/php/twig/5f6e123f14923_block.html.twig_Nk3ADGmD6577FPjExdzeXMxT4/b3i9M67dpif7pL6tU1cwilZYEU7ZCsTRyooioOiMFWU.php(86): Twig\\Template->displayBlock(\'content\', Array, Array)\n#22 /home/sites/mscare/vendor/twig/twig/src/Template.php(453): __TwigTemplate_5091a0d8f0ef8b286c27524f1cf433c7bb7dec63549fb60634c9387d354e1f98->doDisplay(Array, Array)\n#23 /home/sites/mscare/vendor/twig/twig/src/Template.php(420): Twig\\Template->displayWithErrorHandling(Array, Array)\n#24 /home/sites/mscare/vendor/twig/twig/src/Template.php(432): Twig\\Template->display(Array)\n#25 /home/sites/mscare/web/core/themes/engines/twig/twig.engine(64): Twig\\Template->render(Array)\n#26 /home/sites/mscare/web/core/lib/Drupal/Core/Theme/ThemeManager.php(384): twig_render_template(\'themes/contrib/...\', Array)\n#27 /home/sites/mscare/web/core/lib/Drupal/Core/Render/Renderer.php(431): Drupal\\Core\\Theme\\ThemeManager->render(\'block\', Array)\n#28 /home/sites/mscare/web/core/lib/Drupal/Core/Render/Renderer.php(444): Drupal\\Core\\Render\\Renderer->doRender(Array)\n#29 /home/sites/mscare/web/core/lib/Drupal/Core/Render/Renderer.php(200): Drupal\\Core\\Render\\Renderer->doRender(Array, false)\n#30 /home/sites/mscare/web/core/lib/Drupal/Core/Template/TwigExtension.php(501): Drupal\\Core\\Render\\Renderer->render(Array)\n#31 /home/sites/mscare/web/sites/default/files/php/twig/5f6e123f14923_page.html.twig_4ox8-P5MHIxgqBYbfb3a3CTbA/UffxqoO7_rs7GFpBYdf7sExJ9kjKWzTYquMLr7ZSbKc.php(681): Drupal\\Core\\Template\\TwigExtension->escapeFilter(Object(Drupal\\Core\\Template\\TwigEnvironment), Array, \'html\', NULL, true)\n#32 /home/sites/mscare/vendor/twig/twig/src/Template.php(453): __TwigTemplate_5e0df418b56ee94b19b45c345522aa482f0ec073a7057983d5cf5340a1d66973->doDisplay(Array, Array)\n#33 /home/sites/mscare/vendor/twig/twig/src/Template.php(420): Twig\\Template->displayWithErrorHandling(Array, Array)\n#34 /home/sites/mscare/vendor/twig/twig/src/Template.php(432): Twig\\Template->display(Array)\n#35 /home/sites/mscare/web/core/themes/engines/twig/twig.engine(64): Twig\\Template->render(Array)\n#36 /home/sites/mscare/web/core/lib/Drupal/Core/Theme/ThemeManager.php(384): twig_render_template(\'themes/contrib/...\', Array)\n#37 /home/sites/mscare/web/core/lib/Drupal/Core/Render/Renderer.php(431): Drupal\\Core\\Theme\\ThemeManager->render(\'page\', Array)\n#38 /home/sites/mscare/web/core/lib/Drupal/Core/Render/Renderer.php(200): Drupal\\Core\\Render\\Renderer->doRender(Array, false)\n#39 /home/sites/mscare/web/core/lib/Drupal/Core/Template/TwigExtension.php(501): Drupal\\Core\\Render\\Renderer->render(Array)\n#40 /home/sites/mscare/web/sites/default/files/php/twig/5f6e123f14923_html.html.twig_GESAq2dKb9BUD92Q77xHkU4bQ/fSHO668xsSFx26F2IBohjW7qFALVDedYA6CyUEHKPqE.php(102): Drupal\\Core\\Template\\TwigExtension->escapeFilter(Object(Drupal\\Core\\Template\\TwigEnvironment), Array, \'html\', NULL, true)\n#41 /home/sites/mscare/vendor/twig/twig/src/Template.php(453): __TwigTemplate_df4712f18857557a4d3b981d2f5e5289601677673aff5b6804b5dea6df9da3c1->doDisplay(Array, Array)\n#42 /home/sites/mscare/vendor/twig/twig/src/Template.php(420): Twig\\Template->displayWithErrorHandling(Array, Array)\n#43 /home/sites/mscare/vendor/twig/twig/src/Template.php(432): Twig\\Template->display(Array)\n#44 /home/sites/mscare/web/core/themes/engines/twig/twig.engine(64): Twig\\Template->render(Array)\n#45 /home/sites/mscare/web/core/lib/Drupal/Core/Theme/ThemeManager.php(384): twig_render_template(\'core/themes/cla...\', Array)\n#46 /home/sites/mscare/web/core/lib/Drupal/Core/Render/Renderer.php(431): Drupal\\Core\\Theme\\ThemeManager->render(\'html\', Array)\n#47 /home/sites/mscare/web/core/lib/Drupal/Core/Render/Renderer.php(200): Drupal\\Core\\Render\\Renderer->doRender(Array, false)\n#48 /home/sites/mscare/web/core/lib/Drupal/Core/Render/MainContent/HtmlRenderer.php(147): Drupal\\Core\\Render\\Renderer->render(Array)\n#49 /home/sites/mscare/web/core/lib/Drupal/Core/Render/Renderer.php(573): Drupal\\Core\\Render\\MainContent\\HtmlRenderer->Drupal\\Core\\Render\\MainContent\\{closure}()\n#50 /home/sites/mscare/web/core/lib/Drupal/Core/Render/MainContent/HtmlRenderer.php(148): Drupal\\Core\\Render\\Renderer->executeInRenderContext(Object(Drupal\\Core\\Render\\RenderContext), Object(Closure))\n#51 /home/sites/mscare/web/core/lib/Drupal/Core/EventSubscriber/MainContentViewSubscriber.php(90): Drupal\\Core\\Render\\MainContent\\HtmlRenderer->renderResponse(Array, Object(Symfony\\Component\\HttpFoundation\\Request), Object(Drupal\\Core\\Routing\\CurrentRouteMatch))\n#52 [internal function]: Drupal\\Core\\EventSubscriber\\MainContentViewSubscriber->onViewRenderArray(Object(Symfony\\Component\\HttpKernel\\Event\\GetResponseForControllerResultEvent), \'kernel.view\', Object(Drupal\\Component\\EventDispatcher\\ContainerAwareEventDispatcher))\n#53 /home/sites/mscare/web/core/lib/Drupal/Component/EventDispatcher/ContainerAwareEventDispatcher.php(111): call_user_func(Array, Object(Symfony\\Component\\HttpKernel\\Event\\GetResponseForControllerResultEvent), \'kernel.view\', Object(Drupal\\Component\\EventDispatcher\\ContainerAwareEventDispatcher))\n#54 /home/sites/mscare/vendor/symfony/http-kernel/HttpKernel.php(156): Drupal\\Component\\EventDispatcher\\ContainerAwareEventDispatcher->dispatch(\'kernel.view\', Object(Symfony\\Component\\HttpKernel\\Event\\GetResponseForControllerResultEvent))\n#55 /home/sites/mscare/vendor/symfony/http-kernel/HttpKernel.php(68): Symfony\\Component\\HttpKernel\\HttpKernel->handleRaw(Object(Symfony\\Component\\HttpFoundation\\Request), 1)\n#56 /home/sites/mscare/web/core/lib/Drupal/Core/StackMiddleware/Session.php(57): Symfony\\Component\\HttpKernel\\HttpKernel->handle(Object(Symfony\\Component\\HttpFoundation\\Request), 1, true)\n#57 /home/sites/mscare/web/core/lib/Drupal/Core/StackMiddleware/KernelPreHandle.php(47): Drupal\\Core\\StackMiddleware\\Session->handle(Object(Symfony\\Component\\HttpFoundation\\Request), 1, true)\n#58 /home/sites/mscare/web/core/modules/page_cache/src/StackMiddleware/PageCache.php(106): Drupal\\Core\\StackMiddleware\\KernelPreHandle->handle(Object(Symfony\\Component\\HttpFoundation\\Request), 1, true)\n#59 /home/sites/mscare/web/core/modules/page_cache/src/StackMiddleware/PageCache.php(85): Drupal\\page_cache\\StackMiddleware\\PageCache->pass(Object(Symfony\\Component\\HttpFoundation\\Request), 1, true)\n#60 /home/sites/mscare/web/core/lib/Drupal/Core/StackMiddleware/ReverseProxyMiddleware.php(47): Drupal\\page_cache\\StackMiddleware\\PageCache->handle(Object(Symfony\\Component\\HttpFoundation\\Request), 1, true)\n#61 /home/sites/mscare/web/core/lib/Drupal/Core/StackMiddleware/NegotiationMiddleware.php(52): Drupal\\Core\\StackMiddleware\\ReverseProxyMiddleware->handle(Object(Symfony\\Component\\HttpFoundation\\Request), 1, true)\n#62 /home/sites/mscare/vendor/stack/builder/src/Stack/StackedHttpKernel.php(23): Drupal\\Core\\StackMiddleware\\NegotiationMiddleware->handle(Object(Symfony\\Component\\HttpFoundation\\Request), 1, true)\n#63 /home/sites/mscare/web/core/lib/Drupal/Core/DrupalKernel.php(708): Stack\\StackedHttpKernel->handle(Object(Symfony\\Component\\HttpFoundation\\Request), 1, true)\n#64 /home/sites/mscare/web/index.php(19): Drupal\\Core\\DrupalKernel->handle(Object(Symfony\\Component\\HttpFoundation\\Request))\n#65 {main}\";}',4,'','http://mscare.open.gr/node/594','http://mscare.open.gr/node/594','85.72.53.208',1601049165),(28951,1,'php','%type: @message in %function (line %line of %file) @backtrace_string.','a:6:{s:5:\"%type\";s:7:\"Warning\";s:8:\"@message\";O:25:\"Drupal\\Core\\Render\\Markup\":1:{s:9:\"\0*\0string\";s:39:\"Invalid argument supplied for foreach()\";}s:9:\"%function\";s:74:\"Drupal\\ma_handlers\\Plugin\\WebformHandler\\MailReminderHandler->submitForm()\";s:5:\"%file\";s:99:\"/home/sites/mscare/web/modules/custom/ma_handlers/src/Plugin/WebformHandler/MailReminderHandler.php\";s:5:\"%line\";i:63;s:17:\"@backtrace_string\";s:10512:\"#0 /home/sites/mscare/web/core/includes/bootstrap.inc(600): _drupal_error_handler_real(2, \'Invalid argumen...\', \'/home/sites/msc...\', 63, Array)\n#1 /home/sites/mscare/web/modules/custom/ma_handlers/src/Plugin/WebformHandler/MailReminderHandler.php(63): _drupal_error_handler(2, \'Invalid argumen...\', \'/home/sites/msc...\', 63, Array)\n#2 /home/sites/mscare/web/modules/contrib/webform/src/Entity/Webform.php(2616): Drupal\\ma_handlers\\Plugin\\WebformHandler\\MailReminderHandler->submitForm(Array, Object(Drupal\\Core\\Form\\FormState), Object(Drupal\\webform\\Entity\\WebformSubmission))\n#3 /home/sites/mscare/web/modules/contrib/webform/src/WebformSubmissionForm.php(1843): Drupal\\webform\\Entity\\Webform->invokeHandlers(\'submitForm\', Array, Object(Drupal\\Core\\Form\\FormState), Object(Drupal\\webform\\Entity\\WebformSubmission))\n#4 [internal function]: Drupal\\webform\\WebformSubmissionForm->submitForm(Array, Object(Drupal\\Core\\Form\\FormState))\n#5 /home/sites/mscare/web/core/lib/Drupal/Core/Form/FormSubmitter.php(114): call_user_func_array(Array, Array)\n#6 /home/sites/mscare/web/core/lib/Drupal/Core/Form/FormSubmitter.php(52): Drupal\\Core\\Form\\FormSubmitter->executeSubmitHandlers(Array, Object(Drupal\\Core\\Form\\FormState))\n#7 /home/sites/mscare/web/core/lib/Drupal/Core/Form/FormBuilder.php(593): Drupal\\Core\\Form\\FormSubmitter->doSubmitForm(Array, Object(Drupal\\Core\\Form\\FormState))\n#8 /home/sites/mscare/web/core/lib/Drupal/Core/Form/FormBuilder.php(321): Drupal\\Core\\Form\\FormBuilder->processForm(\'webform_submiss...\', Array, Object(Drupal\\Core\\Form\\FormState))\n#9 /home/sites/mscare/web/core/lib/Drupal/Core/Entity/EntityFormBuilder.php(61): Drupal\\Core\\Form\\FormBuilder->buildForm(Object(Drupal\\webform\\WebformSubmissionForm), Object(Drupal\\Core\\Form\\FormState))\n#10 /home/sites/mscare/web/modules/contrib/webform/src/Entity/Webform.php(1193): Drupal\\Core\\Entity\\EntityFormBuilder->getForm(Object(Drupal\\webform\\Entity\\WebformSubmission), \'add\')\n#11 /home/sites/mscare/web/modules/contrib/webform/src/Element/Webform.php(78): Drupal\\webform\\Entity\\Webform->getSubmissionForm(Array)\n#12 [internal function]: Drupal\\webform\\Element\\Webform::preRenderWebformElement(Array)\n#13 /home/sites/mscare/web/core/lib/Drupal/Core/Security/DoTrustedCallbackTrait.php(100): call_user_func_array(Array, Array)\n#14 /home/sites/mscare/web/core/lib/Drupal/Core/Render/Renderer.php(781): Drupal\\Core\\Render\\Renderer->doTrustedCallback(Array, Array, \'Render #pre_ren...\', \'silenced_deprec...\', \'Drupal\\\\Core\\\\Ren...\')\n#15 /home/sites/mscare/web/core/lib/Drupal/Core/Render/Renderer.php(372): Drupal\\Core\\Render\\Renderer->doCallback(\'#pre_render\', Array, Array)\n#16 /home/sites/mscare/web/core/lib/Drupal/Core/Render/Renderer.php(200): Drupal\\Core\\Render\\Renderer->doRender(Array, false)\n#17 /home/sites/mscare/web/core/lib/Drupal/Core/Template/TwigExtension.php(501): Drupal\\Core\\Render\\Renderer->render(Array)\n#18 /home/sites/mscare/web/sites/default/files/php/twig/5f6e123f14923_block.html.twig_Nk3ADGmD6577FPjExdzeXMxT4/b3i9M67dpif7pL6tU1cwilZYEU7ZCsTRyooioOiMFWU.php(101): Drupal\\Core\\Template\\TwigExtension->escapeFilter(Object(Drupal\\Core\\Template\\TwigEnvironment), Array, \'html\', NULL, true)\n#19 /home/sites/mscare/vendor/twig/twig/src/Template.php(214): __TwigTemplate_5091a0d8f0ef8b286c27524f1cf433c7bb7dec63549fb60634c9387d354e1f98->block_content(Array, Array)\n#20 /home/sites/mscare/web/sites/default/files/php/twig/5f6e123f14923_block.html.twig_Nk3ADGmD6577FPjExdzeXMxT4/b3i9M67dpif7pL6tU1cwilZYEU7ZCsTRyooioOiMFWU.php(86): Twig\\Template->displayBlock(\'content\', Array, Array)\n#21 /home/sites/mscare/vendor/twig/twig/src/Template.php(453): __TwigTemplate_5091a0d8f0ef8b286c27524f1cf433c7bb7dec63549fb60634c9387d354e1f98->doDisplay(Array, Array)\n#22 /home/sites/mscare/vendor/twig/twig/src/Template.php(420): Twig\\Template->displayWithErrorHandling(Array, Array)\n#23 /home/sites/mscare/vendor/twig/twig/src/Template.php(432): Twig\\Template->display(Array)\n#24 /home/sites/mscare/web/core/themes/engines/twig/twig.engine(64): Twig\\Template->render(Array)\n#25 /home/sites/mscare/web/core/lib/Drupal/Core/Theme/ThemeManager.php(384): twig_render_template(\'themes/contrib/...\', Array)\n#26 /home/sites/mscare/web/core/lib/Drupal/Core/Render/Renderer.php(431): Drupal\\Core\\Theme\\ThemeManager->render(\'block\', Array)\n#27 /home/sites/mscare/web/core/lib/Drupal/Core/Render/Renderer.php(444): Drupal\\Core\\Render\\Renderer->doRender(Array)\n#28 /home/sites/mscare/web/core/lib/Drupal/Core/Render/Renderer.php(200): Drupal\\Core\\Render\\Renderer->doRender(Array, false)\n#29 /home/sites/mscare/web/core/lib/Drupal/Core/Template/TwigExtension.php(501): Drupal\\Core\\Render\\Renderer->render(Array)\n#30 /home/sites/mscare/web/sites/default/files/php/twig/5f6e123f14923_page.html.twig_4ox8-P5MHIxgqBYbfb3a3CTbA/UffxqoO7_rs7GFpBYdf7sExJ9kjKWzTYquMLr7ZSbKc.php(681): Drupal\\Core\\Template\\TwigExtension->escapeFilter(Object(Drupal\\Core\\Template\\TwigEnvironment), Array, \'html\', NULL, true)\n#31 /home/sites/mscare/vendor/twig/twig/src/Template.php(453): __TwigTemplate_5e0df418b56ee94b19b45c345522aa482f0ec073a7057983d5cf5340a1d66973->doDisplay(Array, Array)\n#32 /home/sites/mscare/vendor/twig/twig/src/Template.php(420): Twig\\Template->displayWithErrorHandling(Array, Array)\n#33 /home/sites/mscare/vendor/twig/twig/src/Template.php(432): Twig\\Template->display(Array)\n#34 /home/sites/mscare/web/core/themes/engines/twig/twig.engine(64): Twig\\Template->render(Array)\n#35 /home/sites/mscare/web/core/lib/Drupal/Core/Theme/ThemeManager.php(384): twig_render_template(\'themes/contrib/...\', Array)\n#36 /home/sites/mscare/web/core/lib/Drupal/Core/Render/Renderer.php(431): Drupal\\Core\\Theme\\ThemeManager->render(\'page\', Array)\n#37 /home/sites/mscare/web/core/lib/Drupal/Core/Render/Renderer.php(200): Drupal\\Core\\Render\\Renderer->doRender(Array, false)\n#38 /home/sites/mscare/web/core/lib/Drupal/Core/Template/TwigExtension.php(501): Drupal\\Core\\Render\\Renderer->render(Array)\n#39 /home/sites/mscare/web/sites/default/files/php/twig/5f6e123f14923_html.html.twig_GESAq2dKb9BUD92Q77xHkU4bQ/fSHO668xsSFx26F2IBohjW7qFALVDedYA6CyUEHKPqE.php(102): Drupal\\Core\\Template\\TwigExtension->escapeFilter(Object(Drupal\\Core\\Template\\TwigEnvironment), Array, \'html\', NULL, true)\n#40 /home/sites/mscare/vendor/twig/twig/src/Template.php(453): __TwigTemplate_df4712f18857557a4d3b981d2f5e5289601677673aff5b6804b5dea6df9da3c1->doDisplay(Array, Array)\n#41 /home/sites/mscare/vendor/twig/twig/src/Template.php(420): Twig\\Template->displayWithErrorHandling(Array, Array)\n#42 /home/sites/mscare/vendor/twig/twig/src/Template.php(432): Twig\\Template->display(Array)\n#43 /home/sites/mscare/web/core/themes/engines/twig/twig.engine(64): Twig\\Template->render(Array)\n#44 /home/sites/mscare/web/core/lib/Drupal/Core/Theme/ThemeManager.php(384): twig_render_template(\'core/themes/cla...\', Array)\n#45 /home/sites/mscare/web/core/lib/Drupal/Core/Render/Renderer.php(431): Drupal\\Core\\Theme\\ThemeManager->render(\'html\', Array)\n#46 /home/sites/mscare/web/core/lib/Drupal/Core/Render/Renderer.php(200): Drupal\\Core\\Render\\Renderer->doRender(Array, false)\n#47 /home/sites/mscare/web/core/lib/Drupal/Core/Render/MainContent/HtmlRenderer.php(147): Drupal\\Core\\Render\\Renderer->render(Array)\n#48 /home/sites/mscare/web/core/lib/Drupal/Core/Render/Renderer.php(573): Drupal\\Core\\Render\\MainContent\\HtmlRenderer->Drupal\\Core\\Render\\MainContent\\{closure}()\n#49 /home/sites/mscare/web/core/lib/Drupal/Core/Render/MainContent/HtmlRenderer.php(148): Drupal\\Core\\Render\\Renderer->executeInRenderContext(Object(Drupal\\Core\\Render\\RenderContext), Object(Closure))\n#50 /home/sites/mscare/web/core/lib/Drupal/Core/EventSubscriber/MainContentViewSubscriber.php(90): Drupal\\Core\\Render\\MainContent\\HtmlRenderer->renderResponse(Array, Object(Symfony\\Component\\HttpFoundation\\Request), Object(Drupal\\Core\\Routing\\CurrentRouteMatch))\n#51 [internal function]: Drupal\\Core\\EventSubscriber\\MainContentViewSubscriber->onViewRenderArray(Object(Symfony\\Component\\HttpKernel\\Event\\GetResponseForControllerResultEvent), \'kernel.view\', Object(Drupal\\Component\\EventDispatcher\\ContainerAwareEventDispatcher))\n#52 /home/sites/mscare/web/core/lib/Drupal/Component/EventDispatcher/ContainerAwareEventDispatcher.php(111): call_user_func(Array, Object(Symfony\\Component\\HttpKernel\\Event\\GetResponseForControllerResultEvent), \'kernel.view\', Object(Drupal\\Component\\EventDispatcher\\ContainerAwareEventDispatcher))\n#53 /home/sites/mscare/vendor/symfony/http-kernel/HttpKernel.php(156): Drupal\\Component\\EventDispatcher\\ContainerAwareEventDispatcher->dispatch(\'kernel.view\', Object(Symfony\\Component\\HttpKernel\\Event\\GetResponseForControllerResultEvent))\n#54 /home/sites/mscare/vendor/symfony/http-kernel/HttpKernel.php(68): Symfony\\Component\\HttpKernel\\HttpKernel->handleRaw(Object(Symfony\\Component\\HttpFoundation\\Request), 1)\n#55 /home/sites/mscare/web/core/lib/Drupal/Core/StackMiddleware/Session.php(57): Symfony\\Component\\HttpKernel\\HttpKernel->handle(Object(Symfony\\Component\\HttpFoundation\\Request), 1, true)\n#56 /home/sites/mscare/web/core/lib/Drupal/Core/StackMiddleware/KernelPreHandle.php(47): Drupal\\Core\\StackMiddleware\\Session->handle(Object(Symfony\\Component\\HttpFoundation\\Request), 1, true)\n#57 /home/sites/mscare/web/core/modules/page_cache/src/StackMiddleware/PageCache.php(106): Drupal\\Core\\StackMiddleware\\KernelPreHandle->handle(Object(Symfony\\Component\\HttpFoundation\\Request), 1, true)\n#58 /home/sites/mscare/web/core/modules/page_cache/src/StackMiddleware/PageCache.php(85): Drupal\\page_cache\\StackMiddleware\\PageCache->pass(Object(Symfony\\Component\\HttpFoundation\\Request), 1, true)\n#59 /home/sites/mscare/web/core/lib/Drupal/Core/StackMiddleware/ReverseProxyMiddleware.php(47): Drupal\\page_cache\\StackMiddleware\\PageCache->handle(Object(Symfony\\Component\\HttpFoundation\\Request), 1, true)\n#60 /home/sites/mscare/web/core/lib/Drupal/Core/StackMiddleware/NegotiationMiddleware.php(52): Drupal\\Core\\StackMiddleware\\ReverseProxyMiddleware->handle(Object(Symfony\\Component\\HttpFoundation\\Request), 1, true)\n#61 /home/sites/mscare/vendor/stack/builder/src/Stack/StackedHttpKernel.php(23): Drupal\\Core\\StackMiddleware\\NegotiationMiddleware->handle(Object(Symfony\\Component\\HttpFoundation\\Request), 1, true)\n#62 /home/sites/mscare/web/core/lib/Drupal/Core/DrupalKernel.php(708): Stack\\StackedHttpKernel->handle(Object(Symfony\\Component\\HttpFoundation\\Request), 1, true)\n#63 /home/sites/mscare/web/index.php(19): Drupal\\Core\\DrupalKernel->handle(Object(Symfony\\Component\\HttpFoundation\\Request))\n#64 {main}\";}',4,'','http://mscare.open.gr/node/594','http://mscare.open.gr/node/594','85.72.53.208',1601049165),(28952,1,'myformhandler','MyHandler got form data:','a:0:{}',4,'','http://mscare.open.gr/node/594','http://mscare.open.gr/node/594','85.72.53.208',1601049165),(28953,1,'webform','@title created.','a:2:{s:3:\"@id\";s:3:\"139\";s:6:\"@title\";s:37:\"MSCU – ECF – 2020: Submission #33\";}',5,'<a href=\"/admin/structure/webform/manage/email_reminder/submission/139/edit\" hreflang=\"en\">Edit</a>','http://mscare.open.gr/node/594','http://mscare.open.gr/node/594','85.72.53.208',1601049165),(28954,1,'php','%type: @message in %function (line %line of %file) @backtrace_string.','a:6:{s:5:\"%type\";s:6:\"Notice\";s:8:\"@message\";O:25:\"Drupal\\Core\\Render\\Markup\":1:{s:9:\"\0*\0string\";s:25:\"Undefined variable: aTmp1\";}s:9:\"%function\";s:74:\"Drupal\\ma_handlers\\Plugin\\WebformHandler\\MailReminderHandler->submitForm()\";s:5:\"%file\";s:99:\"/home/sites/mscare/web/modules/custom/ma_handlers/src/Plugin/WebformHandler/MailReminderHandler.php\";s:5:\"%line\";i:63;s:17:\"@backtrace_string\";s:10512:\"#0 /home/sites/mscare/web/core/includes/bootstrap.inc(600): _drupal_error_handler_real(8, \'Undefined varia...\', \'/home/sites/msc...\', 63, Array)\n#1 /home/sites/mscare/web/modules/custom/ma_handlers/src/Plugin/WebformHandler/MailReminderHandler.php(63): _drupal_error_handler(8, \'Undefined varia...\', \'/home/sites/msc...\', 63, Array)\n#2 /home/sites/mscare/web/modules/contrib/webform/src/Entity/Webform.php(2616): Drupal\\ma_handlers\\Plugin\\WebformHandler\\MailReminderHandler->submitForm(Array, Object(Drupal\\Core\\Form\\FormState), Object(Drupal\\webform\\Entity\\WebformSubmission))\n#3 /home/sites/mscare/web/modules/contrib/webform/src/WebformSubmissionForm.php(1843): Drupal\\webform\\Entity\\Webform->invokeHandlers(\'submitForm\', Array, Object(Drupal\\Core\\Form\\FormState), Object(Drupal\\webform\\Entity\\WebformSubmission))\n#4 [internal function]: Drupal\\webform\\WebformSubmissionForm->submitForm(Array, Object(Drupal\\Core\\Form\\FormState))\n#5 /home/sites/mscare/web/core/lib/Drupal/Core/Form/FormSubmitter.php(114): call_user_func_array(Array, Array)\n#6 /home/sites/mscare/web/core/lib/Drupal/Core/Form/FormSubmitter.php(52): Drupal\\Core\\Form\\FormSubmitter->executeSubmitHandlers(Array, Object(Drupal\\Core\\Form\\FormState))\n#7 /home/sites/mscare/web/core/lib/Drupal/Core/Form/FormBuilder.php(593): Drupal\\Core\\Form\\FormSubmitter->doSubmitForm(Array, Object(Drupal\\Core\\Form\\FormState))\n#8 /home/sites/mscare/web/core/lib/Drupal/Core/Form/FormBuilder.php(321): Drupal\\Core\\Form\\FormBuilder->processForm(\'webform_submiss...\', Array, Object(Drupal\\Core\\Form\\FormState))\n#9 /home/sites/mscare/web/core/lib/Drupal/Core/Entity/EntityFormBuilder.php(61): Drupal\\Core\\Form\\FormBuilder->buildForm(Object(Drupal\\webform\\WebformSubmissionForm), Object(Drupal\\Core\\Form\\FormState))\n#10 /home/sites/mscare/web/modules/contrib/webform/src/Entity/Webform.php(1193): Drupal\\Core\\Entity\\EntityFormBuilder->getForm(Object(Drupal\\webform\\Entity\\WebformSubmission), \'add\')\n#11 /home/sites/mscare/web/modules/contrib/webform/src/Element/Webform.php(78): Drupal\\webform\\Entity\\Webform->getSubmissionForm(Array)\n#12 [internal function]: Drupal\\webform\\Element\\Webform::preRenderWebformElement(Array)\n#13 /home/sites/mscare/web/core/lib/Drupal/Core/Security/DoTrustedCallbackTrait.php(100): call_user_func_array(Array, Array)\n#14 /home/sites/mscare/web/core/lib/Drupal/Core/Render/Renderer.php(781): Drupal\\Core\\Render\\Renderer->doTrustedCallback(Array, Array, \'Render #pre_ren...\', \'silenced_deprec...\', \'Drupal\\\\Core\\\\Ren...\')\n#15 /home/sites/mscare/web/core/lib/Drupal/Core/Render/Renderer.php(372): Drupal\\Core\\Render\\Renderer->doCallback(\'#pre_render\', Array, Array)\n#16 /home/sites/mscare/web/core/lib/Drupal/Core/Render/Renderer.php(200): Drupal\\Core\\Render\\Renderer->doRender(Array, false)\n#17 /home/sites/mscare/web/core/lib/Drupal/Core/Template/TwigExtension.php(501): Drupal\\Core\\Render\\Renderer->render(Array)\n#18 /home/sites/mscare/web/sites/default/files/php/twig/5f6e13455b172_block.html.twig_Nk3ADGmD6577FPjExdzeXMxT4/cOL-3VgWBlEZeTgfGo7-nqTc5Kr9qOJjqHwzZCoUa9g.php(101): Drupal\\Core\\Template\\TwigExtension->escapeFilter(Object(Drupal\\Core\\Template\\TwigEnvironment), Array, \'html\', NULL, true)\n#19 /home/sites/mscare/vendor/twig/twig/src/Template.php(214): __TwigTemplate_5091a0d8f0ef8b286c27524f1cf433c7bb7dec63549fb60634c9387d354e1f98->block_content(Array, Array)\n#20 /home/sites/mscare/web/sites/default/files/php/twig/5f6e13455b172_block.html.twig_Nk3ADGmD6577FPjExdzeXMxT4/cOL-3VgWBlEZeTgfGo7-nqTc5Kr9qOJjqHwzZCoUa9g.php(86): Twig\\Template->displayBlock(\'content\', Array, Array)\n#21 /home/sites/mscare/vendor/twig/twig/src/Template.php(453): __TwigTemplate_5091a0d8f0ef8b286c27524f1cf433c7bb7dec63549fb60634c9387d354e1f98->doDisplay(Array, Array)\n#22 /home/sites/mscare/vendor/twig/twig/src/Template.php(420): Twig\\Template->displayWithErrorHandling(Array, Array)\n#23 /home/sites/mscare/vendor/twig/twig/src/Template.php(432): Twig\\Template->display(Array)\n#24 /home/sites/mscare/web/core/themes/engines/twig/twig.engine(64): Twig\\Template->render(Array)\n#25 /home/sites/mscare/web/core/lib/Drupal/Core/Theme/ThemeManager.php(384): twig_render_template(\'themes/contrib/...\', Array)\n#26 /home/sites/mscare/web/core/lib/Drupal/Core/Render/Renderer.php(431): Drupal\\Core\\Theme\\ThemeManager->render(\'block\', Array)\n#27 /home/sites/mscare/web/core/lib/Drupal/Core/Render/Renderer.php(444): Drupal\\Core\\Render\\Renderer->doRender(Array)\n#28 /home/sites/mscare/web/core/lib/Drupal/Core/Render/Renderer.php(200): Drupal\\Core\\Render\\Renderer->doRender(Array, false)\n#29 /home/sites/mscare/web/core/lib/Drupal/Core/Template/TwigExtension.php(501): Drupal\\Core\\Render\\Renderer->render(Array)\n#30 /home/sites/mscare/web/sites/default/files/php/twig/5f6e13455b172_page.html.twig_4ox8-P5MHIxgqBYbfb3a3CTbA/uj0zlw9nbpDjaRZ-Hl9SW2BuMe0yzz0vVbJjDNdl7z4.php(681): Drupal\\Core\\Template\\TwigExtension->escapeFilter(Object(Drupal\\Core\\Template\\TwigEnvironment), Array, \'html\', NULL, true)\n#31 /home/sites/mscare/vendor/twig/twig/src/Template.php(453): __TwigTemplate_5e0df418b56ee94b19b45c345522aa482f0ec073a7057983d5cf5340a1d66973->doDisplay(Array, Array)\n#32 /home/sites/mscare/vendor/twig/twig/src/Template.php(420): Twig\\Template->displayWithErrorHandling(Array, Array)\n#33 /home/sites/mscare/vendor/twig/twig/src/Template.php(432): Twig\\Template->display(Array)\n#34 /home/sites/mscare/web/core/themes/engines/twig/twig.engine(64): Twig\\Template->render(Array)\n#35 /home/sites/mscare/web/core/lib/Drupal/Core/Theme/ThemeManager.php(384): twig_render_template(\'themes/contrib/...\', Array)\n#36 /home/sites/mscare/web/core/lib/Drupal/Core/Render/Renderer.php(431): Drupal\\Core\\Theme\\ThemeManager->render(\'page\', Array)\n#37 /home/sites/mscare/web/core/lib/Drupal/Core/Render/Renderer.php(200): Drupal\\Core\\Render\\Renderer->doRender(Array, false)\n#38 /home/sites/mscare/web/core/lib/Drupal/Core/Template/TwigExtension.php(501): Drupal\\Core\\Render\\Renderer->render(Array)\n#39 /home/sites/mscare/web/sites/default/files/php/twig/5f6e13455b172_html.html.twig_GESAq2dKb9BUD92Q77xHkU4bQ/_z8Kx-yQ5zCAfBTUGeZyNW5NKK5vRC6LOmiYkTDtunU.php(102): Drupal\\Core\\Template\\TwigExtension->escapeFilter(Object(Drupal\\Core\\Template\\TwigEnvironment), Array, \'html\', NULL, true)\n#40 /home/sites/mscare/vendor/twig/twig/src/Template.php(453): __TwigTemplate_df4712f18857557a4d3b981d2f5e5289601677673aff5b6804b5dea6df9da3c1->doDisplay(Array, Array)\n#41 /home/sites/mscare/vendor/twig/twig/src/Template.php(420): Twig\\Template->displayWithErrorHandling(Array, Array)\n#42 /home/sites/mscare/vendor/twig/twig/src/Template.php(432): Twig\\Template->display(Array)\n#43 /home/sites/mscare/web/core/themes/engines/twig/twig.engine(64): Twig\\Template->render(Array)\n#44 /home/sites/mscare/web/core/lib/Drupal/Core/Theme/ThemeManager.php(384): twig_render_template(\'core/themes/cla...\', Array)\n#45 /home/sites/mscare/web/core/lib/Drupal/Core/Render/Renderer.php(431): Drupal\\Core\\Theme\\ThemeManager->render(\'html\', Array)\n#46 /home/sites/mscare/web/core/lib/Drupal/Core/Render/Renderer.php(200): Drupal\\Core\\Render\\Renderer->doRender(Array, false)\n#47 /home/sites/mscare/web/core/lib/Drupal/Core/Render/MainContent/HtmlRenderer.php(147): Drupal\\Core\\Render\\Renderer->render(Array)\n#48 /home/sites/mscare/web/core/lib/Drupal/Core/Render/Renderer.php(573): Drupal\\Core\\Render\\MainContent\\HtmlRenderer->Drupal\\Core\\Render\\MainContent\\{closure}()\n#49 /home/sites/mscare/web/core/lib/Drupal/Core/Render/MainContent/HtmlRenderer.php(148): Drupal\\Core\\Render\\Renderer->executeInRenderContext(Object(Drupal\\Core\\Render\\RenderContext), Object(Closure))\n#50 /home/sites/mscare/web/core/lib/Drupal/Core/EventSubscriber/MainContentViewSubscriber.php(90): Drupal\\Core\\Render\\MainContent\\HtmlRenderer->renderResponse(Array, Object(Symfony\\Component\\HttpFoundation\\Request), Object(Drupal\\Core\\Routing\\CurrentRouteMatch))\n#51 [internal function]: Drupal\\Core\\EventSubscriber\\MainContentViewSubscriber->onViewRenderArray(Object(Symfony\\Component\\HttpKernel\\Event\\GetResponseForControllerResultEvent), \'kernel.view\', Object(Drupal\\Component\\EventDispatcher\\ContainerAwareEventDispatcher))\n#52 /home/sites/mscare/web/core/lib/Drupal/Component/EventDispatcher/ContainerAwareEventDispatcher.php(111): call_user_func(Array, Object(Symfony\\Component\\HttpKernel\\Event\\GetResponseForControllerResultEvent), \'kernel.view\', Object(Drupal\\Component\\EventDispatcher\\ContainerAwareEventDispatcher))\n#53 /home/sites/mscare/vendor/symfony/http-kernel/HttpKernel.php(156): Drupal\\Component\\EventDispatcher\\ContainerAwareEventDispatcher->dispatch(\'kernel.view\', Object(Symfony\\Component\\HttpKernel\\Event\\GetResponseForControllerResultEvent))\n#54 /home/sites/mscare/vendor/symfony/http-kernel/HttpKernel.php(68): Symfony\\Component\\HttpKernel\\HttpKernel->handleRaw(Object(Symfony\\Component\\HttpFoundation\\Request), 1)\n#55 /home/sites/mscare/web/core/lib/Drupal/Core/StackMiddleware/Session.php(57): Symfony\\Component\\HttpKernel\\HttpKernel->handle(Object(Symfony\\Component\\HttpFoundation\\Request), 1, true)\n#56 /home/sites/mscare/web/core/lib/Drupal/Core/StackMiddleware/KernelPreHandle.php(47): Drupal\\Core\\StackMiddleware\\Session->handle(Object(Symfony\\Component\\HttpFoundation\\Request), 1, true)\n#57 /home/sites/mscare/web/core/modules/page_cache/src/StackMiddleware/PageCache.php(106): Drupal\\Core\\StackMiddleware\\KernelPreHandle->handle(Object(Symfony\\Component\\HttpFoundation\\Request), 1, true)\n#58 /home/sites/mscare/web/core/modules/page_cache/src/StackMiddleware/PageCache.php(85): Drupal\\page_cache\\StackMiddleware\\PageCache->pass(Object(Symfony\\Component\\HttpFoundation\\Request), 1, true)\n#59 /home/sites/mscare/web/core/lib/Drupal/Core/StackMiddleware/ReverseProxyMiddleware.php(47): Drupal\\page_cache\\StackMiddleware\\PageCache->handle(Object(Symfony\\Component\\HttpFoundation\\Request), 1, true)\n#60 /home/sites/mscare/web/core/lib/Drupal/Core/StackMiddleware/NegotiationMiddleware.php(52): Drupal\\Core\\StackMiddleware\\ReverseProxyMiddleware->handle(Object(Symfony\\Component\\HttpFoundation\\Request), 1, true)\n#61 /home/sites/mscare/vendor/stack/builder/src/Stack/StackedHttpKernel.php(23): Drupal\\Core\\StackMiddleware\\NegotiationMiddleware->handle(Object(Symfony\\Component\\HttpFoundation\\Request), 1, true)\n#62 /home/sites/mscare/web/core/lib/Drupal/Core/DrupalKernel.php(708): Stack\\StackedHttpKernel->handle(Object(Symfony\\Component\\HttpFoundation\\Request), 1, true)\n#63 /home/sites/mscare/web/index.php(19): Drupal\\Core\\DrupalKernel->handle(Object(Symfony\\Component\\HttpFoundation\\Request))\n#64 {main}\";}',5,'','http://mscare.open.gr/node/594','http://mscare.open.gr/node/594','85.72.53.208',1601049448),(28955,1,'myformhandler','MyHandler got form data:','a:0:{}',4,'','http://mscare.open.gr/node/594','http://mscare.open.gr/node/594','85.72.53.208',1601049448),(28956,1,'webform','@title created.','a:2:{s:3:\"@id\";s:3:\"140\";s:6:\"@title\";s:37:\"MSCU – ECF – 2020: Submission #34\";}',5,'<a href=\"/admin/structure/webform/manage/email_reminder/submission/140/edit\" hreflang=\"en\">Edit</a>','http://mscare.open.gr/node/594','http://mscare.open.gr/node/594','85.72.53.208',1601049448),(28957,1,'myformhandler','MyHandler got form data:Array\n(\n    [0] => Array\n        (\n            [email] => amimi@open.gr\n        )\n\n)\n','a:0:{}',4,'','http://mscare.open.gr/node/594','http://mscare.open.gr/node/594','85.72.53.208',1601049629),(28958,1,'webform','@title created.','a:2:{s:3:\"@id\";s:3:\"141\";s:6:\"@title\";s:37:\"MSCU – ECF – 2020: Submission #35\";}',5,'<a href=\"/admin/structure/webform/manage/email_reminder/submission/141/edit\" hreflang=\"en\">Edit</a>','http://mscare.open.gr/node/594','http://mscare.open.gr/node/594','85.72.53.208',1601049629),(28959,1,'php','%type: @message in %function (line %line of %file) @backtrace_string.','a:6:{s:5:\"%type\";s:6:\"Notice\";s:8:\"@message\";O:25:\"Drupal\\Core\\Render\\Markup\":1:{s:9:\"\0*\0string\";s:26:\"Array to string conversion\";}s:9:\"%function\";s:74:\"Drupal\\ma_handlers\\Plugin\\WebformHandler\\MailReminderHandler->submitForm()\";s:5:\"%file\";s:99:\"/home/sites/mscare/web/modules/custom/ma_handlers/src/Plugin/WebformHandler/MailReminderHandler.php\";s:5:\"%line\";i:58;s:17:\"@backtrace_string\";s:10562:\"#0 /home/sites/mscare/web/core/includes/bootstrap.inc(600): _drupal_error_handler_real(8, \'Array to string...\', \'/home/sites/msc...\', 58, Array)\n#1 [internal function]: _drupal_error_handler(8, \'Array to string...\', \'/home/sites/msc...\', 58, Array)\n#2 /home/sites/mscare/web/modules/custom/ma_handlers/src/Plugin/WebformHandler/MailReminderHandler.php(58): array_diff(Array, Array)\n#3 /home/sites/mscare/web/modules/contrib/webform/src/Entity/Webform.php(2616): Drupal\\ma_handlers\\Plugin\\WebformHandler\\MailReminderHandler->submitForm(Array, Object(Drupal\\Core\\Form\\FormState), Object(Drupal\\webform\\Entity\\WebformSubmission))\n#4 /home/sites/mscare/web/modules/contrib/webform/src/WebformSubmissionForm.php(1843): Drupal\\webform\\Entity\\Webform->invokeHandlers(\'submitForm\', Array, Object(Drupal\\Core\\Form\\FormState), Object(Drupal\\webform\\Entity\\WebformSubmission))\n#5 [internal function]: Drupal\\webform\\WebformSubmissionForm->submitForm(Array, Object(Drupal\\Core\\Form\\FormState))\n#6 /home/sites/mscare/web/core/lib/Drupal/Core/Form/FormSubmitter.php(114): call_user_func_array(Array, Array)\n#7 /home/sites/mscare/web/core/lib/Drupal/Core/Form/FormSubmitter.php(52): Drupal\\Core\\Form\\FormSubmitter->executeSubmitHandlers(Array, Object(Drupal\\Core\\Form\\FormState))\n#8 /home/sites/mscare/web/core/lib/Drupal/Core/Form/FormBuilder.php(593): Drupal\\Core\\Form\\FormSubmitter->doSubmitForm(Array, Object(Drupal\\Core\\Form\\FormState))\n#9 /home/sites/mscare/web/core/lib/Drupal/Core/Form/FormBuilder.php(321): Drupal\\Core\\Form\\FormBuilder->processForm(\'webform_submiss...\', Array, Object(Drupal\\Core\\Form\\FormState))\n#10 /home/sites/mscare/web/core/lib/Drupal/Core/Entity/EntityFormBuilder.php(61): Drupal\\Core\\Form\\FormBuilder->buildForm(Object(Drupal\\webform\\WebformSubmissionForm), Object(Drupal\\Core\\Form\\FormState))\n#11 /home/sites/mscare/web/modules/contrib/webform/src/Entity/Webform.php(1193): Drupal\\Core\\Entity\\EntityFormBuilder->getForm(Object(Drupal\\webform\\Entity\\WebformSubmission), \'add\')\n#12 /home/sites/mscare/web/modules/contrib/webform/src/Element/Webform.php(78): Drupal\\webform\\Entity\\Webform->getSubmissionForm(Array)\n#13 [internal function]: Drupal\\webform\\Element\\Webform::preRenderWebformElement(Array)\n#14 /home/sites/mscare/web/core/lib/Drupal/Core/Security/DoTrustedCallbackTrait.php(100): call_user_func_array(Array, Array)\n#15 /home/sites/mscare/web/core/lib/Drupal/Core/Render/Renderer.php(781): Drupal\\Core\\Render\\Renderer->doTrustedCallback(Array, Array, \'Render #pre_ren...\', \'silenced_deprec...\', \'Drupal\\\\Core\\\\Ren...\')\n#16 /home/sites/mscare/web/core/lib/Drupal/Core/Render/Renderer.php(372): Drupal\\Core\\Render\\Renderer->doCallback(\'#pre_render\', Array, Array)\n#17 /home/sites/mscare/web/core/lib/Drupal/Core/Render/Renderer.php(200): Drupal\\Core\\Render\\Renderer->doRender(Array, false)\n#18 /home/sites/mscare/web/core/lib/Drupal/Core/Template/TwigExtension.php(501): Drupal\\Core\\Render\\Renderer->render(Array)\n#19 /home/sites/mscare/web/sites/default/files/php/twig/5f6e14853dda4_block.html.twig_Nk3ADGmD6577FPjExdzeXMxT4/6e3O8MeuwtlODsb4Y77xqEuAlppEO5q7C6R1aUDYp1w.php(101): Drupal\\Core\\Template\\TwigExtension->escapeFilter(Object(Drupal\\Core\\Template\\TwigEnvironment), Array, \'html\', NULL, true)\n#20 /home/sites/mscare/vendor/twig/twig/src/Template.php(214): __TwigTemplate_5091a0d8f0ef8b286c27524f1cf433c7bb7dec63549fb60634c9387d354e1f98->block_content(Array, Array)\n#21 /home/sites/mscare/web/sites/default/files/php/twig/5f6e14853dda4_block.html.twig_Nk3ADGmD6577FPjExdzeXMxT4/6e3O8MeuwtlODsb4Y77xqEuAlppEO5q7C6R1aUDYp1w.php(86): Twig\\Template->displayBlock(\'content\', Array, Array)\n#22 /home/sites/mscare/vendor/twig/twig/src/Template.php(453): __TwigTemplate_5091a0d8f0ef8b286c27524f1cf433c7bb7dec63549fb60634c9387d354e1f98->doDisplay(Array, Array)\n#23 /home/sites/mscare/vendor/twig/twig/src/Template.php(420): Twig\\Template->displayWithErrorHandling(Array, Array)\n#24 /home/sites/mscare/vendor/twig/twig/src/Template.php(432): Twig\\Template->display(Array)\n#25 /home/sites/mscare/web/core/themes/engines/twig/twig.engine(64): Twig\\Template->render(Array)\n#26 /home/sites/mscare/web/core/lib/Drupal/Core/Theme/ThemeManager.php(384): twig_render_template(\'themes/contrib/...\', Array)\n#27 /home/sites/mscare/web/core/lib/Drupal/Core/Render/Renderer.php(431): Drupal\\Core\\Theme\\ThemeManager->render(\'block\', Array)\n#28 /home/sites/mscare/web/core/lib/Drupal/Core/Render/Renderer.php(444): Drupal\\Core\\Render\\Renderer->doRender(Array)\n#29 /home/sites/mscare/web/core/lib/Drupal/Core/Render/Renderer.php(200): Drupal\\Core\\Render\\Renderer->doRender(Array, false)\n#30 /home/sites/mscare/web/core/lib/Drupal/Core/Template/TwigExtension.php(501): Drupal\\Core\\Render\\Renderer->render(Array)\n#31 /home/sites/mscare/web/sites/default/files/php/twig/5f6e14853dda4_page.html.twig_4ox8-P5MHIxgqBYbfb3a3CTbA/gmer1p4NNLNJUNHVvjx5wIW998C0DCT54NE2HlTVvoI.php(681): Drupal\\Core\\Template\\TwigExtension->escapeFilter(Object(Drupal\\Core\\Template\\TwigEnvironment), Array, \'html\', NULL, true)\n#32 /home/sites/mscare/vendor/twig/twig/src/Template.php(453): __TwigTemplate_5e0df418b56ee94b19b45c345522aa482f0ec073a7057983d5cf5340a1d66973->doDisplay(Array, Array)\n#33 /home/sites/mscare/vendor/twig/twig/src/Template.php(420): Twig\\Template->displayWithErrorHandling(Array, Array)\n#34 /home/sites/mscare/vendor/twig/twig/src/Template.php(432): Twig\\Template->display(Array)\n#35 /home/sites/mscare/web/core/themes/engines/twig/twig.engine(64): Twig\\Template->render(Array)\n#36 /home/sites/mscare/web/core/lib/Drupal/Core/Theme/ThemeManager.php(384): twig_render_template(\'themes/contrib/...\', Array)\n#37 /home/sites/mscare/web/core/lib/Drupal/Core/Render/Renderer.php(431): Drupal\\Core\\Theme\\ThemeManager->render(\'page\', Array)\n#38 /home/sites/mscare/web/core/lib/Drupal/Core/Render/Renderer.php(200): Drupal\\Core\\Render\\Renderer->doRender(Array, false)\n#39 /home/sites/mscare/web/core/lib/Drupal/Core/Template/TwigExtension.php(501): Drupal\\Core\\Render\\Renderer->render(Array)\n#40 /home/sites/mscare/web/sites/default/files/php/twig/5f6e14853dda4_html.html.twig_GESAq2dKb9BUD92Q77xHkU4bQ/BGR-h-bwKiCNxWdhd3KbxJNvYQMLcxhd-03K0lQJKaA.php(102): Drupal\\Core\\Template\\TwigExtension->escapeFilter(Object(Drupal\\Core\\Template\\TwigEnvironment), Array, \'html\', NULL, true)\n#41 /home/sites/mscare/vendor/twig/twig/src/Template.php(453): __TwigTemplate_df4712f18857557a4d3b981d2f5e5289601677673aff5b6804b5dea6df9da3c1->doDisplay(Array, Array)\n#42 /home/sites/mscare/vendor/twig/twig/src/Template.php(420): Twig\\Template->displayWithErrorHandling(Array, Array)\n#43 /home/sites/mscare/vendor/twig/twig/src/Template.php(432): Twig\\Template->display(Array)\n#44 /home/sites/mscare/web/core/themes/engines/twig/twig.engine(64): Twig\\Template->render(Array)\n#45 /home/sites/mscare/web/core/lib/Drupal/Core/Theme/ThemeManager.php(384): twig_render_template(\'core/themes/cla...\', Array)\n#46 /home/sites/mscare/web/core/lib/Drupal/Core/Render/Renderer.php(431): Drupal\\Core\\Theme\\ThemeManager->render(\'html\', Array)\n#47 /home/sites/mscare/web/core/lib/Drupal/Core/Render/Renderer.php(200): Drupal\\Core\\Render\\Renderer->doRender(Array, false)\n#48 /home/sites/mscare/web/core/lib/Drupal/Core/Render/MainContent/HtmlRenderer.php(147): Drupal\\Core\\Render\\Renderer->render(Array)\n#49 /home/sites/mscare/web/core/lib/Drupal/Core/Render/Renderer.php(573): Drupal\\Core\\Render\\MainContent\\HtmlRenderer->Drupal\\Core\\Render\\MainContent\\{closure}()\n#50 /home/sites/mscare/web/core/lib/Drupal/Core/Render/MainContent/HtmlRenderer.php(148): Drupal\\Core\\Render\\Renderer->executeInRenderContext(Object(Drupal\\Core\\Render\\RenderContext), Object(Closure))\n#51 /home/sites/mscare/web/core/lib/Drupal/Core/EventSubscriber/MainContentViewSubscriber.php(90): Drupal\\Core\\Render\\MainContent\\HtmlRenderer->renderResponse(Array, Object(Symfony\\Component\\HttpFoundation\\Request), Object(Drupal\\Core\\Routing\\CurrentRouteMatch))\n#52 [internal function]: Drupal\\Core\\EventSubscriber\\MainContentViewSubscriber->onViewRenderArray(Object(Symfony\\Component\\HttpKernel\\Event\\GetResponseForControllerResultEvent), \'kernel.view\', Object(Drupal\\Component\\EventDispatcher\\ContainerAwareEventDispatcher))\n#53 /home/sites/mscare/web/core/lib/Drupal/Component/EventDispatcher/ContainerAwareEventDispatcher.php(111): call_user_func(Array, Object(Symfony\\Component\\HttpKernel\\Event\\GetResponseForControllerResultEvent), \'kernel.view\', Object(Drupal\\Component\\EventDispatcher\\ContainerAwareEventDispatcher))\n#54 /home/sites/mscare/vendor/symfony/http-kernel/HttpKernel.php(156): Drupal\\Component\\EventDispatcher\\ContainerAwareEventDispatcher->dispatch(\'kernel.view\', Object(Symfony\\Component\\HttpKernel\\Event\\GetResponseForControllerResultEvent))\n#55 /home/sites/mscare/vendor/symfony/http-kernel/HttpKernel.php(68): Symfony\\Component\\HttpKernel\\HttpKernel->handleRaw(Object(Symfony\\Component\\HttpFoundation\\Request), 1)\n#56 /home/sites/mscare/web/core/lib/Drupal/Core/StackMiddleware/Session.php(57): Symfony\\Component\\HttpKernel\\HttpKernel->handle(Object(Symfony\\Component\\HttpFoundation\\Request), 1, true)\n#57 /home/sites/mscare/web/core/lib/Drupal/Core/StackMiddleware/KernelPreHandle.php(47): Drupal\\Core\\StackMiddleware\\Session->handle(Object(Symfony\\Component\\HttpFoundation\\Request), 1, true)\n#58 /home/sites/mscare/web/core/modules/page_cache/src/StackMiddleware/PageCache.php(106): Drupal\\Core\\StackMiddleware\\KernelPreHandle->handle(Object(Symfony\\Component\\HttpFoundation\\Request), 1, true)\n#59 /home/sites/mscare/web/core/modules/page_cache/src/StackMiddleware/PageCache.php(85): Drupal\\page_cache\\StackMiddleware\\PageCache->pass(Object(Symfony\\Component\\HttpFoundation\\Request), 1, true)\n#60 /home/sites/mscare/web/core/lib/Drupal/Core/StackMiddleware/ReverseProxyMiddleware.php(47): Drupal\\page_cache\\StackMiddleware\\PageCache->handle(Object(Symfony\\Component\\HttpFoundation\\Request), 1, true)\n#61 /home/sites/mscare/web/core/lib/Drupal/Core/StackMiddleware/NegotiationMiddleware.php(52): Drupal\\Core\\StackMiddleware\\ReverseProxyMiddleware->handle(Object(Symfony\\Component\\HttpFoundation\\Request), 1, true)\n#62 /home/sites/mscare/vendor/stack/builder/src/Stack/StackedHttpKernel.php(23): Drupal\\Core\\StackMiddleware\\NegotiationMiddleware->handle(Object(Symfony\\Component\\HttpFoundation\\Request), 1, true)\n#63 /home/sites/mscare/web/core/lib/Drupal/Core/DrupalKernel.php(708): Stack\\StackedHttpKernel->handle(Object(Symfony\\Component\\HttpFoundation\\Request), 1, true)\n#64 /home/sites/mscare/web/index.php(19): Drupal\\Core\\DrupalKernel->handle(Object(Symfony\\Component\\HttpFoundation\\Request))\n#65 {main}\";}',5,'','http://mscare.open.gr/node/594','http://mscare.open.gr/node/594','85.72.53.208',1601049746),(28960,1,'myformhandler','MyHandler got form data:Array\n(\n)\n','a:0:{}',4,'','http://mscare.open.gr/node/594','http://mscare.open.gr/node/594','85.72.53.208',1601049746),(28961,1,'webform','@title created.','a:2:{s:3:\"@id\";s:3:\"142\";s:6:\"@title\";s:37:\"MSCU – ECF – 2020: Submission #36\";}',5,'<a href=\"/admin/structure/webform/manage/email_reminder/submission/142/edit\" hreflang=\"en\">Edit</a>','http://mscare.open.gr/node/594','http://mscare.open.gr/node/594','85.72.53.208',1601049746),(28962,1,'myformhandler','MyHandler got form data:Array\n(\n)\n','a:0:{}',4,'','http://mscare.open.gr/node/594','http://mscare.open.gr/node/594','85.72.53.208',1601049982),(28963,1,'webform','@title created.','a:2:{s:3:\"@id\";s:3:\"143\";s:6:\"@title\";s:37:\"MSCU – ECF – 2020: Submission #37\";}',5,'<a href=\"/admin/structure/webform/manage/email_reminder/submission/143/edit\" hreflang=\"en\">Edit</a>','http://mscare.open.gr/node/594','http://mscare.open.gr/node/594','85.72.53.208',1601049982),(28964,1,'php','%type: @message in %function (line %line of %file) @backtrace_string.','a:6:{s:5:\"%type\";s:6:\"Notice\";s:8:\"@message\";O:25:\"Drupal\\Core\\Render\\Markup\":1:{s:9:\"\0*\0string\";s:25:\"Undefined variable: aTmp1\";}s:9:\"%function\";s:74:\"Drupal\\ma_handlers\\Plugin\\WebformHandler\\MailReminderHandler->submitForm()\";s:5:\"%file\";s:99:\"/home/sites/mscare/web/modules/custom/ma_handlers/src/Plugin/WebformHandler/MailReminderHandler.php\";s:5:\"%line\";i:58;s:17:\"@backtrace_string\";s:10512:\"#0 /home/sites/mscare/web/core/includes/bootstrap.inc(600): _drupal_error_handler_real(8, \'Undefined varia...\', \'/home/sites/msc...\', 58, Array)\n#1 /home/sites/mscare/web/modules/custom/ma_handlers/src/Plugin/WebformHandler/MailReminderHandler.php(58): _drupal_error_handler(8, \'Undefined varia...\', \'/home/sites/msc...\', 58, Array)\n#2 /home/sites/mscare/web/modules/contrib/webform/src/Entity/Webform.php(2616): Drupal\\ma_handlers\\Plugin\\WebformHandler\\MailReminderHandler->submitForm(Array, Object(Drupal\\Core\\Form\\FormState), Object(Drupal\\webform\\Entity\\WebformSubmission))\n#3 /home/sites/mscare/web/modules/contrib/webform/src/WebformSubmissionForm.php(1843): Drupal\\webform\\Entity\\Webform->invokeHandlers(\'submitForm\', Array, Object(Drupal\\Core\\Form\\FormState), Object(Drupal\\webform\\Entity\\WebformSubmission))\n#4 [internal function]: Drupal\\webform\\WebformSubmissionForm->submitForm(Array, Object(Drupal\\Core\\Form\\FormState))\n#5 /home/sites/mscare/web/core/lib/Drupal/Core/Form/FormSubmitter.php(114): call_user_func_array(Array, Array)\n#6 /home/sites/mscare/web/core/lib/Drupal/Core/Form/FormSubmitter.php(52): Drupal\\Core\\Form\\FormSubmitter->executeSubmitHandlers(Array, Object(Drupal\\Core\\Form\\FormState))\n#7 /home/sites/mscare/web/core/lib/Drupal/Core/Form/FormBuilder.php(593): Drupal\\Core\\Form\\FormSubmitter->doSubmitForm(Array, Object(Drupal\\Core\\Form\\FormState))\n#8 /home/sites/mscare/web/core/lib/Drupal/Core/Form/FormBuilder.php(321): Drupal\\Core\\Form\\FormBuilder->processForm(\'webform_submiss...\', Array, Object(Drupal\\Core\\Form\\FormState))\n#9 /home/sites/mscare/web/core/lib/Drupal/Core/Entity/EntityFormBuilder.php(61): Drupal\\Core\\Form\\FormBuilder->buildForm(Object(Drupal\\webform\\WebformSubmissionForm), Object(Drupal\\Core\\Form\\FormState))\n#10 /home/sites/mscare/web/modules/contrib/webform/src/Entity/Webform.php(1193): Drupal\\Core\\Entity\\EntityFormBuilder->getForm(Object(Drupal\\webform\\Entity\\WebformSubmission), \'add\')\n#11 /home/sites/mscare/web/modules/contrib/webform/src/Element/Webform.php(78): Drupal\\webform\\Entity\\Webform->getSubmissionForm(Array)\n#12 [internal function]: Drupal\\webform\\Element\\Webform::preRenderWebformElement(Array)\n#13 /home/sites/mscare/web/core/lib/Drupal/Core/Security/DoTrustedCallbackTrait.php(100): call_user_func_array(Array, Array)\n#14 /home/sites/mscare/web/core/lib/Drupal/Core/Render/Renderer.php(781): Drupal\\Core\\Render\\Renderer->doTrustedCallback(Array, Array, \'Render #pre_ren...\', \'silenced_deprec...\', \'Drupal\\\\Core\\\\Ren...\')\n#15 /home/sites/mscare/web/core/lib/Drupal/Core/Render/Renderer.php(372): Drupal\\Core\\Render\\Renderer->doCallback(\'#pre_render\', Array, Array)\n#16 /home/sites/mscare/web/core/lib/Drupal/Core/Render/Renderer.php(200): Drupal\\Core\\Render\\Renderer->doRender(Array, false)\n#17 /home/sites/mscare/web/core/lib/Drupal/Core/Template/TwigExtension.php(501): Drupal\\Core\\Render\\Renderer->render(Array)\n#18 /home/sites/mscare/web/sites/default/files/php/twig/5f6e15ccd2b50_block.html.twig_Nk3ADGmD6577FPjExdzeXMxT4/xyWFkR5h7fd6JtppvSc0UJmmACz8oAMCzAhl1U3rfRI.php(101): Drupal\\Core\\Template\\TwigExtension->escapeFilter(Object(Drupal\\Core\\Template\\TwigEnvironment), Array, \'html\', NULL, true)\n#19 /home/sites/mscare/vendor/twig/twig/src/Template.php(214): __TwigTemplate_5091a0d8f0ef8b286c27524f1cf433c7bb7dec63549fb60634c9387d354e1f98->block_content(Array, Array)\n#20 /home/sites/mscare/web/sites/default/files/php/twig/5f6e15ccd2b50_block.html.twig_Nk3ADGmD6577FPjExdzeXMxT4/xyWFkR5h7fd6JtppvSc0UJmmACz8oAMCzAhl1U3rfRI.php(86): Twig\\Template->displayBlock(\'content\', Array, Array)\n#21 /home/sites/mscare/vendor/twig/twig/src/Template.php(453): __TwigTemplate_5091a0d8f0ef8b286c27524f1cf433c7bb7dec63549fb60634c9387d354e1f98->doDisplay(Array, Array)\n#22 /home/sites/mscare/vendor/twig/twig/src/Template.php(420): Twig\\Template->displayWithErrorHandling(Array, Array)\n#23 /home/sites/mscare/vendor/twig/twig/src/Template.php(432): Twig\\Template->display(Array)\n#24 /home/sites/mscare/web/core/themes/engines/twig/twig.engine(64): Twig\\Template->render(Array)\n#25 /home/sites/mscare/web/core/lib/Drupal/Core/Theme/ThemeManager.php(384): twig_render_template(\'themes/contrib/...\', Array)\n#26 /home/sites/mscare/web/core/lib/Drupal/Core/Render/Renderer.php(431): Drupal\\Core\\Theme\\ThemeManager->render(\'block\', Array)\n#27 /home/sites/mscare/web/core/lib/Drupal/Core/Render/Renderer.php(444): Drupal\\Core\\Render\\Renderer->doRender(Array)\n#28 /home/sites/mscare/web/core/lib/Drupal/Core/Render/Renderer.php(200): Drupal\\Core\\Render\\Renderer->doRender(Array, false)\n#29 /home/sites/mscare/web/core/lib/Drupal/Core/Template/TwigExtension.php(501): Drupal\\Core\\Render\\Renderer->render(Array)\n#30 /home/sites/mscare/web/sites/default/files/php/twig/5f6e15ccd2b50_page.html.twig_4ox8-P5MHIxgqBYbfb3a3CTbA/waKsfsrD4D1D0xA9vye3qTWZ14Y8uRWZpasjOZ6883k.php(681): Drupal\\Core\\Template\\TwigExtension->escapeFilter(Object(Drupal\\Core\\Template\\TwigEnvironment), Array, \'html\', NULL, true)\n#31 /home/sites/mscare/vendor/twig/twig/src/Template.php(453): __TwigTemplate_5e0df418b56ee94b19b45c345522aa482f0ec073a7057983d5cf5340a1d66973->doDisplay(Array, Array)\n#32 /home/sites/mscare/vendor/twig/twig/src/Template.php(420): Twig\\Template->displayWithErrorHandling(Array, Array)\n#33 /home/sites/mscare/vendor/twig/twig/src/Template.php(432): Twig\\Template->display(Array)\n#34 /home/sites/mscare/web/core/themes/engines/twig/twig.engine(64): Twig\\Template->render(Array)\n#35 /home/sites/mscare/web/core/lib/Drupal/Core/Theme/ThemeManager.php(384): twig_render_template(\'themes/contrib/...\', Array)\n#36 /home/sites/mscare/web/core/lib/Drupal/Core/Render/Renderer.php(431): Drupal\\Core\\Theme\\ThemeManager->render(\'page\', Array)\n#37 /home/sites/mscare/web/core/lib/Drupal/Core/Render/Renderer.php(200): Drupal\\Core\\Render\\Renderer->doRender(Array, false)\n#38 /home/sites/mscare/web/core/lib/Drupal/Core/Template/TwigExtension.php(501): Drupal\\Core\\Render\\Renderer->render(Array)\n#39 /home/sites/mscare/web/sites/default/files/php/twig/5f6e15ccd2b50_html.html.twig_GESAq2dKb9BUD92Q77xHkU4bQ/qSUMVej2QHu5uQNIwE6d5eIiJdw8sAwprBJ3M8yi3oE.php(102): Drupal\\Core\\Template\\TwigExtension->escapeFilter(Object(Drupal\\Core\\Template\\TwigEnvironment), Array, \'html\', NULL, true)\n#40 /home/sites/mscare/vendor/twig/twig/src/Template.php(453): __TwigTemplate_df4712f18857557a4d3b981d2f5e5289601677673aff5b6804b5dea6df9da3c1->doDisplay(Array, Array)\n#41 /home/sites/mscare/vendor/twig/twig/src/Template.php(420): Twig\\Template->displayWithErrorHandling(Array, Array)\n#42 /home/sites/mscare/vendor/twig/twig/src/Template.php(432): Twig\\Template->display(Array)\n#43 /home/sites/mscare/web/core/themes/engines/twig/twig.engine(64): Twig\\Template->render(Array)\n#44 /home/sites/mscare/web/core/lib/Drupal/Core/Theme/ThemeManager.php(384): twig_render_template(\'core/themes/cla...\', Array)\n#45 /home/sites/mscare/web/core/lib/Drupal/Core/Render/Renderer.php(431): Drupal\\Core\\Theme\\ThemeManager->render(\'html\', Array)\n#46 /home/sites/mscare/web/core/lib/Drupal/Core/Render/Renderer.php(200): Drupal\\Core\\Render\\Renderer->doRender(Array, false)\n#47 /home/sites/mscare/web/core/lib/Drupal/Core/Render/MainContent/HtmlRenderer.php(147): Drupal\\Core\\Render\\Renderer->render(Array)\n#48 /home/sites/mscare/web/core/lib/Drupal/Core/Render/Renderer.php(573): Drupal\\Core\\Render\\MainContent\\HtmlRenderer->Drupal\\Core\\Render\\MainContent\\{closure}()\n#49 /home/sites/mscare/web/core/lib/Drupal/Core/Render/MainContent/HtmlRenderer.php(148): Drupal\\Core\\Render\\Renderer->executeInRenderContext(Object(Drupal\\Core\\Render\\RenderContext), Object(Closure))\n#50 /home/sites/mscare/web/core/lib/Drupal/Core/EventSubscriber/MainContentViewSubscriber.php(90): Drupal\\Core\\Render\\MainContent\\HtmlRenderer->renderResponse(Array, Object(Symfony\\Component\\HttpFoundation\\Request), Object(Drupal\\Core\\Routing\\CurrentRouteMatch))\n#51 [internal function]: Drupal\\Core\\EventSubscriber\\MainContentViewSubscriber->onViewRenderArray(Object(Symfony\\Component\\HttpKernel\\Event\\GetResponseForControllerResultEvent), \'kernel.view\', Object(Drupal\\Component\\EventDispatcher\\ContainerAwareEventDispatcher))\n#52 /home/sites/mscare/web/core/lib/Drupal/Component/EventDispatcher/ContainerAwareEventDispatcher.php(111): call_user_func(Array, Object(Symfony\\Component\\HttpKernel\\Event\\GetResponseForControllerResultEvent), \'kernel.view\', Object(Drupal\\Component\\EventDispatcher\\ContainerAwareEventDispatcher))\n#53 /home/sites/mscare/vendor/symfony/http-kernel/HttpKernel.php(156): Drupal\\Component\\EventDispatcher\\ContainerAwareEventDispatcher->dispatch(\'kernel.view\', Object(Symfony\\Component\\HttpKernel\\Event\\GetResponseForControllerResultEvent))\n#54 /home/sites/mscare/vendor/symfony/http-kernel/HttpKernel.php(68): Symfony\\Component\\HttpKernel\\HttpKernel->handleRaw(Object(Symfony\\Component\\HttpFoundation\\Request), 1)\n#55 /home/sites/mscare/web/core/lib/Drupal/Core/StackMiddleware/Session.php(57): Symfony\\Component\\HttpKernel\\HttpKernel->handle(Object(Symfony\\Component\\HttpFoundation\\Request), 1, true)\n#56 /home/sites/mscare/web/core/lib/Drupal/Core/StackMiddleware/KernelPreHandle.php(47): Drupal\\Core\\StackMiddleware\\Session->handle(Object(Symfony\\Component\\HttpFoundation\\Request), 1, true)\n#57 /home/sites/mscare/web/core/modules/page_cache/src/StackMiddleware/PageCache.php(106): Drupal\\Core\\StackMiddleware\\KernelPreHandle->handle(Object(Symfony\\Component\\HttpFoundation\\Request), 1, true)\n#58 /home/sites/mscare/web/core/modules/page_cache/src/StackMiddleware/PageCache.php(85): Drupal\\page_cache\\StackMiddleware\\PageCache->pass(Object(Symfony\\Component\\HttpFoundation\\Request), 1, true)\n#59 /home/sites/mscare/web/core/lib/Drupal/Core/StackMiddleware/ReverseProxyMiddleware.php(47): Drupal\\page_cache\\StackMiddleware\\PageCache->handle(Object(Symfony\\Component\\HttpFoundation\\Request), 1, true)\n#60 /home/sites/mscare/web/core/lib/Drupal/Core/StackMiddleware/NegotiationMiddleware.php(52): Drupal\\Core\\StackMiddleware\\ReverseProxyMiddleware->handle(Object(Symfony\\Component\\HttpFoundation\\Request), 1, true)\n#61 /home/sites/mscare/vendor/stack/builder/src/Stack/StackedHttpKernel.php(23): Drupal\\Core\\StackMiddleware\\NegotiationMiddleware->handle(Object(Symfony\\Component\\HttpFoundation\\Request), 1, true)\n#62 /home/sites/mscare/web/core/lib/Drupal/Core/DrupalKernel.php(708): Stack\\StackedHttpKernel->handle(Object(Symfony\\Component\\HttpFoundation\\Request), 1, true)\n#63 /home/sites/mscare/web/index.php(19): Drupal\\Core\\DrupalKernel->handle(Object(Symfony\\Component\\HttpFoundation\\Request))\n#64 {main}\";}',5,'','http://mscare.open.gr/node/594','http://mscare.open.gr/node/594','85.72.53.208',1601050096),