-- Table structure for table `semaphore`
--

CREATE TABLE `semaphore` (
  `name` varchar(255) CHARACTER SET ascii NOT NULL DEFAULT '' COMMENT 'Primary Key: Unique name.',
  `value` varchar(255) CHARACTER SET ascii NOT NULL DEFAULT '' COMMENT 'A value for the semaphore.',
  `expire` double NOT NULL COMMENT 'A Unix timestamp with microseconds indicating when the semaphore should expire.',
  PRIMARY KEY (`name`),
  KEY `value` (`value`),
  KEY `expire` (`expire`)
) ENGINE=InnoDB DEFAULT CHARSET=utf8mb4 COMMENT='Table for holding semaphores, locks, flags, etc. that…';

--
-- Dumping data for table `semaphore`
--


--
-- Table structure for table `sequences`
--

CREATE TABLE `sequences` (
  `value` int(10) unsigned NOT NULL AUTO_INCREMENT COMMENT 'The value of the sequence.',
  PRIMARY KEY (`value`)
) ENGINE=InnoDB AUTO_INCREMENT=94 DEFAULT CHARSET=utf8mb4 COMMENT='Stores IDs.';

--
-- Dumping data for table `sequences`
--

INSERT INTO `sequences` VALUES (93);

--
-- Table structure for table `sessions`
--

CREATE TABLE `sessions` (
  `uid` int(10) unsigned NOT NULL COMMENT 'The users.uid corresponding to a session, or 0 for anonymous user.',
  `sid` varchar(128) CHARACTER SET ascii NOT NULL COMMENT 'A session ID (hashed). The value is generated by Drupal''s session handlers.',
  `hostname` varchar(128) CHARACTER SET ascii NOT NULL DEFAULT '' COMMENT 'The IP address that last used this session ID (sid).',
  `timestamp` int(11) NOT NULL DEFAULT 0 COMMENT 'The Unix timestamp when this session last requested a page. Old records are purged by PHP automatically.',
  `session` longblob DEFAULT NULL COMMENT 'The serialized contents of $_SESSION, an array of name/value pairs that persists across page requests by this session ID. Drupal loads $_SESSION from here at the start of each request and saves it at the end.',
  PRIMARY KEY (`sid`),
  KEY `timestamp` (`timestamp`),
  KEY `uid` (`uid`)
) ENGINE=InnoDB DEFAULT CHARSET=utf8mb4 COMMENT='Drupal''s session handlers read and write into the sessions…';

--
-- Dumping data for table `sessions`
--

INSERT INTO `sessions` VALUES (1,'jSP7usvC9-T9VQWJUvQPOH3IFxo8dlOBodwlviWTNKQ','85.72.53.208',1602234093,'_sf2_attributes|a:1:{s:3:\"uid\";s:1:\"1\";}_sf2_meta|a:4:{s:1:\"u\";i:1602234095;s:1:\"c\";i:1602146950;s:1:\"l\";s:7:\"2000000\";s:1:\"s\";s:43:\"ZL-GCMoF9mp0H7sINYzS3eBdKxVJV1VLwGuDCSMKRs0\";}');

--
-- Table structure for table `shortcut`
--

CREATE TABLE `shortcut` (
  `id` int(10) unsigned NOT NULL AUTO_INCREMENT,
  `shortcut_set` varchar(32) CHARACTER SET ascii NOT NULL COMMENT 'The ID of the target entity.',
  `uuid` varchar(128) CHARACTER SET ascii NOT NULL,
  `langcode` varchar(12) CHARACTER SET ascii NOT NULL,
  PRIMARY KEY (`id`),
  UNIQUE KEY `shortcut_field__uuid__value` (`uuid`),
  KEY `shortcut_field__shortcut_set__target_id` (`shortcut_set`)
) ENGINE=InnoDB AUTO_INCREMENT=4 DEFAULT CHARSET=utf8mb4 COMMENT='The base table for shortcut entities.';

--
-- Dumping data for table `shortcut`
--

INSERT INTO `shortcut` VALUES (1,'default','fccfa7d9-e76f-48a5-8a21-887db69a0b49','en'),(2,'default','ba08ca62-7fe8-4f4b-bf92-4d052b9d8328','en'),(3,'default','6c08634e-5882-4243-8efc-1cb108f7bc44','en');

--
-- Table structure for table `shortcut_field_data`
--

CREATE TABLE `shortcut_field_data` (
  `id` int(10) unsigned NOT NULL,
  `shortcut_set` varchar(32) CHARACTER SET ascii NOT NULL COMMENT 'The ID of the target entity.',
  `langcode` varchar(12) CHARACTER SET ascii NOT NULL,
  `title` varchar(255) DEFAULT NULL,
  `weight` int(11) DEFAULT NULL,
  `link__uri` varchar(2048) DEFAULT NULL COMMENT 'The URI of the link.',
  `link__title` varchar(255) DEFAULT NULL COMMENT 'The link text.',
  `link__options` longblob DEFAULT NULL COMMENT 'Serialized array of options for the link.',
  `default_langcode` tinyint(4) NOT NULL,
  PRIMARY KEY (`id`,`langcode`),
  KEY `shortcut__id__default_langcode__langcode` (`id`,`default_langcode`,`langcode`),
  KEY `shortcut_field__shortcut_set__target_id` (`shortcut_set`),
  KEY `shortcut_field__link__uri` (`link__uri`(30))
) ENGINE=InnoDB DEFAULT CHARSET=utf8mb4 COMMENT='The data table for shortcut entities.';

--
-- Dumping data for table `shortcut_field_data`
--

INSERT INTO `shortcut_field_data` VALUES (1,'default','en','Add content',-20,'internal:/node/add',NULL,'a:0:{}',1),(2,'default','en','All content',-19,'internal:/admin/content',NULL,'a:0:{}',1),(3,'default','en','Performance',NULL,'internal:/admin/config/development/performance',NULL,'a:0:{}',1);

--
-- Table structure for table `shortcut_set_users`
--

CREATE TABLE `shortcut_set_users` (
  `uid` int(10) unsigned NOT NULL DEFAULT 0 COMMENT 'The users.uid for this set.',
  `set_name` varchar(32) CHARACTER SET ascii NOT NULL DEFAULT '' COMMENT 'The shortcut_set.set_name that will be displayed for this user.',
  PRIMARY KEY (`uid`),
  KEY `set_name` (`set_name`)
) ENGINE=InnoDB DEFAULT CHARSET=utf8mb4 COMMENT='Maps users to shortcut sets.';

--
-- Dumping data for table `shortcut_set_users`
--


--
-- Table structure for table `taxonomy_index`
--

CREATE TABLE `taxonomy_index` (
  `nid` int(10) unsigned NOT NULL DEFAULT 0 COMMENT 'The node.nid this record tracks.',
  `tid` int(10) unsigned NOT NULL DEFAULT 0 COMMENT 'The term ID.',
  `status` int(11) NOT NULL DEFAULT 1 COMMENT 'Boolean indicating whether the node is published (visible to non-administrators).',
  `sticky` tinyint(4) DEFAULT 0 COMMENT 'Boolean indicating whether the node is sticky.',
  `created` int(11) NOT NULL DEFAULT 0 COMMENT 'The Unix timestamp when the node was created.',
  PRIMARY KEY (`nid`,`tid`),
  KEY `term_node` (`tid`,`status`,`sticky`,`created`)
) ENGINE=InnoDB DEFAULT CHARSET=utf8mb4 COMMENT='Maintains denormalized information about node/term…';

--
-- Dumping data for table `taxonomy_index`
--

INSERT INTO `taxonomy_index` VALUES (1,1,1,0,1570020323),(307,1,1,0,1570714090),(309,1,1,0,1570731504),(310,1,1,0,1570731562),(518,1,1,0,1571311561),(523,1,1,0,1571382803),(525,1,1,0,1571601607),(527,1,1,0,1571645218),(528,1,1,0,1571649858),(531,1,1,0,1572522251),(534,1,1,0,1576248805),(540,1,1,0,1576580107),(541,1,1,0,1576581348),(542,1,1,0,1576581953),(543,1,1,0,1578491088),(555,1,1,0,1580215264),(572,1,1,0,1590583616),(590,1,1,0,1592404739),(593,1,1,0,1598527126),(306,2,1,0,1570714052),(307,2,1,0,1570714090),(522,2,1,0,1571382521),(523,2,1,0,1571382803),(524,2,1,0,1571601530),(529,2,1,0,1572521447),(530,2,1,0,1572521622),(540,2,1,0,1576580107),(541,2,1,0,1576581348),(542,2,1,0,1576581953),(543,2,1,0,1578491088),(546,2,1,0,1578994834),(556,2,1,0,1580308766),(572,2,1,0,1590583616),(592,2,1,0,1598468689),(593,2,1,0,1598527126),(306,3,1,0,1570714052),(520,3,1,0,1571311810),(527,3,1,0,1571645218),(528,3,1,0,1571649858),(531,3,1,0,1572522251),(534,3,1,0,1576248805),(537,3,1,0,1576567352),(538,3,1,0,1576573065),(539,3,1,0,1576574031),(540,3,1,0,1576580107),(542,3,1,0,1576581953),(543,3,1,0,1578491088),(544,3,1,0,1578581875),(589,3,1,0,1592378531),(592,3,1,0,1598468689),(1,4,1,0,1570020323),(518,4,1,0,1571311561),(522,4,1,0,1571382521),(523,4,1,0,1571382803),(524,4,1,0,1571601530),(526,4,1,0,1571601905),(530,4,1,0,1572521622),(534,4,1,0,1576248805),(535,4,1,0,1576248966),(537,4,1,0,1576567352),(538,4,1,0,1576573065),(539,4,1,0,1576574031),(540,4,1,0,1576580107),(541,4,1,0,1576581348),(542,4,1,0,1576581953),(543,4,1,0,1578491088),(545,4,1,0,1578652431),(556,4,1,0,1580308766),(572,4,1,0,1590583616),(592,4,1,0,1598468689),(593,4,1,0,1598527126),(516,5,1,0,1571238571),(519,5,1,0,1571311685),(520,5,1,0,1571311810),(529,5,1,0,1572521447),(536,5,1,0,1576483928),(537,5,1,0,1576567352),(538,5,1,0,1576573065),(540,5,1,0,1576580107),(556,5,1,0,1580308766),(516,6,1,0,1571238571),(519,6,1,0,1571311685),(521,6,1,0,1571311844),(526,6,1,0,1571601905),(536,6,1,0,1576483928),(538,6,1,0,1576573065),(539,6,1,0,1576574031),(540,6,1,0,1576580107),(541,6,1,0,1576581348),(542,6,1,0,1576581953),(544,6,1,0,1578581875),(593,6,1,0,1598527126),(521,7,1,0,1571311844),(525,7,1,0,1571601607),(538,7,1,0,1576573065),(539,7,1,0,1576574031),(540,7,1,0,1576580107),(542,7,1,0,1576581953),(543,7,1,0,1578491088),(544,7,1,0,1578581875),(564,7,1,0,1583423793),(522,8,1,0,1571382521),(523,8,1,0,1571382803),(534,8,1,0,1576248805),(536,8,1,0,1576483928),(537,8,1,0,1576567352),(538,8,1,0,1576573065),(539,8,1,0,1576574031),(540,8,1,0,1576580107),(541,8,1,0,1576581348),(542,8,1,0,1576581953),(543,8,1,0,1578491088),(544,8,1,0,1578581875),(545,8,1,0,1578652431),(557,8,1,0,1581514862),(572,8,1,0,1590583616),(589,8,1,0,1592378531),(592,8,1,0,1598468689),(593,8,1,0,1598527126),(532,10,1,0,1572534481),(533,10,1,0,1572540276),(559,10,1,0,1583060804),(565,10,1,0,1583424254),(576,10,1,0,1591171283),(560,11,1,0,1583422766),(562,11,1,0,1583422969),(568,11,1,0,1588602131),(575,11,1,0,1591170735),(578,11,1,0,1591172374),(580,11,1,0,1591172647),(581,11,1,0,1591172764),(583,11,1,0,1591176537),(584,11,1,0,1591176604),(561,13,1,0,1583422887),(566,13,1,0,1586046172),(574,13,1,0,1591170637),(563,14,1,0,1583423314),(569,14,1,0,1588602237),(577,14,1,0,1591172124),(582,14,1,0,1591172978),(586,14,1,0,1591269692),(587,14,1,0,1591688067),(588,14,1,0,1591688146),(591,14,1,0,1595191833),(532,15,1,0,1572534481),(533,16,1,0,1572540276),(559,17,1,0,1583060804),(565,17,1,0,1583424254),(576,19,1,0,1591171283),(399,24,1,0,1571054778),(532,24,1,0,1572534481),(400,25,1,0,1571054940),(401,25,1,0,1571062887),(533,25,1,0,1572540276),(402,26,1,0,1571062918),(403,26,1,0,1571062935),(404,26,1,0,1571062950),(405,26,1,0,1571062965),(559,26,1,0,1583060804),(565,26,1,0,1583424254),(406,27,1,0,1571062980),(407,28,1,0,1571062995),(408,29,1,0,1571063022),(409,30,1,0,1571063038),(576,30,1,0,1591171283),(410,31,1,0,1571063054),(411,32,1,0,1571063336),(412,33,1,0,1571063352),(413,34,1,0,1571063367),(414,35,1,0,1571063383),(415,36,1,0,1571063398),(416,37,1,0,1571063414),(567,48,1,0,1588601922),(579,48,1,0,1591172509),(560,67,1,0,1583422766),(562,67,1,0,1583422969),(578,67,1,0,1591172374),(581,70,1,0,1591172764),(568,72,1,0,1588602131),(580,73,1,0,1591172647),(583,73,1,0,1591176537),(584,73,1,0,1591176604),(563,74,1,0,1583423314),(582,74,1,0,1591172978),(575,75,1,0,1591170735),(567,79,1,0,1588601922),(579,86,1,0,1591172509),(566,96,1,0,1586046172),(561,97,1,0,1583422887),(574,98,1,0,1591170637),(417,100,1,0,1571063429),(418,100,1,0,1571063444),(419,108,1,0,1571063459),(560,108,1,0,1583422766),(562,108,1,0,1583422969),(578,108,1,0,1591172374),(420,109,1,0,1571063474),(422,112,1,0,1571063505),(423,112,1,0,1571063521),(424,112,1,0,1571063536),(425,113,1,0,1571063552),(427,113,1,0,1571063583),(581,113,1,0,1591172764),(426,114,1,0,1571063567),(428,115,1,0,1571063599),(429,115,1,0,1571063614),(430,115,1,0,1571065009),(431,116,1,0,1571065026),(432,117,1,0,1571065041),(433,118,1,0,1571066849),(434,119,1,0,1571066911),(568,119,1,0,1588602131),(435,120,1,0,1571066926),(436,121,1,0,1571066941),(580,121,1,0,1591172647),(583,121,1,0,1591176537),(437,122,1,0,1571066955),(438,123,1,0,1571066971),(584,123,1,0,1591176604),(563,124,1,0,1583423314),(582,124,1,0,1591172978),(440,125,1,0,1571067000),(575,125,1,0,1591170735),(441,126,1,0,1571067015),(442,127,1,0,1571067029),(443,127,1,0,1571067044),(444,127,1,0,1571067059),(445,128,1,0,1571067073),(446,129,1,0,1571067088),(447,129,1,0,1571067102),(448,129,1,0,1571067117),(449,130,1,0,1571067132),(451,130,1,0,1571067185),(567,130,1,0,1588601922),(450,131,1,0,1571067146),(512,132,1,0,1571068854),(452,133,1,0,1571067204),(453,134,1,0,1571067214),(454,135,1,0,1571067225),(455,135,1,0,1571067235),(456,135,1,0,1571067246),(457,136,1,0,1571067256),(458,136,1,0,1571067266),(459,136,1,0,1571067277),(460,137,1,0,1571067287),(461,137,1,0,1571067296),(462,137,1,0,1571067306),(463,138,1,0,1571067316),(464,139,1,0,1571067327),(465,139,1,0,1571067337),(466,139,1,0,1571067346),(467,140,1,0,1571067357),(579,140,1,0,1591172509),(468,141,1,0,1571067366),(469,142,1,0,1571067376),(470,143,1,0,1571067386),(471,144,1,0,1571067396),(472,145,1,0,1571067406),(473,146,1,0,1571067416),(474,147,1,0,1571067427),(547,147,1,0,1579203755),(475,148,1,0,1571067444),(476,148,1,0,1571067454),(477,148,1,0,1571067464),(478,148,1,0,1571067474),(479,149,1,0,1571067485),(480,149,1,0,1571067495),(481,149,1,0,1571067505),(482,150,1,0,1571067515),(483,151,1,0,1571067525),(484,152,1,0,1571067535),(485,152,1,0,1571067545),(486,153,1,0,1571067555),(487,153,1,0,1571067565),(488,154,1,0,1571067575),(489,155,1,0,1571067584),(490,156,1,0,1571067594),(491,157,1,0,1571067604),(492,158,1,0,1571067615),(493,159,1,0,1571067626),(494,160,1,0,1571067636),(496,160,1,0,1571067656),(495,161,1,0,1571067646),(497,162,1,0,1571067666),(498,163,1,0,1571067675),(566,163,1,0,1586046172),(499,164,1,0,1571067685),(500,165,1,0,1571067695),(501,165,1,0,1571067705),(561,165,1,0,1583422887),(502,166,1,0,1571067714),(503,167,1,0,1571067725),(574,167,1,0,1591170637),(504,168,1,0,1571067735),(505,169,1,0,1571067745),(506,170,1,0,1571067755),(507,171,1,0,1571067765),(548,172,1,0,1579204404),(508,173,1,0,1571067784),(509,174,1,0,1571067795),(510,175,1,0,1571067805),(421,177,1,0,1571063490),(569,180,1,0,1588602237),(586,180,1,0,1591269692),(577,181,1,0,1591172124),(591,182,1,0,1595191833),(549,184,1,0,1579208161),(569,184,1,0,1588602237),(586,184,1,0,1591269692),(551,185,1,0,1579208841),(591,185,1,0,1595191833),(577,186,1,0,1591172124),(552,188,1,0,1579209224),(554,189,1,0,1579209677),(587,262,1,0,1591688067),(588,262,1,0,1591688146),(439,263,1,0,1571066985),(550,263,1,0,1579208579),(553,263,1,0,1579209487),(587,263,1,0,1591688067),(588,263,1,0,1591688146),(585,265,1,0,1591177225),(594,266,1,0,1600088590);

--
-- Table structure for table `taxonomy_term__parent`
--

CREATE TABLE `taxonomy_term__parent` (
  `bundle` varchar(128) CHARACTER SET ascii NOT NULL DEFAULT '' COMMENT 'The field instance bundle to which this row belongs, used when deleting a field instance',
  `deleted` tinyint(4) NOT NULL DEFAULT 0 COMMENT 'A boolean indicating whether this data item has been deleted',
  `entity_id` int(10) unsigned NOT NULL COMMENT 'The entity id this data is attached to',
  `revision_id` int(10) unsigned NOT NULL COMMENT 'The entity revision id this data is attached to',
  `langcode` varchar(32) CHARACTER SET ascii NOT NULL DEFAULT '' COMMENT 'The language code for this data item.',
  `delta` int(10) unsigned NOT NULL COMMENT 'The sequence number for this data item, used for multi-value fields',
  `parent_target_id` int(10) unsigned NOT NULL COMMENT 'The ID of the target entity.',
  PRIMARY KEY (`entity_id`,`deleted`,`delta`,`langcode`),
  KEY `revision_id` (`revision_id`),
  KEY `parent_target_id` (`parent_target_id`),
  KEY `bundle_delta_target_id` (`bundle`,`delta`,`parent_target_id`)
) ENGINE=InnoDB DEFAULT CHARSET=utf8mb4 COMMENT='Data storage for taxonomy_term field parent.';

--
-- Dumping data for table `taxonomy_term__parent`
--

INSERT INTO `taxonomy_term__parent` VALUES ('stakeholder_member_types',0,1,1,'en',0,0),('stakeholder_member_types',0,2,2,'en',0,0),('stakeholder_member_types',0,3,3,'en',0,0),('stakeholder_member_types',0,4,4,'en',0,0),('stakeholder_member_types',0,5,5,'en',0,0),('stakeholder_member_types',0,6,6,'en',0,0),('stakeholder_member_types',0,7,7,'en',0,0),('stakeholder_member_types',0,8,8,'en',0,0),('master_scorecard',0,9,9,'en',0,0),('master_scorecard',0,10,10,'en',0,9),('master_scorecard',0,11,11,'en',0,9),('master_scorecard',0,13,13,'en',0,9),('master_scorecard',0,14,14,'en',0,9),('master_scorecard',0,15,15,'en',0,10),('master_scorecard',0,16,16,'en',0,10),('master_scorecard',0,17,17,'en',0,10),('master_scorecard',0,18,18,'en',0,10),('master_scorecard',0,19,19,'en',0,10),('master_scorecard',0,20,20,'en',0,10),('master_scorecard',0,21,21,'en',0,10),('master_scorecard',0,22,22,'en',0,10),('master_scorecard',0,23,23,'en',0,10),('master_scorecard',0,24,24,'en',0,15),('master_scorecard',0,25,25,'en',0,16),('master_scorecard',0,26,26,'en',0,17),('master_scorecard',0,27,27,'en',0,18),('master_scorecard',0,28,28,'en',0,18),('master_scorecard',0,29,29,'en',0,18),('master_scorecard',0,30,30,'en',0,19),('master_scorecard',0,31,31,'en',0,20),('master_scorecard',0,32,32,'en',0,21),('master_scorecard',0,33,33,'en',0,21),('master_scorecard',0,34,34,'en',0,21),('master_scorecard',0,35,35,'en',0,22),('master_scorecard',0,36,36,'en',0,22),('master_scorecard',0,37,37,'en',0,22),('master_scorecard',0,38,38,'en',0,22),('master_scorecard',0,48,48,'en',0,9),('master_scorecard',0,67,67,'en',0,11),('master_scorecard',0,68,68,'en',0,11),('master_scorecard',0,69,69,'en',0,11),('master_scorecard',0,70,70,'en',0,11),('master_scorecard',0,71,71,'en',0,11),('master_scorecard',0,72,72,'en',0,11),('master_scorecard',0,73,73,'en',0,11),('master_scorecard',0,74,74,'en',0,14),('master_scorecard',0,75,75,'en',0,11),('master_scorecard',0,76,76,'en',0,48),('master_scorecard',0,77,77,'en',0,48),('master_scorecard',0,78,78,'en',0,48),('master_scorecard',0,79,79,'en',0,48),('master_scorecard',0,80,80,'en',0,48),('master_scorecard',0,81,81,'en',0,48),('master_scorecard',0,82,82,'en',0,48),('master_scorecard',0,83,83,'en',0,48),('master_scorecard',0,84,84,'en',0,48),('master_scorecard',0,85,85,'en',0,48),('master_scorecard',0,86,86,'en',0,48),('master_scorecard',0,88,88,'en',0,48),('master_scorecard',0,90,90,'en',0,48),('master_scorecard',0,91,91,'en',0,48),('master_scorecard',0,92,92,'en',0,48),('master_scorecard',0,93,93,'en',0,48),('master_scorecard',0,94,94,'en',0,48),('master_scorecard',0,95,95,'en',0,13),('master_scorecard',0,96,96,'en',0,13),('master_scorecard',0,97,97,'en',0,13),('master_scorecard',0,98,98,'en',0,13),('master_scorecard',0,99,99,'en',0,13),('master_scorecard',0,100,100,'en',0,23),('master_scorecard',0,101,101,'en',0,48),('master_scorecard',0,102,102,'en',0,13),('master_scorecard',0,104,104,'en',0,11),('master_scorecard',0,105,105,'en',0,48),('master_scorecard',0,107,107,'en',0,48),('master_scorecard',0,108,108,'en',0,67),('master_scorecard',0,109,109,'en',0,67),('master_scorecard',0,112,112,'en',0,69),('master_scorecard',0,113,113,'en',0,70),('master_scorecard',0,114,114,'en',0,70),('master_scorecard',0,115,115,'en',0,71),('master_scorecard',0,116,116,'en',0,104),('master_scorecard',0,117,117,'en',0,104),('master_scorecard',0,118,118,'en',0,104),('master_scorecard',0,119,119,'en',0,72),('master_scorecard',0,120,120,'en',0,72),('master_scorecard',0,121,121,'en',0,73),('master_scorecard',0,122,122,'en',0,73),('master_scorecard',0,123,123,'en',0,73),('master_scorecard',0,124,124,'en',0,74),('master_scorecard',0,125,125,'en',0,75),('master_scorecard',0,126,126,'en',0,75),('master_scorecard',0,127,127,'en',0,76),('master_scorecard',0,128,128,'en',0,77),('master_scorecard',0,129,129,'en',0,78),('master_scorecard',0,130,130,'en',0,79),('master_scorecard',0,131,131,'en',0,79),('master_scorecard',0,132,132,'en',0,80),('master_scorecard',0,133,133,'en',0,80),('master_scorecard',0,134,134,'en',0,80),('master_scorecard',0,135,135,'en',0,81),('master_scorecard',0,136,136,'en',0,82),('master_scorecard',0,137,137,'en',0,83),('master_scorecard',0,138,138,'en',0,84),('master_scorecard',0,139,139,'en',0,85),('master_scorecard',0,140,140,'en',0,86),('master_scorecard',0,141,141,'en',0,86),('master_scorecard',0,142,142,'en',0,86),('master_scorecard',0,143,143,'en',0,105),('master_scorecard',0,144,144,'en',0,105),('master_scorecard',0,145,145,'en',0,105),('master_scorecard',0,146,146,'en',0,88),('master_scorecard',0,147,147,'en',0,88),('master_scorecard',0,148,148,'en',0,90),('master_scorecard',0,149,149,'en',0,91),('master_scorecard',0,150,150,'en',0,92),('master_scorecard',0,151,151,'en',0,92),('master_scorecard',0,152,152,'en',0,93),('master_scorecard',0,153,153,'en',0,93),('master_scorecard',0,154,154,'en',0,107),('master_scorecard',0,155,155,'en',0,107),('master_scorecard',0,156,156,'en',0,107),('master_scorecard',0,157,157,'en',0,94),('master_scorecard',0,158,158,'en',0,94),('master_scorecard',0,159,159,'en',0,94),('master_scorecard',0,160,160,'en',0,101),('master_scorecard',0,161,161,'en',0,101),('master_scorecard',0,162,162,'en',0,95),('master_scorecard',0,163,163,'en',0,96),('master_scorecard',0,164,164,'en',0,97),('master_scorecard',0,165,165,'en',0,97),('master_scorecard',0,166,166,'en',0,97),('master_scorecard',0,167,167,'en',0,98),('master_scorecard',0,168,168,'en',0,98),('master_scorecard',0,169,169,'en',0,98),('master_scorecard',0,170,170,'en',0,99),('master_scorecard',0,171,171,'en',0,99),('master_scorecard',0,172,172,'en',0,99),('master_scorecard',0,173,173,'en',0,99),('master_scorecard',0,174,174,'en',0,99),('master_scorecard',0,175,175,'en',0,102),('master_scorecard',0,177,177,'en',0,68),('master_scorecard',0,179,179,'en',0,14),('master_scorecard',0,180,180,'en',0,14),('master_scorecard',0,182,182,'en',0,14),('master_scorecard',0,183,183,'en',0,14),('master_scorecard',0,184,184,'en',0,180),('master_scorecard',0,185,185,'en',0,182),('master_scorecard',0,188,188,'en',0,183),('master_scorecard',0,189,189,'en',0,179),('content_annotation',0,190,190,'en',0,0),('content_annotation',0,191,191,'en',0,0),('content_annotation',0,195,195,'en',0,190),('content_annotation',0,196,196,'en',0,190),('content_annotation',0,197,197,'en',0,190),('content_annotation',0,198,198,'en',0,190),('content_annotation',0,199,199,'en',0,190),('content_annotation',0,200,200,'en',0,190),('content_annotation',0,201,201,'en',0,190),('content_annotation',0,202,202,'en',0,190),('content_annotation',0,203,203,'en',0,190),('content_annotation',0,204,204,'en',0,191),('content_annotation',0,205,205,'en',0,191),('content_annotation',0,206,206,'en',0,191),('content_annotation',0,207,207,'en',0,191),('content_annotation',0,208,208,'en',0,191),('content_annotation',0,209,209,'en',0,191),('content_annotation',0,210,210,'en',0,191),('content_annotation',0,211,211,'en',0,191),('content_annotation',0,212,212,'en',0,0),('content_annotation',0,213,213,'en',0,212),('content_annotation',0,214,214,'en',0,212),('content_annotation',0,215,215,'en',0,212),('content_annotation',0,216,216,'en',0,212),('content_annotation',0,217,217,'en',0,212),('content_annotation',0,218,218,'en',0,212),('content_annotation',0,219,219,'en',0,212),('content_annotation',0,220,220,'en',0,212),('content_annotation',0,221,221,'en',0,212),('content_annotation',0,222,222,'en',0,0),('content_annotation',0,223,223,'en',0,222),('content_annotation',0,224,224,'en',0,222),('content_annotation',0,225,225,'en',0,222),('content_annotation',0,226,226,'en',0,222),('content_annotation',0,227,227,'en',0,222),('content_annotation',0,228,228,'en',0,222),('content_annotation',0,229,229,'en',0,222),('content_annotation',0,230,230,'en',0,222),('content_annotation',0,231,231,'en',0,222),('content_annotation',0,232,232,'en',0,222),('content_annotation',0,233,233,'en',0,222),('content_annotation',0,234,234,'en',0,222),('content_annotation',0,235,235,'en',0,0),('content_annotation',0,236,236,'en',0,235),('content_annotation',0,237,237,'en',0,235),('content_annotation',0,238,238,'en',0,235),('content_annotation',0,239,239,'en',0,235),('content_annotation',0,240,240,'en',0,235),('content_annotation',0,241,241,'en',0,235),('content_annotation',0,242,242,'en',0,235),('content_annotation',0,243,243,'en',0,235),('content_annotation',0,244,244,'en',0,235),('content_annotation',0,245,245,'en',0,235),('content_annotation',0,246,246,'en',0,235),('content_annotation',0,247,247,'en',0,235),('content_annotation',0,248,248,'en',0,235),('content_annotation',0,249,249,'en',0,235),('content_annotation',0,250,250,'en',0,235),('content_annotation',0,251,251,'en',0,235),('content_annotation',0,252,252,'en',0,235),('content_annotation',0,253,253,'en',0,235),('content_annotation',0,254,254,'en',0,235),('content_annotation',0,255,255,'en',0,235),('content_annotation',0,256,256,'en',0,0),('content_annotation',0,257,257,'en',0,256),('content_annotation',0,258,258,'en',0,256),('content_annotation',0,259,259,'en',0,256),('content_annotation',0,260,260,'en',0,256),('content_annotation',0,261,261,'en',0,256),('master_scorecard',0,262,262,'en',0,14),('master_scorecard',0,263,263,'en',0,262),('master_scorecard',0,264,264,'en',0,14),('master_scorecard',0,265,265,'en',0,264),('permissions_tags',0,266,266,'en',0,0);

--
-- Table structure for table `taxonomy_term_data`
--

CREATE TABLE `taxonomy_term_data` (
  `tid` int(10) unsigned NOT NULL AUTO_INCREMENT,
  `revision_id` int(10) unsigned DEFAULT NULL,
  `vid` varchar(32) CHARACTER SET ascii NOT NULL COMMENT 'The ID of the target entity.',
  `uuid` varchar(128) CHARACTER SET ascii NOT NULL,
  `langcode` varchar(12) CHARACTER SET ascii NOT NULL,
  PRIMARY KEY (`tid`),
  UNIQUE KEY `taxonomy_term_field__uuid__value` (`uuid`),
  UNIQUE KEY `taxonomy_term__revision_id` (`revision_id`),
  KEY `taxonomy_term_field__vid__target_id` (`vid`)
) ENGINE=InnoDB AUTO_INCREMENT=267 DEFAULT CHARSET=utf8mb4 COMMENT='The base table for taxonomy_term entities.';

--
-- Dumping data for table `taxonomy_term_data`
--

INSERT INTO `taxonomy_term_data` VALUES (1,1,'stakeholder_member_types','ca3cba72-d4f7-4c40-abde-9d859427da5e','en'),(2,2,'stakeholder_member_types','11c2a13d-06c3-4198-9d99-edf4b4a50c46','en'),(3,3,'stakeholder_member_types','294d9610-fb6c-4f9c-8c44-05ed7ce26c06','en'),(4,4,'stakeholder_member_types','d6ce15bf-2f65-4ca3-8ca7-27f8927e3685','en'),(5,5,'stakeholder_member_types','61467534-7c5a-4d15-94c7-a6bdf5678caa','en'),(6,6,'stakeholder_member_types','5ecaf5a2-435e-4053-9102-ba6c9e8a991b','en'),(7,7,'stakeholder_member_types','f9cde065-2449-4e7a-9af9-3dc471c2835f','en'),(8,8,'stakeholder_member_types','2db568fb-90d2-4489-be43-d1b942b838bc','en'),(9,9,'master_scorecard','fd296c2f-7adf-4b8e-9b76-37e0ee242af5','en'),(10,10,'master_scorecard','15685a87-29de-4db2-8bde-cade5157e9e2','en'),(11,11,'master_scorecard','c9b62f6b-b24f-4672-9aca-271598a290af','en'),(13,13,'master_scorecard','13f9105b-66ac-4056-88d7-ed1776cbb546','en'),(14,14,'master_scorecard','1f9d2699-af64-40a2-8df2-c1641f486825','en'),(15,15,'master_scorecard','bee3f106-0380-498b-b24a-3bc0ecfad794','en'),(16,16,'master_scorecard','ec2d206d-7b60-4ebc-9188-93fd0efd7a4f','en'),(17,17,'master_scorecard','d56ba076-c940-4c41-a300-9f10a87d1edd','en'),(18,18,'master_scorecard','60f58295-3123-4bc9-9f03-48efdb861d65','en'),(19,19,'master_scorecard','3f34634a-356f-49c0-99ba-ef0359ba8764','en'),(20,20,'master_scorecard','11b2b5bd-b9d9-459c-a4fa-4a446fb068bf','en'),(21,21,'master_scorecard','00ccf4e0-615b-4764-a71d-448b917f2353','en'),(22,22,'master_scorecard','c1ebaeef-8291-4679-8152-9d4a39fe6506','en'),(23,23,'master_scorecard','87f2ac7a-0a93-45a3-8826-708a5cabcea7','en'),(24,24,'master_scorecard','04d53c13-3af8-4cdb-be68-e7b47cf33f36','en'),(25,25,'master_scorecard','ffa7e1fc-9112-491f-a6ca-587252ab118a','en'),(26,26,'master_scorecard','a241c8d4-45e0-4876-a9d7-2caa1c113359','en'),(27,27,'master_scorecard','7d4337d8-0158-4fc1-bff9-dfb05427a961','en'),(28,28,'master_scorecard','395689a1-27a9-40a5-bdc2-0b09262d7387','en'),(29,29,'master_scorecard','e8a87575-8935-4c6b-bce5-686a1d2cb599','en'),(30,30,'master_scorecard','08e6667d-d3e6-499c-b5d2-d156f5451574','en'),(31,31,'master_scorecard','2b838c01-3b26-4359-b9e9-86f49007e612','en'),(32,32,'master_scorecard','7210316c-76e0-47b7-9549-38f03bd892d2','en'),(33,33,'master_scorecard','3b9ce6d6-1f8d-4f1d-ba19-49e13baa9b68','en'),(34,34,'master_scorecard','04a224a5-3da3-4e14-97b5-3a096271b49f','en'),(35,35,'master_scorecard','a777bac3-7177-432c-a688-ec09aaa2d331','en'),(36,36,'master_scorecard','77a9665c-0462-4279-b65f-6fb7fafc9241','en'),(37,37,'master_scorecard','2e5e88df-9ab3-4c97-a3a6-e87948e1b9c0','en'),(38,38,'master_scorecard','479ea844-053d-47a1-863b-cb90bf20e414','en'),(48,48,'master_scorecard','fcd0cc6e-d031-418e-bd86-dbcad1657510','en'),(67,67,'master_scorecard','0343fe05-f7d6-4192-92af-834c1c71d449','en'),(68,68,'master_scorecard','bb9311d8-bb6a-4977-9103-33402a4ceee7','en'),(69,69,'master_scorecard','1c4bfbfc-6727-4a2f-acd8-04575a356aa8','en'),(70,70,'master_scorecard','a8dfd9cc-0f8b-46a2-a0b5-823841664a79','en'),(71,71,'master_scorecard','201faecb-5214-4a90-a353-900e24cc7e49','en'),(72,72,'master_scorecard','c69d499c-58c9-46c9-aa48-cbbbaaec50ab','en'),(73,73,'master_scorecard','32169010-4a23-4973-9ba6-e3c1db3cc509','en'),(74,74,'master_scorecard','11a1e1d7-15b4-4311-90b3-734e13e9b0f3','en'),(75,75,'master_scorecard','8416a140-bbf8-438a-a23a-132add0a167e','en'),(76,76,'master_scorecard','81e2ecd2-ae03-448d-adce-6da29e8c6e7e','en'),(77,77,'master_scorecard','d3d1261b-a2f8-474e-b9af-cb69f9287586','en'),(78,78,'master_scorecard','1694deb1-e19a-458a-aa03-94a0b1d7cf7b','en'),(79,79,'master_scorecard','5cd605a8-e7f1-4aef-b458-9e30bbb95d13','en'),(80,80,'master_scorecard','393f8684-cea1-43a7-9b64-cc16a19f1c69','en'),(81,81,'master_scorecard','a45147e5-248e-4e24-8fe6-a58173f1cbde','en'),(82,82,'master_scorecard','54a09313-58d8-4e0c-91aa-af0ad8e31fd2','en'),(83,83,'master_scorecard','e078efad-fc6e-448f-84f5-145294eb9f1c','en'),(84,84,'master_scorecard','62877c94-2979-4ab5-a6f1-14dcc86d23a7','en'),(85,85,'master_scorecard','a1cf03aa-d91f-4003-985f-bf3833aeae7a','en'),(86,86,'master_scorecard','4b95e5ac-0b08-4802-8fc4-431807cecb54','en'),(88,88,'master_scorecard','99ce3fef-e622-4406-950b-947f6b044209','en'),(90,90,'master_scorecard','da9661b6-201e-4b15-91ff-ca4d3061e0b0','en'),(91,91,'master_scorecard','2e90146c-0c4e-4604-a546-682c9ced0c60','en'),(92,92,'master_scorecard','7034b0c2-176d-41d6-9c70-a218fdadbfc9','en'),(93,93,'master_scorecard','9ccdd98e-37e8-4411-b230-a44f95b9f1eb','en'),(94,94,'master_scorecard','430f0837-aad7-4ad2-9320-85706e4f1b0b','en'),(95,95,'master_scorecard','a347dc5b-db47-40b5-9fd3-bc7e5b21b1d5','en'),(96,96,'master_scorecard','508c5bbe-b75f-4af2-97b1-4e1080617070','en'),(97,97,'master_scorecard','5f2b108f-e9be-4ad4-b942-3476548fcaae','en'),(98,98,'master_scorecard','0984cd64-ba91-421a-bd5f-944cc380c963','en'),(99,99,'master_scorecard','9c855f06-526d-4a3f-95cc-c3d1e3368fcb','en'),(100,100,'master_scorecard','187d9a2b-6d6e-4891-a0c7-2f7e51bbc43f','en'),(101,101,'master_scorecard','d0fbcc29-ec4f-4809-bde9-4377ee45393a','en'),(102,102,'master_scorecard','3a747c4d-3421-4d6f-91af-784d9c6a5287','en'),(104,104,'master_scorecard','95e361a5-1032-422a-863c-c28201007b94','en'),(105,105,'master_scorecard','9ace2907-b7a5-443f-8636-a8fb596b98d5','en'),(107,107,'master_scorecard','a2d2b267-851c-4883-8621-0aae24d3612f','en'),(108,108,'master_scorecard','d5ed0812-1c89-410e-8378-549c1240e075','en'),(109,109,'master_scorecard','bef63a2c-8ce6-4293-96aa-9270c5e47e1d','en'),(112,112,'master_scorecard','99589f49-21b3-4e3f-bf96-ca12a4b31795','en'),(113,113,'master_scorecard','72fbec4a-426d-4572-86d5-8429895a0533','en'),(114,114,'master_scorecard','92653713-37fd-457c-9058-2d63b58be57c','en'),(115,115,'master_scorecard','119252be-f9ec-4aa8-b349-02f19aa9a8d7','en'),(116,116,'master_scorecard','7d7e6828-6fd8-453e-8918-b1a1b64932ad','en'),(117,117,'master_scorecard','b5055a9c-ae8c-44aa-8b4a-ed94f2210935','en'),(118,118,'master_scorecard','74dbe216-2713-4310-96a4-1476b2c2c78e','en'),(119,119,'master_scorecard','8f140588-7d7e-4e1a-92c4-6ac8a61d4422','en'),(120,120,'master_scorecard','ae67ca4a-6084-4685-9052-eb659a1707de','en'),(121,121,'master_scorecard','5155e778-a21f-4426-9981-accabb1f894a','en'),(122,122,'master_scorecard','304c548c-9ef2-4c45-8133-b27a3f1d0637','en'),(123,123,'master_scorecard','7d9d25c7-678d-4e27-ac47-6567bdefa67c','en'),(124,124,'master_scorecard','df7b083d-e240-4f62-bd53-5f15b456e9a7','en'),(125,125,'master_scorecard','ba2e7dbc-4b7f-4bc4-a801-2a92a8a079da','en'),(126,126,'master_scorecard','726b3768-adaa-4a47-8459-b16d940a8f8f','en'),(127,127,'master_scorecard','53ec3ee8-d390-41d4-8410-948ce6703be1','en'),(128,128,'master_scorecard','8eb8693a-5a6e-4342-9388-781338faf96a','en'),(129,129,'master_scorecard','aa2ffe04-943e-4bc1-960e-17addfb6bae9','en'),(130,130,'master_scorecard','63bcd51d-f5d8-4dfb-9822-6107a936f299','en'),(131,131,'master_scorecard','7b43b0e3-6c82-40cf-963a-d91d6859d311','en'),(132,132,'master_scorecard','53de3a25-277a-40e2-abb8-2ba17d2231a1','en'),(133,133,'master_scorecard','d1496d9b-8283-4ef3-8685-cc63e3c8ec99','en'),(134,134,'master_scorecard','8a552bbc-363d-43a0-bf49-1c2d52683bba','en'),(135,135,'master_scorecard','00d22e21-af04-44b1-9d01-3759d8b10461','en'),(136,136,'master_scorecard','3bf146a9-9ee0-4a36-8cba-bfa4d9a356a5','en'),(137,137,'master_scorecard','56d9b14b-8333-4c91-9162-56a9560f118e','en'),(138,138,'master_scorecard','d64788b5-9b26-4813-9b9f-c1aac445fe4f','en'),(139,139,'master_scorecard','11aced46-e601-4c6e-a1f6-8c54c1eb9fb8','en'),(140,140,'master_scorecard','dc0707ea-aff5-43e7-9378-88f70ca27881','en'),(141,141,'master_scorecard','7ea846a3-fc5c-418f-9f06-1f581f60c28f','en'),(142,142,'master_scorecard','8c2d85fe-7313-4fae-b0b9-5298319d1ec8','en'),(143,143,'master_scorecard','2e87728e-4a14-4999-a787-2013f5697362','en'),(144,144,'master_scorecard','19f4715d-b06a-4e65-9693-eaf210160c65','en'),(145,145,'master_scorecard','462f33ab-2936-4a56-9f4c-0ed195035253','en'),(146,146,'master_scorecard','8b7471aa-146d-40ba-8fbe-9e103c409556','en'),(147,147,'master_scorecard','5c40d714-3c19-4fd0-af3f-641c1658656d','en'),(148,148,'master_scorecard','a29c97ed-e541-4104-8a1d-b94ca1d74933','en'),(149,149,'master_scorecard','9947cadc-62e7-4923-a440-4f1803b7c35b','en'),(150,150,'master_scorecard','11d65163-b0f0-4091-9ace-fdfb10fe2f1e','en'),(151,151,'master_scorecard','5aea0fc1-f0d0-4138-9097-54eeac6f3300','en'),(152,152,'master_scorecard','99f7fe22-d051-4cb4-880f-0f44c4d3a049','en'),(153,153,'master_scorecard','7055f931-dd59-4fd0-838b-6485af6f88db','en'),(154,154,'master_scorecard','a69e5401-5615-4a8d-a061-cdd1943da925','en'),(155,155,'master_scorecard','b5fd3e5d-c823-4cc2-89ba-f2a554137f3d','en'),(156,156,'master_scorecard','12d017bd-a791-4adf-9b45-df6fccb52bd5','en'),(157,157,'master_scorecard','4fbe8ef7-e8c6-4152-9005-50ef6312e557','en'),(158,158,'master_scorecard','742bddf3-b35a-4d9e-902c-8aa1139aeb74','en'),(159,159,'master_scorecard','b4c1bd5d-e440-4385-a58c-389594477cad','en'),(160,160,'master_scorecard','91b7b4b4-ab74-4ddd-929a-7ab2eef7b862','en'),(161,161,'master_scorecard','dfc05ddc-d2bc-4745-9e2b-60126e30ab28','en'),(162,162,'master_scorecard','57eb811a-f2da-4bd2-bf53-3f61c1828832','en'),(163,163,'master_scorecard','03cd5a4f-2c42-43b5-846c-4711a9e4b16b','en'),(164,164,'master_scorecard','ead556ff-2157-45a2-8a0f-132262030fbf','en'),(165,165,'master_scorecard','8310be26-3752-4577-81a9-90dc1976ba64','en'),(166,166,'master_scorecard','8e8cd462-ca79-4c62-b66f-e493ea01ad7d','en'),(167,167,'master_scorecard','0bc21328-75f3-46a7-a4f4-478dea63f330','en'),(168,168,'master_scorecard','4e452c33-8a8b-4375-b3ad-ae991e5170d3','en'),(169,169,'master_scorecard','50acdc7b-423a-4029-9113-9187bceec1f2','en'),(170,170,'master_scorecard','c72fbcc2-9b2f-4e00-ade1-f2174072e090','en'),(171,171,'master_scorecard','597c6f4e-f8bd-4da8-9589-45353993271b','en'),(172,172,'master_scorecard','aec2d873-588d-420c-b2ff-8847e990e0d4','en'),(173,173,'master_scorecard','dea0e84a-be6d-4da5-a609-88a14b2f4405','en'),(174,174,'master_scorecard','71b1557b-0027-416f-8357-fc130d4426e4','en'),(175,175,'master_scorecard','ee78746e-d06b-474e-a120-d0b6d75b7574','en'),(177,177,'master_scorecard','e512356e-ec07-4375-98a6-1db271effbc9','en'),(179,179,'master_scorecard','8d89c471-b884-4d8f-890e-ad3c97581d64','en'),(180,180,'master_scorecard','37984a67-f2e9-45ff-b016-fd38e3bd9c28','en'),(182,182,'master_scorecard','5420e61b-549e-40b9-b8ad-caaa3e84fdc4','en'),(183,183,'master_scorecard','1f19f795-bda0-4b6c-90be-b0d1052eb7d3','en'),(184,184,'master_scorecard','894898a8-475b-40bb-8850-611340315931','en'),(185,185,'master_scorecard','5bfe59f8-f4f0-4be2-b288-b5b47a36ee05','en'),(188,188,'master_scorecard','22e6972f-0e14-4bd2-8294-27a57070880a','en'),(189,189,'master_scorecard','d3792504-d725-4bed-bc71-55e09c7e8695','en'),(190,190,'content_annotation','1d6ccf2d-68d8-4e98-8b35-2818edf86776','en'),(191,191,'content_annotation','060664e2-ff4f-4e2a-b4b7-1b6557ceb654','en'),(195,195,'content_annotation','94fd4946-5c4a-4007-bcac-c916e6e3cb70','en'),(196,196,'content_annotation','51f9b8dd-29a3-413e-87b3-a34d32978301','en'),(197,197,'content_annotation','6febe7b9-d043-4e4a-9917-69021f6d5fe3','en'),(198,198,'content_annotation','ed25c89f-f651-45d6-bd26-9b8ea0086658','en'),(199,199,'content_annotation','beb7f92f-0eb5-40e9-b037-96ada5df6e3e','en'),(200,200,'content_annotation','809f6ea3-3762-44a5-b259-58422a7f800e','en'),(201,201,'content_annotation','e46127c1-ea3b-4900-8c20-70285ae9be83','en'),(202,202,'content_annotation','44d330ef-87a1-47f6-9058-ecc29cc84a4c','en'),(203,203,'content_annotation','3812c3a6-5946-4fde-a0e0-af22c9ba719a','en'),(204,204,'content_annotation','0d9b8294-3d0c-4e86-93aa-162e46ed2e0a','en'),(205,205,'content_annotation','3ecc6c1e-078a-4d06-905c-4d7d029429e1','en'),(206,206,'content_annotation','4fcfcef2-5b6e-4586-b979-37e973265d98','en'),(207,207,'content_annotation','8461799c-8090-4605-8812-d87b99585980','en'),(208,208,'content_annotation','c32093e5-30ff-483c-80e7-41ae9de227a6','en'),(209,209,'content_annotation','373ed698-7f8a-487e-a297-629e3f865c01','en'),(210,210,'content_annotation','18737cf2-cd00-41c4-b8bc-4d099ef00f73','en'),(211,211,'content_annotation','17334e4f-6a90-4557-bc6b-48c1e6f72eda','en'),(212,212,'content_annotation','c27be9e4-7ceb-4176-8820-7071294d0576','en'),(213,213,'content_annotation','d40d86ad-6763-48c6-a0e7-6b28b9ee1fb4','en'),(214,214,'content_annotation','3aebb278-31ad-450f-8469-bf0acabb28ef','en'),(215,215,'content_annotation','3dab317c-5070-4125-83d4-daa7ee7192af','en'),(216,216,'content_annotation','eab1e27a-67cf-415c-88a5-d4b564f3219a','en'),(217,217,'content_annotation','22dff7a9-cfce-4283-9b45-a594125d8554','en'),(218,218,'content_annotation','153c30b0-c90c-45a9-981d-3e8d76f12c94','en'),(219,219,'content_annotation','9b295418-e968-46f9-bb1e-91564b3c2962','en'),(220,220,'content_annotation','d5f34af3-24cf-4001-93ee-5c13e249b51d','en'),(221,221,'content_annotation','0f2cc0e3-de04-4650-9344-6c9ad22bd729','en'),(222,222,'content_annotation','55eaf226-dce6-44a9-a3e6-10ef6b8f9cc7','en'),(223,223,'content_annotation','9984891e-b6ad-4910-ad3a-9c0f66df2b12','en'),(224,224,'content_annotation','5cc9b5a4-8a17-4182-90b8-44155d7abc2d','en'),(225,225,'content_annotation','0bd4229c-dfa0-4e40-9e4d-d390efedb3d5','en'),(226,226,'content_annotation','5221537c-0364-4325-95f4-598876489c5d','en'),(227,227,'content_annotation','739dea09-4de5-40ff-b74e-e7522c201493','en'),(228,228,'content_annotation','0679a65d-5a3c-4fcd-a6e7-9a59c0e147c8','en'),(229,229,'content_annotation','b25aa24d-585e-41d2-b913-a8caee77dff9','en'),(230,230,'content_annotation','7d29d8b6-bf9f-4728-95dc-19f37440a724','en'),(231,231,'content_annotation','cb0dcea4-3f72-4308-a3c5-a720a3ff4c56','en'),(232,232,'content_annotation','c6ea5947-6061-4f27-89b0-dec161b7672d','en'),(233,233,'content_annotation','c778cec9-7317-4a2e-8002-c9c22b1b76e7','en'),(234,234,'content_annotation','6bc25b0d-c65e-46de-b957-abd42d071354','en'),(235,235,'content_annotation','1ca47753-a28a-4561-8c67-0e7030f631d2','en'),(236,236,'content_annotation','02da5cbb-c5c1-4f53-a403-a74d2b282921','en'),(237,237,'content_annotation','290e84ea-14ff-42db-8ef6-6e2da9c846e9','en'),(238,238,'content_annotation','6df69766-217b-4adb-8dd7-b488a21bd4e0','en'),(239,239,'content_annotation','0ba390f6-d35f-46b2-81e4-af498fa8870e','en'),(240,240,'content_annotation','f46357ac-1104-4c0a-82e3-efb333381d1a','en'),(241,241,'content_annotation','80bf3463-b920-4f61-9045-b7b298c913c8','en'),(242,242,'content_annotation','f8187bae-488d-4dea-a517-3f5618a46add','en'),(243,243,'content_annotation','64a4f4de-c640-468e-a294-9b9a7f794cab','en'),(244,244,'content_annotation','42d8eb23-44fa-4d54-af86-8a5192a80a6a','en'),(245,245,'content_annotation','67423d54-019e-47e0-ad13-189ba177362e','en'),(246,246,'content_annotation','71639a56-e0e0-4ce7-81cc-67c55c101a25','en'),(247,247,'content_annotation','f6fb5567-d226-4b30-80f8-1de7f4337a12','en'),(248,248,'content_annotation','4d3fa05f-bc1e-4d5c-be02-4dc2d4d1b4ae','en'),(249,249,'content_annotation','936072e6-044a-4547-a8f3-3341db69ee93','en'),(250,250,'content_annotation','9d085e99-6100-4497-9160-d282541c32ba','en'),(251,251,'content_annotation','85b6ab64-9999-4798-86e9-f94df6610174','en'),(252,252,'content_annotation','6ba2ff16-3858-4749-9cd3-5ae45d26b06d','en'),(253,253,'content_annotation','4cfc0927-2c3a-42af-a7e6-2187c9b0e93d','en'),(254,254,'content_annotation','419bd077-65ef-4a4f-a842-38c2e4896ac2','en'),(255,255,'content_annotation','c14ad3a4-9efc-4d47-a280-cbe218a37f5d','en'),(256,256,'content_annotation','90d3cad0-ffbf-4d21-8f3c-2c42fcb04360','en'),(257,257,'content_annotation','6ebafac2-d5ac-4d27-a217-fd6f6e8f2360','en'),(258,258,'content_annotation','8491eb0d-f374-4293-a41b-4b26bc4e72af','en'),(259,259,'content_annotation','bd78c3a5-0d46-4f07-a7c0-1f3059dcf04f','en'),(260,260,'content_annotation','396a49a5-035f-4ae6-b7c5-14ae2e80069e','en'),(261,261,'content_annotation','79382234-2d72-4c13-8824-ed879a694e0a','en'),(262,262,'master_scorecard','4961dba9-1cc4-4aaf-973a-9f57bf1e4d12','en'),(263,263,'master_scorecard','2c8a99e6-9c25-4b88-a6fa-59b6bf808dcf','en'),(264,264,'master_scorecard','6c085582-f125-4848-ae26-e62b7748d945','en'),(265,265,'master_scorecard','5f227f80-bcce-46c3-99bb-e1f2357f4f1f','en'),(266,266,'permissions_tags','96459cdb-c534-4888-95a5-7e50b62864e4','en');

--
-- Table structure for table `taxonomy_term_field_data`
--

CREATE TABLE `taxonomy_term_field_data` (
  `tid` int(10) unsigned NOT NULL,
  `revision_id` int(10) unsigned NOT NULL,
  `vid` varchar(32) CHARACTER SET ascii NOT NULL COMMENT 'The ID of the target entity.',
  `langcode` varchar(12) CHARACTER SET ascii NOT NULL,
  `status` tinyint(4) NOT NULL,
  `name` varchar(255) NOT NULL,
  `description__value` longtext DEFAULT NULL,
  `description__format` varchar(255) CHARACTER SET ascii DEFAULT NULL,
  `weight` int(11) NOT NULL,
  `changed` int(11) DEFAULT NULL,
  `default_langcode` tinyint(4) NOT NULL,
  `revision_translation_affected` tinyint(4) DEFAULT NULL,
  PRIMARY KEY (`tid`,`langcode`),
  KEY `taxonomy_term__id__default_langcode__langcode` (`tid`,`default_langcode`,`langcode`),
  KEY `taxonomy_term__revision_id` (`revision_id`),
  KEY `taxonomy_term_field__name` (`name`(191)),
  KEY `taxonomy_term__status_vid` (`status`,`vid`,`tid`),
  KEY `taxonomy_term__tree` (`vid`,`weight`,`name`(191)),
  KEY `taxonomy_term__vid_name` (`vid`,`name`(191))
) ENGINE=InnoDB DEFAULT CHARSET=utf8mb4 COMMENT='The data table for taxonomy_term entities.';

--
-- Dumping data for table `taxonomy_term_field_data`
--

INSERT INTO `taxonomy_term_field_data` VALUES (1,1,'stakeholder_member_types','en',1,'Care providers',NULL,NULL,0,1570019623,1,1),(2,2,'stakeholder_member_types','en',1,'Industry',NULL,NULL,0,1570019649,1,1),(3,3,'stakeholder_member_types','en',1,'Patients',NULL,NULL,0,1570019654,1,1),(4,4,'stakeholder_member_types','en',1,'Patients Organizations',NULL,NULL,0,1570019659,1,1),(5,5,'stakeholder_member_types','en',1,'Payers and Purchasers',NULL,NULL,0,1570019663,1,1),(6,6,'stakeholder_member_types','en',1,'Policy makers',NULL,NULL,0,1570019668,1,1),(7,7,'stakeholder_member_types','en',1,'Public',NULL,NULL,0,1570019674,1,1),(8,8,'stakeholder_member_types','en',1,'Research and Education Organizations',NULL,NULL,0,1570019679,1,1),(9,9,'master_scorecard','en',1,'CRIF Dimensions',NULL,NULL,0,1570101282,1,1),(10,10,'master_scorecard','en',1,'Economic','<p><span><span><span><span><span lang=\"EN-GB\">Economic refers to the assessment of the long-term economic sustainability of health R&amp;I</span></span></span></span></span></p>\r\n','basic_html',0,1570101210,1,1),(11,11,'master_scorecard','en',1,'Efficacy','<p><span><span><span><span><span lang=\"EN-GB\">Efficacy refers to the capacity of a given initiative or programme to achieve its mission, whereas the term mission entails all the strategic priorities settled via the stakeholder engagement process.</span></span></span></span></span></p>\r\n','basic_html',0,1579207652,1,1),(13,13,'master_scorecard','en',1,'Social','<p><span><span><span><span><span lang=\"EN-GB\">Social considers the evaluation of direct and indirect effects of health research to the whole society, beyond the mission related dimension that for health R&amp;I would typically focus on patient needs.</span></span></span></span></span></p>\r\n','basic_html',0,1579207652,1,1),(14,14,'master_scorecard','en',1,'Patient Reported','<p><span><span><span><span><span lang=\"EN-GB\">Patient-reported concerns patients as key stakeholder, whose needs, information and perspectives must be understood and incorporated into the process of health research impact evaluation. Thus, it works as an overarching dimension in which the other four dimensions should be rooted</span></span></span></span></span></p>\r\n','basic_html',0,1579207652,1,1),(15,15,'master_scorecard','en',1,'Anti-competitive behaviour',NULL,NULL,0,1579207652,1,1),(16,16,'master_scorecard','en',1,'Control',NULL,NULL,0,1579207652,1,1),(17,17,'master_scorecard','en',1,'Economic externalities',NULL,NULL,0,1579207652,1,1),(18,18,'master_scorecard','en',1,'Financial performance',NULL,NULL,0,1579207652,1,1),(19,19,'master_scorecard','en',1,'Improvement of health services',NULL,NULL,0,1579207652,1,1),(20,20,'master_scorecard','en',1,'Intellectual property',NULL,NULL,0,1579207652,1,1),(21,21,'master_scorecard','en',1,'Market',NULL,NULL,0,1579207652,1,1),(22,22,'master_scorecard','en',1,'Organizational efficiency',NULL,NULL,0,1579207652,1,1),(23,23,'master_scorecard','en',1,'Resources allocated',NULL,NULL,0,1570103715,1,1),(24,24,'master_scorecard','en',1,'Anti-competitive behaviour',NULL,NULL,0,1570108859,1,1),(25,25,'master_scorecard','en',1,'Control process',NULL,NULL,0,1570108905,1,1),(26,26,'master_scorecard','en',1,'Indirect economic impact',NULL,NULL,0,1570108935,1,1),(27,27,'master_scorecard','en',1,'Profitability',NULL,NULL,0,1579207652,1,1),(28,28,'master_scorecard','en',1,'Financial stability',NULL,NULL,0,1570108980,1,1),(29,29,'master_scorecard','en',1,'Revenue',NULL,NULL,0,1579207652,1,1),(30,30,'master_scorecard','en',1,'Effectiveness in healthcare practice',NULL,NULL,0,1570109014,1,1),(31,31,'master_scorecard','en',1,'Patents',NULL,NULL,0,1570109050,1,1),(32,32,'master_scorecard','en',1,'Strategy',NULL,NULL,0,1579207652,1,1),(33,33,'master_scorecard','en',1,'Market presence',NULL,NULL,0,1579207652,1,1),(34,34,'master_scorecard','en',1,'Perspective of long-term relationships',NULL,NULL,0,1570109104,1,1),(35,35,'master_scorecard','en',1,'Cost',NULL,NULL,0,1579207652,1,1),(36,36,'master_scorecard','en',1,'Cost savings',NULL,NULL,0,1579207652,1,1),(37,37,'master_scorecard','en',1,'Quality',NULL,NULL,0,1570109162,1,1),(38,38,'master_scorecard','en',1,'Employment',NULL,NULL,0,1579207652,1,1),(48,48,'master_scorecard','en',1,'Excellence',NULL,NULL,0,1579207652,1,1),(67,67,'master_scorecard','en',1,'Drug supply to patient',NULL,NULL,0,1579207652,1,1),(68,68,'master_scorecard','en',1,'Governance',NULL,NULL,0,1570438936,1,1),(69,69,'master_scorecard','en',1,'Health service assessment',NULL,NULL,0,1579207652,1,1),(70,70,'master_scorecard','en',1,'Health services and products accessibility',NULL,NULL,0,1579207652,1,1),(71,71,'master_scorecard','en',1,'Healthcare practitioners human capital',NULL,NULL,0,1579207652,1,1),(72,72,'master_scorecard','en',1,'Influence on patient behaviour',NULL,NULL,0,1579207652,1,1),(73,73,'master_scorecard','en',1,'Patient quality of life',NULL,NULL,0,1579207652,1,1),(74,74,'master_scorecard','en',1,'Patient satisfaction',NULL,NULL,0,1579207652,1,1),(75,75,'master_scorecard','en',1,'Stakeholder engagement',NULL,NULL,0,1579207652,1,1),(76,76,'master_scorecard','en',1,'Academic production',NULL,NULL,0,1579207652,1,1),(77,77,'master_scorecard','en',1,'Anticipatory design',NULL,NULL,0,1579207652,1,1),(78,78,'master_scorecard','en',1,'Bibliometric',NULL,NULL,0,1579207652,1,1),(79,79,'master_scorecard','en',1,'Communication',NULL,NULL,0,1579207652,1,1),(80,80,'master_scorecard','en',1,'Compliance',NULL,NULL,0,1579207652,1,1),(81,81,'master_scorecard','en',1,'Ethics and integrity',NULL,NULL,0,1579207652,1,1),(82,82,'master_scorecard','en',1,'Financial resources',NULL,NULL,0,1579207652,1,1),(83,83,'master_scorecard','en',1,'Impact evaluation',NULL,NULL,0,1579207652,1,1),(84,84,'master_scorecard','en',1,'Influence on public behaviour',NULL,NULL,0,1579207652,1,1),(85,85,'master_scorecard','en',1,'Influence on subsequent research',NULL,NULL,0,1579207652,1,1),(86,86,'master_scorecard','en',1,'Informing healthcare practice decision making',NULL,NULL,0,1579207652,1,1),(88,88,'master_scorecard','en',1,'Patient engagement & involvement',NULL,NULL,0,1579207652,1,1),(90,90,'master_scorecard','en',1,'Products generated',NULL,NULL,0,1570440410,1,1),(91,91,'master_scorecard','en',1,'Research partnership',NULL,NULL,0,1579207652,1,1),(92,92,'master_scorecard','en',1,'Research recognition',NULL,NULL,0,1579207652,1,1),(93,93,'master_scorecard','en',1,'Researchers\' human capital',NULL,NULL,0,1579207652,1,1),(94,94,'master_scorecard','en',1,'Scientific input',NULL,NULL,0,1579207652,1,1),(95,95,'master_scorecard','en',1,'Corporate reputation',NULL,NULL,0,1579207652,1,1),(96,96,'master_scorecard','en',1,'Ethical marketing',NULL,NULL,0,1579207652,1,1),(97,97,'master_scorecard','en',1,'Labour',NULL,NULL,0,1570440484,1,1),(98,98,'master_scorecard','en',1,'Political externalities',NULL,NULL,0,1579207652,1,1),(99,99,'master_scorecard','en',1,'Socio-environmental impacts',NULL,NULL,0,1579207652,1,1),(100,100,'master_scorecard','en',1,'Employment',NULL,NULL,0,1570441720,1,1),(101,101,'master_scorecard','en',1,'Stakeholder engagement',NULL,NULL,0,1579207652,1,1),(102,102,'master_scorecard','en',1,'Stakeholder engagement',NULL,NULL,0,1579207652,1,1),(104,104,'master_scorecard','en',1,'Improvement of health services',NULL,NULL,0,1579207652,1,1),(105,105,'master_scorecard','en',1,'Intellectual property',NULL,NULL,0,1579207652,1,1),(107,107,'master_scorecard','en',1,'Resources allocated',NULL,NULL,0,1579207652,1,1),(108,108,'master_scorecard','en',1,'Increase in drug supply',NULL,NULL,0,1570447648,1,1),(109,109,'master_scorecard','en',1,'Improvement in drug supply',NULL,NULL,0,1579207652,1,1),(112,112,'master_scorecard','en',1,'Overall health service',NULL,NULL,0,1570447804,1,1),(113,113,'master_scorecard','en',1,'Health service accessibility',NULL,NULL,0,1570447828,1,1),(114,114,'master_scorecard','en',1,'Transparency',NULL,NULL,0,1579207652,1,1),(115,115,'master_scorecard','en',1,'Healthcare practitioners ability',NULL,NULL,0,1570447857,1,1),(116,116,'master_scorecard','en',1,'Health service quality',NULL,NULL,0,1570447868,1,1),(117,117,'master_scorecard','en',1,'Public health',NULL,NULL,0,1579207652,1,1),(118,118,'master_scorecard','en',1,'Hospitalization',NULL,NULL,0,1579207652,1,1),(119,119,'master_scorecard','en',1,'Safety and security',NULL,NULL,0,1579207652,1,1),(120,120,'master_scorecard','en',1,'Patient guidelines and tools',NULL,NULL,0,1570447910,1,1),(121,121,'master_scorecard','en',1,'Patient wellbeing',NULL,NULL,0,1570447921,1,1),(122,122,'master_scorecard','en',1,'Mortality',NULL,NULL,0,1579207652,1,1),(123,123,'master_scorecard','en',1,'Life expectancy',NULL,NULL,0,1579207652,1,1),(124,124,'master_scorecard','en',1,'Patient satisfaction',NULL,NULL,0,1570447953,1,1),(125,125,'master_scorecard','en',1,'Stakeholder engagement',NULL,NULL,0,1579207652,1,1),(126,126,'master_scorecard','en',1,'Patient engagement',NULL,NULL,0,1570447974,1,1),(127,127,'master_scorecard','en',1,'Publications',NULL,NULL,0,1570447984,1,1),(128,128,'master_scorecard','en',1,'Anticipatory design',NULL,NULL,0,1570447994,1,1),(129,129,'master_scorecard','en',1,'Citations',NULL,NULL,0,1570448004,1,1),(130,130,'master_scorecard','en',1,'Dissemination',NULL,NULL,0,1570448014,1,1),(131,131,'master_scorecard','en',1,'Media coverage',NULL,NULL,0,1579207652,1,1),(132,132,'master_scorecard','en',1,'Compliance',NULL,NULL,0,1579207652,1,1),(133,133,'master_scorecard','en',1,'Clinical guidelines',NULL,NULL,0,1570448044,1,1),(134,134,'master_scorecard','en',1,'Risk',NULL,NULL,0,1579207652,1,1),(135,135,'master_scorecard','en',1,'Ethics',NULL,NULL,0,1570448064,1,1),(136,136,'master_scorecard','en',1,'Research funding',NULL,NULL,0,1570448075,1,1),(137,137,'master_scorecard','en',1,'Overall impact evaluation',NULL,NULL,0,1570448085,1,1),(138,138,'master_scorecard','en',1,'Knowledge & Behaviour',NULL,NULL,0,1570448095,1,1),(139,139,'master_scorecard','en',1,'Influence on and improvements for future research',NULL,NULL,0,1570448106,1,1),(140,140,'master_scorecard','en',1,'Influence on healthcare practice',NULL,NULL,0,1570448116,1,1),(141,141,'master_scorecard','en',1,'Influence on policy-making',NULL,NULL,0,1579207652,1,1),(142,142,'master_scorecard','en',1,'Science awareness',NULL,NULL,0,1579207652,1,1),(143,143,'master_scorecard','en',1,'Patents',NULL,NULL,0,1579207652,1,1),(144,144,'master_scorecard','en',1,'Intellectual property',NULL,NULL,0,1570448158,1,1),(145,145,'master_scorecard','en',1,'Licenses',NULL,NULL,0,1579207652,1,1),(146,146,'master_scorecard','en',1,'Clinical trials',NULL,NULL,0,1579207652,1,1),(147,147,'master_scorecard','en',1,'Potential users involvement',NULL,NULL,0,1570448190,1,1),(148,148,'master_scorecard','en',1,'Product and drug development',NULL,NULL,0,1570448201,1,1),(149,149,'master_scorecard','en',1,'Collaboration',NULL,NULL,0,1570448212,1,1),(150,150,'master_scorecard','en',1,'Reputation',NULL,NULL,0,1570448222,1,1),(151,151,'master_scorecard','en',1,'Prizes',NULL,NULL,0,1579207652,1,1),(152,152,'master_scorecard','en',1,'Researchers\' capacity and career',NULL,NULL,0,1570448243,1,1),(153,153,'master_scorecard','en',1,'Gender equality',NULL,NULL,0,1579207652,1,1),(154,154,'master_scorecard','en',1,'Tangible and intangible resources',NULL,NULL,0,1570448265,1,1),(155,155,'master_scorecard','en',1,'Organisational structure',NULL,NULL,0,1579207652,1,1),(156,156,'master_scorecard','en',1,'Supporting projects',NULL,NULL,0,1579207652,1,1),(157,157,'master_scorecard','en',1,'Research management',NULL,NULL,0,1570448297,1,1),(158,158,'master_scorecard','en',1,'Outreach visits',NULL,NULL,0,1579207652,1,1),(159,159,'master_scorecard','en',1,'Research methodologies',NULL,NULL,0,1579207652,1,1),(160,160,'master_scorecard','en',1,'Participation',NULL,NULL,0,1579207652,1,1),(161,161,'master_scorecard','en',1,'External stakeholder engagement',NULL,NULL,0,1570448340,1,1),(162,162,'master_scorecard','en',1,'Reputation',NULL,NULL,0,1570448352,1,1),(163,163,'master_scorecard','en',1,'Ethical marketing',NULL,NULL,0,1570448364,1,1),(164,164,'master_scorecard','en',1,'Safety and security',NULL,NULL,0,1579207652,1,1),(165,165,'master_scorecard','en',1,'Labour rights',NULL,NULL,0,1579207652,1,1),(166,166,'master_scorecard','en',1,'Training and education',NULL,NULL,0,1570448398,1,1),(167,167,'master_scorecard','en',1,'Political influence',NULL,NULL,0,1570448410,1,1),(168,168,'master_scorecard','en',1,'Improved governance',NULL,NULL,0,1579207652,1,1),(169,169,'master_scorecard','en',1,'Political contributions',NULL,NULL,0,1579207652,1,1),(170,170,'master_scorecard','en',1,'Audits and certification',NULL,NULL,0,1579207652,1,1),(171,171,'master_scorecard','en',1,'Sustainable consumption',NULL,NULL,0,1570448459,1,1),(172,172,'master_scorecard','en',1,'Scope and parameters of information',NULL,NULL,0,1579207652,1,1),(173,173,'master_scorecard','en',1,'Pollution',NULL,NULL,0,1579207652,1,1),(174,174,'master_scorecard','en',1,'Impact on communities',NULL,NULL,0,1579207652,1,1),(175,175,'master_scorecard','en',1,'Stakeholder engagement',NULL,NULL,0,1570448506,1,1),(177,177,'master_scorecard','en',1,'Governance',NULL,NULL,0,1570449496,1,1),(179,179,'master_scorecard','en',1,'Upper-limb dexterity',NULL,NULL,0,1579207652,1,1),(180,180,'master_scorecard','en',1,'Anxiety and depression',NULL,NULL,0,1579207652,1,1),(182,182,'master_scorecard','en',1,'Bladder function',NULL,NULL,0,1591175188,1,1),(183,183,'master_scorecard','en',1,'Fatigue',NULL,NULL,0,1591175213,1,1),(184,184,'master_scorecard','en',1,'Patient Reported Outcomes',NULL,NULL,0,1579207237,1,1),(185,185,'master_scorecard','en',1,'Patient Reported Outcomes',NULL,NULL,0,1579207258,1,1),(188,188,'master_scorecard','en',1,'Patient Reported Outcomes',NULL,NULL,0,1579207318,1,1),(189,189,'master_scorecard','en',1,'Patient Reported Outcomes',NULL,NULL,0,1579207338,1,1),(190,190,'content_annotation','en',1,'Bibliometric',NULL,NULL,0,1582396887,1,1),(191,191,'content_annotation','en',1,'Codes And Guidelines',NULL,NULL,0,1582396887,1,1),(195,195,'content_annotation','en',1,'Academic search databases',NULL,NULL,0,1582396154,1,1),(196,196,'content_annotation','en',1,'Bibliometric datasources',NULL,NULL,0,1582396154,1,1),(197,197,'content_annotation','en',1,'Classification of journals with open access options, such as DOAJ list (Directory of Open Access Journals), PMC (PubMed Central), the ROAD list (Directory of Open Access scholarly Resources), CrossRef, and OpenAIRE',NULL,NULL,0,1582396154,1,1),(198,198,'content_annotation','en',1,'Google analytics or similar web engines.',NULL,NULL,0,1582396154,1,1),(199,199,'content_annotation','en',1,'Google scholar',NULL,NULL,0,1582396154,1,1),(200,200,'content_annotation','en',1,'Rankings of journals (e.g., JCR, SJR)',NULL,NULL,0,1582396154,1,1),(201,201,'content_annotation','en',1,'Scopus',NULL,NULL,0,1582396154,1,1),(202,202,'content_annotation','en',1,'Web of Science (WoS)',NULL,NULL,0,1582396154,1,1),(203,203,'content_annotation','en',1,'World Intellectual Property Organization Database',NULL,NULL,0,1582396154,1,1),(204,204,'content_annotation','en',1,'Code of conduct',NULL,NULL,0,1582396261,1,1),(205,205,'content_annotation','en',1,'Code of ethics',NULL,NULL,0,1582396261,1,1),(206,206,'content_annotation','en',1,'Community development plans',NULL,NULL,0,1582396261,1,1),(207,207,'content_annotation','en',1,'Guidelines',NULL,NULL,0,1582396261,1,1),(208,208,'content_annotation','en',1,'Official document containing evaluative criteria in the research proposal evaluation',NULL,NULL,0,1582396261,1,1),(209,209,'content_annotation','en',1,'Stakeholder engagement plans',NULL,NULL,0,1582396261,1,1),(210,210,'content_annotation','en',1,'Strategy documents',NULL,NULL,0,1582396261,1,1),(211,211,'content_annotation','en',1,'Treatment guidelines',NULL,NULL,0,1582396261,1,1),(212,212,'content_annotation','en',1,'Health Records',NULL,NULL,0,1582396887,1,1),(213,213,'content_annotation','en',1,'Clinical data',NULL,NULL,0,1582396409,1,1),(214,214,'content_annotation','en',1,'Clinical information system',NULL,NULL,0,1582396409,1,1),(215,215,'content_annotation','en',1,'Electronic health record system',NULL,NULL,0,1582396409,1,1),(216,216,'content_annotation','en',1,'Electronic medical records',NULL,NULL,0,1582396409,1,1),(217,217,'content_annotation','en',1,'Health care providers, clinics records',NULL,NULL,0,1582396409,1,1),(218,218,'content_annotation','en',1,'Hospital data',NULL,NULL,0,1582396409,1,1),(219,219,'content_annotation','en',1,'Hospital record information systems',NULL,NULL,0,1582396409,1,1),(220,220,'content_annotation','en',1,'Medical costs',NULL,NULL,0,1582396409,1,1),(221,221,'content_annotation','en',1,'Patient records',NULL,NULL,0,1582396409,1,1),(222,222,'content_annotation','en',1,'Interviews And Surveys',NULL,NULL,0,1582396887,1,1),(223,223,'content_annotation','en',1,'Expert survey',NULL,NULL,0,1582396537,1,1),(224,224,'content_annotation','en',1,'Health surveys',NULL,NULL,0,1582396537,1,1),(225,225,'content_annotation','en',1,'Interviews',NULL,NULL,0,1582396537,1,1),(226,226,'content_annotation','en',1,'Interviews and/or surveys with practitioners/experts',NULL,NULL,0,1582396537,1,1),(227,227,'content_annotation','en',1,'Interviews with practitioners/clinicians',NULL,NULL,0,1582396537,1,1),(228,228,'content_annotation','en',1,'Market surveys',NULL,NULL,0,1582396537,1,1),(229,229,'content_annotation','en',1,'Patient surveys and interviews',NULL,NULL,0,1582396537,1,1),(230,230,'content_annotation','en',1,'Preference surveys',NULL,NULL,0,1582396537,1,1),(231,231,'content_annotation','en',1,'Public consultation',NULL,NULL,0,1582396537,1,1),(232,232,'content_annotation','en',1,'Questionaires used in trials',NULL,NULL,0,1582396537,1,1),(233,233,'content_annotation','en',1,'Questionnaires',NULL,NULL,0,1582396537,1,1),(234,234,'content_annotation','en',1,'Surveys',NULL,NULL,0,1582396537,1,1),(235,235,'content_annotation','en',1,'Reports',NULL,NULL,0,1582396887,1,1),(236,236,'content_annotation','en',1,'Annual reports',NULL,NULL,0,1582396760,1,1),(237,237,'content_annotation','en',1,'Expected duration of life and degree of diability',NULL,NULL,0,1582396760,1,1),(238,238,'content_annotation','en',1,'Financial statement, balance sheet and internal management control systems',NULL,NULL,0,1582396760,1,1),(239,239,'content_annotation','en',1,'Human resource management report',NULL,NULL,0,1582396760,1,1),(240,240,'content_annotation','en',1,'Initiative financial report',NULL,NULL,0,1582396760,1,1),(241,241,'content_annotation','en',1,'Initiative scientific report',NULL,NULL,0,1582396760,1,1),(242,242,'content_annotation','en',1,'Internal report',NULL,NULL,0,1582396760,1,1),(243,243,'content_annotation','en',1,'Internal reports by press office',NULL,NULL,0,1582396760,1,1),(244,244,'content_annotation','en',1,'Local data registries',NULL,NULL,0,1582396760,1,1),(245,245,'content_annotation','en',1,'Local statistics',NULL,NULL,0,1582396760,1,1),(246,246,'content_annotation','en',1,'Meeting reports of works councils',NULL,NULL,0,1582396760,1,1),(247,247,'content_annotation','en',1,'Mission statement',NULL,NULL,0,1582396760,1,1),(248,248,'content_annotation','en',1,'National statistics',NULL,NULL,0,1582396760,1,1),(249,249,'content_annotation','en',1,'Policy report',NULL,NULL,0,1582396760,1,1),(250,250,'content_annotation','en',1,'Records of service delivery',NULL,NULL,0,1582396760,1,1),(251,251,'content_annotation','en',1,'Regional data registries',NULL,NULL,0,1582396760,1,1),(252,252,'content_annotation','en',1,'Regional statistics',NULL,NULL,0,1582396760,1,1),(253,253,'content_annotation','en',1,'Research report',NULL,NULL,0,1582396760,1,1),(254,254,'content_annotation','en',1,'Scientific report',NULL,NULL,0,1582396760,1,1),(255,255,'content_annotation','en',1,'Sustainabitly report',NULL,NULL,0,1582396760,1,1),(256,256,'content_annotation','en',1,'Other',NULL,NULL,0,1582396887,1,1),(257,257,'content_annotation','en',1,'Administrative data',NULL,NULL,0,1582396887,1,1),(258,258,'content_annotation','en',1,'Billing and accounting systems, procurement or supply management department',NULL,NULL,0,1582396887,1,1),(259,259,'content_annotation','en',1,'National registries',NULL,NULL,0,1582396887,1,1),(260,260,'content_annotation','en',1,'Production and research sites of the company',NULL,NULL,0,1582396887,1,1),(261,261,'content_annotation','en',1,'Professional association',NULL,NULL,0,1582396887,1,1),(262,262,'master_scorecard','en',1,'Quality of life',NULL,NULL,0,1591175486,1,1),(263,263,'master_scorecard','en',1,'Patient Reported Outcomes',NULL,NULL,0,1591175603,1,1),(264,264,'master_scorecard','en',1,'Locomotion',NULL,NULL,0,1591177130,1,1),(265,265,'master_scorecard','en',1,'Patient Reported Outcomes',NULL,NULL,0,1591177191,1,1),(266,266,'permissions_tags','en',1,'MSCU – ECF – 2020',NULL,NULL,0,1601380077,1,1);

--
-- Table structure for table `taxonomy_term_field_revision`
--

CREATE TABLE `taxonomy_term_field_revision` (
  `tid` int(10) unsigned NOT NULL,
  `revision_id` int(10) unsigned NOT NULL,
  `langcode` varchar(12) CHARACTER SET ascii NOT NULL,
  `status` tinyint(4) NOT NULL,
  `name` varchar(255) DEFAULT NULL,
  `description__value` longtext DEFAULT NULL,
  `description__format` varchar(255) CHARACTER SET ascii DEFAULT NULL,
  `changed` int(11) DEFAULT NULL,
  `default_langcode` tinyint(4) NOT NULL,
  `revision_translation_affected` tinyint(4) DEFAULT NULL,
  PRIMARY KEY (`revision_id`,`langcode`),
  KEY `taxonomy_term__id__default_langcode__langcode` (`tid`,`default_langcode`,`langcode`),
  KEY `taxonomy_term_field__description__format` (`description__format`)
) ENGINE=InnoDB DEFAULT CHARSET=utf8mb4 COMMENT='The revision data table for taxonomy_term entities.';

--
-- Dumping data for table `taxonomy_term_field_revision`
--

INSERT INTO `taxonomy_term_field_revision` VALUES (1,1,'en',1,'Care providers',NULL,NULL,1570019623,1,1),(2,2,'en',1,'Industry',NULL,NULL,1570019649,1,1),(3,3,'en',1,'Patients',NULL,NULL,1570019654,1,1),(4,4,'en',1,'Patients Organizations',NULL,NULL,1570019659,1,1),(5,5,'en',1,'Payers and Purchasers',NULL,NULL,1570019663,1,1),(6,6,'en',1,'Policy makers',NULL,NULL,1570019668,1,1),(7,7,'en',1,'Public',NULL,NULL,1570019674,1,1),(8,8,'en',1,'Research and Education Organizations',NULL,NULL,1570019679,1,1),(9,9,'en',1,'CRIF Dimensions',NULL,NULL,1570101282,1,1),(10,10,'en',1,'Economic','<p><span><span><span><span><span lang=\"EN-GB\">Economic refers to the assessment of the long-term economic sustainability of health R&amp;I</span></span></span></span></span></p>\r\n','basic_html',1570101210,1,1),(11,11,'en',1,'Efficacy','<p><span><span><span><span><span lang=\"EN-GB\">Efficacy refers to the capacity of a given initiative or programme to achieve its mission, whereas the term mission entails all the strategic priorities settled via the stakeholder engagement process.</span></span></span></span></span></p>\r\n','basic_html',1579207652,1,1),(13,13,'en',1,'Social','<p><span><span><span><span><span lang=\"EN-GB\">Social considers the evaluation of direct and indirect effects of health research to the whole society, beyond the mission related dimension that for health R&amp;I would typically focus on patient needs.</span></span></span></span></span></p>\r\n','basic_html',1579207652,1,1),(14,14,'en',1,'Patient Reported','<p><span><span><span><span><span lang=\"EN-GB\">Patient-reported concerns patients as key stakeholder, whose needs, information and perspectives must be understood and incorporated into the process of health research impact evaluation. Thus, it works as an overarching dimension in which the other four dimensions should be rooted</span></span></span></span></span></p>\r\n','basic_html',1579207652,1,1),(15,15,'en',1,'Anti-competitive behaviour',NULL,NULL,1579207652,1,1),(16,16,'en',1,'Control',NULL,NULL,1579207652,1,1),(17,17,'en',1,'Economic externalities',NULL,NULL,1579207652,1,1),(18,18,'en',1,'Financial performance',NULL,NULL,1579207652,1,1),(19,19,'en',1,'Improvement of health services',NULL,NULL,1579207652,1,1),(20,20,'en',1,'Intellectual property',NULL,NULL,1579207652,1,1),(21,21,'en',1,'Market',NULL,NULL,1579207652,1,1),(22,22,'en',1,'Organizational efficiency',NULL,NULL,1579207652,1,1),(23,23,'en',1,'Resources allocated',NULL,NULL,1570103715,1,1),(24,24,'en',1,'Anti-competitive behaviour',NULL,NULL,1570108859,1,1),(25,25,'en',1,'Control process',NULL,NULL,1570108905,1,1),(26,26,'en',1,'Indirect economic impact',NULL,NULL,1570108935,1,1),(27,27,'en',1,'Profitability',NULL,NULL,1579207652,1,1),(28,28,'en',1,'Financial stability',NULL,NULL,1570108980,1,1),(29,29,'en',1,'Revenue',NULL,NULL,1579207652,1,1),(30,30,'en',1,'Effectiveness in healthcare practice',NULL,NULL,1570109014,1,1),(31,31,'en',1,'Patents',NULL,NULL,1570109050,1,1),(32,32,'en',1,'Strategy',NULL,NULL,1579207652,1,1),(33,33,'en',1,'Market presence',NULL,NULL,1579207652,1,1),(34,34,'en',1,'Perspective of long-term relationships',NULL,NULL,1570109104,1,1),(35,35,'en',1,'Cost',NULL,NULL,1579207652,1,1),(36,36,'en',1,'Cost savings',NULL,NULL,1579207652,1,1),(37,37,'en',1,'Quality',NULL,NULL,1570109162,1,1),(38,38,'en',1,'Employment',NULL,NULL,1579207652,1,1),(48,48,'en',1,'Excellence',NULL,NULL,1579207652,1,1),(67,67,'en',1,'Drug supply to patient',NULL,NULL,1579207652,1,1),(68,68,'en',1,'Governance',NULL,NULL,1570438936,1,1),(69,69,'en',1,'Health service assessment',NULL,NULL,1579207652,1,1),(70,70,'en',1,'Health services and products accessibility',NULL,NULL,1579207652,1,1),(71,71,'en',1,'Healthcare practitioners human capital',NULL,NULL,1579207652,1,1),(72,72,'en',1,'Influence on patient behaviour',NULL,NULL,1579207652,1,1),(73,73,'en',1,'Patient quality of life',NULL,NULL,1579207652,1,1),(74,74,'en',1,'Patient satisfaction',NULL,NULL,1579207652,1,1),(75,75,'en',1,'Stakeholder engagement',NULL,NULL,1579207652,1,1),(76,76,'en',1,'Academic production',NULL,NULL,1579207652,1,1),(77,77,'en',1,'Anticipatory design',NULL,NULL,1579207652,1,1),(78,78,'en',1,'Bibliometric',NULL,NULL,1579207652,1,1),(79,79,'en',1,'Communication',NULL,NULL,1579207652,1,1),(80,80,'en',1,'Compliance',NULL,NULL,1579207652,1,1),(81,81,'en',1,'Ethics and integrity',NULL,NULL,1579207652,1,1),(82,82,'en',1,'Financial resources',NULL,NULL,1579207652,1,1),(83,83,'en',1,'Impact evaluation',NULL,NULL,1579207652,1,1),(84,84,'en',1,'Influence on public behaviour',NULL,NULL,1579207652,1,1),(85,85,'en',1,'Influence on subsequent research',NULL,NULL,1579207652,1,1),(86,86,'en',1,'Informing healthcare practice decision making',NULL,NULL,1579207652,1,1),(88,88,'en',1,'Patient engagement & involvement',NULL,NULL,1579207652,1,1),(90,90,'en',1,'Products generated',NULL,NULL,1570440410,1,1),(91,91,'en',1,'Research partnership',NULL,NULL,1579207652,1,1),(92,92,'en',1,'Research recognition',NULL,NULL,1579207652,1,1),(93,93,'en',1,'Researchers\' human capital',NULL,NULL,1579207652,1,1),(94,94,'en',1,'Scientific input',NULL,NULL,1579207652,1,1),(95,95,'en',1,'Corporate reputation',NULL,NULL,1579207652,1,1),(96,96,'en',1,'Ethical marketing',NULL,NULL,1579207652,1,1),(97,97,'en',1,'Labour',NULL,NULL,1570440484,1,1),(98,98,'en',1,'Political externalities',NULL,NULL,1579207652,1,1),(99,99,'en',1,'Socio-environmental impacts',NULL,NULL,1579207652,1,1),(100,100,'en',1,'Employment',NULL,NULL,1570441720,1,1),(101,101,'en',1,'Stakeholder engagement',NULL,NULL,1579207652,1,1),(102,102,'en',1,'Stakeholder engagement',NULL,NULL,1579207652,1,1),(104,104,'en',1,'Improvement of health services',NULL,NULL,1579207652,1,1),(105,105,'en',1,'Intellectual property',NULL,NULL,1579207652,1,1),(107,107,'en',1,'Resources allocated',NULL,NULL,1579207652,1,1),(108,108,'en',1,'Increase in drug supply',NULL,NULL,1570447648,1,1),(109,109,'en',1,'Improvement in drug supply',NULL,NULL,1579207652,1,1),(112,112,'en',1,'Overall health service',NULL,NULL,1570447804,1,1),(113,113,'en',1,'Health service accessibility',NULL,NULL,1570447828,1,1),(114,114,'en',1,'Transparency',NULL,NULL,1579207652,1,1),(115,115,'en',1,'Healthcare practitioners ability',NULL,NULL,1570447857,1,1),(116,116,'en',1,'Health service quality',NULL,NULL,1570447868,1,1),(117,117,'en',1,'Public health',NULL,NULL,1579207652,1,1),(118,118,'en',1,'Hospitalization',NULL,NULL,1579207652,1,1),(119,119,'en',1,'Safety and security',NULL,NULL,1579207652,1,1),(120,120,'en',1,'Patient guidelines and tools',NULL,NULL,1570447910,1,1),(121,121,'en',1,'Patient wellbeing',NULL,NULL,1570447921,1,1),(122,122,'en',1,'Mortality',NULL,NULL,1579207652,1,1),(123,123,'en',1,'Life expectancy',NULL,NULL,1579207652,1,1),(124,124,'en',1,'Patient satisfaction',NULL,NULL,1570447953,1,1),(125,125,'en',1,'Stakeholder engagement',NULL,NULL,1579207652,1,1),(126,126,'en',1,'Patient engagement',NULL,NULL,1570447974,1,1),(127,127,'en',1,'Publications',NULL,NULL,1570447984,1,1),(128,128,'en',1,'Anticipatory design',NULL,NULL,1570447994,1,1),(129,129,'en',1,'Citations',NULL,NULL,1570448004,1,1),(130,130,'en',1,'Dissemination',NULL,NULL,1570448014,1,1),(131,131,'en',1,'Media coverage',NULL,NULL,1579207652,1,1),(132,132,'en',1,'Compliance',NULL,NULL,1579207652,1,1),(133,133,'en',1,'Clinical guidelines',NULL,NULL,1570448044,1,1),(134,134,'en',1,'Risk',NULL,NULL,1579207652,1,1),(135,135,'en',1,'Ethics',NULL,NULL,1570448064,1,1),(136,136,'en',1,'Research funding',NULL,NULL,1570448075,1,1),(137,137,'en',1,'Overall impact evaluation',NULL,NULL,1570448085,1,1),(138,138,'en',1,'Knowledge & Behaviour',NULL,NULL,1570448095,1,1),(139,139,'en',1,'Influence on and improvements for future research',NULL,NULL,1570448106,1,1),(140,140,'en',1,'Influence on healthcare practice',NULL,NULL,1570448116,1,1),(141,141,'en',1,'Influence on policy-making',NULL,NULL,1579207652,1,1),(142,142,'en',1,'Science awareness',NULL,NULL,1579207652,1,1),(143,143,'en',1,'Patents',NULL,NULL,1579207652,1,1),(144,144,'en',1,'Intellectual property',NULL,NULL,1570448158,1,1),(145,145,'en',1,'Licenses',NULL,NULL,1579207652,1,1),(146,146,'en',1,'Clinical trials',NULL,NULL,1579207652,1,1),(147,147,'en',1,'Potential users involvement',NULL,NULL,1570448190,1,1),(148,148,'en',1,'Product and drug development',NULL,NULL,1570448201,1,1),(149,149,'en',1,'Collaboration',NULL,NULL,1570448212,1,1),(150,150,'en',1,'Reputation',NULL,NULL,1570448222,1,1),(151,151,'en',1,'Prizes',NULL,NULL,1579207652,1,1),(152,152,'en',1,'Researchers\' capacity and career',NULL,NULL,1570448243,1,1),(153,153,'en',1,'Gender equality',NULL,NULL,1579207652,1,1),(154,154,'en',1,'Tangible and intangible resources',NULL,NULL,1570448265,1,1),(155,155,'en',1,'Organisational structure',NULL,NULL,1579207652,1,1),(156,156,'en',1,'Supporting projects',NULL,NULL,1579207652,1,1),(157,157,'en',1,'Research management',NULL,NULL,1570448297,1,1),(158,158,'en',1,'Outreach visits',NULL,NULL,1579207652,1,1),(159,159,'en',1,'Research methodologies',NULL,NULL,1579207652,1,1),(160,160,'en',1,'Participation',NULL,NULL,1579207652,1,1),(161,161,'en',1,'External stakeholder engagement',NULL,NULL,1570448340,1,1),(162,162,'en',1,'Reputation',NULL,NULL,1570448352,1,1),(163,163,'en',1,'Ethical marketing',NULL,NULL,1570448364,1,1),(164,164,'en',1,'Safety and security',NULL,NULL,1579207652,1,1),(165,165,'en',1,'Labour rights',NULL,NULL,1579207652,1,1),(166,166,'en',1,'Training and education',NULL,NULL,1570448398,1,1),(167,167,'en',1,'Political influence',NULL,NULL,1570448410,1,1),(168,168,'en',1,'Improved governance',NULL,NULL,1579207652,1,1),(169,169,'en',1,'Political contributions',NULL,NULL,1579207652,1,1),(170,170,'en',1,'Audits and certification',NULL,NULL,1579207652,1,1),(171,171,'en',1,'Sustainable consumption',NULL,NULL,1570448459,1,1),(172,172,'en',1,'Scope and parameters of information',NULL,NULL,1579207652,1,1),(173,173,'en',1,'Pollution',NULL,NULL,1579207652,1,1),(174,174,'en',1,'Impact on communities',NULL,NULL,1579207652,1,1),(175,175,'en',1,'Stakeholder engagement',NULL,NULL,1570448506,1,1),(177,177,'en',1,'Governance',NULL,NULL,1570449496,1,1),(179,179,'en',1,'Upper-limb dexterity',NULL,NULL,1579207652,1,1),(180,180,'en',1,'Anxiety and depression',NULL,NULL,1579207652,1,1),(182,182,'en',1,'Bladder function',NULL,NULL,1591175188,1,1),(183,183,'en',1,'Fatigue',NULL,NULL,1591175213,1,1),(184,184,'en',1,'Patient Reported Outcomes',NULL,NULL,1579207237,1,1),(185,185,'en',1,'Patient Reported Outcomes',NULL,NULL,1579207258,1,1),(188,188,'en',1,'Patient Reported Outcomes',NULL,NULL,1579207318,1,1),(189,189,'en',1,'Patient Reported Outcomes',NULL,NULL,1579207338,1,1),(190,190,'en',1,'Bibliometric',NULL,NULL,1582396887,1,1),(191,191,'en',1,'Codes And Guidelines',NULL,NULL,1582396887,1,1),(195,195,'en',1,'Academic search databases',NULL,NULL,1582396154,1,1),(196,196,'en',1,'Bibliometric datasources',NULL,NULL,1582396154,1,1),(197,197,'en',1,'Classification of journals with open access options, such as DOAJ list (Directory of Open Access Journals), PMC (PubMed Central), the ROAD list (Directory of Open Access scholarly Resources), CrossRef, and OpenAIRE',NULL,NULL,1582396154,1,1),(198,198,'en',1,'Google analytics or similar web engines.',NULL,NULL,1582396154,1,1),(199,199,'en',1,'Google scholar',NULL,NULL,1582396154,1,1),(200,200,'en',1,'Rankings of journals (e.g., JCR, SJR)',NULL,NULL,1582396154,1,1),(201,201,'en',1,'Scopus',NULL,NULL,1582396154,1,1),(202,202,'en',1,'Web of Science (WoS)',NULL,NULL,1582396154,1,1),(203,203,'en',1,'World Intellectual Property Organization Database',NULL,NULL,1582396154,1,1),(204,204,'en',1,'Code of conduct',NULL,NULL,1582396261,1,1),(205,205,'en',1,'Code of ethics',NULL,NULL,1582396261,1,1),(206,206,'en',1,'Community development plans',NULL,NULL,1582396261,1,1),(207,207,'en',1,'Guidelines',NULL,NULL,1582396261,1,1),(208,208,'en',1,'Official document containing evaluative criteria in the research proposal evaluation',NULL,NULL,1582396261,1,1),(209,209,'en',1,'Stakeholder engagement plans',NULL,NULL,1582396261,1,1),(210,210,'en',1,'Strategy documents',NULL,NULL,1582396261,1,1),(211,211,'en',1,'Treatment guidelines',NULL,NULL,1582396261,1,1),(212,212,'en',1,'Health Records',NULL,NULL,1582396887,1,1),(213,213,'en',1,'Clinical data',NULL,NULL,1582396409,1,1),(214,214,'en',1,'Clinical information system',NULL,NULL,1582396409,1,1),(215,215,'en',1,'Electronic health record system',NULL,NULL,1582396409,1,1),(216,216,'en',1,'Electronic medical records',NULL,NULL,1582396409,1,1),(217,217,'en',1,'Health care providers, clinics records',NULL,NULL,1582396409,1,1),(218,218,'en',1,'Hospital data',NULL,NULL,1582396409,1,1),(219,219,'en',1,'Hospital record information systems',NULL,NULL,1582396409,1,1),(220,220,'en',1,'Medical costs',NULL,NULL,1582396409,1,1),(221,221,'en',1,'Patient records',NULL,NULL,1582396409,1,1),(222,222,'en',1,'Interviews And Surveys',NULL,NULL,1582396887,1,1),(223,223,'en',1,'Expert survey',NULL,NULL,1582396537,1,1),(224,224,'en',1,'Health surveys',NULL,NULL,1582396537,1,1),(225,225,'en',1,'Interviews',NULL,NULL,1582396537,1,1),(226,226,'en',1,'Interviews and/or surveys with practitioners/experts',NULL,NULL,1582396537,1,1),(227,227,'en',1,'Interviews with practitioners/clinicians',NULL,NULL,1582396537,1,1),(228,228,'en',1,'Market surveys',NULL,NULL,1582396537,1,1),(229,229,'en',1,'Patient surveys and interviews',NULL,NULL,1582396537,1,1),(230,230,'en',1,'Preference surveys',NULL,NULL,1582396537,1,1),(231,231,'en',1,'Public consultation',NULL,NULL,1582396537,1,1),(232,232,'en',1,'Questionaires used in trials',NULL,NULL,1582396537,1,1),(233,233,'en',1,'Questionnaires',NULL,NULL,1582396537,1,1),(234,234,'en',1,'Surveys',NULL,NULL,1582396537,1,1),(235,235,'en',1,'Reports',NULL,NULL,1582396887,1,1),(236,236,'en',1,'Annual reports',NULL,NULL,1582396760,1,1),(237,237,'en',1,'Expected duration of life and degree of diability',NULL,NULL,1582396760,1,1),(238,238,'en',1,'Financial statement, balance sheet and internal management control systems',NULL,NULL,1582396760,1,1),(239,239,'en',1,'Human resource management report',NULL,NULL,1582396760,1,1),(240,240,'en',1,'Initiative financial report',NULL,NULL,1582396760,1,1),(241,241,'en',1,'Initiative scientific report',NULL,NULL,1582396760,1,1),(242,242,'en',1,'Internal report',NULL,NULL,1582396760,1,1),(243,243,'en',1,'Internal reports by press office',NULL,NULL,1582396760,1,1),(244,244,'en',1,'Local data registries',NULL,NULL,1582396760,1,1),(245,245,'en',1,'Local statistics',NULL,NULL,1582396760,1,1),(246,246,'en',1,'Meeting reports of works councils',NULL,NULL,1582396760,1,1),(247,247,'en',1,'Mission statement',NULL,NULL,1582396760,1,1),(248,248,'en',1,'National statistics',NULL,NULL,1582396760,1,1),(249,249,'en',1,'Policy report',NULL,NULL,1582396760,1,1),(250,250,'en',1,'Records of service delivery',NULL,NULL,1582396760,1,1),(251,251,'en',1,'Regional data registries',NULL,NULL,1582396760,1,1),(252,252,'en',1,'Regional statistics',NULL,NULL,1582396760,1,1),(253,253,'en',1,'Research report',NULL,NULL,1582396760,1,1),(254,254,'en',1,'Scientific report',NULL,NULL,1582396760,1,1),(255,255,'en',1,'Sustainabitly report',NULL,NULL,1582396760,1,1),(256,256,'en',1,'Other',NULL,NULL,1582396887,1,1),(257,257,'en',1,'Administrative data',NULL,NULL,1582396887,1,1),(258,258,'en',1,'Billing and accounting systems, procurement or supply management department',NULL,NULL,1582396887,1,1),(259,259,'en',1,'National registries',NULL,NULL,1582396887,1,1),(260,260,'en',1,'Production and research sites of the company',NULL,NULL,1582396887,1,1),(261,261,'en',1,'Professional association',NULL,NULL,1582396887,1,1),(262,262,'en',1,'Quality of life',NULL,NULL,1591175486,1,1),(263,263,'en',1,'Patient Reported Outcomes',NULL,NULL,1591175603,1,1),(264,264,'en',1,'Locomotion',NULL,NULL,1591177130,1,1),(265,265,'en',1,'Patient Reported Outcomes',NULL,NULL,1591177191,1,1),(266,266,'en',1,'MSCU – ECF – 2020',NULL,NULL,1601380077,1,1);

--
-- Table structure for table `taxonomy_term_revision`
--

CREATE TABLE `taxonomy_term_revision` (
  `tid` int(10) unsigned NOT NULL,
  `revision_id` int(10) unsigned NOT NULL AUTO_INCREMENT,
  `langcode` varchar(12) CHARACTER SET ascii NOT NULL,
  `revision_user` int(10) unsigned DEFAULT NULL COMMENT 'The ID of the target entity.',
  `revision_created` int(11) DEFAULT NULL,
  `revision_log_message` longtext DEFAULT NULL,
  `revision_default` tinyint(4) DEFAULT NULL,
  PRIMARY KEY (`revision_id`),
  KEY `taxonomy_term__tid` (`tid`),
  KEY `taxonomy_term_field__revision_user__target_id` (`revision_user`)
) ENGINE=InnoDB AUTO_INCREMENT=267 DEFAULT CHARSET=utf8mb4 COMMENT='The revision table for taxonomy_term entities.';

--
-- Dumping data for table `taxonomy_term_revision`
--

INSERT INTO `taxonomy_term_revision` VALUES (1,1,'en',NULL,1570019623,NULL,1),(2,2,'en',NULL,1570019649,NULL,1),(3,3,'en',NULL,1570019654,NULL,1),(4,4,'en',NULL,1570019659,NULL,1),(5,5,'en',NULL,1570019663,NULL,1),(6,6,'en',NULL,1570019668,NULL,1),(7,7,'en',NULL,1570019674,NULL,1),(8,8,'en',NULL,1570019679,NULL,1),(9,9,'en',NULL,1570100873,NULL,1),(10,10,'en',NULL,1570101000,NULL,1),(11,11,'en',NULL,1570101185,NULL,1),(13,13,'en',NULL,1570101314,NULL,1),(14,14,'en',NULL,1570101342,NULL,1),(15,15,'en',NULL,1570103233,NULL,1),(16,16,'en',NULL,1570103251,NULL,1),(17,17,'en',NULL,1570103294,NULL,1),(18,18,'en',NULL,1570103310,NULL,1),(19,19,'en',NULL,1570103321,NULL,1),(20,20,'en',NULL,1570103333,NULL,1),(21,21,'en',NULL,1570103345,NULL,1),(22,22,'en',NULL,1570103353,NULL,1),(23,23,'en',NULL,1570103360,NULL,1),(24,24,'en',NULL,1570108859,NULL,1),(25,25,'en',NULL,1570108905,NULL,1),(26,26,'en',NULL,1570108935,NULL,1),(27,27,'en',NULL,1570108953,NULL,1),(28,28,'en',NULL,1570108980,NULL,1),(29,29,'en',NULL,1570108998,NULL,1),(30,30,'en',NULL,1570109014,NULL,1),(31,31,'en',NULL,1570109050,NULL,1),(32,32,'en',NULL,1570109075,NULL,1),(33,33,'en',NULL,1570109087,NULL,1),(34,34,'en',NULL,1570109104,NULL,1),(35,35,'en',NULL,1570109133,NULL,1),(36,36,'en',NULL,1570109148,NULL,1),(37,37,'en',NULL,1570109162,NULL,1),(38,38,'en',NULL,1570109176,NULL,1),(48,48,'en',NULL,1570191806,NULL,1),(67,67,'en',NULL,1570438461,NULL,1),(68,68,'en',NULL,1570438936,NULL,1),(69,69,'en',NULL,1570440122,NULL,1),(70,70,'en',NULL,1570440154,NULL,1),(71,71,'en',NULL,1570440219,NULL,1),(72,72,'en',NULL,1570440229,NULL,1),(73,73,'en',NULL,1570440239,NULL,1),(74,74,'en',NULL,1570440249,NULL,1),(75,75,'en',NULL,1570440259,NULL,1),(76,76,'en',NULL,1570440269,NULL,1),(77,77,'en',NULL,1570440279,NULL,1),(78,78,'en',NULL,1570440289,NULL,1),(79,79,'en',NULL,1570440299,NULL,1),(80,80,'en',NULL,1570440309,NULL,1),(81,81,'en',NULL,1570440319,NULL,1),(82,82,'en',NULL,1570440329,NULL,1),(83,83,'en',NULL,1570440339,NULL,1),(84,84,'en',NULL,1570440349,NULL,1),(85,85,'en',NULL,1570440359,NULL,1),(86,86,'en',NULL,1570440370,NULL,1),(88,88,'en',NULL,1570440390,NULL,1),(90,90,'en',NULL,1570440410,NULL,1),(91,91,'en',NULL,1570440420,NULL,1),(92,92,'en',NULL,1570440431,NULL,1),(93,93,'en',NULL,1570440441,NULL,1),(94,94,'en',NULL,1570440451,NULL,1),(95,95,'en',NULL,1570440462,NULL,1),(96,96,'en',NULL,1570440473,NULL,1),(97,97,'en',NULL,1570440484,NULL,1),(98,98,'en',NULL,1570440495,NULL,1),(99,99,'en',NULL,1570440506,NULL,1),(100,100,'en',NULL,1570441720,NULL,1),(101,101,'en',NULL,1570441851,NULL,1),(102,102,'en',NULL,1570441937,NULL,1),(104,104,'en',NULL,1570446852,NULL,1),(105,105,'en',NULL,1570446861,NULL,1),(107,107,'en',NULL,1570447250,NULL,1),(108,108,'en',NULL,1570447648,NULL,1),(109,109,'en',NULL,1570447657,NULL,1),(112,112,'en',NULL,1570447804,NULL,1),(113,113,'en',NULL,1570447828,NULL,1),(114,114,'en',NULL,1570447847,NULL,1),(115,115,'en',NULL,1570447857,NULL,1),(116,116,'en',NULL,1570447868,NULL,1),(117,117,'en',NULL,1570447878,NULL,1),(118,118,'en',NULL,1570447889,NULL,1),(119,119,'en',NULL,1570447899,NULL,1),(120,120,'en',NULL,1570447910,NULL,1),(121,121,'en',NULL,1570447921,NULL,1),(122,122,'en',NULL,1570447931,NULL,1),(123,123,'en',NULL,1570447942,NULL,1),(124,124,'en',NULL,1570447953,NULL,1),(125,125,'en',NULL,1570447963,NULL,1),(126,126,'en',NULL,1570447974,NULL,1),(127,127,'en',NULL,1570447984,NULL,1),(128,128,'en',NULL,1570447994,NULL,1),(129,129,'en',NULL,1570448004,NULL,1),(130,130,'en',NULL,1570448014,NULL,1),(131,131,'en',NULL,1570448024,NULL,1),(132,132,'en',NULL,1570448034,NULL,1),(133,133,'en',NULL,1570448044,NULL,1),(134,134,'en',NULL,1570448054,NULL,1),(135,135,'en',NULL,1570448064,NULL,1),(136,136,'en',NULL,1570448075,NULL,1),(137,137,'en',NULL,1570448085,NULL,1),(138,138,'en',NULL,1570448095,NULL,1),(139,139,'en',NULL,1570448106,NULL,1),(140,140,'en',NULL,1570448116,NULL,1),(141,141,'en',NULL,1570448126,NULL,1),(142,142,'en',NULL,1570448138,NULL,1),(143,143,'en',NULL,1570448148,NULL,1),(144,144,'en',NULL,1570448158,NULL,1),(145,145,'en',NULL,1570448169,NULL,1),(146,146,'en',NULL,1570448180,NULL,1),(147,147,'en',NULL,1570448190,NULL,1),(148,148,'en',NULL,1570448201,NULL,1),(149,149,'en',NULL,1570448212,NULL,1),(150,150,'en',NULL,1570448222,NULL,1),(151,151,'en',NULL,1570448233,NULL,1),(152,152,'en',NULL,1570448243,NULL,1),(153,153,'en',NULL,1570448254,NULL,1),(154,154,'en',NULL,1570448265,NULL,1),(155,155,'en',NULL,1570448276,NULL,1),(156,156,'en',NULL,1570448286,NULL,1),(157,157,'en',NULL,1570448297,NULL,1),(158,158,'en',NULL,1570448308,NULL,1),(159,159,'en',NULL,1570448319,NULL,1),(160,160,'en',NULL,1570448329,NULL,1),(161,161,'en',NULL,1570448340,NULL,1),(162,162,'en',NULL,1570448352,NULL,1),(163,163,'en',NULL,1570448364,NULL,1),(164,164,'en',NULL,1570448375,NULL,1),(165,165,'en',NULL,1570448387,NULL,1),(166,166,'en',NULL,1570448398,NULL,1),(167,167,'en',NULL,1570448410,NULL,1),(168,168,'en',NULL,1570448422,NULL,1),(169,169,'en',NULL,1570448435,NULL,1),(170,170,'en',NULL,1570448447,NULL,1),(171,171,'en',NULL,1570448459,NULL,1),(172,172,'en',NULL,1570448471,NULL,1),(173,173,'en',NULL,1570448483,NULL,1),(174,174,'en',NULL,1570448494,NULL,1),(175,175,'en',NULL,1570448506,NULL,1),(177,177,'en',NULL,1570449496,NULL,1),(179,179,'en',NULL,1579206946,NULL,1),(180,180,'en',NULL,1579207050,NULL,1),(182,182,'en',NULL,1579207130,NULL,1),(183,183,'en',NULL,1579207162,NULL,1),(184,184,'en',NULL,1579207237,NULL,1),(185,185,'en',NULL,1579207258,NULL,1),(188,188,'en',NULL,1579207318,NULL,1),(189,189,'en',NULL,1579207338,NULL,1),(190,190,'en',NULL,1582395957,NULL,1),(191,191,'en',NULL,1582395996,NULL,1),(195,195,'en',NULL,1582396063,NULL,1),(196,196,'en',NULL,1582396071,NULL,1),(197,197,'en',NULL,1582396075,NULL,1),(198,198,'en',NULL,1582396079,NULL,1),(199,199,'en',NULL,1582396082,NULL,1),(200,200,'en',NULL,1582396085,NULL,1),(201,201,'en',NULL,1582396089,NULL,1),(202,202,'en',NULL,1582396092,NULL,1),(203,203,'en',NULL,1582396095,NULL,1),(204,204,'en',NULL,1582396200,NULL,1),(205,205,'en',NULL,1582396204,NULL,1),(206,206,'en',NULL,1582396207,NULL,1),(207,207,'en',NULL,1582396213,NULL,1),(208,208,'en',NULL,1582396217,NULL,1),(209,209,'en',NULL,1582396220,NULL,1),(210,210,'en',NULL,1582396224,NULL,1),(211,211,'en',NULL,1582396227,NULL,1),(212,212,'en',NULL,1582396301,NULL,1),(213,213,'en',NULL,1582396326,NULL,1),(214,214,'en',NULL,1582396329,NULL,1),(215,215,'en',NULL,1582396332,NULL,1),(216,216,'en',NULL,1582396335,NULL,1),(217,217,'en',NULL,1582396338,NULL,1),(218,218,'en',NULL,1582396342,NULL,1),(219,219,'en',NULL,1582396345,NULL,1),(220,220,'en',NULL,1582396348,NULL,1),(221,221,'en',NULL,1582396351,NULL,1),(222,222,'en',NULL,1582396433,NULL,1),(223,223,'en',NULL,1582396451,NULL,1),(224,224,'en',NULL,1582396454,NULL,1),(225,225,'en',NULL,1582396457,NULL,1),(226,226,'en',NULL,1582396460,NULL,1),(227,227,'en',NULL,1582396464,NULL,1),(228,228,'en',NULL,1582396467,NULL,1),(229,229,'en',NULL,1582396470,NULL,1),(230,230,'en',NULL,1582396473,NULL,1),(231,231,'en',NULL,1582396478,NULL,1),(232,232,'en',NULL,1582396482,NULL,1),(233,233,'en',NULL,1582396485,NULL,1),(234,234,'en',NULL,1582396489,NULL,1),(235,235,'en',NULL,1582396553,NULL,1),(236,236,'en',NULL,1582396585,NULL,1),(237,237,'en',NULL,1582396591,NULL,1),(238,238,'en',NULL,1582396596,NULL,1),(239,239,'en',NULL,1582396599,NULL,1),(240,240,'en',NULL,1582396602,NULL,1),(241,241,'en',NULL,1582396605,NULL,1),(242,242,'en',NULL,1582396609,NULL,1),(243,243,'en',NULL,1582396612,NULL,1),(244,244,'en',NULL,1582396615,NULL,1),(245,245,'en',NULL,1582396619,NULL,1),(246,246,'en',NULL,1582396622,NULL,1),(247,247,'en',NULL,1582396625,NULL,1),(248,248,'en',NULL,1582396628,NULL,1),(249,249,'en',NULL,1582396632,NULL,1),(250,250,'en',NULL,1582396635,NULL,1),(251,251,'en',NULL,1582396639,NULL,1),(252,252,'en',NULL,1582396642,NULL,1),(253,253,'en',NULL,1582396646,NULL,1),(254,254,'en',NULL,1582396649,NULL,1),(255,255,'en',NULL,1582396652,NULL,1),(256,256,'en',NULL,1582396787,NULL,1),(257,257,'en',NULL,1582396810,NULL,1),(258,258,'en',NULL,1582396814,NULL,1),(259,259,'en',NULL,1582396818,NULL,1),(260,260,'en',NULL,1582396821,NULL,1),(261,261,'en',NULL,1582396825,NULL,1),(262,262,'en',NULL,1591175486,NULL,1),(263,263,'en',NULL,1591175603,NULL,1),(264,264,'en',NULL,1591177130,NULL,1),(265,265,'en',NULL,1591177191,NULL,1),(266,266,'en',NULL,1601044878,NULL,1);

--
-- Table structure for table `taxonomy_term_revision__parent`
--

CREATE TABLE `taxonomy_term_revision__parent` (
  `bundle` varchar(128) CHARACTER SET ascii NOT NULL DEFAULT '' COMMENT 'The field instance bundle to which this row belongs, used when deleting a field instance',
  `deleted` tinyint(4) NOT NULL DEFAULT 0 COMMENT 'A boolean indicating whether this data item has been deleted',
  `entity_id` int(10) unsigned NOT NULL COMMENT 'The entity id this data is attached to',
  `revision_id` int(10) unsigned NOT NULL COMMENT 'The entity revision id this data is attached to',
  `langcode` varchar(32) CHARACTER SET ascii NOT NULL DEFAULT '' COMMENT 'The language code for this data item.',
  `delta` int(10) unsigned NOT NULL COMMENT 'The sequence number for this data item, used for multi-value fields',
  `parent_target_id` int(10) unsigned NOT NULL COMMENT 'The ID of the target entity.',
  PRIMARY KEY (`entity_id`,`revision_id`,`deleted`,`delta`,`langcode`),
  KEY `bundle` (`bundle`),
  KEY `revision_id` (`revision_id`),
  KEY `parent_target_id` (`parent_target_id`)
) ENGINE=InnoDB DEFAULT CHARSET=utf8mb4 COMMENT='Revision archive storage for taxonomy_term field parent.';

--
-- Dumping data for table `taxonomy_term_revision__parent`
--

INSERT INTO `taxonomy_term_revision__parent` VALUES ('stakeholder_member_types',0,1,1,'en',0,0),('stakeholder_member_types',0,2,2,'en',0,0),('stakeholder_member_types',0,3,3,'en',0,0),('stakeholder_member_types',0,4,4,'en',0,0),('stakeholder_member_types',0,5,5,'en',0,0),('stakeholder_member_types',0,6,6,'en',0,0),('stakeholder_member_types',0,7,7,'en',0,0),('stakeholder_member_types',0,8,8,'en',0,0),('master_scorecard',0,9,9,'en',0,0),('master_scorecard',0,10,10,'en',0,9),('master_scorecard',0,11,11,'en',0,9),('master_scorecard',0,13,13,'en',0,9),('master_scorecard',0,14,14,'en',0,9),('master_scorecard',0,15,15,'en',0,10),('master_scorecard',0,16,16,'en',0,10),('master_scorecard',0,17,17,'en',0,10),('master_scorecard',0,18,18,'en',0,10),('master_scorecard',0,19,19,'en',0,10),('master_scorecard',0,20,20,'en',0,10),('master_scorecard',0,21,21,'en',0,10),('master_scorecard',0,22,22,'en',0,10),('master_scorecard',0,23,23,'en',0,10),('master_scorecard',0,24,24,'en',0,15),('master_scorecard',0,25,25,'en',0,16),('master_scorecard',0,26,26,'en',0,17),('master_scorecard',0,27,27,'en',0,18),('master_scorecard',0,28,28,'en',0,18),('master_scorecard',0,29,29,'en',0,18),('master_scorecard',0,30,30,'en',0,19),('master_scorecard',0,31,31,'en',0,20),('master_scorecard',0,32,32,'en',0,21),('master_scorecard',0,33,33,'en',0,21),('master_scorecard',0,34,34,'en',0,21),('master_scorecard',0,35,35,'en',0,22),('master_scorecard',0,36,36,'en',0,22),('master_scorecard',0,37,37,'en',0,22),('master_scorecard',0,38,38,'en',0,22),('master_scorecard',0,48,48,'en',0,9),('master_scorecard',0,67,67,'en',0,11),('master_scorecard',0,68,68,'en',0,11),('master_scorecard',0,69,69,'en',0,11),('master_scorecard',0,70,70,'en',0,11),('master_scorecard',0,71,71,'en',0,11),('master_scorecard',0,72,72,'en',0,11),('master_scorecard',0,73,73,'en',0,11),('master_scorecard',0,74,74,'en',0,14),('master_scorecard',0,75,75,'en',0,11),('master_scorecard',0,76,76,'en',0,48),('master_scorecard',0,77,77,'en',0,48),('master_scorecard',0,78,78,'en',0,48),('master_scorecard',0,79,79,'en',0,48),('master_scorecard',0,80,80,'en',0,48),('master_scorecard',0,81,81,'en',0,48),('master_scorecard',0,82,82,'en',0,48),('master_scorecard',0,83,83,'en',0,48),('master_scorecard',0,84,84,'en',0,48),('master_scorecard',0,85,85,'en',0,48),('master_scorecard',0,86,86,'en',0,48),('master_scorecard',0,88,88,'en',0,48),('master_scorecard',0,90,90,'en',0,48),('master_scorecard',0,91,91,'en',0,48),('master_scorecard',0,92,92,'en',0,48),('master_scorecard',0,93,93,'en',0,48),('master_scorecard',0,94,94,'en',0,48),('master_scorecard',0,95,95,'en',0,13),('master_scorecard',0,96,96,'en',0,13),('master_scorecard',0,97,97,'en',0,13),('master_scorecard',0,98,98,'en',0,13),('master_scorecard',0,99,99,'en',0,13),('master_scorecard',0,100,100,'en',0,23),('master_scorecard',0,101,101,'en',0,48),('master_scorecard',0,102,102,'en',0,13),('master_scorecard',0,104,104,'en',0,11),('master_scorecard',0,105,105,'en',0,48),('master_scorecard',0,107,107,'en',0,48),('master_scorecard',0,108,108,'en',0,67),('master_scorecard',0,109,109,'en',0,67),('master_scorecard',0,112,112,'en',0,69),('master_scorecard',0,113,113,'en',0,70),('master_scorecard',0,114,114,'en',0,70),('master_scorecard',0,115,115,'en',0,71),('master_scorecard',0,116,116,'en',0,104),('master_scorecard',0,117,117,'en',0,104),('master_scorecard',0,118,118,'en',0,104),('master_scorecard',0,119,119,'en',0,72),('master_scorecard',0,120,120,'en',0,72),('master_scorecard',0,121,121,'en',0,73),('master_scorecard',0,122,122,'en',0,73),('master_scorecard',0,123,123,'en',0,73),('master_scorecard',0,124,124,'en',0,74),('master_scorecard',0,125,125,'en',0,75),('master_scorecard',0,126,126,'en',0,75),('master_scorecard',0,127,127,'en',0,76),('master_scorecard',0,128,128,'en',0,77),('master_scorecard',0,129,129,'en',0,78),('master_scorecard',0,130,130,'en',0,79),('master_scorecard',0,131,131,'en',0,79),('master_scorecard',0,132,132,'en',0,80),('master_scorecard',0,133,133,'en',0,80),('master_scorecard',0,134,134,'en',0,80),('master_scorecard',0,135,135,'en',0,81),('master_scorecard',0,136,136,'en',0,82),('master_scorecard',0,137,137,'en',0,83),('master_scorecard',0,138,138,'en',0,84),('master_scorecard',0,139,139,'en',0,85),('master_scorecard',0,140,140,'en',0,86),('master_scorecard',0,141,141,'en',0,86),('master_scorecard',0,142,142,'en',0,86),('master_scorecard',0,143,143,'en',0,105),('master_scorecard',0,144,144,'en',0,105),('master_scorecard',0,145,145,'en',0,105),('master_scorecard',0,146,146,'en',0,88),('master_scorecard',0,147,147,'en',0,88),('master_scorecard',0,148,148,'en',0,90),('master_scorecard',0,149,149,'en',0,91),('master_scorecard',0,150,150,'en',0,92),('master_scorecard',0,151,151,'en',0,92),('master_scorecard',0,152,152,'en',0,93),('master_scorecard',0,153,153,'en',0,93),('master_scorecard',0,154,154,'en',0,107),('master_scorecard',0,155,155,'en',0,107),('master_scorecard',0,156,156,'en',0,107),('master_scorecard',0,157,157,'en',0,94),('master_scorecard',0,158,158,'en',0,94),('master_scorecard',0,159,159,'en',0,94),('master_scorecard',0,160,160,'en',0,101),('master_scorecard',0,161,161,'en',0,101),('master_scorecard',0,162,162,'en',0,95),('master_scorecard',0,163,163,'en',0,96),('master_scorecard',0,164,164,'en',0,97),('master_scorecard',0,165,165,'en',0,97),('master_scorecard',0,166,166,'en',0,97),('master_scorecard',0,167,167,'en',0,98),('master_scorecard',0,168,168,'en',0,98),('master_scorecard',0,169,169,'en',0,98),('master_scorecard',0,170,170,'en',0,99),('master_scorecard',0,171,171,'en',0,99),('master_scorecard',0,172,172,'en',0,99),('master_scorecard',0,173,173,'en',0,99),('master_scorecard',0,174,174,'en',0,99),('master_scorecard',0,175,175,'en',0,102),('master_scorecard',0,177,177,'en',0,68),('master_scorecard',0,179,179,'en',0,14),('master_scorecard',0,180,180,'en',0,14),('master_scorecard',0,182,182,'en',0,14),('master_scorecard',0,183,183,'en',0,14),('master_scorecard',0,184,184,'en',0,180),('master_scorecard',0,185,185,'en',0,182),('master_scorecard',0,188,188,'en',0,183),('master_scorecard',0,189,189,'en',0,179),('content_annotation',0,190,190,'en',0,0),('content_annotation',0,191,191,'en',0,0),('content_annotation',0,195,195,'en',0,190),('content_annotation',0,196,196,'en',0,190),('content_annotation',0,197,197,'en',0,190),('content_annotation',0,198,198,'en',0,190),('content_annotation',0,199,199,'en',0,190),('content_annotation',0,200,200,'en',0,190),('content_annotation',0,201,201,'en',0,190),('content_annotation',0,202,202,'en',0,190),('content_annotation',0,203,203,'en',0,190),('content_annotation',0,204,204,'en',0,191),('content_annotation',0,205,205,'en',0,191),('content_annotation',0,206,206,'en',0,191),('content_annotation',0,207,207,'en',0,191),('content_annotation',0,208,208,'en',0,191),('content_annotation',0,209,209,'en',0,191),('content_annotation',0,210,210,'en',0,191),('content_annotation',0,211,211,'en',0,191),('content_annotation',0,212,212,'en',0,0),('content_annotation',0,213,213,'en',0,212),('content_annotation',0,214,214,'en',0,212),('content_annotation',0,215,215,'en',0,212),('content_annotation',0,216,216,'en',0,212),('content_annotation',0,217,217,'en',0,212),('content_annotation',0,218,218,'en',0,212),('content_annotation',0,219,219,'en',0,212),('content_annotation',0,220,220,'en',0,212),('content_annotation',0,221,221,'en',0,212),('content_annotation',0,222,222,'en',0,0),('content_annotation',0,223,223,'en',0,222),('content_annotation',0,224,224,'en',0,222),('content_annotation',0,225,225,'en',0,222),('content_annotation',0,226,226,'en',0,222),('content_annotation',0,227,227,'en',0,222),('content_annotation',0,228,228,'en',0,222),('content_annotation',0,229,229,'en',0,222),('content_annotation',0,230,230,'en',0,222),('content_annotation',0,231,231,'en',0,222),('content_annotation',0,232,232,'en',0,222),('content_annotation',0,233,233,'en',0,222),('content_annotation',0,234,234,'en',0,222),('content_annotation',0,235,235,'en',0,0),('content_annotation',0,236,236,'en',0,235),('content_annotation',0,237,237,'en',0,235),('content_annotation',0,238,238,'en',0,235),('content_annotation',0,239,239,'en',0,235),('content_annotation',0,240,240,'en',0,235),('content_annotation',0,241,241,'en',0,235),('content_annotation',0,242,242,'en',0,235),('content_annotation',0,243,243,'en',0,235),('content_annotation',0,244,244,'en',0,235),('content_annotation',0,245,245,'en',0,235),('content_annotation',0,246,246,'en',0,235),('content_annotation',0,247,247,'en',0,235),('content_annotation',0,248,248,'en',0,235),('content_annotation',0,249,249,'en',0,235),('content_annotation',0,250,250,'en',0,235),('content_annotation',0,251,251,'en',0,235),('content_annotation',0,252,252,'en',0,235),('content_annotation',0,253,253,'en',0,235),('content_annotation',0,254,254,'en',0,235),('content_annotation',0,255,255,'en',0,235),('content_annotation',0,256,256,'en',0,0),('content_annotation',0,257,257,'en',0,256),('content_annotation',0,258,258,'en',0,256),('content_annotation',0,259,259,'en',0,256),('content_annotation',0,260,260,'en',0,256),('content_annotation',0,261,261,'en',0,256),('master_scorecard',0,262,262,'en',0,14),('master_scorecard',0,263,263,'en',0,262),('master_scorecard',0,264,264,'en',0,14),('master_scorecard',0,265,265,'en',0,264),('permissions_tags',0,266,266,'en',0,0);

--
-- Table structure for table `user__field_first_name`
--

CREATE TABLE `user__field_first_name` (
  `bundle` varchar(128) CHARACTER SET ascii NOT NULL DEFAULT '' COMMENT 'The field instance bundle to which this row belongs, used when deleting a field instance',
  `deleted` tinyint(4) NOT NULL DEFAULT 0 COMMENT 'A boolean indicating whether this data item has been deleted',
  `entity_id` int(10) unsigned NOT NULL COMMENT 'The entity id this data is attached to',
  `revision_id` int(10) unsigned NOT NULL COMMENT 'The entity revision id this data is attached to, which for an unversioned entity type is the same as the entity id',
  `langcode` varchar(32) CHARACTER SET ascii NOT NULL DEFAULT '' COMMENT 'The language code for this data item.',
  `delta` int(10) unsigned NOT NULL COMMENT 'The sequence number for this data item, used for multi-value fields',
  `field_first_name_value` varchar(255) NOT NULL,
  PRIMARY KEY (`entity_id`,`deleted`,`delta`,`langcode`),
  KEY `bundle` (`bundle`),
  KEY `revision_id` (`revision_id`)
) ENGINE=InnoDB DEFAULT CHARSET=utf8mb4 COMMENT='Data storage for user field field_first_name.';

--
-- Dumping data for table `user__field_first_name`
--

INSERT INTO `user__field_first_name` VALUES ('user',0,3,3,'en',0,'Firstname'),('user',0,12,12,'en',0,'G'),('user',0,13,13,'en',0,'George'),('user',0,14,14,'en',0,'Sofia'),('user',0,16,16,'en',0,'g'),('user',0,17,17,'en',0,'Stephanie'),('user',0,18,18,'en',0,'Stephanie'),('user',0,19,19,'en',0,'John'),('user',0,21,21,'en',0,'Dane'),('user',0,22,22,'en',0,'Carlos'),('user',0,23,23,'en',0,'Deborah'),('user',0,24,24,'en',0,'Francoise'),('user',0,25,25,'en',0,'Anna'),('user',0,26,26,'en',0,'Nicolas'),('user',0,27,27,'en',0,'Carla'),('user',0,28,28,'en',0,'Juliette'),('user',0,29,29,'en',0,'Andrea'),('user',0,30,30,'en',0,'Valentina'),('user',0,31,31,'en',0,'Danilo'),('user',0,32,32,'en',0,'Elke'),('user',0,33,33,'en',0,'Michele'),('user',0,35,35,'en',0,'gabriele'),('user',0,36,36,'en',0,'Paola'),('user',0,37,37,'en',0,'Elisa'),('user',0,38,38,'en',0,'Ericka'),('user',0,39,39,'en',0,'Molinero'),('user',0,40,40,'en',0,'Luca'),('user',0,41,41,'en',0,'Giampaolo'),('user',0,45,45,'en',0,'MS Care '),('user',0,47,47,'en',0,'Angelo'),('user',0,48,48,'en',0,'Angelo'),('user',0,49,49,'en',0,'Sabrina'),('user',0,56,56,'en',0,'Florence'),('user',0,57,57,'en',0,'Florence'),('user',0,59,59,'en',0,'Graham'),('user',0,61,61,'en',0,'g'),('user',0,85,85,'en',0,'Costas'),('user',0,88,88,'en',0,'Anna');

--
-- Table structure for table `user__field_last_name`
--

CREATE TABLE `user__field_last_name` (
  `bundle` varchar(128) CHARACTER SET ascii NOT NULL DEFAULT '' COMMENT 'The field instance bundle to which this row belongs, used when deleting a field instance',
  `deleted` tinyint(4) NOT NULL DEFAULT 0 COMMENT 'A boolean indicating whether this data item has been deleted',
  `entity_id` int(10) unsigned NOT NULL COMMENT 'The entity id this data is attached to',
  `revision_id` int(10) unsigned NOT NULL COMMENT 'The entity revision id this data is attached to, which for an unversioned entity type is the same as the entity id',
  `langcode` varchar(32) CHARACTER SET ascii NOT NULL DEFAULT '' COMMENT 'The language code for this data item.',
  `delta` int(10) unsigned NOT NULL COMMENT 'The sequence number for this data item, used for multi-value fields',
  `field_last_name_value` varchar(255) NOT NULL,
  PRIMARY KEY (`entity_id`,`deleted`,`delta`,`langcode`),
  KEY `bundle` (`bundle`),
  KEY `revision_id` (`revision_id`)
) ENGINE=InnoDB DEFAULT CHARSET=utf8mb4 COMMENT='Data storage for user field field_last_name.';

--
-- Dumping data for table `user__field_last_name`
--

INSERT INTO `user__field_last_name` VALUES ('user',0,3,3,'en',0,'Lastname'),('user',0,12,12,'en',0,'S'),('user',0,13,13,'en',0,'Tsakirakis'),('user',0,14,14,'en',0,'Tsekeridou'),('user',0,16,16,'en',0,'g'),('user',0,17,17,'en',0,'Kramer'),('user',0,18,18,'en',0,'kramer'),('user',0,19,19,'en',0,'Smith'),('user',0,21,21,'en',0,'Analizy'),('user',0,22,22,'en',0,'Larrinaga'),('user',0,23,23,'en',0,'Bertorello'),('user',0,24,24,'en',0,'Van Hemelryck'),('user',0,25,25,'en',0,'Kork'),('user',0,26,26,'en',0,'Garcia'),('user',0,27,27,'en',0,'Antonini'),('user',0,28,28,'en',0,'Senn'),('user',0,29,29,'en',0,'Gavazzi'),('user',0,30,30,'en',0,'Tageo'),('user',0,31,31,'en',0,'Devigili'),('user',0,32,32,'en',0,'De Witte'),('user',0,33,33,'en',0,'Andreaus'),('user',0,35,35,'en',0,'dati'),('user',0,36,36,'en',0,'Zaratin'),('user',0,37,37,'en',0,'Maninfior'),('user',0,38,38,'en',0,'Costa'),('user',0,39,39,'en',0,'Sara'),('user',0,40,40,'en',0,'Molinari'),('user',0,41,41,'en',0,'Brichetto'),('user',0,45,45,'en',0,'Unit'),('user',0,47,47,'en',0,'Ghezzi'),('user',0,48,48,'en',0,'Ghezzi'),('user',0,49,49,'en',0,'Liberalato'),('user',0,56,56,'en',0,'van Steenbrugghe'),('user',0,57,57,'en',0,'van Steenbrugghe'),('user',0,59,59,'en',0,'McReynolds'),('user',0,61,61,'en',0,'r'),('user',0,85,85,'en',0,'Vassilakis'),('user',0,88,88,'en',0,'Mimi');

--
-- Table structure for table `user__roles`
--

CREATE TABLE `user__roles` (
  `bundle` varchar(128) CHARACTER SET ascii NOT NULL DEFAULT '' COMMENT 'The field instance bundle to which this row belongs, used when deleting a field instance',
  `deleted` tinyint(4) NOT NULL DEFAULT 0 COMMENT 'A boolean indicating whether this data item has been deleted',
  `entity_id` int(10) unsigned NOT NULL COMMENT 'The entity id this data is attached to',
  `revision_id` int(10) unsigned NOT NULL COMMENT 'The entity revision id this data is attached to, which for an unversioned entity type is the same as the entity id',
  `langcode` varchar(32) CHARACTER SET ascii NOT NULL DEFAULT '' COMMENT 'The language code for this data item.',
  `delta` int(10) unsigned NOT NULL COMMENT 'The sequence number for this data item, used for multi-value fields',
  `roles_target_id` varchar(255) CHARACTER SET ascii NOT NULL COMMENT 'The ID of the target entity.',
  PRIMARY KEY (`entity_id`,`deleted`,`delta`,`langcode`),
  KEY `bundle` (`bundle`),
  KEY `revision_id` (`revision_id`),
  KEY `roles_target_id` (`roles_target_id`)
) ENGINE=InnoDB DEFAULT CHARSET=utf8mb4 COMMENT='Data storage for user field roles.';

--
-- Dumping data for table `user__roles`
--

INSERT INTO `user__roles` VALUES ('user',0,1,1,'en',0,'administrator'),('user',0,3,3,'en',0,'author'),('user',0,19,19,'en',0,'author'),('user',0,26,26,'en',0,'author'),('user',0,30,30,'en',0,'author'),('user',0,33,33,'en',0,'author'),('user',0,85,85,'en',0,'webform_admin'),('user',0,88,88,'en',0,'webform_admin');

--
-- Table structure for table `users`
--

CREATE TABLE `users` (
  `uid` int(10) unsigned NOT NULL,
  `uuid` varchar(128) CHARACTER SET ascii NOT NULL,
  `langcode` varchar(12) CHARACTER SET ascii NOT NULL,
  PRIMARY KEY (`uid`),
  UNIQUE KEY `user_field__uuid__value` (`uuid`)
) ENGINE=InnoDB DEFAULT CHARSET=utf8mb4 COMMENT='The base table for user entities.';

--
-- Dumping data for table `users`
--

INSERT INTO `users` VALUES (0,'e4ea0109-2b9c-4fce-81e6-bc1cca8f1bbe','en'),(1,'1fb8845c-f29d-440a-85e4-c95239ed7228','en'),(3,'a76cacef-c8c0-45b7-b048-7a23a6ff1380','en'),(12,'42a73c9a-6fe6-4744-ae3c-df658f0525bf','en'),(13,'4bfd52e6-de2e-4989-851b-c1956e59691c','en'),(14,'fb5262fc-50ad-4bb4-bf7c-8467f6c3ea5e','en'),(16,'164eb190-081d-480e-9f3f-e1f09a7c3faf','en'),(17,'22eef1ac-4d06-47c0-9901-48a95cf283e0','en'),(18,'47190dce-17c5-485b-943c-a1805e141286','en'),(19,'6bdb7d5a-e922-4377-abdd-3bdb3aec1e3d','en'),(21,'00b4a47d-61ab-471a-ac25-4c17e16cef91','en'),(22,'4b916cb9-f253-4478-a327-392d3532aa1c','en'),(23,'2bfdedb9-5803-47cf-b9ff-c9689a2c9308','en'),(24,'42604682-4417-4f1b-83b7-b05aa2499bdc','en'),(25,'097da748-7a1f-4b4d-b0b3-6551ffb6995f','en'),(26,'dce1ab03-092c-4a9a-9e2c-3c031bc2ca95','en'),(27,'a91b727c-80a7-4f1e-8005-936840c93ebe','en'),(28,'46f94291-ccae-4704-9924-7bfe38cb78b2','en'),(29,'036f2739-d644-4681-9ae2-16fcf3f5b39f','en'),(30,'25ebd04e-4370-41ea-9e85-8bdecb223f3f','en'),(31,'faa76599-bdfe-418b-b245-c31c39d84d4a','en'),(32,'342d136d-eea5-4854-abce-82450a36f88b','en'),(33,'235b2d50-5bb7-4105-87a5-08e829f2c3ba','en'),(35,'6a7a9d20-38fe-4dd6-9cee-89efb914e777','en'),(36,'f4aa571f-c51f-48a1-8a1f-0afd0c9f939c','en'),(37,'f4067fd3-ed27-4d13-84c5-62b534debfd5','en'),(38,'28085c84-679c-4d39-b571-0b29eb36b8a3','en'),(39,'fc44df54-d424-4c59-811d-c910b9777c25','en'),(40,'bbf7589d-10c0-4700-b43d-ff58343f00b1','en'),(41,'4d706005-f3ca-4651-a06e-e9479d2202af','en'),(45,'ced7d118-4717-47fb-ad1d-4f7fc30f6486','en'),(47,'925fc10e-cd24-4889-a2dc-f26527e62867','en'),(48,'ade71b5c-2d21-468c-ac4c-1b26bdd88892','en'),(49,'d0b6a906-65db-4625-951d-5200f6eb974d','en'),(56,'56a11386-142c-404f-8be3-da5bc874077e','en'),(57,'8f00ac47-45db-4812-b97a-b3d94f6617ba','en'),(59,'c10d334d-5d99-49f9-9b0f-573d30dbbcaa','en'),(61,'a02b7083-fb0b-46eb-accf-84c29f9d973a','en'),(85,'893f3c7b-9841-45cb-a1f4-42bb682b53de','en'),(88,'436705cd-ab69-406a-9574-36cd1d154847','en');

--
-- Table structure for table `users_data`
--

CREATE TABLE `users_data` (
  `uid` int(10) unsigned NOT NULL DEFAULT 0 COMMENT 'The users.uid this record affects.',
  `module` varchar(50) CHARACTER SET ascii NOT NULL DEFAULT '' COMMENT 'The name of the module declaring the variable.',
  `name` varchar(128) CHARACTER SET ascii NOT NULL DEFAULT '' COMMENT 'The identifier of the data.',
  `value` longblob DEFAULT NULL COMMENT 'The value.',
  `serialized` tinyint(3) unsigned DEFAULT 0 COMMENT 'Whether value is serialized.',
  PRIMARY KEY (`uid`,`module`,`name`),
  KEY `module` (`module`),
  KEY `name` (`name`)
) ENGINE=InnoDB DEFAULT CHARSET=utf8mb4 COMMENT='Stores module data as key/value pairs per user.';

--
-- Dumping data for table `users_data`
--

INSERT INTO `users_data` VALUES (1,'contact','enabled','1',0),(1,'webform_ui','element_type_preview','1',0),(3,'contact','enabled','1',0),(12,'contact','enabled','1',0),(13,'contact','enabled','1',0),(14,'contact','enabled','1',0),(16,'contact','enabled','1',0),(17,'contact','enabled','1',0),(18,'contact','enabled','1',0),(19,'contact','enabled','1',0),(21,'contact','enabled','1',0),(22,'contact','enabled','1',0),(23,'contact','enabled','1',0),(24,'contact','enabled','1',0),(25,'contact','enabled','1',0),(26,'contact','enabled','1',0),(27,'contact','enabled','1',0),(28,'contact','enabled','1',0),(29,'contact','enabled','1',0),(30,'contact','enabled','1',0),(31,'contact','enabled','1',0),(32,'contact','enabled','1',0),(33,'contact','enabled','1',0),(35,'contact','enabled','1',0),(36,'contact','enabled','1',0),(37,'contact','enabled','1',0),(38,'contact','enabled','1',0),(39,'contact','enabled','1',0),(40,'contact','enabled','1',0),(41,'contact','enabled','1',0),(45,'contact','enabled','1',0),(47,'contact','enabled','1',0),(48,'contact','enabled','1',0),(49,'contact','enabled','1',0),(56,'contact','enabled','1',0),(57,'contact','enabled','1',0),(59,'contact','enabled','1',0),(61,'contact','enabled','1',0),(85,'contact','enabled','1',0),(88,'contact','enabled','1',0);

--
-- Table structure for table `users_field_data`
--

CREATE TABLE `users_field_data` (
  `uid` int(10) unsigned NOT NULL,
  `langcode` varchar(12) CHARACTER SET ascii NOT NULL,
  `preferred_langcode` varchar(12) CHARACTER SET ascii DEFAULT NULL,
  `preferred_admin_langcode` varchar(12) CHARACTER SET ascii DEFAULT NULL,
  `name` varchar(60) NOT NULL,
  `pass` varchar(255) DEFAULT NULL,
  `mail` varchar(254) DEFAULT NULL,
  `timezone` varchar(32) DEFAULT NULL,
  `status` tinyint(4) DEFAULT NULL,
  `created` int(11) NOT NULL,
  `changed` int(11) DEFAULT NULL,
  `access` int(11) NOT NULL,
  `login` int(11) DEFAULT NULL,
  `init` varchar(254) DEFAULT NULL,
  `default_langcode` tinyint(4) NOT NULL,
  `revision_log_settings` longtext DEFAULT NULL,
  PRIMARY KEY (`uid`,`langcode`),
  UNIQUE KEY `user__name` (`name`,`langcode`),
  KEY `user__id__default_langcode__langcode` (`uid`,`default_langcode`,`langcode`),
  KEY `user_field__mail` (`mail`(191)),
  KEY `user_field__created` (`created`),
  KEY `user_field__access` (`access`)
) ENGINE=InnoDB DEFAULT CHARSET=utf8mb4 COMMENT='The data table for user entities.';

--
-- Dumping data for table `users_field_data`
--

INSERT INTO `users_field_data` VALUES (0,'en','en',NULL,'',NULL,NULL,'',0,1569920843,1569920843,0,0,NULL,1,NULL),(1,'en','en',NULL,'admin','$S$E1vXMd9W3Q9UgpKNq5hQm6ZCVAgtL7d8e22J3qtyuSOsc07m1HKl','george.tsakirakis@intrasoft-intl.com','Europe/Athens',1,1569920843,1569927241,1602234093,1602146949,'george.tsakirakis@intrasoft-intl.com',1,NULL),(3,'en','en','en','Author','$S$E3GZfl2dB9pmlNiBJA9.BgydZ6SrH5THxrcJffcdKyl84KMc5Xhq','mrtarantilis@gmail.com','Europe/Athens',1,1570519415,1570697416,1576742354,1576742354,'mrtarantilis@gmail.com',1,NULL),(12,'en','en','en','geostam','$S$EtQl3WtNji/lNWjf3kenc4NZjsd4YvP.STs6pgKcptlG0W7g5rw2','geostam@windowslive.com','Europe/Athens',1,1570704040,1570704119,1601044120,1574282975,'geostam@windowslive.com',1,NULL),(13,'en','en','en','gtsa2','$S$EN/VfnQkEZPwMFqH9cGeoawCC/ypRV58UFaeBRnkCj6TYhZg0chb','gtsa@freemail.gr','Europe/Athens',1,1570719849,1570719912,1601044675,1572516663,'gtsa@freemail.gr',1,NULL),(14,'en','en','en','stsekeridou','$S$ELH2si8Rx.95Vvx9UgiqsX9tDP5U1/MPn8w0pbUatg2rVLsKbuKu','sofia.tsekeridou@intrasoft-intl.com','Europe/Athens',1,1571041180,1571041361,1593523168,1593523168,'sofia.tsekeridou@intrasoft-intl.com',1,NULL),(16,'en','en','en','gtsa21','$S$EnF4z6/bNE1/KEHkxAo0FM7Y6Pwt.18tjVOQUqnbKPYLXopvtJOQ','george.tsakirakis5@gmail.com','Europe/Athens',1,1571667243,1571667243,0,0,'george.tsakirakis5@gmail.com',1,NULL),(17,'en','en','en','EBC','$S$EnB2r/ElmcUx2zPDroOTZQwjnYpg0H5boXOyV9oKVtnUm0XV7MRD','projects@braincouncil.eu','Europe/Athens',1,1572513582,1572513582,0,0,'projects@braincouncil.eu',1,NULL),(18,'en','en','en','EBC-2019','$S$Eg8hWbmG8MvEs3LEPUs3OEUzeQzHQBSqUx9AqhXTqFtRFPs2qDwe','stkr@braincouncil.eu','Europe/Athens',1,1572513668,1572513668,0,0,'stkr@braincouncil.eu',1,NULL),(19,'en','en','en','john21','$S$E1vXMd9W3Q9UgpKNq5hQm6ZCVAgtL7d8e22J3qtyuSOsc07m1HKl','john.smith@somewhere.com','Europe/Athens',1,1572520975,1582557400,1599576154,1599576154,'phonedutch@gmail.com',1,NULL),(21,'en','en','en','Dane_i_Analizy','$S$EXExWYBSCY5yqN1KPOjzqIut6.lYyTikh9S81dxhivS9uqTjBe11','multiact@dane-i-analizy.pl','Europe/Athens',1,1576230016,1576231256,1595427763,1595191797,'multiact@dane-i-analizy.pl',1,NULL),(22,'en','en','en','carlos.larrinaga@ubu.es','$S$EV7cvLYgEi8bhHduVQfHj7hdiRYHZvS4ag0cg0IQWmuUNd3hPmQ6','carlos.larrinaga@ubu.es','Europe/Athens',1,1576234662,1591112140,1591176537,1591112088,'carlos.larrinaga@ubu.es',1,NULL),(23,'en','en','en','DBertorello','$S$E3vLh/aVZjJIsne7aw0CEWzR36IX/w7JA0AJD1x4fr.aRYdN2le9','deborah.bertorello@aism.it','Europe/Athens',1,1576248509,1598971696,1598971681,1598971681,'deborah.bertorello@aism.it',1,NULL),(24,'en','en','en','frvh@braincouncil.eu','$S$EbL85d/6p8T2UZpj3qOjVy0LunJ7L0/RP5tgo9QP3CC7iMUU5uSq','frvh@braincouncil.eu','Europe/Athens',1,1576483550,1576483727,1599557895,1599138018,'frvh@braincouncil.eu',1,NULL),(25,'en','en','en','a146744','$S$EF7JZ1V5FQYMVgrMW4pIbk7udg8cxP6P757uTjvq/Y4zgep5vgmn','anna.kork@tuni.fi','Europe/Athens',1,1576483737,1576483785,1587118081,1587118081,'anna.kork@tuni.fi',1,NULL),(26,'en','en','en','ngtorea','$S$EO3bQirPGJxjkB/bTDxGz6Pl.f79q/8JW44GmkB62v5Tb8PlQpJL','ngtorea@ubu.es','Europe/Athens',1,1576567144,1576742485,1593787548,1592387613,'ngtorea@ubu.es',1,NULL),(27,'en','en','en','carla.antonini','$S$ELOjWYqZhVJJzO4oseKwf.Mq3QkBA4gdYRvGj4yiKOZD7zq6XX2a','carla.antonini@gmail.com','Europe/Athens',1,1576572851,1576573877,1591770989,1591770989,'carla.antonini@gmail.com',1,NULL),(28,'en','en','en','Jsenn','$S$E6aUwJhYGplf.EQoYynymnt.KrFG6sMGSDof7uoAw37roKT7H0xo','jsenn@ubu.es','Europe/Athens',1,1576575142,1579077960,1579511530,1579511340,'jsenn@ubu.es',1,NULL),(29,'en','en','en','Andrea Gavazzi','$S$ETzLi4Q4cznI73ONHZ57uDMoIkyAd6W5ZsqyU54lCsc7FQHNaxp6','andrea.gavazzi@it.ey.com','Europe/Athens',1,1576580721,1580479163,1580481123,1580479149,'andrea.gavazzi@it.ey.com',1,NULL),(30,'en','en','en','valentina','$S$ErczbzskeixASfEWTgrDw329NJmrclpzyScztpvralxjcqnnx/wU','tageo.multi-act@aism.it','Europe/Athens',1,1576581159,1576747000,1576581948,1576581178,'tageo.multi-act@aism.it',1,NULL),(31,'en','en','en','Danilo@','$S$Emq3bzIEeuB5EGH0roPXhDkZ0FbmYcLuAMULgeSPqEzzRcY6Wwk8','danilo.devigili@collectibus.it','Europe/Athens',1,1576581352,1576581481,1593492444,1593492444,'danilo.devigili@collectibus.it',1,NULL),(32,'en','en','en','ElkeEBC','$S$EVr0X1PvF6MJ3KLVyAe2gZpUzYtKsx4E0D3MTjADFksofquIwgJJ','eldw@braincouncil.eu','Europe/Athens',1,1576581777,1576581855,1576583129,1576581797,'eldw@braincouncil.eu',1,NULL),(33,'en','en','en','Michele','$S$ESZeQYOc8aaZd9pyJjRbcZbAsoZ3HYQ2/Dhlm3zrd42UrIkE/Q0j','michele.andreaus@unitn.it','Europe/Athens',1,1576766843,1576767459,1601046864,1591165918,'michele.andreaus@unitn.it',1,NULL),(35,'en','en','en','gabriele.dati','$S$EZGAwPhLuNm8iXT88QuJEd4vWODZRIDQ7JUhHfAalKQXdlauV4mL','gabriele.dati@aism.it','Europe/Athens',1,1578489665,1578489774,1578489719,1578489719,'gabriele.dati@aism.it',1,NULL),(36,'en','en','en','pzaratin','$S$EfX.A2otSNWP37BAW9lfnYouu3usmRnCnxpWY3ALFO1B2/YlFjvI','paola.zaratin@aism.it','Europe/Athens',1,1578490632,1598107876,1598108089,1598108089,'paola.zaratin@aism.it',1,NULL),(37,'en','en','en','elisa.maninfior','$S$EmFJmQDVkfIpM9o.Cm8huoqns7RhFOjwr9KWaSIn9b9mrRGtCrU4','elisa.maninfior@unitn.it','Europe/Athens',1,1578570446,1578570521,1578903506,1578732017,'elisa.maninfior@unitn.it',1,NULL),(38,'en','en','en','ericka.costa','$S$E3qJKPc3xVXU4NaSAG0bvIsS9l1tQRMA4TodNeUvg1kQtuUJCFRd','ericka.costa@unitn.it','Europe/Athens',1,1578652215,1578652256,1578775719,1578652237,'ericka.costa@unitn.it',1,NULL),(39,'en','en','en','Sara','$S$EzesSooGldb80/WqWWiOxcxef9bUYFZSkNG3o4TvYrAEOQP8Qj9O','smolinero@ubu.es','Europe/Athens',1,1578994527,1578994643,1582795865,1582789780,'smolinero@ubu.es',1,NULL),(40,'en','en','en','luca.molinari@it.ey.com','$S$E/0jL64RAs27igOIk85y7Lz2OZc6MYHtsEq.qMvFAOsFrOrKlua.','luca.molinari@it.ey.com','Europe/Athens',1,1580308588,1580308644,1580480350,1580308686,'luca.molinari@it.ey.com',1,NULL),(41,'en','en','en','giampaolo.brichetto@aism.it','$S$E7CkPtyenjaBhYRrDzRqnCIwmlyAXwHlLy09w/2biQ77JgVezFq.','giampaolo.brichetto@aism.it','Europe/Athens',1,1580889481,1580889511,1580889683,1580889617,'giampaolo.brichetto@aism.it',1,NULL),(45,'en','en','en','mscareunit','$S$EfZIwQqb.kuujckHZAz4K4m/7hL0HzpvRpZd8XMNqPHugQKC2jsN','mscareunit@multiacttb.com','Europe/Athens',1,1581513458,1581513458,1593168770,1592999851,'mscareunit@multiacttb.com',1,NULL),(47,'en','en','en','angelo@51','$S$ElxjNEfErYcf/musys.1IxXJtcVvcFRULWaTus30JJXNWn7r1nUO','angelo.ghezzi@asst-valleolona.it','Europe/Athens',1,1582704694,1582704694,0,0,'angelo.ghezzi@asst-valleolona.it',1,NULL),(48,'en','en','en','ghezzi@51','$S$ERgc7U9JB7XpAQazgsb3BGZnjJRS.njKRTPhjZyCEdU5B6adAyOH','ghezzangelo@gmai.com','Europe/Athens',1,1582707617,1582707617,0,0,'ghezzangelo@gmai.com',1,NULL),(49,'en','en','en','Sabrina','$S$EXtQ0a0nr4nlJaRA2Hl0V/Y7S.GDguqiabLe00rwbTGoFRl8IJ0s','Sabrina.liberalato@it.ey.com','Europe/Athens',1,1585041360,1585041416,1585128159,1585041394,'Sabrina.liberalato@it.ey.com',1,NULL),(56,'en','en','en','van Steenbrugghe','$S$E/kXHXul3fb3C9GQG9MMklqXlf2xD0fH9wVsJtV33C40ua09c908','florence.vansteen@gmail.com','Europe/Athens',1,1593522184,1594211158,1594211090,1594211090,'florence.vansteen@gmail.com',1,NULL),(57,'en','en','en','vansteen','$S$EQPf0fdmkH6P.UVVdb4agUmMv2O.avXWbCUHhzf2mgeJZ/9q1814','florence.vansteenbrugghe@sfr.fr','Europe/Athens',1,1593522272,1593522272,0,0,'florence.vansteenbrugghe@sfr.fr',1,NULL),(59,'en','en','en','grahammcreynolds','$S$ERwHNQh18qOL1IZUsABTsacXCHo6rLozJkwPUThKGN.piTk.6.3d','graham.mcreynolds@nmss.org','Europe/Athens',1,1598468289,1598468407,1598558268,1598468331,'graham.mcreynolds@nmss.org',1,NULL),(61,'en','en','en','GtsaSmtpTest','$S$EqrjjCAiW0m0OwMY00v1IhrVDCQEwa.eSoAJqklWCr7gcHF8J21X','gtsa@noc.ntua.gr','Europe/Athens',1,1598524250,1598524250,0,0,'gtsa@noc.ntua.gr',1,NULL),(85,'en','en','en','Costas','$S$EWQfsyMLqZrqhs3R78jUbS.9O9aSkxC4N7UX0jvj0.8dJdIFxdm7','costas.vassilakis@gmail.com','Europe/Athens',1,1601041764,1601041764,1601383328,1601041796,'costas.vassilakis@gmail.com',1,NULL),(88,'en','en','en','amimi','$S$EnwrFf1DVj2MjU9tV04pwPp.GBXTIOl/9RqOg0bOj23hv8gMdx63','amimi@open.gr','Europe/Athens',1,1601368441,1601369201,1602147466,1601471271,'amimi@open.gr',1,NULL);

--
-- Table structure for table `watchdog`
--

CREATE TABLE `watchdog` (
  `wid` int(11) NOT NULL AUTO_INCREMENT COMMENT 'Primary Key: Unique watchdog event ID.',
  `uid` int(10) unsigned NOT NULL DEFAULT 0 COMMENT 'The users.uid of the user who triggered the event.',
  `type` varchar(64) CHARACTER SET ascii NOT NULL DEFAULT '' COMMENT 'Type of log message, for example "user" or "page not found."',
  `message` longtext NOT NULL COMMENT 'Text of log message to be passed into the t() function.',
  `variables` longblob NOT NULL COMMENT 'Serialized array of variables that match the message string and that is passed into the t() function.',
  `severity` tinyint(3) unsigned NOT NULL DEFAULT 0 COMMENT 'The severity level of the event. ranges from 0 (Emergency) to 7 (Debug)',
  `link` text DEFAULT NULL COMMENT 'Link to view the result of the event.',
  `location` text NOT NULL COMMENT 'URL of the origin of the event.',
  `referer` text DEFAULT NULL COMMENT 'URL of referring page.',
  `hostname` varchar(128) CHARACTER SET ascii NOT NULL DEFAULT '' COMMENT 'Hostname of the user who triggered the event.',
  `timestamp` int(11) NOT NULL DEFAULT 0 COMMENT 'Unix timestamp of when event occurred.',
  PRIMARY KEY (`wid`),
  KEY `type` (`type`),
  KEY `uid` (`uid`),
  KEY `severity` (`severity`)
) ENGINE=InnoDB AUTO_INCREMENT=29974 DEFAULT CHARSET=utf8mb4 COMMENT='Table that contains logs of all system events.';

--
-- Dumping data for table `watchdog`
--

INSERT INTO `watchdog` VALUES (28951,1,'php','%type: @message in %function (line %line of %file) @backtrace_string.','a:6:{s:5:\"%type\";s:7:\"Warning\";s:8:\"@message\";O:25:\"Drupal\\Core\\Render\\Markup\":1:{s:9:\"\0*\0string\";s:39:\"Invalid argument supplied for foreach()\";}s:9:\"%function\";s:74:\"Drupal\\ma_handlers\\Plugin\\WebformHandler\\MailReminderHandler->submitForm()\";s:5:\"%file\";s:99:\"/home/sites/mscare/web/modules/custom/ma_handlers/src/Plugin/WebformHandler/MailReminderHandler.php\";s:5:\"%line\";i:63;s:17:\"@backtrace_string\";s:10512:\"#0 /home/sites/mscare/web/core/includes/bootstrap.inc(600): _drupal_error_handler_real(2, \'Invalid argumen...\', \'/home/sites/msc...\', 63, Array)\n#1 /home/sites/mscare/web/modules/custom/ma_handlers/src/Plugin/WebformHandler/MailReminderHandler.php(63): _drupal_error_handler(2, \'Invalid argumen...\', \'/home/sites/msc...\', 63, Array)\n#2 /home/sites/mscare/web/modules/contrib/webform/src/Entity/Webform.php(2616): Drupal\\ma_handlers\\Plugin\\WebformHandler\\MailReminderHandler->submitForm(Array, Object(Drupal\\Core\\Form\\FormState), Object(Drupal\\webform\\Entity\\WebformSubmission))\n#3 /home/sites/mscare/web/modules/contrib/webform/src/WebformSubmissionForm.php(1843): Drupal\\webform\\Entity\\Webform->invokeHandlers(\'submitForm\', Array, Object(Drupal\\Core\\Form\\FormState), Object(Drupal\\webform\\Entity\\WebformSubmission))\n#4 [internal function]: Drupal\\webform\\WebformSubmissionForm->submitForm(Array, Object(Drupal\\Core\\Form\\FormState))\n#5 /home/sites/mscare/web/core/lib/Drupal/Core/Form/FormSubmitter.php(114): call_user_func_array(Array, Array)\n#6 /home/sites/mscare/web/core/lib/Drupal/Core/Form/FormSubmitter.php(52): Drupal\\Core\\Form\\FormSubmitter->executeSubmitHandlers(Array, Object(Drupal\\Core\\Form\\FormState))\n#7 /home/sites/mscare/web/core/lib/Drupal/Core/Form/FormBuilder.php(593): Drupal\\Core\\Form\\FormSubmitter->doSubmitForm(Array, Object(Drupal\\Core\\Form\\FormState))\n#8 /home/sites/mscare/web/core/lib/Drupal/Core/Form/FormBuilder.php(321): Drupal\\Core\\Form\\FormBuilder->processForm(\'webform_submiss...\', Array, Object(Drupal\\Core\\Form\\FormState))\n#9 /home/sites/mscare/web/core/lib/Drupal/Core/Entity/EntityFormBuilder.php(61): Drupal\\Core\\Form\\FormBuilder->buildForm(Object(Drupal\\webform\\WebformSubmissionForm), Object(Drupal\\Core\\Form\\FormState))\n#10 /home/sites/mscare/web/modules/contrib/webform/src/Entity/Webform.php(1193): Drupal\\Core\\Entity\\EntityFormBuilder->getForm(Object(Drupal\\webform\\Entity\\WebformSubmission), \'add\')\n#11 /home/sites/mscare/web/modules/contrib/webform/src/Element/Webform.php(78): Drupal\\webform\\Entity\\Webform->getSubmissionForm(Array)\n#12 [internal function]: Drupal\\webform\\Element\\Webform::preRenderWebformElement(Array)\n#13 /home/sites/mscare/web/core/lib/Drupal/Core/Security/DoTrustedCallbackTrait.php(100): call_user_func_array(Array, Array)\n#14 /home/sites/mscare/web/core/lib/Drupal/Core/Render/Renderer.php(781): Drupal\\Core\\Render\\Renderer->doTrustedCallback(Array, Array, \'Render #pre_ren...\', \'silenced_deprec...\', \'Drupal\\\\Core\\\\Ren...\')\n#15 /home/sites/mscare/web/core/lib/Drupal/Core/Render/Renderer.php(372): Drupal\\Core\\Render\\Renderer->doCallback(\'#pre_render\', Array, Array)\n#16 /home/sites/mscare/web/core/lib/Drupal/Core/Render/Renderer.php(200): Drupal\\Core\\Render\\Renderer->doRender(Array, false)\n#17 /home/sites/mscare/web/core/lib/Drupal/Core/Template/TwigExtension.php(501): Drupal\\Core\\Render\\Renderer->render(Array)\n#18 /home/sites/mscare/web/sites/default/files/php/twig/5f6e123f14923_block.html.twig_Nk3ADGmD6577FPjExdzeXMxT4/b3i9M67dpif7pL6tU1cwilZYEU7ZCsTRyooioOiMFWU.php(101): Drupal\\Core\\Template\\TwigExtension->escapeFilter(Object(Drupal\\Core\\Template\\TwigEnvironment), Array, \'html\', NULL, true)\n#19 /home/sites/mscare/vendor/twig/twig/src/Template.php(214): __TwigTemplate_5091a0d8f0ef8b286c27524f1cf433c7bb7dec63549fb60634c9387d354e1f98->block_content(Array, Array)\n#20 /home/sites/mscare/web/sites/default/files/php/twig/5f6e123f14923_block.html.twig_Nk3ADGmD6577FPjExdzeXMxT4/b3i9M67dpif7pL6tU1cwilZYEU7ZCsTRyooioOiMFWU.php(86): Twig\\Template->displayBlock(\'content\', Array, Array)\n#21 /home/sites/mscare/vendor/twig/twig/src/Template.php(453): __TwigTemplate_5091a0d8f0ef8b286c27524f1cf433c7bb7dec63549fb60634c9387d354e1f98->doDisplay(Array, Array)\n#22 /home/sites/mscare/vendor/twig/twig/src/Template.php(420): Twig\\Template->displayWithErrorHandling(Array, Array)\n#23 /home/sites/mscare/vendor/twig/twig/src/Template.php(432): Twig\\Template->display(Array)\n#24 /home/sites/mscare/web/core/themes/engines/twig/twig.engine(64): Twig\\Template->render(Array)\n#25 /home/sites/mscare/web/core/lib/Drupal/Core/Theme/ThemeManager.php(384): twig_render_template(\'themes/contrib/...\', Array)\n#26 /home/sites/mscare/web/core/lib/Drupal/Core/Render/Renderer.php(431): Drupal\\Core\\Theme\\ThemeManager->render(\'block\', Array)\n#27 /home/sites/mscare/web/core/lib/Drupal/Core/Render/Renderer.php(444): Drupal\\Core\\Render\\Renderer->doRender(Array)\n#28 /home/sites/mscare/web/core/lib/Drupal/Core/Render/Renderer.php(200): Drupal\\Core\\Render\\Renderer->doRender(Array, false)\n#29 /home/sites/mscare/web/core/lib/Drupal/Core/Template/TwigExtension.php(501): Drupal\\Core\\Render\\Renderer->render(Array)\n#30 /home/sites/mscare/web/sites/default/files/php/twig/5f6e123f14923_page.html.twig_4ox8-P5MHIxgqBYbfb3a3CTbA/UffxqoO7_rs7GFpBYdf7sExJ9kjKWzTYquMLr7ZSbKc.php(681): Drupal\\Core\\Template\\TwigExtension->escapeFilter(Object(Drupal\\Core\\Template\\TwigEnvironment), Array, \'html\', NULL, true)\n#31 /home/sites/mscare/vendor/twig/twig/src/Template.php(453): __TwigTemplate_5e0df418b56ee94b19b45c345522aa482f0ec073a7057983d5cf5340a1d66973->doDisplay(Array, Array)\n#32 /home/sites/mscare/vendor/twig/twig/src/Template.php(420): Twig\\Template->displayWithErrorHandling(Array, Array)\n#33 /home/sites/mscare/vendor/twig/twig/src/Template.php(432): Twig\\Template->display(Array)\n#34 /home/sites/mscare/web/core/themes/engines/twig/twig.engine(64): Twig\\Template->render(Array)\n#35 /home/sites/mscare/web/core/lib/Drupal/Core/Theme/ThemeManager.php(384): twig_render_template(\'themes/contrib/...\', Array)\n#36 /home/sites/mscare/web/core/lib/Drupal/Core/Render/Renderer.php(431): Drupal\\Core\\Theme\\ThemeManager->render(\'page\', Array)\n#37 /home/sites/mscare/web/core/lib/Drupal/Core/Render/Renderer.php(200): Drupal\\Core\\Render\\Renderer->doRender(Array, false)\n#38 /home/sites/mscare/web/core/lib/Drupal/Core/Template/TwigExtension.php(501): Drupal\\Core\\Render\\Renderer->render(Array)\n#39 /home/sites/mscare/web/sites/default/files/php/twig/5f6e123f14923_html.html.twig_GESAq2dKb9BUD92Q77xHkU4bQ/fSHO668xsSFx26F2IBohjW7qFALVDedYA6CyUEHKPqE.php(102): Drupal\\Core\\Template\\TwigExtension->escapeFilter(Object(Drupal\\Core\\Template\\TwigEnvironment), Array, \'html\', NULL, true)\n#40 /home/sites/mscare/vendor/twig/twig/src/Template.php(453): __TwigTemplate_df4712f18857557a4d3b981d2f5e5289601677673aff5b6804b5dea6df9da3c1->doDisplay(Array, Array)\n#41 /home/sites/mscare/vendor/twig/twig/src/Template.php(420): Twig\\Template->displayWithErrorHandling(Array, Array)\n#42 /home/sites/mscare/vendor/twig/twig/src/Template.php(432): Twig\\Template->display(Array)\n#43 /home/sites/mscare/web/core/themes/engines/twig/twig.engine(64): Twig\\Template->render(Array)\n#44 /home/sites/mscare/web/core/lib/Drupal/Core/Theme/ThemeManager.php(384): twig_render_template(\'core/themes/cla...\', Array)\n#45 /home/sites/mscare/web/core/lib/Drupal/Core/Render/Renderer.php(431): Drupal\\Core\\Theme\\ThemeManager->render(\'html\', Array)\n#46 /home/sites/mscare/web/core/lib/Drupal/Core/Render/Renderer.php(200): Drupal\\Core\\Render\\Renderer->doRender(Array, false)\n#47 /home/sites/mscare/web/core/lib/Drupal/Core/Render/MainContent/HtmlRenderer.php(147): Drupal\\Core\\Render\\Renderer->render(Array)\n#48 /home/sites/mscare/web/core/lib/Drupal/Core/Render/Renderer.php(573): Drupal\\Core\\Render\\MainContent\\HtmlRenderer->Drupal\\Core\\Render\\MainContent\\{closure}()\n#49 /home/sites/mscare/web/core/lib/Drupal/Core/Render/MainContent/HtmlRenderer.php(148): Drupal\\Core\\Render\\Renderer->executeInRenderContext(Object(Drupal\\Core\\Render\\RenderContext), Object(Closure))\n#50 /home/sites/mscare/web/core/lib/Drupal/Core/EventSubscriber/MainContentViewSubscriber.php(90): Drupal\\Core\\Render\\MainContent\\HtmlRenderer->renderResponse(Array, Object(Symfony\\Component\\HttpFoundation\\Request), Object(Drupal\\Core\\Routing\\CurrentRouteMatch))\n#51 [internal function]: Drupal\\Core\\EventSubscriber\\MainContentViewSubscriber->onViewRenderArray(Object(Symfony\\Component\\HttpKernel\\Event\\GetResponseForControllerResultEvent), \'kernel.view\', Object(Drupal\\Component\\EventDispatcher\\ContainerAwareEventDispatcher))\n#52 /home/sites/mscare/web/core/lib/Drupal/Component/EventDispatcher/ContainerAwareEventDispatcher.php(111): call_user_func(Array, Object(Symfony\\Component\\HttpKernel\\Event\\GetResponseForControllerResultEvent), \'kernel.view\', Object(Drupal\\Component\\EventDispatcher\\ContainerAwareEventDispatcher))\n#53 /home/sites/mscare/vendor/symfony/http-kernel/HttpKernel.php(156): Drupal\\Component\\EventDispatcher\\ContainerAwareEventDispatcher->dispatch(\'kernel.view\', Object(Symfony\\Component\\HttpKernel\\Event\\GetResponseForControllerResultEvent))\n#54 /home/sites/mscare/vendor/symfony/http-kernel/HttpKernel.php(68): Symfony\\Component\\HttpKernel\\HttpKernel->handleRaw(Object(Symfony\\Component\\HttpFoundation\\Request), 1)\n#55 /home/sites/mscare/web/core/lib/Drupal/Core/StackMiddleware/Session.php(57): Symfony\\Component\\HttpKernel\\HttpKernel->handle(Object(Symfony\\Component\\HttpFoundation\\Request), 1, true)\n#56 /home/sites/mscare/web/core/lib/Drupal/Core/StackMiddleware/KernelPreHandle.php(47): Drupal\\Core\\StackMiddleware\\Session->handle(Object(Symfony\\Component\\HttpFoundation\\Request), 1, true)\n#57 /home/sites/mscare/web/core/modules/page_cache/src/StackMiddleware/PageCache.php(106): Drupal\\Core\\StackMiddleware\\KernelPreHandle->handle(Object(Symfony\\Component\\HttpFoundation\\Request), 1, true)\n#58 /home/sites/mscare/web/core/modules/page_cache/src/StackMiddleware/PageCache.php(85): Drupal\\page_cache\\StackMiddleware\\PageCache->pass(Object(Symfony\\Component\\HttpFoundation\\Request), 1, true)\n#59 /home/sites/mscare/web/core/lib/Drupal/Core/StackMiddleware/ReverseProxyMiddleware.php(47): Drupal\\page_cache\\StackMiddleware\\PageCache->handle(Object(Symfony\\Component\\HttpFoundation\\Request), 1, true)\n#60 /home/sites/mscare/web/core/lib/Drupal/Core/StackMiddleware/NegotiationMiddleware.php(52): Drupal\\Core\\StackMiddleware\\ReverseProxyMiddleware->handle(Object(Symfony\\Component\\HttpFoundation\\Request), 1, true)\n#61 /home/sites/mscare/vendor/stack/builder/src/Stack/StackedHttpKernel.php(23): Drupal\\Core\\StackMiddleware\\NegotiationMiddleware->handle(Object(Symfony\\Component\\HttpFoundation\\Request), 1, true)\n#62 /home/sites/mscare/web/core/lib/Drupal/Core/DrupalKernel.php(708): Stack\\StackedHttpKernel->handle(Object(Symfony\\Component\\HttpFoundation\\Request), 1, true)\n#63 /home/sites/mscare/web/index.php(19): Drupal\\Core\\DrupalKernel->handle(Object(Symfony\\Component\\HttpFoundation\\Request))\n#64 {main}\";}',4,'','http://mscare.open.gr/node/594','http://mscare.open.gr/node/594','85.72.53.208',1601049165),(28952,1,'myformhandler','MyHandler got form data:','a:0:{}',4,'','http://mscare.open.gr/node/594','http://mscare.open.gr/node/594','85.72.53.208',1601049165),(28953,1,'webform','@title created.','a:2:{s:3:\"@id\";s:3:\"139\";s:6:\"@title\";s:37:\"MSCU – ECF – 2020: Submission #33\";}',5,'<a href=\"/admin/structure/webform/manage/email_reminder/submission/139/edit\" hreflang=\"en\">Edit</a>','http://mscare.open.gr/node/594','http://mscare.open.gr/node/594','85.72.53.208',1601049165),(28954,1,'php','%type: @message in %function (line %line of %file) @backtrace_string.','a:6:{s:5:\"%type\";s:6:\"Notice\";s:8:\"@message\";O:25:\"Drupal\\Core\\Render\\Markup\":1:{s:9:\"\0*\0string\";s:25:\"Undefined variable: aTmp1\";}s:9:\"%function\";s:74:\"Drupal\\ma_handlers\\Plugin\\WebformHandler\\MailReminderHandler->submitForm()\";s:5:\"%file\";s:99:\"/home/sites/mscare/web/modules/custom/ma_handlers/src/Plugin/WebformHandler/MailReminderHandler.php\";s:5:\"%line\";i:63;s:17:\"@backtrace_string\";s:10512:\"#0 /home/sites/mscare/web/core/includes/bootstrap.inc(600): _drupal_error_handler_real(8, \'Undefined varia...\', \'/home/sites/msc...\', 63, Array)\n#1 /home/sites/mscare/web/modules/custom/ma_handlers/src/Plugin/WebformHandler/MailReminderHandler.php(63): _drupal_error_handler(8, \'Undefined varia...\', \'/home/sites/msc...\', 63, Array)\n#2 /home/sites/mscare/web/modules/contrib/webform/src/Entity/Webform.php(2616): Drupal\\ma_handlers\\Plugin\\WebformHandler\\MailReminderHandler->submitForm(Array, Object(Drupal\\Core\\Form\\FormState), Object(Drupal\\webform\\Entity\\WebformSubmission))\n#3 /home/sites/mscare/web/modules/contrib/webform/src/WebformSubmissionForm.php(1843): Drupal\\webform\\Entity\\Webform->invokeHandlers(\'submitForm\', Array, Object(Drupal\\Core\\Form\\FormState), Object(Drupal\\webform\\Entity\\WebformSubmission))\n#4 [internal function]: Drupal\\webform\\WebformSubmissionForm->submitForm(Array, Object(Drupal\\Core\\Form\\FormState))\n#5 /home/sites/mscare/web/core/lib/Drupal/Core/Form/FormSubmitter.php(114): call_user_func_array(Array, Array)\n#6 /home/sites/mscare/web/core/lib/Drupal/Core/Form/FormSubmitter.php(52): Drupal\\Core\\Form\\FormSubmitter->executeSubmitHandlers(Array, Object(Drupal\\Core\\Form\\FormState))\n#7 /home/sites/mscare/web/core/lib/Drupal/Core/Form/FormBuilder.php(593): Drupal\\Core\\Form\\FormSubmitter->doSubmitForm(Array, Object(Drupal\\Core\\Form\\FormState))\n#8 /home/sites/mscare/web/core/lib/Drupal/Core/Form/FormBuilder.php(321): Drupal\\Core\\Form\\FormBuilder->processForm(\'webform_submiss...\', Array, Object(Drupal\\Core\\Form\\FormState))\n#9 /home/sites/mscare/web/core/lib/Drupal/Core/Entity/EntityFormBuilder.php(61): Drupal\\Core\\Form\\FormBuilder->buildForm(Object(Drupal\\webform\\WebformSubmissionForm), Object(Drupal\\Core\\Form\\FormState))\n#10 /home/sites/mscare/web/modules/contrib/webform/src/Entity/Webform.php(1193): Drupal\\Core\\Entity\\EntityFormBuilder->getForm(Object(Drupal\\webform\\Entity\\WebformSubmission), \'add\')\n#11 /home/sites/mscare/web/modules/contrib/webform/src/Element/Webform.php(78): Drupal\\webform\\Entity\\Webform->getSubmissionForm(Array)\n#12 [internal function]: Drupal\\webform\\Element\\Webform::preRenderWebformElement(Array)\n#13 /home/sites/mscare/web/core/lib/Drupal/Core/Security/DoTrustedCallbackTrait.php(100): call_user_func_array(Array, Array)\n#14 /home/sites/mscare/web/core/lib/Drupal/Core/Render/Renderer.php(781): Drupal\\Core\\Render\\Renderer->doTrustedCallback(Array, Array, \'Render #pre_ren...\', \'silenced_deprec...\', \'Drupal\\\\Core\\\\Ren...\')\n#15 /home/sites/mscare/web/core/lib/Drupal/Core/Render/Renderer.php(372): Drupal\\Core\\Render\\Renderer->doCallback(\'#pre_render\', Array, Array)\n#16 /home/sites/mscare/web/core/lib/Drupal/Core/Render/Renderer.php(200): Drupal\\Core\\Render\\Renderer->doRender(Array, false)\n#17 /home/sites/mscare/web/core/lib/Drupal/Core/Template/TwigExtension.php(501): Drupal\\Core\\Render\\Renderer->render(Array)\n#18 /home/sites/mscare/web/sites/default/files/php/twig/5f6e13455b172_block.html.twig_Nk3ADGmD6577FPjExdzeXMxT4/cOL-3VgWBlEZeTgfGo7-nqTc5Kr9qOJjqHwzZCoUa9g.php(101): Drupal\\Core\\Template\\TwigExtension->escapeFilter(Object(Drupal\\Core\\Template\\TwigEnvironment), Array, \'html\', NULL, true)\n#19 /home/sites/mscare/vendor/twig/twig/src/Template.php(214): __TwigTemplate_5091a0d8f0ef8b286c27524f1cf433c7bb7dec63549fb60634c9387d354e1f98->block_content(Array, Array)\n#20 /home/sites/mscare/web/sites/default/files/php/twig/5f6e13455b172_block.html.twig_Nk3ADGmD6577FPjExdzeXMxT4/cOL-3VgWBlEZeTgfGo7-nqTc5Kr9qOJjqHwzZCoUa9g.php(86): Twig\\Template->displayBlock(\'content\', Array, Array)\n#21 /home/sites/mscare/vendor/twig/twig/src/Template.php(453): __TwigTemplate_5091a0d8f0ef8b286c27524f1cf433c7bb7dec63549fb60634c9387d354e1f98->doDisplay(Array, Array)\n#22 /home/sites/mscare/vendor/twig/twig/src/Template.php(420): Twig\\Template->displayWithErrorHandling(Array, Array)\n#23 /home/sites/mscare/vendor/twig/twig/src/Template.php(432): Twig\\Template->display(Array)\n#24 /home/sites/mscare/web/core/themes/engines/twig/twig.engine(64): Twig\\Template->render(Array)\n#25 /home/sites/mscare/web/core/lib/Drupal/Core/Theme/ThemeManager.php(384): twig_render_template(\'themes/contrib/...\', Array)\n#26 /home/sites/mscare/web/core/lib/Drupal/Core/Render/Renderer.php(431): Drupal\\Core\\Theme\\ThemeManager->render(\'block\', Array)\n#27 /home/sites/mscare/web/core/lib/Drupal/Core/Render/Renderer.php(444): Drupal\\Core\\Render\\Renderer->doRender(Array)\n#28 /home/sites/mscare/web/core/lib/Drupal/Core/Render/Renderer.php(200): Drupal\\Core\\Render\\Renderer->doRender(Array, false)\n#29 /home/sites/mscare/web/core/lib/Drupal/Core/Template/TwigExtension.php(501): Drupal\\Core\\Render\\Renderer->render(Array)\n#30 /home/sites/mscare/web/sites/default/files/php/twig/5f6e13455b172_page.html.twig_4ox8-P5MHIxgqBYbfb3a3CTbA/uj0zlw9nbpDjaRZ-Hl9SW2BuMe0yzz0vVbJjDNdl7z4.php(681): Drupal\\Core\\Template\\TwigExtension->escapeFilter(Object(Drupal\\Core\\Template\\TwigEnvironment), Array, \'html\', NULL, true)\n#31 /home/sites/mscare/vendor/twig/twig/src/Template.php(453): __TwigTemplate_5e0df418b56ee94b19b45c345522aa482f0ec073a7057983d5cf5340a1d66973->doDisplay(Array, Array)\n#32 /home/sites/mscare/vendor/twig/twig/src/Template.php(420): Twig\\Template->displayWithErrorHandling(Array, Array)\n#33 /home/sites/mscare/vendor/twig/twig/src/Template.php(432): Twig\\Template->display(Array)\n#34 /home/sites/mscare/web/core/themes/engines/twig/twig.engine(64): Twig\\Template->render(Array)\n#35 /home/sites/mscare/web/core/lib/Drupal/Core/Theme/ThemeManager.php(384): twig_render_template(\'themes/contrib/...\', Array)\n#36 /home/sites/mscare/web/core/lib/Drupal/Core/Render/Renderer.php(431): Drupal\\Core\\Theme\\ThemeManager->render(\'page\', Array)\n#37 /home/sites/mscare/web/core/lib/Drupal/Core/Render/Renderer.php(200): Drupal\\Core\\Render\\Renderer->doRender(Array, false)\n#38 /home/sites/mscare/web/core/lib/Drupal/Core/Template/TwigExtension.php(501): Drupal\\Core\\Render\\Renderer->render(Array)\n#39 /home/sites/mscare/web/sites/default/files/php/twig/5f6e13455b172_html.html.twig_GESAq2dKb9BUD92Q77xHkU4bQ/_z8Kx-yQ5zCAfBTUGeZyNW5NKK5vRC6LOmiYkTDtunU.php(102): Drupal\\Core\\Template\\TwigExtension->escapeFilter(Object(Drupal\\Core\\Template\\TwigEnvironment), Array, \'html\', NULL, true)\n#40 /home/sites/mscare/vendor/twig/twig/src/Template.php(453): __TwigTemplate_df4712f18857557a4d3b981d2f5e5289601677673aff5b6804b5dea6df9da3c1->doDisplay(Array, Array)\n#41 /home/sites/mscare/vendor/twig/twig/src/Template.php(420): Twig\\Template->displayWithErrorHandling(Array, Array)\n#42 /home/sites/mscare/vendor/twig/twig/src/Template.php(432): Twig\\Template->display(Array)\n#43 /home/sites/mscare/web/core/themes/engines/twig/twig.engine(64): Twig\\Template->render(Array)\n#44 /home/sites/mscare/web/core/lib/Drupal/Core/Theme/ThemeManager.php(384): twig_render_template(\'core/themes/cla...\', Array)\n#45 /home/sites/mscare/web/core/lib/Drupal/Core/Render/Renderer.php(431): Drupal\\Core\\Theme\\ThemeManager->render(\'html\', Array)\n#46 /home/sites/mscare/web/core/lib/Drupal/Core/Render/Renderer.php(200): Drupal\\Core\\Render\\Renderer->doRender(Array, false)\n#47 /home/sites/mscare/web/core/lib/Drupal/Core/Render/MainContent/HtmlRenderer.php(147): Drupal\\Core\\Render\\Renderer->render(Array)\n#48 /home/sites/mscare/web/core/lib/Drupal/Core/Render/Renderer.php(573): Drupal\\Core\\Render\\MainContent\\HtmlRenderer->Drupal\\Core\\Render\\MainContent\\{closure}()\n#49 /home/sites/mscare/web/core/lib/Drupal/Core/Render/MainContent/HtmlRenderer.php(148): Drupal\\Core\\Render\\Renderer->executeInRenderContext(Object(Drupal\\Core\\Render\\RenderContext), Object(Closure))\n#50 /home/sites/mscare/web/core/lib/Drupal/Core/EventSubscriber/MainContentViewSubscriber.php(90): Drupal\\Core\\Render\\MainContent\\HtmlRenderer->renderResponse(Array, Object(Symfony\\Component\\HttpFoundation\\Request), Object(Drupal\\Core\\Routing\\CurrentRouteMatch))\n#51 [internal function]: Drupal\\Core\\EventSubscriber\\MainContentViewSubscriber->onViewRenderArray(Object(Symfony\\Component\\HttpKernel\\Event\\GetResponseForControllerResultEvent), \'kernel.view\', Object(Drupal\\Component\\EventDispatcher\\ContainerAwareEventDispatcher))\n#52 /home/sites/mscare/web/core/lib/Drupal/Component/EventDispatcher/ContainerAwareEventDispatcher.php(111): call_user_func(Array, Object(Symfony\\Component\\HttpKernel\\Event\\GetResponseForControllerResultEvent), \'kernel.view\', Object(Drupal\\Component\\EventDispatcher\\ContainerAwareEventDispatcher))\n#53 /home/sites/mscare/vendor/symfony/http-kernel/HttpKernel.php(156): Drupal\\Component\\EventDispatcher\\ContainerAwareEventDispatcher->dispatch(\'kernel.view\', Object(Symfony\\Component\\HttpKernel\\Event\\GetResponseForControllerResultEvent))\n#54 /home/sites/mscare/vendor/symfony/http-kernel/HttpKernel.php(68): Symfony\\Component\\HttpKernel\\HttpKernel->handleRaw(Object(Symfony\\Component\\HttpFoundation\\Request), 1)\n#55 /home/sites/mscare/web/core/lib/Drupal/Core/StackMiddleware/Session.php(57): Symfony\\Component\\HttpKernel\\HttpKernel->handle(Object(Symfony\\Component\\HttpFoundation\\Request), 1, true)\n#56 /home/sites/mscare/web/core/lib/Drupal/Core/StackMiddleware/KernelPreHandle.php(47): Drupal\\Core\\StackMiddleware\\Session->handle(Object(Symfony\\Component\\HttpFoundation\\Request), 1, true)\n#57 /home/sites/mscare/web/core/modules/page_cache/src/StackMiddleware/PageCache.php(106): Drupal\\Core\\StackMiddleware\\KernelPreHandle->handle(Object(Symfony\\Component\\HttpFoundation\\Request), 1, true)\n#58 /home/sites/mscare/web/core/modules/page_cache/src/StackMiddleware/PageCache.php(85): Drupal\\page_cache\\StackMiddleware\\PageCache->pass(Object(Symfony\\Component\\HttpFoundation\\Request), 1, true)\n#59 /home/sites/mscare/web/core/lib/Drupal/Core/StackMiddleware/ReverseProxyMiddleware.php(47): Drupal\\page_cache\\StackMiddleware\\PageCache->handle(Object(Symfony\\Component\\HttpFoundation\\Request), 1, true)\n#60 /home/sites/mscare/web/core/lib/Drupal/Core/StackMiddleware/NegotiationMiddleware.php(52): Drupal\\Core\\StackMiddleware\\ReverseProxyMiddleware->handle(Object(Symfony\\Component\\HttpFoundation\\Request), 1, true)\n#61 /home/sites/mscare/vendor/stack/builder/src/Stack/StackedHttpKernel.php(23): Drupal\\Core\\StackMiddleware\\NegotiationMiddleware->handle(Object(Symfony\\Component\\HttpFoundation\\Request), 1, true)\n#62 /home/sites/mscare/web/core/lib/Drupal/Core/DrupalKernel.php(708): Stack\\StackedHttpKernel->handle(Object(Symfony\\Component\\HttpFoundation\\Request), 1, true)\n#63 /home/sites/mscare/web/index.php(19): Drupal\\Core\\DrupalKernel->handle(Object(Symfony\\Component\\HttpFoundation\\Request))\n#64 {main}\";}',5,'','http://mscare.open.gr/node/594','http://mscare.open.gr/node/594','85.72.53.208',1601049448),(28955,1,'myformhandler','MyHandler got form data:','a:0:{}',4,'','http://mscare.open.gr/node/594','http://mscare.open.gr/node/594','85.72.53.208',1601049448),(28956,1,'webform','@title created.','a:2:{s:3:\"@id\";s:3:\"140\";s:6:\"@title\";s:37:\"MSCU – ECF – 2020: Submission #34\";}',5,'<a href=\"/admin/structure/webform/manage/email_reminder/submission/140/edit\" hreflang=\"en\">Edit</a>','http://mscare.open.gr/node/594','http://mscare.open.gr/node/594','85.72.53.208',1601049448),(28957,1,'myformhandler','MyHandler got form data:Array\n(\n    [0] => Array\n        (\n            [email] => amimi@open.gr\n        )\n\n)\n','a:0:{}',4,'','http://mscare.open.gr/node/594','http://mscare.open.gr/node/594','85.72.53.208',1601049629),(28958,1,'webform','@title created.','a:2:{s:3:\"@id\";s:3:\"141\";s:6:\"@title\";s:37:\"MSCU – ECF – 2020: Submission #35\";}',5,'<a href=\"/admin/structure/webform/manage/email_reminder/submission/141/edit\" hreflang=\"en\">Edit</a>','http://mscare.open.gr/node/594','http://mscare.open.gr/node/594','85.72.53.208',1601049629),(28959,1,'php','%type: @message in %function (line %line of %file) @backtrace_string.','a:6:{s:5:\"%type\";s:6:\"Notice\";s:8:\"@message\";O:25:\"Drupal\\Core\\Render\\Markup\":1:{s:9:\"\0*\0string\";s:26:\"Array to string conversion\";}s:9:\"%function\";s:74:\"Drupal\\ma_handlers\\Plugin\\WebformHandler\\MailReminderHandler->submitForm()\";s:5:\"%file\";s:99:\"/home/sites/mscare/web/modules/custom/ma_handlers/src/Plugin/WebformHandler/MailReminderHandler.php\";s:5:\"%line\";i:58;s:17:\"@backtrace_string\";s:10562:\"#0 /home/sites/mscare/web/core/includes/bootstrap.inc(600): _drupal_error_handler_real(8, \'Array to string...\', \'/home/sites/msc...\', 58, Array)\n#1 [internal function]: _drupal_error_handler(8, \'Array to string...\', \'/home/sites/msc...\', 58, Array)\n#2 /home/sites/mscare/web/modules/custom/ma_handlers/src/Plugin/WebformHandler/MailReminderHandler.php(58): array_diff(Array, Array)\n#3 /home/sites/mscare/web/modules/contrib/webform/src/Entity/Webform.php(2616): Drupal\\ma_handlers\\Plugin\\WebformHandler\\MailReminderHandler->submitForm(Array, Object(Drupal\\Core\\Form\\FormState), Object(Drupal\\webform\\Entity\\WebformSubmission))\n#4 /home/sites/mscare/web/modules/contrib/webform/src/WebformSubmissionForm.php(1843): Drupal\\webform\\Entity\\Webform->invokeHandlers(\'submitForm\', Array, Object(Drupal\\Core\\Form\\FormState), Object(Drupal\\webform\\Entity\\WebformSubmission))\n#5 [internal function]: Drupal\\webform\\WebformSubmissionForm->submitForm(Array, Object(Drupal\\Core\\Form\\FormState))\n#6 /home/sites/mscare/web/core/lib/Drupal/Core/Form/FormSubmitter.php(114): call_user_func_array(Array, Array)\n#7 /home/sites/mscare/web/core/lib/Drupal/Core/Form/FormSubmitter.php(52): Drupal\\Core\\Form\\FormSubmitter->executeSubmitHandlers(Array, Object(Drupal\\Core\\Form\\FormState))\n#8 /home/sites/mscare/web/core/lib/Drupal/Core/Form/FormBuilder.php(593): Drupal\\Core\\Form\\FormSubmitter->doSubmitForm(Array, Object(Drupal\\Core\\Form\\FormState))\n#9 /home/sites/mscare/web/core/lib/Drupal/Core/Form/FormBuilder.php(321): Drupal\\Core\\Form\\FormBuilder->processForm(\'webform_submiss...\', Array, Object(Drupal\\Core\\Form\\FormState))\n#10 /home/sites/mscare/web/core/lib/Drupal/Core/Entity/EntityFormBuilder.php(61): Drupal\\Core\\Form\\FormBuilder->buildForm(Object(Drupal\\webform\\WebformSubmissionForm), Object(Drupal\\Core\\Form\\FormState))\n#11 /home/sites/mscare/web/modules/contrib/webform/src/Entity/Webform.php(1193): Drupal\\Core\\Entity\\EntityFormBuilder->getForm(Object(Drupal\\webform\\Entity\\WebformSubmission), \'add\')\n#12 /home/sites/mscare/web/modules/contrib/webform/src/Element/Webform.php(78): Drupal\\webform\\Entity\\Webform->getSubmissionForm(Array)\n#13 [internal function]: Drupal\\webform\\Element\\Webform::preRenderWebformElement(Array)\n#14 /home/sites/mscare/web/core/lib/Drupal/Core/Security/DoTrustedCallbackTrait.php(100): call_user_func_array(Array, Array)\n#15 /home/sites/mscare/web/core/lib/Drupal/Core/Render/Renderer.php(781): Drupal\\Core\\Render\\Renderer->doTrustedCallback(Array, Array, \'Render #pre_ren...\', \'silenced_deprec...\', \'Drupal\\\\Core\\\\Ren...\')\n#16 /home/sites/mscare/web/core/lib/Drupal/Core/Render/Renderer.php(372): Drupal\\Core\\Render\\Renderer->doCallback(\'#pre_render\', Array, Array)\n#17 /home/sites/mscare/web/core/lib/Drupal/Core/Render/Renderer.php(200): Drupal\\Core\\Render\\Renderer->doRender(Array, false)\n#18 /home/sites/mscare/web/core/lib/Drupal/Core/Template/TwigExtension.php(501): Drupal\\Core\\Render\\Renderer->render(Array)\n#19 /home/sites/mscare/web/sites/default/files/php/twig/5f6e14853dda4_block.html.twig_Nk3ADGmD6577FPjExdzeXMxT4/6e3O8MeuwtlODsb4Y77xqEuAlppEO5q7C6R1aUDYp1w.php(101): Drupal\\Core\\Template\\TwigExtension->escapeFilter(Object(Drupal\\Core\\Template\\TwigEnvironment), Array, \'html\', NULL, true)\n#20 /home/sites/mscare/vendor/twig/twig/src/Template.php(214): __TwigTemplate_5091a0d8f0ef8b286c27524f1cf433c7bb7dec63549fb60634c9387d354e1f98->block_content(Array, Array)\n#21 /home/sites/mscare/web/sites/default/files/php/twig/5f6e14853dda4_block.html.twig_Nk3ADGmD6577FPjExdzeXMxT4/6e3O8MeuwtlODsb4Y77xqEuAlppEO5q7C6R1aUDYp1w.php(86): Twig\\Template->displayBlock(\'content\', Array, Array)\n#22 /home/sites/mscare/vendor/twig/twig/src/Template.php(453): __TwigTemplate_5091a0d8f0ef8b286c27524f1cf433c7bb7dec63549fb60634c9387d354e1f98->doDisplay(Array, Array)\n#23 /home/sites/mscare/vendor/twig/twig/src/Template.php(420): Twig\\Template->displayWithErrorHandling(Array, Array)\n#24 /home/sites/mscare/vendor/twig/twig/src/Template.php(432): Twig\\Template->display(Array)\n#25 /home/sites/mscare/web/core/themes/engines/twig/twig.engine(64): Twig\\Template->render(Array)\n#26 /home/sites/mscare/web/core/lib/Drupal/Core/Theme/ThemeManager.php(384): twig_render_template(\'themes/contrib/...\', Array)\n#27 /home/sites/mscare/web/core/lib/Drupal/Core/Render/Renderer.php(431): Drupal\\Core\\Theme\\ThemeManager->render(\'block\', Array)\n#28 /home/sites/mscare/web/core/lib/Drupal/Core/Render/Renderer.php(444): Drupal\\Core\\Render\\Renderer->doRender(Array)\n#29 /home/sites/mscare/web/core/lib/Drupal/Core/Render/Renderer.php(200): Drupal\\Core\\Render\\Renderer->doRender(Array, false)\n#30 /home/sites/mscare/web/core/lib/Drupal/Core/Template/TwigExtension.php(501): Drupal\\Core\\Render\\Renderer->render(Array)\n#31 /home/sites/mscare/web/sites/default/files/php/twig/5f6e14853dda4_page.html.twig_4ox8-P5MHIxgqBYbfb3a3CTbA/gmer1p4NNLNJUNHVvjx5wIW998C0DCT54NE2HlTVvoI.php(681): Drupal\\Core\\Template\\TwigExtension->escapeFilter(Object(Drupal\\Core\\Template\\TwigEnvironment), Array, \'html\', NULL, true)\n#32 /home/sites/mscare/vendor/twig/twig/src/Template.php(453): __TwigTemplate_5e0df418b56ee94b19b45c345522aa482f0ec073a7057983d5cf5340a1d66973->doDisplay(Array, Array)\n#33 /home/sites/mscare/vendor/twig/twig/src/Template.php(420): Twig\\Template->displayWithErrorHandling(Array, Array)\n#34 /home/sites/mscare/vendor/twig/twig/src/Template.php(432): Twig\\Template->display(Array)\n#35 /home/sites/mscare/web/core/themes/engines/twig/twig.engine(64): Twig\\Template->render(Array)\n#36 /home/sites/mscare/web/core/lib/Drupal/Core/Theme/ThemeManager.php(384): twig_render_template(\'themes/contrib/...\', Array)\n#37 /home/sites/mscare/web/core/lib/Drupal/Core/Render/Renderer.php(431): Drupal\\Core\\Theme\\ThemeManager->render(\'page\', Array)\n#38 /home/sites/mscare/web/core/lib/Drupal/Core/Render/Renderer.php(200): Drupal\\Core\\Render\\Renderer->doRender(Array, false)\n#39 /home/sites/mscare/web/core/lib/Drupal/Core/Template/TwigExtension.php(501): Drupal\\Core\\Render\\Renderer->render(Array)\n#40 /home/sites/mscare/web/sites/default/files/php/twig/5f6e14853dda4_html.html.twig_GESAq2dKb9BUD92Q77xHkU4bQ/BGR-h-bwKiCNxWdhd3KbxJNvYQMLcxhd-03K0lQJKaA.php(102): Drupal\\Core\\Template\\TwigExtension->escapeFilter(Object(Drupal\\Core\\Template\\TwigEnvironment), Array, \'html\', NULL, true)\n#41 /home/sites/mscare/vendor/twig/twig/src/Template.php(453): __TwigTemplate_df4712f18857557a4d3b981d2f5e5289601677673aff5b6804b5dea6df9da3c1->doDisplay(Array, Array)\n#42 /home/sites/mscare/vendor/twig/twig/src/Template.php(420): Twig\\Template->displayWithErrorHandling(Array, Array)\n#43 /home/sites/mscare/vendor/twig/twig/src/Template.php(432): Twig\\Template->display(Array)\n#44 /home/sites/mscare/web/core/themes/engines/twig/twig.engine(64): Twig\\Template->render(Array)\n#45 /home/sites/mscare/web/core/lib/Drupal/Core/Theme/ThemeManager.php(384): twig_render_template(\'core/themes/cla...\', Array)\n#46 /home/sites/mscare/web/core/lib/Drupal/Core/Render/Renderer.php(431): Drupal\\Core\\Theme\\ThemeManager->render(\'html\', Array)\n#47 /home/sites/mscare/web/core/lib/Drupal/Core/Render/Renderer.php(200): Drupal\\Core\\Render\\Renderer->doRender(Array, false)\n#48 /home/sites/mscare/web/core/lib/Drupal/Core/Render/MainContent/HtmlRenderer.php(147): Drupal\\Core\\Render\\Renderer->render(Array)\n#49 /home/sites/mscare/web/core/lib/Drupal/Core/Render/Renderer.php(573): Drupal\\Core\\Render\\MainContent\\HtmlRenderer->Drupal\\Core\\Render\\MainContent\\{closure}()\n#50 /home/sites/mscare/web/core/lib/Drupal/Core/Render/MainContent/HtmlRenderer.php(148): Drupal\\Core\\Render\\Renderer->executeInRenderContext(Object(Drupal\\Core\\Render\\RenderContext), Object(Closure))\n#51 /home/sites/mscare/web/core/lib/Drupal/Core/EventSubscriber/MainContentViewSubscriber.php(90): Drupal\\Core\\Render\\MainContent\\HtmlRenderer->renderResponse(Array, Object(Symfony\\Component\\HttpFoundation\\Request), Object(Drupal\\Core\\Routing\\CurrentRouteMatch))\n#52 [internal function]: Drupal\\Core\\EventSubscriber\\MainContentViewSubscriber->onViewRenderArray(Object(Symfony\\Component\\HttpKernel\\Event\\GetResponseForControllerResultEvent), \'kernel.view\', Object(Drupal\\Component\\EventDispatcher\\ContainerAwareEventDispatcher))\n#53 /home/sites/mscare/web/core/lib/Drupal/Component/EventDispatcher/ContainerAwareEventDispatcher.php(111): call_user_func(Array, Object(Symfony\\Component\\HttpKernel\\Event\\GetResponseForControllerResultEvent), \'kernel.view\', Object(Drupal\\Component\\EventDispatcher\\ContainerAwareEventDispatcher))\n#54 /home/sites/mscare/vendor/symfony/http-kernel/HttpKernel.php(156): Drupal\\Component\\EventDispatcher\\ContainerAwareEventDispatcher->dispatch(\'kernel.view\', Object(Symfony\\Component\\HttpKernel\\Event\\GetResponseForControllerResultEvent))\n#55 /home/sites/mscare/vendor/symfony/http-kernel/HttpKernel.php(68): Symfony\\Component\\HttpKernel\\HttpKernel->handleRaw(Object(Symfony\\Component\\HttpFoundation\\Request), 1)\n#56 /home/sites/mscare/web/core/lib/Drupal/Core/StackMiddleware/Session.php(57): Symfony\\Component\\HttpKernel\\HttpKernel->handle(Object(Symfony\\Component\\HttpFoundation\\Request), 1, true)\n#57 /home/sites/mscare/web/core/lib/Drupal/Core/StackMiddleware/KernelPreHandle.php(47): Drupal\\Core\\StackMiddleware\\Session->handle(Object(Symfony\\Component\\HttpFoundation\\Request), 1, true)\n#58 /home/sites/mscare/web/core/modules/page_cache/src/StackMiddleware/PageCache.php(106): Drupal\\Core\\StackMiddleware\\KernelPreHandle->handle(Object(Symfony\\Component\\HttpFoundation\\Request), 1, true)\n#59 /home/sites/mscare/web/core/modules/page_cache/src/StackMiddleware/PageCache.php(85): Drupal\\page_cache\\StackMiddleware\\PageCache->pass(Object(Symfony\\Component\\HttpFoundation\\Request), 1, true)\n#60 /home/sites/mscare/web/core/lib/Drupal/Core/StackMiddleware/ReverseProxyMiddleware.php(47): Drupal\\page_cache\\StackMiddleware\\PageCache->handle(Object(Symfony\\Component\\HttpFoundation\\Request), 1, true)\n#61 /home/sites/mscare/web/core/lib/Drupal/Core/StackMiddleware/NegotiationMiddleware.php(52): Drupal\\Core\\StackMiddleware\\ReverseProxyMiddleware->handle(Object(Symfony\\Component\\HttpFoundation\\Request), 1, true)\n#62 /home/sites/mscare/vendor/stack/builder/src/Stack/StackedHttpKernel.php(23): Drupal\\Core\\StackMiddleware\\NegotiationMiddleware->handle(Object(Symfony\\Component\\HttpFoundation\\Request), 1, true)\n#63 /home/sites/mscare/web/core/lib/Drupal/Core/DrupalKernel.php(708): Stack\\StackedHttpKernel->handle(Object(Symfony\\Component\\HttpFoundation\\Request), 1, true)\n#64 /home/sites/mscare/web/index.php(19): Drupal\\Core\\DrupalKernel->handle(Object(Symfony\\Component\\HttpFoundation\\Request))\n#65 {main}\";}',5,'','http://mscare.open.gr/node/594','http://mscare.open.gr/node/594','85.72.53.208',1601049746),(28960,1,'myformhandler','MyHandler got form data:Array\n(\n)\n','a:0:{}',4,'','http://mscare.open.gr/node/594','http://mscare.open.gr/node/594','85.72.53.208',1601049746),(28961,1,'webform','@title created.','a:2:{s:3:\"@id\";s:3:\"142\";s:6:\"@title\";s:37:\"MSCU – ECF – 2020: Submission #36\";}',5,'<a href=\"/admin/structure/webform/manage/email_reminder/submission/142/edit\" hreflang=\"en\">Edit</a>','http://mscare.open.gr/node/594','http://mscare.open.gr/node/594','85.72.53.208',1601049746),(28962,1,'myformhandler','MyHandler got form data:Array\n(\n)\n','a:0:{}',4,'','http://mscare.open.gr/node/594','http://mscare.open.gr/node/594','85.72.53.208',1601049982),(28963,1,'webform','@title created.','a:2:{s:3:\"@id\";s:3:\"143\";s:6:\"@title\";s:37:\"MSCU – ECF – 2020: Submission #37\";}',5,'<a href=\"/admin/structure/webform/manage/email_reminder/submission/143/edit\" hreflang=\"en\">Edit</a>','http://mscare.open.gr/node/594','http://mscare.open.gr/node/594','85.72.53.208',1601049982),(28964,1,'php','%type: @message in %function (line %line of %file) @backtrace_string.','a:6:{s:5:\"%type\";s:6:\"Notice\";s:8:\"@message\";O:25:\"Drupal\\Core\\Render\\Markup\":1:{s:9:\"\0*\0string\";s:25:\"Undefined variable: aTmp1\";}s:9:\"%function\";s:74:\"Drupal\\ma_handlers\\Plugin\\WebformHandler\\MailReminderHandler->submitForm()\";s:5:\"%file\";s:99:\"/home/sites/mscare/web/modules/custom/ma_handlers/src/Plugin/WebformHandler/MailReminderHandler.php\";s:5:\"%line\";i:58;s:17:\"@backtrace_string\";s:10512:\"#0 /home/sites/mscare/web/core/includes/bootstrap.inc(600): _drupal_error_handler_real(8, \'Undefined varia...\', \'/home/sites/msc...\', 58, Array)\n#1 /home/sites/mscare/web/modules/custom/ma_handlers/src/Plugin/WebformHandler/MailReminderHandler.php(58): _drupal_error_handler(8, \'Undefined varia...\', \'/home/sites/msc...\', 58, Array)\n#2 /home/sites/mscare/web/modules/contrib/webform/src/Entity/Webform.php(2616): Drupal\\ma_handlers\\Plugin\\WebformHandler\\MailReminderHandler->submitForm(Array, Object(Drupal\\Core\\Form\\FormState), Object(Drupal\\webform\\Entity\\WebformSubmission))\n#3 /home/sites/mscare/web/modules/contrib/webform/src/WebformSubmissionForm.php(1843): Drupal\\webform\\Entity\\Webform->invokeHandlers(\'submitForm\', Array, Object(Drupal\\Core\\Form\\FormState), Object(Drupal\\webform\\Entity\\WebformSubmission))\n#4 [internal function]: Drupal\\webform\\WebformSubmissionForm->submitForm(Array, Object(Drupal\\Core\\Form\\FormState))\n#5 /home/sites/mscare/web/core/lib/Drupal/Core/Form/FormSubmitter.php(114): call_user_func_array(Array, Array)\n#6 /home/sites/mscare/web/core/lib/Drupal/Core/Form/FormSubmitter.php(52): Drupal\\Core\\Form\\FormSubmitter->executeSubmitHandlers(Array, Object(Drupal\\Core\\Form\\FormState))\n#7 /home/sites/mscare/web/core/lib/Drupal/Core/Form/FormBuilder.php(593): Drupal\\Core\\Form\\FormSubmitter->doSubmitForm(Array, Object(Drupal\\Core\\Form\\FormState))\n#8 /home/sites/mscare/web/core/lib/Drupal/Core/Form/FormBuilder.php(321): Drupal\\Core\\Form\\FormBuilder->processForm(\'webform_submiss...\', Array, Object(Drupal\\Core\\Form\\FormState))\n#9 /home/sites/mscare/web/core/lib/Drupal/Core/Entity/EntityFormBuilder.php(61): Drupal\\Core\\Form\\FormBuilder->buildForm(Object(Drupal\\webform\\WebformSubmissionForm), Object(Drupal\\Core\\Form\\FormState))\n#10 /home/sites/mscare/web/modules/contrib/webform/src/Entity/Webform.php(1193): Drupal\\Core\\Entity\\EntityFormBuilder->getForm(Object(Drupal\\webform\\Entity\\WebformSubmission), \'add\')\n#11 /home/sites/mscare/web/modules/contrib/webform/src/Element/Webform.php(78): Drupal\\webform\\Entity\\Webform->getSubmissionForm(Array)\n#12 [internal function]: Drupal\\webform\\Element\\Webform::preRenderWebformElement(Array)\n#13 /home/sites/mscare/web/core/lib/Drupal/Core/Security/DoTrustedCallbackTrait.php(100): call_user_func_array(Array, Array)\n#14 /home/sites/mscare/web/core/lib/Drupal/Core/Render/Renderer.php(781): Drupal\\Core\\Render\\Renderer->doTrustedCallback(Array, Array, \'Render #pre_ren...\', \'silenced_deprec...\', \'Drupal\\\\Core\\\\Ren...\')\n#15 /home/sites/mscare/web/core/lib/Drupal/Core/Render/Renderer.php(372): Drupal\\Core\\Render\\Renderer->doCallback(\'#pre_render\', Array, Array)\n#16 /home/sites/mscare/web/core/lib/Drupal/Core/Render/Renderer.php(200): Drupal\\Core\\Render\\Renderer->doRender(Array, false)\n#17 /home/sites/mscare/web/core/lib/Drupal/Core/Template/TwigExtension.php(501): Drupal\\Core\\Render\\Renderer->render(Array)\n#18 /home/sites/mscare/web/sites/default/files/php/twig/5f6e15ccd2b50_block.html.twig_Nk3ADGmD6577FPjExdzeXMxT4/xyWFkR5h7fd6JtppvSc0UJmmACz8oAMCzAhl1U3rfRI.php(101): Drupal\\Core\\Template\\TwigExtension->escapeFilter(Object(Drupal\\Core\\Template\\TwigEnvironment), Array, \'html\', NULL, true)\n#19 /home/sites/mscare/vendor/twig/twig/src/Template.php(214): __TwigTemplate_5091a0d8f0ef8b286c27524f1cf433c7bb7dec63549fb60634c9387d354e1f98->block_content(Array, Array)\n#20 /home/sites/mscare/web/sites/default/files/php/twig/5f6e15ccd2b50_block.html.twig_Nk3ADGmD6577FPjExdzeXMxT4/xyWFkR5h7fd6JtppvSc0UJmmACz8oAMCzAhl1U3rfRI.php(86): Twig\\Template->displayBlock(\'content\', Array, Array)\n#21 /home/sites/mscare/vendor/twig/twig/src/Template.php(453): __TwigTemplate_5091a0d8f0ef8b286c27524f1cf433c7bb7dec63549fb60634c9387d354e1f98->doDisplay(Array, Array)\n#22 /home/sites/mscare/vendor/twig/twig/src/Template.php(420): Twig\\Template->displayWithErrorHandling(Array, Array)\n#23 /home/sites/mscare/vendor/twig/twig/src/Template.php(432): Twig\\Template->display(Array)\n#24 /home/sites/mscare/web/core/themes/engines/twig/twig.engine(64): Twig\\Template->render(Array)\n#25 /home/sites/mscare/web/core/lib/Drupal/Core/Theme/ThemeManager.php(384): twig_render_template(\'themes/contrib/...\', Array)\n#26 /home/sites/mscare/web/core/lib/Drupal/Core/Render/Renderer.php(431): Drupal\\Core\\Theme\\ThemeManager->render(\'block\', Array)\n#27 /home/sites/mscare/web/core/lib/Drupal/Core/Render/Renderer.php(444): Drupal\\Core\\Render\\Renderer->doRender(Array)\n#28 /home/sites/mscare/web/core/lib/Drupal/Core/Render/Renderer.php(200): Drupal\\Core\\Render\\Renderer->doRender(Array, false)\n#29 /home/sites/mscare/web/core/lib/Drupal/Core/Template/TwigExtension.php(501): Drupal\\Core\\Render\\Renderer->render(Array)\n#30 /home/sites/mscare/web/sites/default/files/php/twig/5f6e15ccd2b50_page.html.twig_4ox8-P5MHIxgqBYbfb3a3CTbA/waKsfsrD4D1D0xA9vye3qTWZ14Y8uRWZpasjOZ6883k.php(681): Drupal\\Core\\Template\\TwigExtension->escapeFilter(Object(Drupal\\Core\\Template\\TwigEnvironment), Array, \'html\', NULL, true)\n#31 /home/sites/mscare/vendor/twig/twig/src/Template.php(453): __TwigTemplate_5e0df418b56ee94b19b45c345522aa482f0ec073a7057983d5cf5340a1d66973->doDisplay(Array, Array)\n#32 /home/sites/mscare/vendor/twig/twig/src/Template.php(420): Twig\\Template->displayWithErrorHandling(Array, Array)\n#33 /home/sites/mscare/vendor/twig/twig/src/Template.php(432): Twig\\Template->display(Array)\n#34 /home/sites/mscare/web/core/themes/engines/twig/twig.engine(64): Twig\\Template->render(Array)\n#35 /home/sites/mscare/web/core/lib/Drupal/Core/Theme/ThemeManager.php(384): twig_render_template(\'themes/contrib/...\', Array)\n#36 /home/sites/mscare/web/core/lib/Drupal/Core/Render/Renderer.php(431): Drupal\\Core\\Theme\\ThemeManager->render(\'page\', Array)\n#37 /home/sites/mscare/web/core/lib/Drupal/Core/Render/Renderer.php(200): Drupal\\Core\\Render\\Renderer->doRender(Array, false)\n#38 /home/sites/mscare/web/core/lib/Drupal/Core/Template/TwigExtension.php(501): Drupal\\Core\\Render\\Renderer->render(Array)\n#39 /home/sites/mscare/web/sites/default/files/php/twig/5f6e15ccd2b50_html.html.twig_GESAq2dKb9BUD92Q77xHkU4bQ/qSUMVej2QHu5uQNIwE6d5eIiJdw8sAwprBJ3M8yi3oE.php(102): Drupal\\Core\\Template\\TwigExtension->escapeFilter(Object(Drupal\\Core\\Template\\TwigEnvironment), Array, \'html\', NULL, true)\n#40 /home/sites/mscare/vendor/twig/twig/src/Template.php(453): __TwigTemplate_df4712f18857557a4d3b981d2f5e5289601677673aff5b6804b5dea6df9da3c1->doDisplay(Array, Array)\n#41 /home/sites/mscare/vendor/twig/twig/src/Template.php(420): Twig\\Template->displayWithErrorHandling(Array, Array)\n#42 /home/sites/mscare/vendor/twig/twig/src/Template.php(432): Twig\\Template->display(Array)\n#43 /home/sites/mscare/web/core/themes/engines/twig/twig.engine(64): Twig\\Template->render(Array)\n#44 /home/sites/mscare/web/core/lib/Drupal/Core/Theme/ThemeManager.php(384): twig_render_template(\'core/themes/cla...\', Array)\n#45 /home/sites/mscare/web/core/lib/Drupal/Core/Render/Renderer.php(431): Drupal\\Core\\Theme\\ThemeManager->render(\'html\', Array)\n#46 /home/sites/mscare/web/core/lib/Drupal/Core/Render/Renderer.php(200): Drupal\\Core\\Render\\Renderer->doRender(Array, false)\n#47 /home/sites/mscare/web/core/lib/Drupal/Core/Render/MainContent/HtmlRenderer.php(147): Drupal\\Core\\Render\\Renderer->render(Array)\n#48 /home/sites/mscare/web/core/lib/Drupal/Core/Render/Renderer.php(573): Drupal\\Core\\Render\\MainContent\\HtmlRenderer->Drupal\\Core\\Render\\MainContent\\{closure}()\n#49 /home/sites/mscare/web/core/lib/Drupal/Core/Render/MainContent/HtmlRenderer.php(148): Drupal\\Core\\Render\\Renderer->executeInRenderContext(Object(Drupal\\Core\\Render\\RenderContext), Object(Closure))\n#50 /home/sites/mscare/web/core/lib/Drupal/Core/EventSubscriber/MainContentViewSubscriber.php(90): Drupal\\Core\\Render\\MainContent\\HtmlRenderer->renderResponse(Array, Object(Symfony\\Component\\HttpFoundation\\Request), Object(Drupal\\Core\\Routing\\CurrentRouteMatch))\n#51 [internal function]: Drupal\\Core\\EventSubscriber\\MainContentViewSubscriber->onViewRenderArray(Object(Symfony\\Component\\HttpKernel\\Event\\GetResponseForControllerResultEvent), \'kernel.view\', Object(Drupal\\Component\\EventDispatcher\\ContainerAwareEventDispatcher))\n#52 /home/sites/mscare/web/core/lib/Drupal/Component/EventDispatcher/ContainerAwareEventDispatcher.php(111): call_user_func(Array, Object(Symfony\\Component\\HttpKernel\\Event\\GetResponseForControllerResultEvent), \'kernel.view\', Object(Drupal\\Component\\EventDispatcher\\ContainerAwareEventDispatcher))\n#53 /home/sites/mscare/vendor/symfony/http-kernel/HttpKernel.php(156): Drupal\\Component\\EventDispatcher\\ContainerAwareEventDispatcher->dispatch(\'kernel.view\', Object(Symfony\\Component\\HttpKernel\\Event\\GetResponseForControllerResultEvent))\n#54 /home/sites/mscare/vendor/symfony/http-kernel/HttpKernel.php(68): Symfony\\Component\\HttpKernel\\HttpKernel->handleRaw(Object(Symfony\\Component\\HttpFoundation\\Request), 1)\n#55 /home/sites/mscare/web/core/lib/Drupal/Core/StackMiddleware/Session.php(57): Symfony\\Component\\HttpKernel\\HttpKernel->handle(Object(Symfony\\Component\\HttpFoundation\\Request), 1, true)\n#56 /home/sites/mscare/web/core/lib/Drupal/Core/StackMiddleware/KernelPreHandle.php(47): Drupal\\Core\\StackMiddleware\\Session->handle(Object(Symfony\\Component\\HttpFoundation\\Request), 1, true)\n#57 /home/sites/mscare/web/core/modules/page_cache/src/StackMiddleware/PageCache.php(106): Drupal\\Core\\StackMiddleware\\KernelPreHandle->handle(Object(Symfony\\Component\\HttpFoundation\\Request), 1, true)\n#58 /home/sites/mscare/web/core/modules/page_cache/src/StackMiddleware/PageCache.php(85): Drupal\\page_cache\\StackMiddleware\\PageCache->pass(Object(Symfony\\Component\\HttpFoundation\\Request), 1, true)\n#59 /home/sites/mscare/web/core/lib/Drupal/Core/StackMiddleware/ReverseProxyMiddleware.php(47): Drupal\\page_cache\\StackMiddleware\\PageCache->handle(Object(Symfony\\Component\\HttpFoundation\\Request), 1, true)\n#60 /home/sites/mscare/web/core/lib/Drupal/Core/StackMiddleware/NegotiationMiddleware.php(52): Drupal\\Core\\StackMiddleware\\ReverseProxyMiddleware->handle(Object(Symfony\\Component\\HttpFoundation\\Request), 1, true)\n#61 /home/sites/mscare/vendor/stack/builder/src/Stack/StackedHttpKernel.php(23): Drupal\\Core\\StackMiddleware\\NegotiationMiddleware->handle(Object(Symfony\\Component\\HttpFoundation\\Request), 1, true)\n#62 /home/sites/mscare/web/core/lib/Drupal/Core/DrupalKernel.php(708): Stack\\StackedHttpKernel->handle(Object(Symfony\\Component\\HttpFoundation\\Request), 1, true)\n#63 /home/sites/mscare/web/index.php(19): Drupal\\Core\\DrupalKernel->handle(Object(Symfony\\Component\\HttpFoundation\\Request))\n#64 {main}\";}',5,'','http://mscare.open.gr/node/594','http://mscare.open.gr/node/594','85.72.53.208',1601050096),(28965,1,'php','%type: @message in %function (line %line of %file) @backtrace_string.','a:6:{s:5:\"%type\";s:7:\"Warning\";s:8:\"@message\";O:25:\"Drupal\\Core\\Render\\Markup\":1:{s:9:\"\0*\0string\";s:41:\"array_diff(): Argument #1 is not an array\";}s:9:\"%function\";s:74:\"Drupal\\ma_handlers\\Plugin\\WebformHandler\\MailReminderHandler->submitForm()\";s:5:\"%file\";s:99:\"/home/sites/mscare/web/modules/custom/ma_handlers/src/Plugin/WebformHandler/MailReminderHandler.php\";s:5:\"%line\";i:58;s:17:\"@backtrace_string\";s:10561:\"#0 /home/sites/mscare/web/core/includes/bootstrap.inc(600): _drupal_error_handler_real(2, \'array_diff(): A...\', \'/home/sites/msc...\', 58, Array)\n#1 [internal function]: _drupal_error_handler(2, \'array_diff(): A...\', \'/home/sites/msc...\', 58, Array)\n#2 /home/sites/mscare/web/modules/custom/ma_handlers/src/Plugin/WebformHandler/MailReminderHandler.php(58): array_diff(NULL, Array)\n#3 /home/sites/mscare/web/modules/contrib/webform/src/Entity/Webform.php(2616): Drupal\\ma_handlers\\Plugin\\WebformHandler\\MailReminderHandler->submitForm(Array, Object(Drupal\\Core\\Form\\FormState), Object(Drupal\\webform\\Entity\\WebformSubmission))\n#4 /home/sites/mscare/web/modules/contrib/webform/src/WebformSubmissionForm.php(1843): Drupal\\webform\\Entity\\Webform->invokeHandlers(\'submitForm\', Array, Object(Drupal\\Core\\Form\\FormState), Object(Drupal\\webform\\Entity\\WebformSubmission))\n#5 [internal function]: Drupal\\webform\\WebformSubmissionForm->submitForm(Array, Object(Drupal\\Core\\Form\\FormState))\n#6 /home/sites/mscare/web/core/lib/Drupal/Core/Form/FormSubmitter.php(114): call_user_func_array(Array, Array)\n#7 /home/sites/mscare/web/core/lib/Drupal/Core/Form/FormSubmitter.php(52): Drupal\\Core\\Form\\FormSubmitter->executeSubmitHandlers(Array, Object(Drupal\\Core\\Form\\FormState))\n#8 /home/sites/mscare/web/core/lib/Drupal/Core/Form/FormBuilder.php(593): Drupal\\Core\\Form\\FormSubmitter->doSubmitForm(Array, Object(Drupal\\Core\\Form\\FormState))\n#9 /home/sites/mscare/web/core/lib/Drupal/Core/Form/FormBuilder.php(321): Drupal\\Core\\Form\\FormBuilder->processForm(\'webform_submiss...\', Array, Object(Drupal\\Core\\Form\\FormState))\n#10 /home/sites/mscare/web/core/lib/Drupal/Core/Entity/EntityFormBuilder.php(61): Drupal\\Core\\Form\\FormBuilder->buildForm(Object(Drupal\\webform\\WebformSubmissionForm), Object(Drupal\\Core\\Form\\FormState))\n#11 /home/sites/mscare/web/modules/contrib/webform/src/Entity/Webform.php(1193): Drupal\\Core\\Entity\\EntityFormBuilder->getForm(Object(Drupal\\webform\\Entity\\WebformSubmission), \'add\')\n#12 /home/sites/mscare/web/modules/contrib/webform/src/Element/Webform.php(78): Drupal\\webform\\Entity\\Webform->getSubmissionForm(Array)\n#13 [internal function]: Drupal\\webform\\Element\\Webform::preRenderWebformElement(Array)\n#14 /home/sites/mscare/web/core/lib/Drupal/Core/Security/DoTrustedCallbackTrait.php(100): call_user_func_array(Array, Array)\n#15 /home/sites/mscare/web/core/lib/Drupal/Core/Render/Renderer.php(781): Drupal\\Core\\Render\\Renderer->doTrustedCallback(Array, Array, \'Render #pre_ren...\', \'silenced_deprec...\', \'Drupal\\\\Core\\\\Ren...\')\n#16 /home/sites/mscare/web/core/lib/Drupal/Core/Render/Renderer.php(372): Drupal\\Core\\Render\\Renderer->doCallback(\'#pre_render\', Array, Array)\n#17 /home/sites/mscare/web/core/lib/Drupal/Core/Render/Renderer.php(200): Drupal\\Core\\Render\\Renderer->doRender(Array, false)\n#18 /home/sites/mscare/web/core/lib/Drupal/Core/Template/TwigExtension.php(501): Drupal\\Core\\Render\\Renderer->render(Array)\n#19 /home/sites/mscare/web/sites/default/files/php/twig/5f6e15ccd2b50_block.html.twig_Nk3ADGmD6577FPjExdzeXMxT4/xyWFkR5h7fd6JtppvSc0UJmmACz8oAMCzAhl1U3rfRI.php(101): Drupal\\Core\\Template\\TwigExtension->escapeFilter(Object(Drupal\\Core\\Template\\TwigEnvironment), Array, \'html\', NULL, true)\n#20 /home/sites/mscare/vendor/twig/twig/src/Template.php(214): __TwigTemplate_5091a0d8f0ef8b286c27524f1cf433c7bb7dec63549fb60634c9387d354e1f98->block_content(Array, Array)\n#21 /home/sites/mscare/web/sites/default/files/php/twig/5f6e15ccd2b50_block.html.twig_Nk3ADGmD6577FPjExdzeXMxT4/xyWFkR5h7fd6JtppvSc0UJmmACz8oAMCzAhl1U3rfRI.php(86): Twig\\Template->displayBlock(\'content\', Array, Array)\n#22 /home/sites/mscare/vendor/twig/twig/src/Template.php(453): __TwigTemplate_5091a0d8f0ef8b286c27524f1cf433c7bb7dec63549fb60634c9387d354e1f98->doDisplay(Array, Array)\n#23 /home/sites/mscare/vendor/twig/twig/src/Template.php(420): Twig\\Template->displayWithErrorHandling(Array, Array)\n#24 /home/sites/mscare/vendor/twig/twig/src/Template.php(432): Twig\\Template->display(Array)\n#25 /home/sites/mscare/web/core/themes/engines/twig/twig.engine(64): Twig\\Template->render(Array)\n#26 /home/sites/mscare/web/core/lib/Drupal/Core/Theme/ThemeManager.php(384): twig_render_template(\'themes/contrib/...\', Array)\n#27 /home/sites/mscare/web/core/lib/Drupal/Core/Render/Renderer.php(431): Drupal\\Core\\Theme\\ThemeManager->render(\'block\', Array)\n#28 /home/sites/mscare/web/core/lib/Drupal/Core/Render/Renderer.php(444): Drupal\\Core\\Render\\Renderer->doRender(Array)\n#29 /home/sites/mscare/web/core/lib/Drupal/Core/Render/Renderer.php(200): Drupal\\Core\\Render\\Renderer->doRender(Array, false)\n#30 /home/sites/mscare/web/core/lib/Drupal/Core/Template/TwigExtension.php(501): Drupal\\Core\\Render\\Renderer->render(Array)\n#31 /home/sites/mscare/web/sites/default/files/php/twig/5f6e15ccd2b50_page.html.twig_4ox8-P5MHIxgqBYbfb3a3CTbA/waKsfsrD4D1D0xA9vye3qTWZ14Y8uRWZpasjOZ6883k.php(681): Drupal\\Core\\Template\\TwigExtension->escapeFilter(Object(Drupal\\Core\\Template\\TwigEnvironment), Array, \'html\', NULL, true)\n#32 /home/sites/mscare/vendor/twig/twig/src/Template.php(453): __TwigTemplate_5e0df418b56ee94b19b45c345522aa482f0ec073a7057983d5cf5340a1d66973->doDisplay(Array, Array)\n#33 /home/sites/mscare/vendor/twig/twig/src/Template.php(420): Twig\\Template->displayWithErrorHandling(Array, Array)\n#34 /home/sites/mscare/vendor/twig/twig/src/Template.php(432): Twig\\Template->display(Array)\n#35 /home/sites/mscare/web/core/themes/engines/twig/twig.engine(64): Twig\\Template->render(Array)\n#36 /home/sites/mscare/web/core/lib/Drupal/Core/Theme/ThemeManager.php(384): twig_render_template(\'themes/contrib/...\', Array)\n#37 /home/sites/mscare/web/core/lib/Drupal/Core/Render/Renderer.php(431): Drupal\\Core\\Theme\\ThemeManager->render(\'page\', Array)\n#38 /home/sites/mscare/web/core/lib/Drupal/Core/Render/Renderer.php(200): Drupal\\Core\\Render\\Renderer->doRender(Array, false)\n#39 /home/sites/mscare/web/core/lib/Drupal/Core/Template/TwigExtension.php(501): Drupal\\Core\\Render\\Renderer->render(Array)\n#40 /home/sites/mscare/web/sites/default/files/php/twig/5f6e15ccd2b50_html.html.twig_GESAq2dKb9BUD92Q77xHkU4bQ/qSUMVej2QHu5uQNIwE6d5eIiJdw8sAwprBJ3M8yi3oE.php(102): Drupal\\Core\\Template\\TwigExtension->escapeFilter(Object(Drupal\\Core\\Template\\TwigEnvironment), Array, \'html\', NULL, true)\n#41 /home/sites/mscare/vendor/twig/twig/src/Template.php(453): __TwigTemplate_df4712f18857557a4d3b981d2f5e5289601677673aff5b6804b5dea6df9da3c1->doDisplay(Array, Array)\n#42 /home/sites/mscare/vendor/twig/twig/src/Template.php(420): Twig\\Template->displayWithErrorHandling(Array, Array)\n#43 /home/sites/mscare/vendor/twig/twig/src/Template.php(432): Twig\\Template->display(Array)\n#44 /home/sites/mscare/web/core/themes/engines/twig/twig.engine(64): Twig\\Template->render(Array)\n#45 /home/sites/mscare/web/core/lib/Drupal/Core/Theme/ThemeManager.php(384): twig_render_template(\'core/themes/cla...\', Array)\n#46 /home/sites/mscare/web/core/lib/Drupal/Core/Render/Renderer.php(431): Drupal\\Core\\Theme\\ThemeManager->render(\'html\', Array)\n#47 /home/sites/mscare/web/core/lib/Drupal/Core/Render/Renderer.php(200): Drupal\\Core\\Render\\Renderer->doRender(Array, false)\n#48 /home/sites/mscare/web/core/lib/Drupal/Core/Render/MainContent/HtmlRenderer.php(147): Drupal\\Core\\Render\\Renderer->render(Array)\n#49 /home/sites/mscare/web/core/lib/Drupal/Core/Render/Renderer.php(573): Drupal\\Core\\Render\\MainContent\\HtmlRenderer->Drupal\\Core\\Render\\MainContent\\{closure}()\n#50 /home/sites/mscare/web/core/lib/Drupal/Core/Render/MainContent/HtmlRenderer.php(148): Drupal\\Core\\Render\\Renderer->executeInRenderContext(Object(Drupal\\Core\\Render\\RenderContext), Object(Closure))\n#51 /home/sites/mscare/web/core/lib/Drupal/Core/EventSubscriber/MainContentViewSubscriber.php(90): Drupal\\Core\\Render\\MainContent\\HtmlRenderer->renderResponse(Array, Object(Symfony\\Component\\HttpFoundation\\Request), Object(Drupal\\Core\\Routing\\CurrentRouteMatch))\n#52 [internal function]: Drupal\\Core\\EventSubscriber\\MainContentViewSubscriber->onViewRenderArray(Object(Symfony\\Component\\HttpKernel\\Event\\GetResponseForControllerResultEvent), \'kernel.view\', Object(Drupal\\Component\\EventDispatcher\\ContainerAwareEventDispatcher))\n#53 /home/sites/mscare/web/core/lib/Drupal/Component/EventDispatcher/ContainerAwareEventDispatcher.php(111): call_user_func(Array, Object(Symfony\\Component\\HttpKernel\\Event\\GetResponseForControllerResultEvent), \'kernel.view\', Object(Drupal\\Component\\EventDispatcher\\ContainerAwareEventDispatcher))\n#54 /home/sites/mscare/vendor/symfony/http-kernel/HttpKernel.php(156): Drupal\\Component\\EventDispatcher\\ContainerAwareEventDispatcher->dispatch(\'kernel.view\', Object(Symfony\\Component\\HttpKernel\\Event\\GetResponseForControllerResultEvent))\n#55 /home/sites/mscare/vendor/symfony/http-kernel/HttpKernel.php(68): Symfony\\Component\\HttpKernel\\HttpKernel->handleRaw(Object(Symfony\\Component\\HttpFoundation\\Request), 1)\n#56 /home/sites/mscare/web/core/lib/Drupal/Core/StackMiddleware/Session.php(57): Symfony\\Component\\HttpKernel\\HttpKernel->handle(Object(Symfony\\Component\\HttpFoundation\\Request), 1, true)\n#57 /home/sites/mscare/web/core/lib/Drupal/Core/StackMiddleware/KernelPreHandle.php(47): Drupal\\Core\\StackMiddleware\\Session->handle(Object(Symfony\\Component\\HttpFoundation\\Request), 1, true)\n#58 /home/sites/mscare/web/core/modules/page_cache/src/StackMiddleware/PageCache.php(106): Drupal\\Core\\StackMiddleware\\KernelPreHandle->handle(Object(Symfony\\Component\\HttpFoundation\\Request), 1, true)\n#59 /home/sites/mscare/web/core/modules/page_cache/src/StackMiddleware/PageCache.php(85): Drupal\\page_cache\\StackMiddleware\\PageCache->pass(Object(Symfony\\Component\\HttpFoundation\\Request), 1, true)\n#60 /home/sites/mscare/web/core/lib/Drupal/Core/StackMiddleware/ReverseProxyMiddleware.php(47): Drupal\\page_cache\\StackMiddleware\\PageCache->handle(Object(Symfony\\Component\\HttpFoundation\\Request), 1, true)\n#61 /home/sites/mscare/web/core/lib/Drupal/Core/StackMiddleware/NegotiationMiddleware.php(52): Drupal\\Core\\StackMiddleware\\ReverseProxyMiddleware->handle(Object(Symfony\\Component\\HttpFoundation\\Request), 1, true)\n#62 /home/sites/mscare/vendor/stack/builder/src/Stack/StackedHttpKernel.php(23): Drupal\\Core\\StackMiddleware\\NegotiationMiddleware->handle(Object(Symfony\\Component\\HttpFoundation\\Request), 1, true)\n#63 /home/sites/mscare/web/core/lib/Drupal/Core/DrupalKernel.php(708): Stack\\StackedHttpKernel->handle(Object(Symfony\\Component\\HttpFoundation\\Request), 1, true)\n#64 /home/sites/mscare/web/index.php(19): Drupal\\Core\\DrupalKernel->handle(Object(Symfony\\Component\\HttpFoundation\\Request))\n#65 {main}\";}',4,'','http://mscare.open.gr/node/594','http://mscare.open.gr/node/594','85.72.53.208',1601050096),(28966,1,'myformhandler','MyHandler got form data:','a:0:{}',4,'','http://mscare.open.gr/node/594','http://mscare.open.gr/node/594','85.72.53.208',1601050096),(28967,1,'webform','@title created.','a:2:{s:3:\"@id\";s:3:\"144\";s:6:\"@title\";s:37:\"MSCU – ECF – 2020: Submission #38\";}',5,'<a href=\"/admin/structure/webform/manage/email_reminder/submission/144/edit\" hreflang=\"en\">Edit</a>','http://mscare.open.gr/node/594','http://mscare.open.gr/node/594','85.72.53.208',1601050096),(28968,1,'php','%type: @message in %function (line %line of %file) @backtrace_string.','a:6:{s:5:\"%type\";s:7:\"Warning\";s:8:\"@message\";O:25:\"Drupal\\Core\\Render\\Markup\":1:{s:9:\"\0*\0string\";s:57:\"array_diff(): at least 2 parameters are required, 1 given\";}s:9:\"%function\";s:74:\"Drupal\\ma_handlers\\Plugin\\WebformHandler\\MailReminderHandler->submitForm()\";s:5:\"%file\";s:99:\"/home/sites/mscare/web/modules/custom/ma_handlers/src/Plugin/WebformHandler/MailReminderHandler.php\";s:5:\"%line\";i:56;s:17:\"@backtrace_string\";s:10555:\"#0 /home/sites/mscare/web/core/includes/bootstrap.inc(600): _drupal_error_handler_real(2, \'array_diff(): a...\', \'/home/sites/msc...\', 56, Array)\n#1 [internal function]: _drupal_error_handler(2, \'array_diff(): a...\', \'/home/sites/msc...\', 56, Array)\n#2 /home/sites/mscare/web/modules/custom/ma_handlers/src/Plugin/WebformHandler/MailReminderHandler.php(56): array_diff(Array)\n#3 /home/sites/mscare/web/modules/contrib/webform/src/Entity/Webform.php(2616): Drupal\\ma_handlers\\Plugin\\WebformHandler\\MailReminderHandler->submitForm(Array, Object(Drupal\\Core\\Form\\FormState), Object(Drupal\\webform\\Entity\\WebformSubmission))\n#4 /home/sites/mscare/web/modules/contrib/webform/src/WebformSubmissionForm.php(1843): Drupal\\webform\\Entity\\Webform->invokeHandlers(\'submitForm\', Array, Object(Drupal\\Core\\Form\\FormState), Object(Drupal\\webform\\Entity\\WebformSubmission))\n#5 [internal function]: Drupal\\webform\\WebformSubmissionForm->submitForm(Array, Object(Drupal\\Core\\Form\\FormState))\n#6 /home/sites/mscare/web/core/lib/Drupal/Core/Form/FormSubmitter.php(114): call_user_func_array(Array, Array)\n#7 /home/sites/mscare/web/core/lib/Drupal/Core/Form/FormSubmitter.php(52): Drupal\\Core\\Form\\FormSubmitter->executeSubmitHandlers(Array, Object(Drupal\\Core\\Form\\FormState))\n#8 /home/sites/mscare/web/core/lib/Drupal/Core/Form/FormBuilder.php(593): Drupal\\Core\\Form\\FormSubmitter->doSubmitForm(Array, Object(Drupal\\Core\\Form\\FormState))\n#9 /home/sites/mscare/web/core/lib/Drupal/Core/Form/FormBuilder.php(321): Drupal\\Core\\Form\\FormBuilder->processForm(\'webform_submiss...\', Array, Object(Drupal\\Core\\Form\\FormState))\n#10 /home/sites/mscare/web/core/lib/Drupal/Core/Entity/EntityFormBuilder.php(61): Drupal\\Core\\Form\\FormBuilder->buildForm(Object(Drupal\\webform\\WebformSubmissionForm), Object(Drupal\\Core\\Form\\FormState))\n#11 /home/sites/mscare/web/modules/contrib/webform/src/Entity/Webform.php(1193): Drupal\\Core\\Entity\\EntityFormBuilder->getForm(Object(Drupal\\webform\\Entity\\WebformSubmission), \'add\')\n#12 /home/sites/mscare/web/modules/contrib/webform/src/Element/Webform.php(78): Drupal\\webform\\Entity\\Webform->getSubmissionForm(Array)\n#13 [internal function]: Drupal\\webform\\Element\\Webform::preRenderWebformElement(Array)\n#14 /home/sites/mscare/web/core/lib/Drupal/Core/Security/DoTrustedCallbackTrait.php(100): call_user_func_array(Array, Array)\n#15 /home/sites/mscare/web/core/lib/Drupal/Core/Render/Renderer.php(781): Drupal\\Core\\Render\\Renderer->doTrustedCallback(Array, Array, \'Render #pre_ren...\', \'silenced_deprec...\', \'Drupal\\\\Core\\\\Ren...\')\n#16 /home/sites/mscare/web/core/lib/Drupal/Core/Render/Renderer.php(372): Drupal\\Core\\Render\\Renderer->doCallback(\'#pre_render\', Array, Array)\n#17 /home/sites/mscare/web/core/lib/Drupal/Core/Render/Renderer.php(200): Drupal\\Core\\Render\\Renderer->doRender(Array, false)\n#18 /home/sites/mscare/web/core/lib/Drupal/Core/Template/TwigExtension.php(501): Drupal\\Core\\Render\\Renderer->render(Array)\n#19 /home/sites/mscare/web/sites/default/files/php/twig/5f6e1676689c5_block.html.twig_Nk3ADGmD6577FPjExdzeXMxT4/xGlFaTamPzekrn_IOMjNAvq3HjgJkQTi9CeWkKvbiNE.php(101): Drupal\\Core\\Template\\TwigExtension->escapeFilter(Object(Drupal\\Core\\Template\\TwigEnvironment), Array, \'html\', NULL, true)\n#20 /home/sites/mscare/vendor/twig/twig/src/Template.php(214): __TwigTemplate_5091a0d8f0ef8b286c27524f1cf433c7bb7dec63549fb60634c9387d354e1f98->block_content(Array, Array)\n#21 /home/sites/mscare/web/sites/default/files/php/twig/5f6e1676689c5_block.html.twig_Nk3ADGmD6577FPjExdzeXMxT4/xGlFaTamPzekrn_IOMjNAvq3HjgJkQTi9CeWkKvbiNE.php(86): Twig\\Template->displayBlock(\'content\', Array, Array)\n#22 /home/sites/mscare/vendor/twig/twig/src/Template.php(453): __TwigTemplate_5091a0d8f0ef8b286c27524f1cf433c7bb7dec63549fb60634c9387d354e1f98->doDisplay(Array, Array)\n#23 /home/sites/mscare/vendor/twig/twig/src/Template.php(420): Twig\\Template->displayWithErrorHandling(Array, Array)\n#24 /home/sites/mscare/vendor/twig/twig/src/Template.php(432): Twig\\Template->display(Array)\n#25 /home/sites/mscare/web/core/themes/engines/twig/twig.engine(64): Twig\\Template->render(Array)\n#26 /home/sites/mscare/web/core/lib/Drupal/Core/Theme/ThemeManager.php(384): twig_render_template(\'themes/contrib/...\', Array)\n#27 /home/sites/mscare/web/core/lib/Drupal/Core/Render/Renderer.php(431): Drupal\\Core\\Theme\\ThemeManager->render(\'block\', Array)\n#28 /home/sites/mscare/web/core/lib/Drupal/Core/Render/Renderer.php(444): Drupal\\Core\\Render\\Renderer->doRender(Array)\n#29 /home/sites/mscare/web/core/lib/Drupal/Core/Render/Renderer.php(200): Drupal\\Core\\Render\\Renderer->doRender(Array, false)\n#30 /home/sites/mscare/web/core/lib/Drupal/Core/Template/TwigExtension.php(501): Drupal\\Core\\Render\\Renderer->render(Array)\n#31 /home/sites/mscare/web/sites/default/files/php/twig/5f6e1676689c5_page.html.twig_4ox8-P5MHIxgqBYbfb3a3CTbA/JXRwkQUpmLu2gC1ulxDJKem0hx6IeWFyrsZPphZLck0.php(681): Drupal\\Core\\Template\\TwigExtension->escapeFilter(Object(Drupal\\Core\\Template\\TwigEnvironment), Array, \'html\', NULL, true)\n#32 /home/sites/mscare/vendor/twig/twig/src/Template.php(453): __TwigTemplate_5e0df418b56ee94b19b45c345522aa482f0ec073a7057983d5cf5340a1d66973->doDisplay(Array, Array)\n#33 /home/sites/mscare/vendor/twig/twig/src/Template.php(420): Twig\\Template->displayWithErrorHandling(Array, Array)\n#34 /home/sites/mscare/vendor/twig/twig/src/Template.php(432): Twig\\Template->display(Array)\n#35 /home/sites/mscare/web/core/themes/engines/twig/twig.engine(64): Twig\\Template->render(Array)\n#36 /home/sites/mscare/web/core/lib/Drupal/Core/Theme/ThemeManager.php(384): twig_render_template(\'themes/contrib/...\', Array)\n#37 /home/sites/mscare/web/core/lib/Drupal/Core/Render/Renderer.php(431): Drupal\\Core\\Theme\\ThemeManager->render(\'page\', Array)\n#38 /home/sites/mscare/web/core/lib/Drupal/Core/Render/Renderer.php(200): Drupal\\Core\\Render\\Renderer->doRender(Array, false)\n#39 /home/sites/mscare/web/core/lib/Drupal/Core/Template/TwigExtension.php(501): Drupal\\Core\\Render\\Renderer->render(Array)\n#40 /home/sites/mscare/web/sites/default/files/php/twig/5f6e1676689c5_html.html.twig_GESAq2dKb9BUD92Q77xHkU4bQ/uo7Gu0rlirtdPAwXs1vP2lXmqCf5Pg98pEDMXOk1qS0.php(102): Drupal\\Core\\Template\\TwigExtension->escapeFilter(Object(Drupal\\Core\\Template\\TwigEnvironment), Array, \'html\', NULL, true)\n#41 /home/sites/mscare/vendor/twig/twig/src/Template.php(453): __TwigTemplate_df4712f18857557a4d3b981d2f5e5289601677673aff5b6804b5dea6df9da3c1->doDisplay(Array, Array)\n#42 /home/sites/mscare/vendor/twig/twig/src/Template.php(420): Twig\\Template->displayWithErrorHandling(Array, Array)\n#43 /home/sites/mscare/vendor/twig/twig/src/Template.php(432): Twig\\Template->display(Array)\n#44 /home/sites/mscare/web/core/themes/engines/twig/twig.engine(64): Twig\\Template->render(Array)\n#45 /home/sites/mscare/web/core/lib/Drupal/Core/Theme/ThemeManager.php(384): twig_render_template(\'core/themes/cla...\', Array)\n#46 /home/sites/mscare/web/core/lib/Drupal/Core/Render/Renderer.php(431): Drupal\\Core\\Theme\\ThemeManager->render(\'html\', Array)\n#47 /home/sites/mscare/web/core/lib/Drupal/Core/Render/Renderer.php(200): Drupal\\Core\\Render\\Renderer->doRender(Array, false)\n#48 /home/sites/mscare/web/core/lib/Drupal/Core/Render/MainContent/HtmlRenderer.php(147): Drupal\\Core\\Render\\Renderer->render(Array)\n#49 /home/sites/mscare/web/core/lib/Drupal/Core/Render/Renderer.php(573): Drupal\\Core\\Render\\MainContent\\HtmlRenderer->Drupal\\Core\\Render\\MainContent\\{closure}()\n#50 /home/sites/mscare/web/core/lib/Drupal/Core/Render/MainContent/HtmlRenderer.php(148): Drupal\\Core\\Render\\Renderer->executeInRenderContext(Object(Drupal\\Core\\Render\\RenderContext), Object(Closure))\n#51 /home/sites/mscare/web/core/lib/Drupal/Core/EventSubscriber/MainContentViewSubscriber.php(90): Drupal\\Core\\Render\\MainContent\\HtmlRenderer->renderResponse(Array, Object(Symfony\\Component\\HttpFoundation\\Request), Object(Drupal\\Core\\Routing\\CurrentRouteMatch))\n#52 [internal function]: Drupal\\Core\\EventSubscriber\\MainContentViewSubscriber->onViewRenderArray(Object(Symfony\\Component\\HttpKernel\\Event\\GetResponseForControllerResultEvent), \'kernel.view\', Object(Drupal\\Component\\EventDispatcher\\ContainerAwareEventDispatcher))\n#53 /home/sites/mscare/web/core/lib/Drupal/Component/EventDispatcher/ContainerAwareEventDispatcher.php(111): call_user_func(Array, Object(Symfony\\Component\\HttpKernel\\Event\\GetResponseForControllerResultEvent), \'kernel.view\', Object(Drupal\\Component\\EventDispatcher\\ContainerAwareEventDispatcher))\n#54 /home/sites/mscare/vendor/symfony/http-kernel/HttpKernel.php(156): Drupal\\Component\\EventDispatcher\\ContainerAwareEventDispatcher->dispatch(\'kernel.view\', Object(Symfony\\Component\\HttpKernel\\Event\\GetResponseForControllerResultEvent))\n#55 /home/sites/mscare/vendor/symfony/http-kernel/HttpKernel.php(68): Symfony\\Component\\HttpKernel\\HttpKernel->handleRaw(Object(Symfony\\Component\\HttpFoundation\\Request), 1)\n#56 /home/sites/mscare/web/core/lib/Drupal/Core/StackMiddleware/Session.php(57): Symfony\\Component\\HttpKernel\\HttpKernel->handle(Object(Symfony\\Component\\HttpFoundation\\Request), 1, true)\n#57 /home/sites/mscare/web/core/lib/Drupal/Core/StackMiddleware/KernelPreHandle.php(47): Drupal\\Core\\StackMiddleware\\Session->handle(Object(Symfony\\Component\\HttpFoundation\\Request), 1, true)\n#58 /home/sites/mscare/web/core/modules/page_cache/src/StackMiddleware/PageCache.php(106): Drupal\\Core\\StackMiddleware\\KernelPreHandle->handle(Object(Symfony\\Component\\HttpFoundation\\Request), 1, true)\n#59 /home/sites/mscare/web/core/modules/page_cache/src/StackMiddleware/PageCache.php(85): Drupal\\page_cache\\StackMiddleware\\PageCache->pass(Object(Symfony\\Component\\HttpFoundation\\Request), 1, true)\n#60 /home/sites/mscare/web/core/lib/Drupal/Core/StackMiddleware/ReverseProxyMiddleware.php(47): Drupal\\page_cache\\StackMiddleware\\PageCache->handle(Object(Symfony\\Component\\HttpFoundation\\Request), 1, true)\n#61 /home/sites/mscare/web/core/lib/Drupal/Core/StackMiddleware/NegotiationMiddleware.php(52): Drupal\\Core\\StackMiddleware\\ReverseProxyMiddleware->handle(Object(Symfony\\Component\\HttpFoundation\\Request), 1, true)\n#62 /home/sites/mscare/vendor/stack/builder/src/Stack/StackedHttpKernel.php(23): Drupal\\Core\\StackMiddleware\\NegotiationMiddleware->handle(Object(Symfony\\Component\\HttpFoundation\\Request), 1, true)\n#63 /home/sites/mscare/web/core/lib/Drupal/Core/DrupalKernel.php(708): Stack\\StackedHttpKernel->handle(Object(Symfony\\Component\\HttpFoundation\\Request), 1, true)\n#64 /home/sites/mscare/web/index.php(19): Drupal\\Core\\DrupalKernel->handle(Object(Symfony\\Component\\HttpFoundation\\Request))\n#65 {main}\";}',4,'','http://mscare.open.gr/node/594','http://mscare.open.gr/node/594','85.72.53.208',1601050246),(28969,1,'myformhandler','MyHandler got form data:','a:0:{}',4,'','http://mscare.open.gr/node/594','http://mscare.open.gr/node/594','85.72.53.208',1601050246),(28970,1,'webform','@title created.','a:2:{s:3:\"@id\";s:3:\"145\";s:6:\"@title\";s:37:\"MSCU – ECF – 2020: Submission #39\";}',5,'<a href=\"/admin/structure/webform/manage/email_reminder/submission/145/edit\" hreflang=\"en\">Edit</a>','http://mscare.open.gr/node/594','http://mscare.open.gr/node/594','85.72.53.208',1601050246),(28971,1,'myformhandler','MyHandler got form data:Array\n(\n    [0] => amimi@open.gr\n)\n','a:0:{}',4,'','http://mscare.open.gr/node/594','http://mscare.open.gr/node/594','85.72.53.208',1601050316),(28972,1,'webform','@title created.','a:2:{s:3:\"@id\";s:3:\"146\";s:6:\"@title\";s:37:\"MSCU – ECF – 2020: Submission #40\";}',5,'<a href=\"/admin/structure/webform/manage/email_reminder/submission/146/edit\" hreflang=\"en\">Edit</a>','http://mscare.open.gr/node/594','http://mscare.open.gr/node/594','85.72.53.208',1601050316),(28973,1,'php','%type: @message in %function (line %line of %file) @backtrace_string.','a:6:{s:5:\"%type\";s:6:\"Notice\";s:8:\"@message\";O:25:\"Drupal\\Core\\Render\\Markup\":1:{s:9:\"\0*\0string\";s:25:\"Undefined variable: aTmp1\";}s:9:\"%function\";s:74:\"Drupal\\ma_handlers\\Plugin\\WebformHandler\\MailReminderHandler->submitForm()\";s:5:\"%file\";s:99:\"/home/sites/mscare/web/modules/custom/ma_handlers/src/Plugin/WebformHandler/MailReminderHandler.php\";s:5:\"%line\";i:58;s:17:\"@backtrace_string\";s:10512:\"#0 /home/sites/mscare/web/core/includes/bootstrap.inc(600): _drupal_error_handler_real(8, \'Undefined varia...\', \'/home/sites/msc...\', 58, Array)\n#1 /home/sites/mscare/web/modules/custom/ma_handlers/src/Plugin/WebformHandler/MailReminderHandler.php(58): _drupal_error_handler(8, \'Undefined varia...\', \'/home/sites/msc...\', 58, Array)\n#2 /home/sites/mscare/web/modules/contrib/webform/src/Entity/Webform.php(2616): Drupal\\ma_handlers\\Plugin\\WebformHandler\\MailReminderHandler->submitForm(Array, Object(Drupal\\Core\\Form\\FormState), Object(Drupal\\webform\\Entity\\WebformSubmission))\n#3 /home/sites/mscare/web/modules/contrib/webform/src/WebformSubmissionForm.php(1843): Drupal\\webform\\Entity\\Webform->invokeHandlers(\'submitForm\', Array, Object(Drupal\\Core\\Form\\FormState), Object(Drupal\\webform\\Entity\\WebformSubmission))\n#4 [internal function]: Drupal\\webform\\WebformSubmissionForm->submitForm(Array, Object(Drupal\\Core\\Form\\FormState))\n#5 /home/sites/mscare/web/core/lib/Drupal/Core/Form/FormSubmitter.php(114): call_user_func_array(Array, Array)\n#6 /home/sites/mscare/web/core/lib/Drupal/Core/Form/FormSubmitter.php(52): Drupal\\Core\\Form\\FormSubmitter->executeSubmitHandlers(Array, Object(Drupal\\Core\\Form\\FormState))\n#7 /home/sites/mscare/web/core/lib/Drupal/Core/Form/FormBuilder.php(593): Drupal\\Core\\Form\\FormSubmitter->doSubmitForm(Array, Object(Drupal\\Core\\Form\\FormState))\n#8 /home/sites/mscare/web/core/lib/Drupal/Core/Form/FormBuilder.php(321): Drupal\\Core\\Form\\FormBuilder->processForm(\'webform_submiss...\', Array, Object(Drupal\\Core\\Form\\FormState))\n#9 /home/sites/mscare/web/core/lib/Drupal/Core/Entity/EntityFormBuilder.php(61): Drupal\\Core\\Form\\FormBuilder->buildForm(Object(Drupal\\webform\\WebformSubmissionForm), Object(Drupal\\Core\\Form\\FormState))\n#10 /home/sites/mscare/web/modules/contrib/webform/src/Entity/Webform.php(1193): Drupal\\Core\\Entity\\EntityFormBuilder->getForm(Object(Drupal\\webform\\Entity\\WebformSubmission), \'add\')\n#11 /home/sites/mscare/web/modules/contrib/webform/src/Element/Webform.php(78): Drupal\\webform\\Entity\\Webform->getSubmissionForm(Array)\n#12 [internal function]: Drupal\\webform\\Element\\Webform::preRenderWebformElement(Array)\n#13 /home/sites/mscare/web/core/lib/Drupal/Core/Security/DoTrustedCallbackTrait.php(100): call_user_func_array(Array, Array)\n#14 /home/sites/mscare/web/core/lib/Drupal/Core/Render/Renderer.php(781): Drupal\\Core\\Render\\Renderer->doTrustedCallback(Array, Array, \'Render #pre_ren...\', \'silenced_deprec...\', \'Drupal\\\\Core\\\\Ren...\')\n#15 /home/sites/mscare/web/core/lib/Drupal/Core/Render/Renderer.php(372): Drupal\\Core\\Render\\Renderer->doCallback(\'#pre_render\', Array, Array)\n#16 /home/sites/mscare/web/core/lib/Drupal/Core/Render/Renderer.php(200): Drupal\\Core\\Render\\Renderer->doRender(Array, false)\n#17 /home/sites/mscare/web/core/lib/Drupal/Core/Template/TwigExtension.php(501): Drupal\\Core\\Render\\Renderer->render(Array)\n#18 /home/sites/mscare/web/sites/default/files/php/twig/5f6e178f6ffa3_block.html.twig_Nk3ADGmD6577FPjExdzeXMxT4/jt7ldiIsXVM1hpCaTR6J6aiTroDOtky5_84ucHojNro.php(101): Drupal\\Core\\Template\\TwigExtension->escapeFilter(Object(Drupal\\Core\\Template\\TwigEnvironment), Array, \'html\', NULL, true)\n#19 /home/sites/mscare/vendor/twig/twig/src/Template.php(214): __TwigTemplate_5091a0d8f0ef8b286c27524f1cf433c7bb7dec63549fb60634c9387d354e1f98->block_content(Array, Array)\n#20 /home/sites/mscare/web/sites/default/files/php/twig/5f6e178f6ffa3_block.html.twig_Nk3ADGmD6577FPjExdzeXMxT4/jt7ldiIsXVM1hpCaTR6J6aiTroDOtky5_84ucHojNro.php(86): Twig\\Template->displayBlock(\'content\', Array, Array)\n#21 /home/sites/mscare/vendor/twig/twig/src/Template.php(453): __TwigTemplate_5091a0d8f0ef8b286c27524f1cf433c7bb7dec63549fb60634c9387d354e1f98->doDisplay(Array, Array)\n#22 /home/sites/mscare/vendor/twig/twig/src/Template.php(420): Twig\\Template->displayWithErrorHandling(Array, Array)\n#23 /home/sites/mscare/vendor/twig/twig/src/Template.php(432): Twig\\Template->display(Array)\n#24 /home/sites/mscare/web/core/themes/engines/twig/twig.engine(64): Twig\\Template->render(Array)\n#25 /home/sites/mscare/web/core/lib/Drupal/Core/Theme/ThemeManager.php(384): twig_render_template(\'themes/contrib/...\', Array)\n#26 /home/sites/mscare/web/core/lib/Drupal/Core/Render/Renderer.php(431): Drupal\\Core\\Theme\\ThemeManager->render(\'block\', Array)\n#27 /home/sites/mscare/web/core/lib/Drupal/Core/Render/Renderer.php(444): Drupal\\Core\\Render\\Renderer->doRender(Array)\n#28 /home/sites/mscare/web/core/lib/Drupal/Core/Render/Renderer.php(200): Drupal\\Core\\Render\\Renderer->doRender(Array, false)\n#29 /home/sites/mscare/web/core/lib/Drupal/Core/Template/TwigExtension.php(501): Drupal\\Core\\Render\\Renderer->render(Array)\n#30 /home/sites/mscare/web/sites/default/files/php/twig/5f6e178f6ffa3_page.html.twig_4ox8-P5MHIxgqBYbfb3a3CTbA/cou47qDgDzuIsnxEB_1G0YUPXGXfLxqE7d22oPx2FHQ.php(681): Drupal\\Core\\Template\\TwigExtension->escapeFilter(Object(Drupal\\Core\\Template\\TwigEnvironment), Array, \'html\', NULL, true)\n#31 /home/sites/mscare/vendor/twig/twig/src/Template.php(453): __TwigTemplate_5e0df418b56ee94b19b45c345522aa482f0ec073a7057983d5cf5340a1d66973->doDisplay(Array, Array)\n#32 /home/sites/mscare/vendor/twig/twig/src/Template.php(420): Twig\\Template->displayWithErrorHandling(Array, Array)\n#33 /home/sites/mscare/vendor/twig/twig/src/Template.php(432): Twig\\Template->display(Array)\n#34 /home/sites/mscare/web/core/themes/engines/twig/twig.engine(64): Twig\\Template->render(Array)\n#35 /home/sites/mscare/web/core/lib/Drupal/Core/Theme/ThemeManager.php(384): twig_render_template(\'themes/contrib/...\', Array)\n#36 /home/sites/mscare/web/core/lib/Drupal/Core/Render/Renderer.php(431): Drupal\\Core\\Theme\\ThemeManager->render(\'page\', Array)\n#37 /home/sites/mscare/web/core/lib/Drupal/Core/Render/Renderer.php(200): Drupal\\Core\\Render\\Renderer->doRender(Array, false)\n#38 /home/sites/mscare/web/core/lib/Drupal/Core/Template/TwigExtension.php(501): Drupal\\Core\\Render\\Renderer->render(Array)\n#39 /home/sites/mscare/web/sites/default/files/php/twig/5f6e178f6ffa3_html.html.twig_GESAq2dKb9BUD92Q77xHkU4bQ/XM2pxpqWL-oViJuuP5ThZDlb3PCEvD1ytA7eIjtuZh8.php(102): Drupal\\Core\\Template\\TwigExtension->escapeFilter(Object(Drupal\\Core\\Template\\TwigEnvironment), Array, \'html\', NULL, true)\n#40 /home/sites/mscare/vendor/twig/twig/src/Template.php(453): __TwigTemplate_df4712f18857557a4d3b981d2f5e5289601677673aff5b6804b5dea6df9da3c1->doDisplay(Array, Array)\n#41 /home/sites/mscare/vendor/twig/twig/src/Template.php(420): Twig\\Template->displayWithErrorHandling(Array, Array)\n#42 /home/sites/mscare/vendor/twig/twig/src/Template.php(432): Twig\\Template->display(Array)\n#43 /home/sites/mscare/web/core/themes/engines/twig/twig.engine(64): Twig\\Template->render(Array)\n#44 /home/sites/mscare/web/core/lib/Drupal/Core/Theme/ThemeManager.php(384): twig_render_template(\'core/themes/cla...\', Array)\n#45 /home/sites/mscare/web/core/lib/Drupal/Core/Render/Renderer.php(431): Drupal\\Core\\Theme\\ThemeManager->render(\'html\', Array)\n#46 /home/sites/mscare/web/core/lib/Drupal/Core/Render/Renderer.php(200): Drupal\\Core\\Render\\Renderer->doRender(Array, false)\n#47 /home/sites/mscare/web/core/lib/Drupal/Core/Render/MainContent/HtmlRenderer.php(147): Drupal\\Core\\Render\\Renderer->render(Array)\n#48 /home/sites/mscare/web/core/lib/Drupal/Core/Render/Renderer.php(573): Drupal\\Core\\Render\\MainContent\\HtmlRenderer->Drupal\\Core\\Render\\MainContent\\{closure}()\n#49 /home/sites/mscare/web/core/lib/Drupal/Core/Render/MainContent/HtmlRenderer.php(148): Drupal\\Core\\Render\\Renderer->executeInRenderContext(Object(Drupal\\Core\\Render\\RenderContext), Object(Closure))\n#50 /home/sites/mscare/web/core/lib/Drupal/Core/EventSubscriber/MainContentViewSubscriber.php(90): Drupal\\Core\\Render\\MainContent\\HtmlRenderer->renderResponse(Array, Object(Symfony\\Component\\HttpFoundation\\Request), Object(Drupal\\Core\\Routing\\CurrentRouteMatch))\n#51 [internal function]: Drupal\\Core\\EventSubscriber\\MainContentViewSubscriber->onViewRenderArray(Object(Symfony\\Component\\HttpKernel\\Event\\GetResponseForControllerResultEvent), \'kernel.view\', Object(Drupal\\Component\\EventDispatcher\\ContainerAwareEventDispatcher))\n#52 /home/sites/mscare/web/core/lib/Drupal/Component/EventDispatcher/ContainerAwareEventDispatcher.php(111): call_user_func(Array, Object(Symfony\\Component\\HttpKernel\\Event\\GetResponseForControllerResultEvent), \'kernel.view\', Object(Drupal\\Component\\EventDispatcher\\ContainerAwareEventDispatcher))\n#53 /home/sites/mscare/vendor/symfony/http-kernel/HttpKernel.php(156): Drupal\\Component\\EventDispatcher\\ContainerAwareEventDispatcher->dispatch(\'kernel.view\', Object(Symfony\\Component\\HttpKernel\\Event\\GetResponseForControllerResultEvent))\n#54 /home/sites/mscare/vendor/symfony/http-kernel/HttpKernel.php(68): Symfony\\Component\\HttpKernel\\HttpKernel->handleRaw(Object(Symfony\\Component\\HttpFoundation\\Request), 1)\n#55 /home/sites/mscare/web/core/lib/Drupal/Core/StackMiddleware/Session.php(57): Symfony\\Component\\HttpKernel\\HttpKernel->handle(Object(Symfony\\Component\\HttpFoundation\\Request), 1, true)\n#56 /home/sites/mscare/web/core/lib/Drupal/Core/StackMiddleware/KernelPreHandle.php(47): Drupal\\Core\\StackMiddleware\\Session->handle(Object(Symfony\\Component\\HttpFoundation\\Request), 1, true)\n#57 /home/sites/mscare/web/core/modules/page_cache/src/StackMiddleware/PageCache.php(106): Drupal\\Core\\StackMiddleware\\KernelPreHandle->handle(Object(Symfony\\Component\\HttpFoundation\\Request), 1, true)\n#58 /home/sites/mscare/web/core/modules/page_cache/src/StackMiddleware/PageCache.php(85): Drupal\\page_cache\\StackMiddleware\\PageCache->pass(Object(Symfony\\Component\\HttpFoundation\\Request), 1, true)\n#59 /home/sites/mscare/web/core/lib/Drupal/Core/StackMiddleware/ReverseProxyMiddleware.php(47): Drupal\\page_cache\\StackMiddleware\\PageCache->handle(Object(Symfony\\Component\\HttpFoundation\\Request), 1, true)\n#60 /home/sites/mscare/web/core/lib/Drupal/Core/StackMiddleware/NegotiationMiddleware.php(52): Drupal\\Core\\StackMiddleware\\ReverseProxyMiddleware->handle(Object(Symfony\\Component\\HttpFoundation\\Request), 1, true)\n#61 /home/sites/mscare/vendor/stack/builder/src/Stack/StackedHttpKernel.php(23): Drupal\\Core\\StackMiddleware\\NegotiationMiddleware->handle(Object(Symfony\\Component\\HttpFoundation\\Request), 1, true)\n#62 /home/sites/mscare/web/core/lib/Drupal/Core/DrupalKernel.php(708): Stack\\StackedHttpKernel->handle(Object(Symfony\\Component\\HttpFoundation\\Request), 1, true)\n#63 /home/sites/mscare/web/index.php(19): Drupal\\Core\\DrupalKernel->handle(Object(Symfony\\Component\\HttpFoundation\\Request))\n#64 {main}\";}',5,'','http://mscare.open.gr/node/594','http://mscare.open.gr/node/594','85.72.53.208',1601050524),(28974,1,'php','%type: @message in %function (line %line of %file) @backtrace_string.','a:6:{s:5:\"%type\";s:7:\"Warning\";s:8:\"@message\";O:25:\"Drupal\\Core\\Render\\Markup\":1:{s:9:\"\0*\0string\";s:41:\"array_diff(): Argument #1 is not an array\";}s:9:\"%function\";s:74:\"Drupal\\ma_handlers\\Plugin\\WebformHandler\\MailReminderHandler->submitForm()\";s:5:\"%file\";s:99:\"/home/sites/mscare/web/modules/custom/ma_handlers/src/Plugin/WebformHandler/MailReminderHandler.php\";s:5:\"%line\";i:58;s:17:\"@backtrace_string\";s:10561:\"#0 /home/sites/mscare/web/core/includes/bootstrap.inc(600): _drupal_error_handler_real(2, \'array_diff(): A...\', \'/home/sites/msc...\', 58, Array)\n#1 [internal function]: _drupal_error_handler(2, \'array_diff(): A...\', \'/home/sites/msc...\', 58, Array)\n#2 /home/sites/mscare/web/modules/custom/ma_handlers/src/Plugin/WebformHandler/MailReminderHandler.php(58): array_diff(NULL, Array)\n#3 /home/sites/mscare/web/modules/contrib/webform/src/Entity/Webform.php(2616): Drupal\\ma_handlers\\Plugin\\WebformHandler\\MailReminderHandler->submitForm(Array, Object(Drupal\\Core\\Form\\FormState), Object(Drupal\\webform\\Entity\\WebformSubmission))\n#4 /home/sites/mscare/web/modules/contrib/webform/src/WebformSubmissionForm.php(1843): Drupal\\webform\\Entity\\Webform->invokeHandlers(\'submitForm\', Array, Object(Drupal\\Core\\Form\\FormState), Object(Drupal\\webform\\Entity\\WebformSubmission))\n#5 [internal function]: Drupal\\webform\\WebformSubmissionForm->submitForm(Array, Object(Drupal\\Core\\Form\\FormState))\n#6 /home/sites/mscare/web/core/lib/Drupal/Core/Form/FormSubmitter.php(114): call_user_func_array(Array, Array)\n#7 /home/sites/mscare/web/core/lib/Drupal/Core/Form/FormSubmitter.php(52): Drupal\\Core\\Form\\FormSubmitter->executeSubmitHandlers(Array, Object(Drupal\\Core\\Form\\FormState))\n#8 /home/sites/mscare/web/core/lib/Drupal/Core/Form/FormBuilder.php(593): Drupal\\Core\\Form\\FormSubmitter->doSubmitForm(Array, Object(Drupal\\Core\\Form\\FormState))\n#9 /home/sites/mscare/web/core/lib/Drupal/Core/Form/FormBuilder.php(321): Drupal\\Core\\Form\\FormBuilder->processForm(\'webform_submiss...\', Array, Object(Drupal\\Core\\Form\\FormState))\n#10 /home/sites/mscare/web/core/lib/Drupal/Core/Entity/EntityFormBuilder.php(61): Drupal\\Core\\Form\\FormBuilder->buildForm(Object(Drupal\\webform\\WebformSubmissionForm), Object(Drupal\\Core\\Form\\FormState))\n#11 /home/sites/mscare/web/modules/contrib/webform/src/Entity/Webform.php(1193): Drupal\\Core\\Entity\\EntityFormBuilder->getForm(Object(Drupal\\webform\\Entity\\WebformSubmission), \'add\')\n#12 /home/sites/mscare/web/modules/contrib/webform/src/Element/Webform.php(78): Drupal\\webform\\Entity\\Webform->getSubmissionForm(Array)\n#13 [internal function]: Drupal\\webform\\Element\\Webform::preRenderWebformElement(Array)\n#14 /home/sites/mscare/web/core/lib/Drupal/Core/Security/DoTrustedCallbackTrait.php(100): call_user_func_array(Array, Array)\n#15 /home/sites/mscare/web/core/lib/Drupal/Core/Render/Renderer.php(781): Drupal\\Core\\Render\\Renderer->doTrustedCallback(Array, Array, \'Render #pre_ren...\', \'silenced_deprec...\', \'Drupal\\\\Core\\\\Ren...\')\n#16 /home/sites/mscare/web/core/lib/Drupal/Core/Render/Renderer.php(372): Drupal\\Core\\Render\\Renderer->doCallback(\'#pre_render\', Array, Array)\n#17 /home/sites/mscare/web/core/lib/Drupal/Core/Render/Renderer.php(200): Drupal\\Core\\Render\\Renderer->doRender(Array, false)\n#18 /home/sites/mscare/web/core/lib/Drupal/Core/Template/TwigExtension.php(501): Drupal\\Core\\Render\\Renderer->render(Array)\n#19 /home/sites/mscare/web/sites/default/files/php/twig/5f6e178f6ffa3_block.html.twig_Nk3ADGmD6577FPjExdzeXMxT4/jt7ldiIsXVM1hpCaTR6J6aiTroDOtky5_84ucHojNro.php(101): Drupal\\Core\\Template\\TwigExtension->escapeFilter(Object(Drupal\\Core\\Template\\TwigEnvironment), Array, \'html\', NULL, true)\n#20 /home/sites/mscare/vendor/twig/twig/src/Template.php(214): __TwigTemplate_5091a0d8f0ef8b286c27524f1cf433c7bb7dec63549fb60634c9387d354e1f98->block_content(Array, Array)\n#21 /home/sites/mscare/web/sites/default/files/php/twig/5f6e178f6ffa3_block.html.twig_Nk3ADGmD6577FPjExdzeXMxT4/jt7ldiIsXVM1hpCaTR6J6aiTroDOtky5_84ucHojNro.php(86): Twig\\Template->displayBlock(\'content\', Array, Array)\n#22 /home/sites/mscare/vendor/twig/twig/src/Template.php(453): __TwigTemplate_5091a0d8f0ef8b286c27524f1cf433c7bb7dec63549fb60634c9387d354e1f98->doDisplay(Array, Array)\n#23 /home/sites/mscare/vendor/twig/twig/src/Template.php(420): Twig\\Template->displayWithErrorHandling(Array, Array)\n#24 /home/sites/mscare/vendor/twig/twig/src/Template.php(432): Twig\\Template->display(Array)\n#25 /home/sites/mscare/web/core/themes/engines/twig/twig.engine(64): Twig\\Template->render(Array)\n#26 /home/sites/mscare/web/core/lib/Drupal/Core/Theme/ThemeManager.php(384): twig_render_template(\'themes/contrib/...\', Array)\n#27 /home/sites/mscare/web/core/lib/Drupal/Core/Render/Renderer.php(431): Drupal\\Core\\Theme\\ThemeManager->render(\'block\', Array)\n#28 /home/sites/mscare/web/core/lib/Drupal/Core/Render/Renderer.php(444): Drupal\\Core\\Render\\Renderer->doRender(Array)\n#29 /home/sites/mscare/web/core/lib/Drupal/Core/Render/Renderer.php(200): Drupal\\Core\\Render\\Renderer->doRender(Array, false)\n#30 /home/sites/mscare/web/core/lib/Drupal/Core/Template/TwigExtension.php(501): Drupal\\Core\\Render\\Renderer->render(Array)\n#31 /home/sites/mscare/web/sites/default/files/php/twig/5f6e178f6ffa3_page.html.twig_4ox8-P5MHIxgqBYbfb3a3CTbA/cou47qDgDzuIsnxEB_1G0YUPXGXfLxqE7d22oPx2FHQ.php(681): Drupal\\Core\\Template\\TwigExtension->escapeFilter(Object(Drupal\\Core\\Template\\TwigEnvironment), Array, \'html\', NULL, true)\n#32 /home/sites/mscare/vendor/twig/twig/src/Template.php(453): __TwigTemplate_5e0df418b56ee94b19b45c345522aa482f0ec073a7057983d5cf5340a1d66973->doDisplay(Array, Array)\n#33 /home/sites/mscare/vendor/twig/twig/src/Template.php(420): Twig\\Template->displayWithErrorHandling(Array, Array)\n#34 /home/sites/mscare/vendor/twig/twig/src/Template.php(432): Twig\\Template->display(Array)\n#35 /home/sites/mscare/web/core/themes/engines/twig/twig.engine(64): Twig\\Template->render(Array)\n#36 /home/sites/mscare/web/core/lib/Drupal/Core/Theme/ThemeManager.php(384): twig_render_template(\'themes/contrib/...\', Array)\n#37 /home/sites/mscare/web/core/lib/Drupal/Core/Render/Renderer.php(431): Drupal\\Core\\Theme\\ThemeManager->render(\'page\', Array)\n#38 /home/sites/mscare/web/core/lib/Drupal/Core/Render/Renderer.php(200): Drupal\\Core\\Render\\Renderer->doRender(Array, false)\n#39 /home/sites/mscare/web/core/lib/Drupal/Core/Template/TwigExtension.php(501): Drupal\\Core\\Render\\Renderer->render(Array)\n#40 /home/sites/mscare/web/sites/default/files/php/twig/5f6e178f6ffa3_html.html.twig_GESAq2dKb9BUD92Q77xHkU4bQ/XM2pxpqWL-oViJuuP5ThZDlb3PCEvD1ytA7eIjtuZh8.php(102): Drupal\\Core\\Template\\TwigExtension->escapeFilter(Object(Drupal\\Core\\Template\\TwigEnvironment), Array, \'html\', NULL, true)\n#41 /home/sites/mscare/vendor/twig/twig/src/Template.php(453): __TwigTemplate_df4712f18857557a4d3b981d2f5e5289601677673aff5b6804b5dea6df9da3c1->doDisplay(Array, Array)\n#42 /home/sites/mscare/vendor/twig/twig/src/Template.php(420): Twig\\Template->displayWithErrorHandling(Array, Array)\n#43 /home/sites/mscare/vendor/twig/twig/src/Template.php(432): Twig\\Template->display(Array)\n#44 /home/sites/mscare/web/core/themes/engines/twig/twig.engine(64): Twig\\Template->render(Array)\n#45 /home/sites/mscare/web/core/lib/Drupal/Core/Theme/ThemeManager.php(384): twig_render_template(\'core/themes/cla...\', Array)\n#46 /home/sites/mscare/web/core/lib/Drupal/Core/Render/Renderer.php(431): Drupal\\Core\\Theme\\ThemeManager->render(\'html\', Array)\n#47 /home/sites/mscare/web/core/lib/Drupal/Core/Render/Renderer.php(200): Drupal\\Core\\Render\\Renderer->doRender(Array, false)\n#48 /home/sites/mscare/web/core/lib/Drupal/Core/Render/MainContent/HtmlRenderer.php(147): Drupal\\Core\\Render\\Renderer->render(Array)\n#49 /home/sites/mscare/web/core/lib/Drupal/Core/Render/Renderer.php(573): Drupal\\Core\\Render\\MainContent\\HtmlRenderer->Drupal\\Core\\Render\\MainContent\\{closure}()\n#50 /home/sites/mscare/web/core/lib/Drupal/Core/Render/MainContent/HtmlRenderer.php(148): Drupal\\Core\\Render\\Renderer->executeInRenderContext(Object(Drupal\\Core\\Render\\RenderContext), Object(Closure))\n#51 /home/sites/mscare/web/core/lib/Drupal/Core/EventSubscriber/MainContentViewSubscriber.php(90): Drupal\\Core\\Render\\MainContent\\HtmlRenderer->renderResponse(Array, Object(Symfony\\Component\\HttpFoundation\\Request), Object(Drupal\\Core\\Routing\\CurrentRouteMatch))\n#52 [internal function]: Drupal\\Core\\EventSubscriber\\MainContentViewSubscriber->onViewRenderArray(Object(Symfony\\Component\\HttpKernel\\Event\\GetResponseForControllerResultEvent), \'kernel.view\', Object(Drupal\\Component\\EventDispatcher\\ContainerAwareEventDispatcher))\n#53 /home/sites/mscare/web/core/lib/Drupal/Component/EventDispatcher/ContainerAwareEventDispatcher.php(111): call_user_func(Array, Object(Symfony\\Component\\HttpKernel\\Event\\GetResponseForControllerResultEvent), \'kernel.view\', Object(Drupal\\Component\\EventDispatcher\\ContainerAwareEventDispatcher))\n#54 /home/sites/mscare/vendor/symfony/http-kernel/HttpKernel.php(156): Drupal\\Component\\EventDispatcher\\ContainerAwareEventDispatcher->dispatch(\'kernel.view\', Object(Symfony\\Component\\HttpKernel\\Event\\GetResponseForControllerResultEvent))\n#55 /home/sites/mscare/vendor/symfony/http-kernel/HttpKernel.php(68): Symfony\\Component\\HttpKernel\\HttpKernel->handleRaw(Object(Symfony\\Component\\HttpFoundation\\Request), 1)\n#56 /home/sites/mscare/web/core/lib/Drupal/Core/StackMiddleware/Session.php(57): Symfony\\Component\\HttpKernel\\HttpKernel->handle(Object(Symfony\\Component\\HttpFoundation\\Request), 1, true)\n#57 /home/sites/mscare/web/core/lib/Drupal/Core/StackMiddleware/KernelPreHandle.php(47): Drupal\\Core\\StackMiddleware\\Session->handle(Object(Symfony\\Component\\HttpFoundation\\Request), 1, true)\n#58 /home/sites/mscare/web/core/modules/page_cache/src/StackMiddleware/PageCache.php(106): Drupal\\Core\\StackMiddleware\\KernelPreHandle->handle(Object(Symfony\\Component\\HttpFoundation\\Request), 1, true)\n#59 /home/sites/mscare/web/core/modules/page_cache/src/StackMiddleware/PageCache.php(85): Drupal\\page_cache\\StackMiddleware\\PageCache->pass(Object(Symfony\\Component\\HttpFoundation\\Request), 1, true)\n#60 /home/sites/mscare/web/core/lib/Drupal/Core/StackMiddleware/ReverseProxyMiddleware.php(47): Drupal\\page_cache\\StackMiddleware\\PageCache->handle(Object(Symfony\\Component\\HttpFoundation\\Request), 1, true)\n#61 /home/sites/mscare/web/core/lib/Drupal/Core/StackMiddleware/NegotiationMiddleware.php(52): Drupal\\Core\\StackMiddleware\\ReverseProxyMiddleware->handle(Object(Symfony\\Component\\HttpFoundation\\Request), 1, true)\n#62 /home/sites/mscare/vendor/stack/builder/src/Stack/StackedHttpKernel.php(23): Drupal\\Core\\StackMiddleware\\NegotiationMiddleware->handle(Object(Symfony\\Component\\HttpFoundation\\Request), 1, true)\n#63 /home/sites/mscare/web/core/lib/Drupal/Core/DrupalKernel.php(708): Stack\\StackedHttpKernel->handle(Object(Symfony\\Component\\HttpFoundation\\Request), 1, true)\n#64 /home/sites/mscare/web/index.php(19): Drupal\\Core\\DrupalKernel->handle(Object(Symfony\\Component\\HttpFoundation\\Request))\n#65 {main}\";}',4,'','http://mscare.open.gr/node/594','http://mscare.open.gr/node/594','85.72.53.208',1601050524),(28975,1,'myformhandler','MyHandler got form data:','a:0:{}',4,'','http://mscare.open.gr/node/594','http://mscare.open.gr/node/594','85.72.53.208',1601050524),(28976,1,'webform','@title created.','a:2:{s:3:\"@id\";s:3:\"147\";s:6:\"@title\";s:37:\"MSCU – ECF – 2020: Submission #41\";}',5,'<a href=\"/admin/structure/webform/manage/email_reminder/submission/147/edit\" hreflang=\"en\">Edit</a>','http://mscare.open.gr/node/594','http://mscare.open.gr/node/594','85.72.53.208',1601050524),(28977,1,'php','%type: @message in %function (line %line of %file) @backtrace_string.','a:6:{s:5:\"%type\";s:6:\"Notice\";s:8:\"@message\";O:25:\"Drupal\\Core\\Render\\Markup\":1:{s:9:\"\0*\0string\";s:24:\"Undefined variable: aTmp\";}s:9:\"%function\";s:74:\"Drupal\\ma_handlers\\Plugin\\WebformHandler\\MailReminderHandler->submitForm()\";s:5:\"%file\";s:99:\"/home/sites/mscare/web/modules/custom/ma_handlers/src/Plugin/WebformHandler/MailReminderHandler.php\";s:5:\"%line\";i:58;s:17:\"@backtrace_string\";s:10512:\"#0 /home/sites/mscare/web/core/includes/bootstrap.inc(600): _drupal_error_handler_real(8, \'Undefined varia...\', \'/home/sites/msc...\', 58, Array)\n#1 /home/sites/mscare/web/modules/custom/ma_handlers/src/Plugin/WebformHandler/MailReminderHandler.php(58): _drupal_error_handler(8, \'Undefined varia...\', \'/home/sites/msc...\', 58, Array)\n#2 /home/sites/mscare/web/modules/contrib/webform/src/Entity/Webform.php(2616): Drupal\\ma_handlers\\Plugin\\WebformHandler\\MailReminderHandler->submitForm(Array, Object(Drupal\\Core\\Form\\FormState), Object(Drupal\\webform\\Entity\\WebformSubmission))\n#3 /home/sites/mscare/web/modules/contrib/webform/src/WebformSubmissionForm.php(1843): Drupal\\webform\\Entity\\Webform->invokeHandlers(\'submitForm\', Array, Object(Drupal\\Core\\Form\\FormState), Object(Drupal\\webform\\Entity\\WebformSubmission))\n#4 [internal function]: Drupal\\webform\\WebformSubmissionForm->submitForm(Array, Object(Drupal\\Core\\Form\\FormState))\n#5 /home/sites/mscare/web/core/lib/Drupal/Core/Form/FormSubmitter.php(114): call_user_func_array(Array, Array)\n#6 /home/sites/mscare/web/core/lib/Drupal/Core/Form/FormSubmitter.php(52): Drupal\\Core\\Form\\FormSubmitter->executeSubmitHandlers(Array, Object(Drupal\\Core\\Form\\FormState))\n#7 /home/sites/mscare/web/core/lib/Drupal/Core/Form/FormBuilder.php(593): Drupal\\Core\\Form\\FormSubmitter->doSubmitForm(Array, Object(Drupal\\Core\\Form\\FormState))\n#8 /home/sites/mscare/web/core/lib/Drupal/Core/Form/FormBuilder.php(321): Drupal\\Core\\Form\\FormBuilder->processForm(\'webform_submiss...\', Array, Object(Drupal\\Core\\Form\\FormState))\n#9 /home/sites/mscare/web/core/lib/Drupal/Core/Entity/EntityFormBuilder.php(61): Drupal\\Core\\Form\\FormBuilder->buildForm(Object(Drupal\\webform\\WebformSubmissionForm), Object(Drupal\\Core\\Form\\FormState))\n#10 /home/sites/mscare/web/modules/contrib/webform/src/Entity/Webform.php(1193): Drupal\\Core\\Entity\\EntityFormBuilder->getForm(Object(Drupal\\webform\\Entity\\WebformSubmission), \'add\')\n#11 /home/sites/mscare/web/modules/contrib/webform/src/Element/Webform.php(78): Drupal\\webform\\Entity\\Webform->getSubmissionForm(Array)\n#12 [internal function]: Drupal\\webform\\Element\\Webform::preRenderWebformElement(Array)\n#13 /home/sites/mscare/web/core/lib/Drupal/Core/Security/DoTrustedCallbackTrait.php(100): call_user_func_array(Array, Array)\n#14 /home/sites/mscare/web/core/lib/Drupal/Core/Render/Renderer.php(781): Drupal\\Core\\Render\\Renderer->doTrustedCallback(Array, Array, \'Render #pre_ren...\', \'silenced_deprec...\', \'Drupal\\\\Core\\\\Ren...\')\n#15 /home/sites/mscare/web/core/lib/Drupal/Core/Render/Renderer.php(372): Drupal\\Core\\Render\\Renderer->doCallback(\'#pre_render\', Array, Array)\n#16 /home/sites/mscare/web/core/lib/Drupal/Core/Render/Renderer.php(200): Drupal\\Core\\Render\\Renderer->doRender(Array, false)\n#17 /home/sites/mscare/web/core/lib/Drupal/Core/Template/TwigExtension.php(501): Drupal\\Core\\Render\\Renderer->render(Array)\n#18 /home/sites/mscare/web/sites/default/files/php/twig/5f6e17ee9136a_block.html.twig_Nk3ADGmD6577FPjExdzeXMxT4/u3_Qsv3Ne3v28x0ppBIuxLfAuWf0LEBoF2201wkiCfE.php(101): Drupal\\Core\\Template\\TwigExtension->escapeFilter(Object(Drupal\\Core\\Template\\TwigEnvironment), Array, \'html\', NULL, true)\n#19 /home/sites/mscare/vendor/twig/twig/src/Template.php(214): __TwigTemplate_5091a0d8f0ef8b286c27524f1cf433c7bb7dec63549fb60634c9387d354e1f98->block_content(Array, Array)\n#20 /home/sites/mscare/web/sites/default/files/php/twig/5f6e17ee9136a_block.html.twig_Nk3ADGmD6577FPjExdzeXMxT4/u3_Qsv3Ne3v28x0ppBIuxLfAuWf0LEBoF2201wkiCfE.php(86): Twig\\Template->displayBlock(\'content\', Array, Array)\n#21 /home/sites/mscare/vendor/twig/twig/src/Template.php(453): __TwigTemplate_5091a0d8f0ef8b286c27524f1cf433c7bb7dec63549fb60634c9387d354e1f98->doDisplay(Array, Array)\n#22 /home/sites/mscare/vendor/twig/twig/src/Template.php(420): Twig\\Template->displayWithErrorHandling(Array, Array)\n#23 /home/sites/mscare/vendor/twig/twig/src/Template.php(432): Twig\\Template->display(Array)\n#24 /home/sites/mscare/web/core/themes/engines/twig/twig.engine(64): Twig\\Template->render(Array)\n#25 /home/sites/mscare/web/core/lib/Drupal/Core/Theme/ThemeManager.php(384): twig_render_template(\'themes/contrib/...\', Array)\n#26 /home/sites/mscare/web/core/lib/Drupal/Core/Render/Renderer.php(431): Drupal\\Core\\Theme\\ThemeManager->render(\'block\', Array)\n#27 /home/sites/mscare/web/core/lib/Drupal/Core/Render/Renderer.php(444): Drupal\\Core\\Render\\Renderer->doRender(Array)\n#28 /home/sites/mscare/web/core/lib/Drupal/Core/Render/Renderer.php(200): Drupal\\Core\\Render\\Renderer->doRender(Array, false)\n#29 /home/sites/mscare/web/core/lib/Drupal/Core/Template/TwigExtension.php(501): Drupal\\Core\\Render\\Renderer->render(Array)\n#30 /home/sites/mscare/web/sites/default/files/php/twig/5f6e17ee9136a_page.html.twig_4ox8-P5MHIxgqBYbfb3a3CTbA/STkJHsOfN-hmV6ohxlfefLRzSD0kFHK9ooU1Goix0es.php(681): Drupal\\Core\\Template\\TwigExtension->escapeFilter(Object(Drupal\\Core\\Template\\TwigEnvironment), Array, \'html\', NULL, true)\n#31 /home/sites/mscare/vendor/twig/twig/src/Template.php(453): __TwigTemplate_5e0df418b56ee94b19b45c345522aa482f0ec073a7057983d5cf5340a1d66973->doDisplay(Array, Array)\n#32 /home/sites/mscare/vendor/twig/twig/src/Template.php(420): Twig\\Template->displayWithErrorHandling(Array, Array)\n#33 /home/sites/mscare/vendor/twig/twig/src/Template.php(432): Twig\\Template->display(Array)\n#34 /home/sites/mscare/web/core/themes/engines/twig/twig.engine(64): Twig\\Template->render(Array)\n#35 /home/sites/mscare/web/core/lib/Drupal/Core/Theme/ThemeManager.php(384): twig_render_template(\'themes/contrib/...\', Array)\n#36 /home/sites/mscare/web/core/lib/Drupal/Core/Render/Renderer.php(431): Drupal\\Core\\Theme\\ThemeManager->render(\'page\', Array)\n#37 /home/sites/mscare/web/core/lib/Drupal/Core/Render/Renderer.php(200): Drupal\\Core\\Render\\Renderer->doRender(Array, false)\n#38 /home/sites/mscare/web/core/lib/Drupal/Core/Template/TwigExtension.php(501): Drupal\\Core\\Render\\Renderer->render(Array)\n#39 /home/sites/mscare/web/sites/default/files/php/twig/5f6e17ee9136a_html.html.twig_GESAq2dKb9BUD92Q77xHkU4bQ/iBpO7I3qCe_BWjhd-9QBCl-khKXQKJbHoZxPrZSeaqo.php(102): Drupal\\Core\\Template\\TwigExtension->escapeFilter(Object(Drupal\\Core\\Template\\TwigEnvironment), Array, \'html\', NULL, true)\n#40 /home/sites/mscare/vendor/twig/twig/src/Template.php(453): __TwigTemplate_df4712f18857557a4d3b981d2f5e5289601677673aff5b6804b5dea6df9da3c1->doDisplay(Array, Array)\n#41 /home/sites/mscare/vendor/twig/twig/src/Template.php(420): Twig\\Template->displayWithErrorHandling(Array, Array)\n#42 /home/sites/mscare/vendor/twig/twig/src/Template.php(432): Twig\\Template->display(Array)\n#43 /home/sites/mscare/web/core/themes/engines/twig/twig.engine(64): Twig\\Template->render(Array)\n#44 /home/sites/mscare/web/core/lib/Drupal/Core/Theme/ThemeManager.php(384): twig_render_template(\'core/themes/cla...\', Array)\n#45 /home/sites/mscare/web/core/lib/Drupal/Core/Render/Renderer.php(431): Drupal\\Core\\Theme\\ThemeManager->render(\'html\', Array)\n#46 /home/sites/mscare/web/core/lib/Drupal/Core/Render/Renderer.php(200): Drupal\\Core\\Render\\Renderer->doRender(Array, false)\n#47 /home/sites/mscare/web/core/lib/Drupal/Core/Render/MainContent/HtmlRenderer.php(147): Drupal\\Core\\Render\\Renderer->render(Array)\n#48 /home/sites/mscare/web/core/lib/Drupal/Core/Render/Renderer.php(573): Drupal\\Core\\Render\\MainContent\\HtmlRenderer->Drupal\\Core\\Render\\MainContent\\{closure}()\n#49 /home/sites/mscare/web/core/lib/Drupal/Core/Render/MainContent/HtmlRenderer.php(148): Drupal\\Core\\Render\\Renderer->executeInRenderContext(Object(Drupal\\Core\\Render\\RenderContext), Object(Closure))\n#50 /home/sites/mscare/web/core/lib/Drupal/Core/EventSubscriber/MainContentViewSubscriber.php(90): Drupal\\Core\\Render\\MainContent\\HtmlRenderer->renderResponse(Array, Object(Symfony\\Component\\HttpFoundation\\Request), Object(Drupal\\Core\\Routing\\CurrentRouteMatch))\n#51 [internal function]: Drupal\\Core\\EventSubscriber\\MainContentViewSubscriber->onViewRenderArray(Object(Symfony\\Component\\HttpKernel\\Event\\GetResponseForControllerResultEvent), \'kernel.view\', Object(Drupal\\Component\\EventDispatcher\\ContainerAwareEventDispatcher))\n#52 /home/sites/mscare/web/core/lib/Drupal/Component/EventDispatcher/ContainerAwareEventDispatcher.php(111): call_user_func(Array, Object(Symfony\\Component\\HttpKernel\\Event\\GetResponseForControllerResultEvent), \'kernel.view\', Object(Drupal\\Component\\EventDispatcher\\ContainerAwareEventDispatcher))\n#53 /home/sites/mscare/vendor/symfony/http-kernel/HttpKernel.php(156): Drupal\\Component\\EventDispatcher\\ContainerAwareEventDispatcher->dispatch(\'kernel.view\', Object(Symfony\\Component\\HttpKernel\\Event\\GetResponseForControllerResultEvent))\n#54 /home/sites/mscare/vendor/symfony/http-kernel/HttpKernel.php(68): Symfony\\Component\\HttpKernel\\HttpKernel->handleRaw(Object(Symfony\\Component\\HttpFoundation\\Request), 1)\n#55 /home/sites/mscare/web/core/lib/Drupal/Core/StackMiddleware/Session.php(57): Symfony\\Component\\HttpKernel\\HttpKernel->handle(Object(Symfony\\Component\\HttpFoundation\\Request), 1, true)\n#56 /home/sites/mscare/web/core/lib/Drupal/Core/StackMiddleware/KernelPreHandle.php(47): Drupal\\Core\\StackMiddleware\\Session->handle(Object(Symfony\\Component\\HttpFoundation\\Request), 1, true)\n#57 /home/sites/mscare/web/core/modules/page_cache/src/StackMiddleware/PageCache.php(106): Drupal\\Core\\StackMiddleware\\KernelPreHandle->handle(Object(Symfony\\Component\\HttpFoundation\\Request), 1, true)\n#58 /home/sites/mscare/web/core/modules/page_cache/src/StackMiddleware/PageCache.php(85): Drupal\\page_cache\\StackMiddleware\\PageCache->pass(Object(Symfony\\Component\\HttpFoundation\\Request), 1, true)\n#59 /home/sites/mscare/web/core/lib/Drupal/Core/StackMiddleware/ReverseProxyMiddleware.php(47): Drupal\\page_cache\\StackMiddleware\\PageCache->handle(Object(Symfony\\Component\\HttpFoundation\\Request), 1, true)\n#60 /home/sites/mscare/web/core/lib/Drupal/Core/StackMiddleware/NegotiationMiddleware.php(52): Drupal\\Core\\StackMiddleware\\ReverseProxyMiddleware->handle(Object(Symfony\\Component\\HttpFoundation\\Request), 1, true)\n#61 /home/sites/mscare/vendor/stack/builder/src/Stack/StackedHttpKernel.php(23): Drupal\\Core\\StackMiddleware\\NegotiationMiddleware->handle(Object(Symfony\\Component\\HttpFoundation\\Request), 1, true)\n#62 /home/sites/mscare/web/core/lib/Drupal/Core/DrupalKernel.php(708): Stack\\StackedHttpKernel->handle(Object(Symfony\\Component\\HttpFoundation\\Request), 1, true)\n#63 /home/sites/mscare/web/index.php(19): Drupal\\Core\\DrupalKernel->handle(Object(Symfony\\Component\\HttpFoundation\\Request))\n#64 {main}\";}',5,'','http://mscare.open.gr/node/594','http://mscare.open.gr/node/594','85.72.53.208',1601050618),(28978,1,'php','%type: @message in %function (line %line of %file) @backtrace_string.','a:6:{s:5:\"%type\";s:7:\"Warning\";s:8:\"@message\";O:25:\"Drupal\\Core\\Render\\Markup\":1:{s:9:\"\0*\0string\";s:41:\"array_diff(): Argument #1 is not an array\";}s:9:\"%function\";s:74:\"Drupal\\ma_handlers\\Plugin\\WebformHandler\\MailReminderHandler->submitForm()\";s:5:\"%file\";s:99:\"/home/sites/mscare/web/modules/custom/ma_handlers/src/Plugin/WebformHandler/MailReminderHandler.php\";s:5:\"%line\";i:58;s:17:\"@backtrace_string\";s:10561:\"#0 /home/sites/mscare/web/core/includes/bootstrap.inc(600): _drupal_error_handler_real(2, \'array_diff(): A...\', \'/home/sites/msc...\', 58, Array)\n#1 [internal function]: _drupal_error_handler(2, \'array_diff(): A...\', \'/home/sites/msc...\', 58, Array)\n#2 /home/sites/mscare/web/modules/custom/ma_handlers/src/Plugin/WebformHandler/MailReminderHandler.php(58): array_diff(NULL, Array)\n#3 /home/sites/mscare/web/modules/contrib/webform/src/Entity/Webform.php(2616): Drupal\\ma_handlers\\Plugin\\WebformHandler\\MailReminderHandler->submitForm(Array, Object(Drupal\\Core\\Form\\FormState), Object(Drupal\\webform\\Entity\\WebformSubmission))\n#4 /home/sites/mscare/web/modules/contrib/webform/src/WebformSubmissionForm.php(1843): Drupal\\webform\\Entity\\Webform->invokeHandlers(\'submitForm\', Array, Object(Drupal\\Core\\Form\\FormState), Object(Drupal\\webform\\Entity\\WebformSubmission))\n#5 [internal function]: Drupal\\webform\\WebformSubmissionForm->submitForm(Array, Object(Drupal\\Core\\Form\\FormState))\n#6 /home/sites/mscare/web/core/lib/Drupal/Core/Form/FormSubmitter.php(114): call_user_func_array(Array, Array)\n#7 /home/sites/mscare/web/core/lib/Drupal/Core/Form/FormSubmitter.php(52): Drupal\\Core\\Form\\FormSubmitter->executeSubmitHandlers(Array, Object(Drupal\\Core\\Form\\FormState))\n#8 /home/sites/mscare/web/core/lib/Drupal/Core/Form/FormBuilder.php(593): Drupal\\Core\\Form\\FormSubmitter->doSubmitForm(Array, Object(Drupal\\Core\\Form\\FormState))\n#9 /home/sites/mscare/web/core/lib/Drupal/Core/Form/FormBuilder.php(321): Drupal\\Core\\Form\\FormBuilder->processForm(\'webform_submiss...\', Array, Object(Drupal\\Core\\Form\\FormState))\n#10 /home/sites/mscare/web/core/lib/Drupal/Core/Entity/EntityFormBuilder.php(61): Drupal\\Core\\Form\\FormBuilder->buildForm(Object(Drupal\\webform\\WebformSubmissionForm), Object(Drupal\\Core\\Form\\FormState))\n#11 /home/sites/mscare/web/modules/contrib/webform/src/Entity/Webform.php(1193): Drupal\\Core\\Entity\\EntityFormBuilder->getForm(Object(Drupal\\webform\\Entity\\WebformSubmission), \'add\')\n#12 /home/sites/mscare/web/modules/contrib/webform/src/Element/Webform.php(78): Drupal\\webform\\Entity\\Webform->getSubmissionForm(Array)\n#13 [internal function]: Drupal\\webform\\Element\\Webform::preRenderWebformElement(Array)\n#14 /home/sites/mscare/web/core/lib/Drupal/Core/Security/DoTrustedCallbackTrait.php(100): call_user_func_array(Array, Array)\n#15 /home/sites/mscare/web/core/lib/Drupal/Core/Render/Renderer.php(781): Drupal\\Core\\Render\\Renderer->doTrustedCallback(Array, Array, \'Render #pre_ren...\', \'silenced_deprec...\', \'Drupal\\\\Core\\\\Ren...\')\n#16 /home/sites/mscare/web/core/lib/Drupal/Core/Render/Renderer.php(372): Drupal\\Core\\Render\\Renderer->doCallback(\'#pre_render\', Array, Array)\n#17 /home/sites/mscare/web/core/lib/Drupal/Core/Render/Renderer.php(200): Drupal\\Core\\Render\\Renderer->doRender(Array, false)\n#18 /home/sites/mscare/web/core/lib/Drupal/Core/Template/TwigExtension.php(501): Drupal\\Core\\Render\\Renderer->render(Array)\n#19 /home/sites/mscare/web/sites/default/files/php/twig/5f6e17ee9136a_block.html.twig_Nk3ADGmD6577FPjExdzeXMxT4/u3_Qsv3Ne3v28x0ppBIuxLfAuWf0LEBoF2201wkiCfE.php(101): Drupal\\Core\\Template\\TwigExtension->escapeFilter(Object(Drupal\\Core\\Template\\TwigEnvironment), Array, \'html\', NULL, true)\n#20 /home/sites/mscare/vendor/twig/twig/src/Template.php(214): __TwigTemplate_5091a0d8f0ef8b286c27524f1cf433c7bb7dec63549fb60634c9387d354e1f98->block_content(Array, Array)\n#21 /home/sites/mscare/web/sites/default/files/php/twig/5f6e17ee9136a_block.html.twig_Nk3ADGmD6577FPjExdzeXMxT4/u3_Qsv3Ne3v28x0ppBIuxLfAuWf0LEBoF2201wkiCfE.php(86): Twig\\Template->displayBlock(\'content\', Array, Array)\n#22 /home/sites/mscare/vendor/twig/twig/src/Template.php(453): __TwigTemplate_5091a0d8f0ef8b286c27524f1cf433c7bb7dec63549fb60634c9387d354e1f98->doDisplay(Array, Array)\n#23 /home/sites/mscare/vendor/twig/twig/src/Template.php(420): Twig\\Template->displayWithErrorHandling(Array, Array)\n#24 /home/sites/mscare/vendor/twig/twig/src/Template.php(432): Twig\\Template->display(Array)\n#25 /home/sites/mscare/web/core/themes/engines/twig/twig.engine(64): Twig\\Template->render(Array)\n#26 /home/sites/mscare/web/core/lib/Drupal/Core/Theme/ThemeManager.php(384): twig_render_template(\'themes/contrib/...\', Array)\n#27 /home/sites/mscare/web/core/lib/Drupal/Core/Render/Renderer.php(431): Drupal\\Core\\Theme\\ThemeManager->render(\'block\', Array)\n#28 /home/sites/mscare/web/core/lib/Drupal/Core/Render/Renderer.php(444): Drupal\\Core\\Render\\Renderer->doRender(Array)\n#29 /home/sites/mscare/web/core/lib/Drupal/Core/Render/Renderer.php(200): Drupal\\Core\\Render\\Renderer->doRender(Array, false)\n#30 /home/sites/mscare/web/core/lib/Drupal/Core/Template/TwigExtension.php(501): Drupal\\Core\\Render\\Renderer->render(Array)\n#31 /home/sites/mscare/web/sites/default/files/php/twig/5f6e17ee9136a_page.html.twig_4ox8-P5MHIxgqBYbfb3a3CTbA/STkJHsOfN-hmV6ohxlfefLRzSD0kFHK9ooU1Goix0es.php(681): Drupal\\Core\\Template\\TwigExtension->escapeFilter(Object(Drupal\\Core\\Template\\TwigEnvironment), Array, \'html\', NULL, true)\n#32 /home/sites/mscare/vendor/twig/twig/src/Template.php(453): __TwigTemplate_5e0df418b56ee94b19b45c345522aa482f0ec073a7057983d5cf5340a1d66973->doDisplay(Array, Array)\n#33 /home/sites/mscare/vendor/twig/twig/src/Template.php(420): Twig\\Template->displayWithErrorHandling(Array, Array)\n#34 /home/sites/mscare/vendor/twig/twig/src/Template.php(432): Twig\\Template->display(Array)\n#35 /home/sites/mscare/web/core/themes/engines/twig/twig.engine(64): Twig\\Template->render(Array)\n#36 /home/sites/mscare/web/core/lib/Drupal/Core/Theme/ThemeManager.php(384): twig_render_template(\'themes/contrib/...\', Array)\n#37 /home/sites/mscare/web/core/lib/Drupal/Core/Render/Renderer.php(431): Drupal\\Core\\Theme\\ThemeManager->render(\'page\', Array)\n#38 /home/sites/mscare/web/core/lib/Drupal/Core/Render/Renderer.php(200): Drupal\\Core\\Render\\Renderer->doRender(Array, false)\n#39 /home/sites/mscare/web/core/lib/Drupal/Core/Template/TwigExtension.php(501): Drupal\\Core\\Render\\Renderer->render(Array)\n#40 /home/sites/mscare/web/sites/default/files/php/twig/5f6e17ee9136a_html.html.twig_GESAq2dKb9BUD92Q77xHkU4bQ/iBpO7I3qCe_BWjhd-9QBCl-khKXQKJbHoZxPrZSeaqo.php(102): Drupal\\Core\\Template\\TwigExtension->escapeFilter(Object(Drupal\\Core\\Template\\TwigEnvironment), Array, \'html\', NULL, true)\n#41 /home/sites/mscare/vendor/twig/twig/src/Template.php(453): __TwigTemplate_df4712f18857557a4d3b981d2f5e5289601677673aff5b6804b5dea6df9da3c1->doDisplay(Array, Array)\n#42 /home/sites/mscare/vendor/twig/twig/src/Template.php(420): Twig\\Template->displayWithErrorHandling(Array, Array)\n#43 /home/sites/mscare/vendor/twig/twig/src/Template.php(432): Twig\\Template->display(Array)\n#44 /home/sites/mscare/web/core/themes/engines/twig/twig.engine(64): Twig\\Template->render(Array)\n#45 /home/sites/mscare/web/core/lib/Drupal/Core/Theme/ThemeManager.php(384): twig_render_template(\'core/themes/cla...\', Array)\n#46 /home/sites/mscare/web/core/lib/Drupal/Core/Render/Renderer.php(431): Drupal\\Core\\Theme\\ThemeManager->render(\'html\', Array)\n#47 /home/sites/mscare/web/core/lib/Drupal/Core/Render/Renderer.php(200): Drupal\\Core\\Render\\Renderer->doRender(Array, false)\n#48 /home/sites/mscare/web/core/lib/Drupal/Core/Render/MainContent/HtmlRenderer.php(147): Drupal\\Core\\Render\\Renderer->render(Array)\n#49 /home/sites/mscare/web/core/lib/Drupal/Core/Render/Renderer.php(573): Drupal\\Core\\Render\\MainContent\\HtmlRenderer->Drupal\\Core\\Render\\MainContent\\{closure}()\n#50 /home/sites/mscare/web/core/lib/Drupal/Core/Render/MainContent/HtmlRenderer.php(148): Drupal\\Core\\Render\\Renderer->executeInRenderContext(Object(Drupal\\Core\\Render\\RenderContext), Object(Closure))\n#51 /home/sites/mscare/web/core/lib/Drupal/Core/EventSubscriber/MainContentViewSubscriber.php(90): Drupal\\Core\\Render\\MainContent\\HtmlRenderer->renderResponse(Array, Object(Symfony\\Component\\HttpFoundation\\Request), Object(Drupal\\Core\\Routing\\CurrentRouteMatch))\n#52 [internal function]: Drupal\\Core\\EventSubscriber\\MainContentViewSubscriber->onViewRenderArray(Object(Symfony\\Component\\HttpKernel\\Event\\GetResponseForControllerResultEvent), \'kernel.view\', Object(Drupal\\Component\\EventDispatcher\\ContainerAwareEventDispatcher))\n#53 /home/sites/mscare/web/core/lib/Drupal/Component/EventDispatcher/ContainerAwareEventDispatcher.php(111): call_user_func(Array, Object(Symfony\\Component\\HttpKernel\\Event\\GetResponseForControllerResultEvent), \'kernel.view\', Object(Drupal\\Component\\EventDispatcher\\ContainerAwareEventDispatcher))\n#54 /home/sites/mscare/vendor/symfony/http-kernel/HttpKernel.php(156): Drupal\\Component\\EventDispatcher\\ContainerAwareEventDispatcher->dispatch(\'kernel.view\', Object(Symfony\\Component\\HttpKernel\\Event\\GetResponseForControllerResultEvent))\n#55 /home/sites/mscare/vendor/symfony/http-kernel/HttpKernel.php(68): Symfony\\Component\\HttpKernel\\HttpKernel->handleRaw(Object(Symfony\\Component\\HttpFoundation\\Request), 1)\n#56 /home/sites/mscare/web/core/lib/Drupal/Core/StackMiddleware/Session.php(57): Symfony\\Component\\HttpKernel\\HttpKernel->handle(Object(Symfony\\Component\\HttpFoundation\\Request), 1, true)\n#57 /home/sites/mscare/web/core/lib/Drupal/Core/StackMiddleware/KernelPreHandle.php(47): Drupal\\Core\\StackMiddleware\\Session->handle(Object(Symfony\\Component\\HttpFoundation\\Request), 1, true)\n#58 /home/sites/mscare/web/core/modules/page_cache/src/StackMiddleware/PageCache.php(106): Drupal\\Core\\StackMiddleware\\KernelPreHandle->handle(Object(Symfony\\Component\\HttpFoundation\\Request), 1, true)\n#59 /home/sites/mscare/web/core/modules/page_cache/src/StackMiddleware/PageCache.php(85): Drupal\\page_cache\\StackMiddleware\\PageCache->pass(Object(Symfony\\Component\\HttpFoundation\\Request), 1, true)\n#60 /home/sites/mscare/web/core/lib/Drupal/Core/StackMiddleware/ReverseProxyMiddleware.php(47): Drupal\\page_cache\\StackMiddleware\\PageCache->handle(Object(Symfony\\Component\\HttpFoundation\\Request), 1, true)\n#61 /home/sites/mscare/web/core/lib/Drupal/Core/StackMiddleware/NegotiationMiddleware.php(52): Drupal\\Core\\StackMiddleware\\ReverseProxyMiddleware->handle(Object(Symfony\\Component\\HttpFoundation\\Request), 1, true)\n#62 /home/sites/mscare/vendor/stack/builder/src/Stack/StackedHttpKernel.php(23): Drupal\\Core\\StackMiddleware\\NegotiationMiddleware->handle(Object(Symfony\\Component\\HttpFoundation\\Request), 1, true)\n#63 /home/sites/mscare/web/core/lib/Drupal/Core/DrupalKernel.php(708): Stack\\StackedHttpKernel->handle(Object(Symfony\\Component\\HttpFoundation\\Request), 1, true)\n#64 /home/sites/mscare/web/index.php(19): Drupal\\Core\\DrupalKernel->handle(Object(Symfony\\Component\\HttpFoundation\\Request))\n#65 {main}\";}',4,'','http://mscare.open.gr/node/594','http://mscare.open.gr/node/594','85.72.53.208',1601050618),(28979,1,'myformhandler','MyHandler got form data:','a:0:{}',4,'','http://mscare.open.gr/node/594','http://mscare.open.gr/node/594','85.72.53.208',1601050618),(28980,1,'webform','@title created.','a:2:{s:3:\"@id\";s:3:\"148\";s:6:\"@title\";s:37:\"MSCU – ECF – 2020: Submission #42\";}',5,'<a href=\"/admin/structure/webform/manage/email_reminder/submission/148/edit\" hreflang=\"en\">Edit</a>','http://mscare.open.gr/node/594','http://mscare.open.gr/node/594','85.72.53.208',1601050618),(28981,1,'php','%type: @message in %function (line %line of %file) @backtrace_string.','a:6:{s:5:\"%type\";s:6:\"Notice\";s:8:\"@message\";O:25:\"Drupal\\Core\\Render\\Markup\":1:{s:9:\"\0*\0string\";s:25:\"Undefined variable: aTmp1\";}s:9:\"%function\";s:74:\"Drupal\\ma_handlers\\Plugin\\WebformHandler\\MailReminderHandler->submitForm()\";s:5:\"%file\";s:99:\"/home/sites/mscare/web/modules/custom/ma_handlers/src/Plugin/WebformHandler/MailReminderHandler.php\";s:5:\"%line\";i:60;s:17:\"@backtrace_string\";s:10512:\"#0 /home/sites/mscare/web/core/includes/bootstrap.inc(600): _drupal_error_handler_real(8, \'Undefined varia...\', \'/home/sites/msc...\', 60, Array)\n#1 /home/sites/mscare/web/modules/custom/ma_handlers/src/Plugin/WebformHandler/MailReminderHandler.php(60): _drupal_error_handler(8, \'Undefined varia...\', \'/home/sites/msc...\', 60, Array)\n#2 /home/sites/mscare/web/modules/contrib/webform/src/Entity/Webform.php(2616): Drupal\\ma_handlers\\Plugin\\WebformHandler\\MailReminderHandler->submitForm(Array, Object(Drupal\\Core\\Form\\FormState), Object(Drupal\\webform\\Entity\\WebformSubmission))\n#3 /home/sites/mscare/web/modules/contrib/webform/src/WebformSubmissionForm.php(1843): Drupal\\webform\\Entity\\Webform->invokeHandlers(\'submitForm\', Array, Object(Drupal\\Core\\Form\\FormState), Object(Drupal\\webform\\Entity\\WebformSubmission))\n#4 [internal function]: Drupal\\webform\\WebformSubmissionForm->submitForm(Array, Object(Drupal\\Core\\Form\\FormState))\n#5 /home/sites/mscare/web/core/lib/Drupal/Core/Form/FormSubmitter.php(114): call_user_func_array(Array, Array)\n#6 /home/sites/mscare/web/core/lib/Drupal/Core/Form/FormSubmitter.php(52): Drupal\\Core\\Form\\FormSubmitter->executeSubmitHandlers(Array, Object(Drupal\\Core\\Form\\FormState))\n#7 /home/sites/mscare/web/core/lib/Drupal/Core/Form/FormBuilder.php(593): Drupal\\Core\\Form\\FormSubmitter->doSubmitForm(Array, Object(Drupal\\Core\\Form\\FormState))\n#8 /home/sites/mscare/web/core/lib/Drupal/Core/Form/FormBuilder.php(321): Drupal\\Core\\Form\\FormBuilder->processForm(\'webform_submiss...\', Array, Object(Drupal\\Core\\Form\\FormState))\n#9 /home/sites/mscare/web/core/lib/Drupal/Core/Entity/EntityFormBuilder.php(61): Drupal\\Core\\Form\\FormBuilder->buildForm(Object(Drupal\\webform\\WebformSubmissionForm), Object(Drupal\\Core\\Form\\FormState))\n#10 /home/sites/mscare/web/modules/contrib/webform/src/Entity/Webform.php(1193): Drupal\\Core\\Entity\\EntityFormBuilder->getForm(Object(Drupal\\webform\\Entity\\WebformSubmission), \'add\')\n#11 /home/sites/mscare/web/modules/contrib/webform/src/Element/Webform.php(78): Drupal\\webform\\Entity\\Webform->getSubmissionForm(Array)\n#12 [internal function]: Drupal\\webform\\Element\\Webform::preRenderWebformElement(Array)\n#13 /home/sites/mscare/web/core/lib/Drupal/Core/Security/DoTrustedCallbackTrait.php(100): call_user_func_array(Array, Array)\n#14 /home/sites/mscare/web/core/lib/Drupal/Core/Render/Renderer.php(781): Drupal\\Core\\Render\\Renderer->doTrustedCallback(Array, Array, \'Render #pre_ren...\', \'silenced_deprec...\', \'Drupal\\\\Core\\\\Ren...\')\n#15 /home/sites/mscare/web/core/lib/Drupal/Core/Render/Renderer.php(372): Drupal\\Core\\Render\\Renderer->doCallback(\'#pre_render\', Array, Array)\n#16 /home/sites/mscare/web/core/lib/Drupal/Core/Render/Renderer.php(200): Drupal\\Core\\Render\\Renderer->doRender(Array, false)\n#17 /home/sites/mscare/web/core/lib/Drupal/Core/Template/TwigExtension.php(501): Drupal\\Core\\Render\\Renderer->render(Array)\n#18 /home/sites/mscare/web/sites/default/files/php/twig/5f6e184e1c027_block.html.twig_Nk3ADGmD6577FPjExdzeXMxT4/EjgMQ4AD7isCx_w54AcsmOr3j27PsIYklw_LHf_UaFM.php(101): Drupal\\Core\\Template\\TwigExtension->escapeFilter(Object(Drupal\\Core\\Template\\TwigEnvironment), Array, \'html\', NULL, true)\n#19 /home/sites/mscare/vendor/twig/twig/src/Template.php(214): __TwigTemplate_5091a0d8f0ef8b286c27524f1cf433c7bb7dec63549fb60634c9387d354e1f98->block_content(Array, Array)\n#20 /home/sites/mscare/web/sites/default/files/php/twig/5f6e184e1c027_block.html.twig_Nk3ADGmD6577FPjExdzeXMxT4/EjgMQ4AD7isCx_w54AcsmOr3j27PsIYklw_LHf_UaFM.php(86): Twig\\Template->displayBlock(\'content\', Array, Array)\n#21 /home/sites/mscare/vendor/twig/twig/src/Template.php(453): __TwigTemplate_5091a0d8f0ef8b286c27524f1cf433c7bb7dec63549fb60634c9387d354e1f98->doDisplay(Array, Array)\n#22 /home/sites/mscare/vendor/twig/twig/src/Template.php(420): Twig\\Template->displayWithErrorHandling(Array, Array)\n#23 /home/sites/mscare/vendor/twig/twig/src/Template.php(432): Twig\\Template->display(Array)\n#24 /home/sites/mscare/web/core/themes/engines/twig/twig.engine(64): Twig\\Template->render(Array)\n#25 /home/sites/mscare/web/core/lib/Drupal/Core/Theme/ThemeManager.php(384): twig_render_template(\'themes/contrib/...\', Array)\n#26 /home/sites/mscare/web/core/lib/Drupal/Core/Render/Renderer.php(431): Drupal\\Core\\Theme\\ThemeManager->render(\'block\', Array)\n#27 /home/sites/mscare/web/core/lib/Drupal/Core/Render/Renderer.php(444): Drupal\\Core\\Render\\Renderer->doRender(Array)\n#28 /home/sites/mscare/web/core/lib/Drupal/Core/Render/Renderer.php(200): Drupal\\Core\\Render\\Renderer->doRender(Array, false)\n#29 /home/sites/mscare/web/core/lib/Drupal/Core/Template/TwigExtension.php(501): Drupal\\Core\\Render\\Renderer->render(Array)\n#30 /home/sites/mscare/web/sites/default/files/php/twig/5f6e184e1c027_page.html.twig_4ox8-P5MHIxgqBYbfb3a3CTbA/YfyOkPbABfOwY_5rBDqDt2j1meOByWbCf6ROReDEDq4.php(681): Drupal\\Core\\Template\\TwigExtension->escapeFilter(Object(Drupal\\Core\\Template\\TwigEnvironment), Array, \'html\', NULL, true)\n#31 /home/sites/mscare/vendor/twig/twig/src/Template.php(453): __TwigTemplate_5e0df418b56ee94b19b45c345522aa482f0ec073a7057983d5cf5340a1d66973->doDisplay(Array, Array)\n#32 /home/sites/mscare/vendor/twig/twig/src/Template.php(420): Twig\\Template->displayWithErrorHandling(Array, Array)\n#33 /home/sites/mscare/vendor/twig/twig/src/Template.php(432): Twig\\Template->display(Array)\n#34 /home/sites/mscare/web/core/themes/engines/twig/twig.engine(64): Twig\\Template->render(Array)\n#35 /home/sites/mscare/web/core/lib/Drupal/Core/Theme/ThemeManager.php(384): twig_render_template(\'themes/contrib/...\', Array)\n#36 /home/sites/mscare/web/core/lib/Drupal/Core/Render/Renderer.php(431): Drupal\\Core\\Theme\\ThemeManager->render(\'page\', Array)\n#37 /home/sites/mscare/web/core/lib/Drupal/Core/Render/Renderer.php(200): Drupal\\Core\\Render\\Renderer->doRender(Array, false)\n#38 /home/sites/mscare/web/core/lib/Drupal/Core/Template/TwigExtension.php(501): Drupal\\Core\\Render\\Renderer->render(Array)\n#39 /home/sites/mscare/web/sites/default/files/php/twig/5f6e184e1c027_html.html.twig_GESAq2dKb9BUD92Q77xHkU4bQ/6DQ9ad2V4qD2l8b0hFeKlRFmNU8Xe4OExKqaQ04nABg.php(102): Drupal\\Core\\Template\\TwigExtension->escapeFilter(Object(Drupal\\Core\\Template\\TwigEnvironment), Array, \'html\', NULL, true)\n#40 /home/sites/mscare/vendor/twig/twig/src/Template.php(453): __TwigTemplate_df4712f18857557a4d3b981d2f5e5289601677673aff5b6804b5dea6df9da3c1->doDisplay(Array, Array)\n#41 /home/sites/mscare/vendor/twig/twig/src/Template.php(420): Twig\\Template->displayWithErrorHandling(Array, Array)\n#42 /home/sites/mscare/vendor/twig/twig/src/Template.php(432): Twig\\Template->display(Array)\n#43 /home/sites/mscare/web/core/themes/engines/twig/twig.engine(64): Twig\\Template->render(Array)\n#44 /home/sites/mscare/web/core/lib/Drupal/Core/Theme/ThemeManager.php(384): twig_render_template(\'core/themes/cla...\', Array)\n#45 /home/sites/mscare/web/core/lib/Drupal/Core/Render/Renderer.php(431): Drupal\\Core\\Theme\\ThemeManager->render(\'html\', Array)\n#46 /home/sites/mscare/web/core/lib/Drupal/Core/Render/Renderer.php(200): Drupal\\Core\\Render\\Renderer->doRender(Array, false)\n#47 /home/sites/mscare/web/core/lib/Drupal/Core/Render/MainContent/HtmlRenderer.php(147): Drupal\\Core\\Render\\Renderer->render(Array)\n#48 /home/sites/mscare/web/core/lib/Drupal/Core/Render/Renderer.php(573): Drupal\\Core\\Render\\MainContent\\HtmlRenderer->Drupal\\Core\\Render\\MainContent\\{closure}()\n#49 /home/sites/mscare/web/core/lib/Drupal/Core/Render/MainContent/HtmlRenderer.php(148): Drupal\\Core\\Render\\Renderer->executeInRenderContext(Object(Drupal\\Core\\Render\\RenderContext), Object(Closure))\n#50 /home/sites/mscare/web/core/lib/Drupal/Core/EventSubscriber/MainContentViewSubscriber.php(90): Drupal\\Core\\Render\\MainContent\\HtmlRenderer->renderResponse(Array, Object(Symfony\\Component\\HttpFoundation\\Request), Object(Drupal\\Core\\Routing\\CurrentRouteMatch))\n#51 [internal function]: Drupal\\Core\\EventSubscriber\\MainContentViewSubscriber->onViewRenderArray(Object(Symfony\\Component\\HttpKernel\\Event\\GetResponseForControllerResultEvent), \'kernel.view\', Object(Drupal\\Component\\EventDispatcher\\ContainerAwareEventDispatcher))\n#52 /home/sites/mscare/web/core/lib/Drupal/Component/EventDispatcher/ContainerAwareEventDispatcher.php(111): call_user_func(Array, Object(Symfony\\Component\\HttpKernel\\Event\\GetResponseForControllerResultEvent), \'kernel.view\', Object(Drupal\\Component\\EventDispatcher\\ContainerAwareEventDispatcher))\n#53 /home/sites/mscare/vendor/symfony/http-kernel/HttpKernel.php(156): Drupal\\Component\\EventDispatcher\\ContainerAwareEventDispatcher->dispatch(\'kernel.view\', Object(Symfony\\Component\\HttpKernel\\Event\\GetResponseForControllerResultEvent))\n#54 /home/sites/mscare/vendor/symfony/http-kernel/HttpKernel.php(68): Symfony\\Component\\HttpKernel\\HttpKernel->handleRaw(Object(Symfony\\Component\\HttpFoundation\\Request), 1)\n#55 /home/sites/mscare/web/core/lib/Drupal/Core/StackMiddleware/Session.php(57): Symfony\\Component\\HttpKernel\\HttpKernel->handle(Object(Symfony\\Component\\HttpFoundation\\Request), 1, true)\n#56 /home/sites/mscare/web/core/lib/Drupal/Core/StackMiddleware/KernelPreHandle.php(47): Drupal\\Core\\StackMiddleware\\Session->handle(Object(Symfony\\Component\\HttpFoundation\\Request), 1, true)\n#57 /home/sites/mscare/web/core/modules/page_cache/src/StackMiddleware/PageCache.php(106): Drupal\\Core\\StackMiddleware\\KernelPreHandle->handle(Object(Symfony\\Component\\HttpFoundation\\Request), 1, true)\n#58 /home/sites/mscare/web/core/modules/page_cache/src/StackMiddleware/PageCache.php(85): Drupal\\page_cache\\StackMiddleware\\PageCache->pass(Object(Symfony\\Component\\HttpFoundation\\Request), 1, true)\n#59 /home/sites/mscare/web/core/lib/Drupal/Core/StackMiddleware/ReverseProxyMiddleware.php(47): Drupal\\page_cache\\StackMiddleware\\PageCache->handle(Object(Symfony\\Component\\HttpFoundation\\Request), 1, true)\n#60 /home/sites/mscare/web/core/lib/Drupal/Core/StackMiddleware/NegotiationMiddleware.php(52): Drupal\\Core\\StackMiddleware\\ReverseProxyMiddleware->handle(Object(Symfony\\Component\\HttpFoundation\\Request), 1, true)\n#61 /home/sites/mscare/vendor/stack/builder/src/Stack/StackedHttpKernel.php(23): Drupal\\Core\\StackMiddleware\\NegotiationMiddleware->handle(Object(Symfony\\Component\\HttpFoundation\\Request), 1, true)\n#62 /home/sites/mscare/web/core/lib/Drupal/Core/DrupalKernel.php(708): Stack\\StackedHttpKernel->handle(Object(Symfony\\Component\\HttpFoundation\\Request), 1, true)\n#63 /home/sites/mscare/web/index.php(19): Drupal\\Core\\DrupalKernel->handle(Object(Symfony\\Component\\HttpFoundation\\Request))\n#64 {main}\";}',5,'','http://mscare.open.gr/node/594','http://mscare.open.gr/node/594','85.72.53.208',1601050722),(28982,1,'php','%type: @message in %function (line %line of %file) @backtrace_string.','a:6:{s:5:\"%type\";s:7:\"Warning\";s:8:\"@message\";O:25:\"Drupal\\Core\\Render\\Markup\":1:{s:9:\"\0*\0string\";s:41:\"array_diff(): Argument #1 is not an array\";}s:9:\"%function\";s:74:\"Drupal\\ma_handlers\\Plugin\\WebformHandler\\MailReminderHandler->submitForm()\";s:5:\"%file\";s:99:\"/home/sites/mscare/web/modules/custom/ma_handlers/src/Plugin/WebformHandler/MailReminderHandler.php\";s:5:\"%line\";i:60;s:17:\"@backtrace_string\";s:10561:\"#0 /home/sites/mscare/web/core/includes/bootstrap.inc(600): _drupal_error_handler_real(2, \'array_diff(): A...\', \'/home/sites/msc...\', 60, Array)\n#1 [internal function]: _drupal_error_handler(2, \'array_diff(): A...\', \'/home/sites/msc...\', 60, Array)\n#2 /home/sites/mscare/web/modules/custom/ma_handlers/src/Plugin/WebformHandler/MailReminderHandler.php(60): array_diff(NULL, Array)\n#3 /home/sites/mscare/web/modules/contrib/webform/src/Entity/Webform.php(2616): Drupal\\ma_handlers\\Plugin\\WebformHandler\\MailReminderHandler->submitForm(Array, Object(Drupal\\Core\\Form\\FormState), Object(Drupal\\webform\\Entity\\WebformSubmission))\n#4 /home/sites/mscare/web/modules/contrib/webform/src/WebformSubmissionForm.php(1843): Drupal\\webform\\Entity\\Webform->invokeHandlers(\'submitForm\', Array, Object(Drupal\\Core\\Form\\FormState), Object(Drupal\\webform\\Entity\\WebformSubmission))\n#5 [internal function]: Drupal\\webform\\WebformSubmissionForm->submitForm(Array, Object(Drupal\\Core\\Form\\FormState))\n#6 /home/sites/mscare/web/core/lib/Drupal/Core/Form/FormSubmitter.php(114): call_user_func_array(Array, Array)\n#7 /home/sites/mscare/web/core/lib/Drupal/Core/Form/FormSubmitter.php(52): Drupal\\Core\\Form\\FormSubmitter->executeSubmitHandlers(Array, Object(Drupal\\Core\\Form\\FormState))\n#8 /home/sites/mscare/web/core/lib/Drupal/Core/Form/FormBuilder.php(593): Drupal\\Core\\Form\\FormSubmitter->doSubmitForm(Array, Object(Drupal\\Core\\Form\\FormState))\n#9 /home/sites/mscare/web/core/lib/Drupal/Core/Form/FormBuilder.php(321): Drupal\\Core\\Form\\FormBuilder->processForm(\'webform_submiss...\', Array, Object(Drupal\\Core\\Form\\FormState))\n#10 /home/sites/mscare/web/core/lib/Drupal/Core/Entity/EntityFormBuilder.php(61): Drupal\\Core\\Form\\FormBuilder->buildForm(Object(Drupal\\webform\\WebformSubmissionForm), Object(Drupal\\Core\\Form\\FormState))\n#11 /home/sites/mscare/web/modules/contrib/webform/src/Entity/Webform.php(1193): Drupal\\Core\\Entity\\EntityFormBuilder->getForm(Object(Drupal\\webform\\Entity\\WebformSubmission), \'add\')\n#12 /home/sites/mscare/web/modules/contrib/webform/src/Element/Webform.php(78): Drupal\\webform\\Entity\\Webform->getSubmissionForm(Array)\n#13 [internal function]: Drupal\\webform\\Element\\Webform::preRenderWebformElement(Array)\n#14 /home/sites/mscare/web/core/lib/Drupal/Core/Security/DoTrustedCallbackTrait.php(100): call_user_func_array(Array, Array)\n#15 /home/sites/mscare/web/core/lib/Drupal/Core/Render/Renderer.php(781): Drupal\\Core\\Render\\Renderer->doTrustedCallback(Array, Array, \'Render #pre_ren...\', \'silenced_deprec...\', \'Drupal\\\\Core\\\\Ren...\')\n#16 /home/sites/mscare/web/core/lib/Drupal/Core/Render/Renderer.php(372): Drupal\\Core\\Render\\Renderer->doCallback(\'#pre_render\', Array, Array)\n#17 /home/sites/mscare/web/core/lib/Drupal/Core/Render/Renderer.php(200): Drupal\\Core\\Render\\Renderer->doRender(Array, false)\n#18 /home/sites/mscare/web/core/lib/Drupal/Core/Template/TwigExtension.php(501): Drupal\\Core\\Render\\Renderer->render(Array)\n#19 /home/sites/mscare/web/sites/default/files/php/twig/5f6e184e1c027_block.html.twig_Nk3ADGmD6577FPjExdzeXMxT4/EjgMQ4AD7isCx_w54AcsmOr3j27PsIYklw_LHf_UaFM.php(101): Drupal\\Core\\Template\\TwigExtension->escapeFilter(Object(Drupal\\Core\\Template\\TwigEnvironment), Array, \'html\', NULL, true)\n#20 /home/sites/mscare/vendor/twig/twig/src/Template.php(214): __TwigTemplate_5091a0d8f0ef8b286c27524f1cf433c7bb7dec63549fb60634c9387d354e1f98->block_content(Array, Array)\n#21 /home/sites/mscare/web/sites/default/files/php/twig/5f6e184e1c027_block.html.twig_Nk3ADGmD6577FPjExdzeXMxT4/EjgMQ4AD7isCx_w54AcsmOr3j27PsIYklw_LHf_UaFM.php(86): Twig\\Template->displayBlock(\'content\', Array, Array)\n#22 /home/sites/mscare/vendor/twig/twig/src/Template.php(453): __TwigTemplate_5091a0d8f0ef8b286c27524f1cf433c7bb7dec63549fb60634c9387d354e1f98->doDisplay(Array, Array)\n#23 /home/sites/mscare/vendor/twig/twig/src/Template.php(420): Twig\\Template->displayWithErrorHandling(Array, Array)\n#24 /home/sites/mscare/vendor/twig/twig/src/Template.php(432): Twig\\Template->display(Array)\n#25 /home/sites/mscare/web/core/themes/engines/twig/twig.engine(64): Twig\\Template->render(Array)\n#26 /home/sites/mscare/web/core/lib/Drupal/Core/Theme/ThemeManager.php(384): twig_render_template(\'themes/contrib/...\', Array)\n#27 /home/sites/mscare/web/core/lib/Drupal/Core/Render/Renderer.php(431): Drupal\\Core\\Theme\\ThemeManager->render(\'block\', Array)\n#28 /home/sites/mscare/web/core/lib/Drupal/Core/Render/Renderer.php(444): Drupal\\Core\\Render\\Renderer->doRender(Array)\n#29 /home/sites/mscare/web/core/lib/Drupal/Core/Render/Renderer.php(200): Drupal\\Core\\Render\\Renderer->doRender(Array, false)\n#30 /home/sites/mscare/web/core/lib/Drupal/Core/Template/TwigExtension.php(501): Drupal\\Core\\Render\\Renderer->render(Array)\n#31 /home/sites/mscare/web/sites/default/files/php/twig/5f6e184e1c027_page.html.twig_4ox8-P5MHIxgqBYbfb3a3CTbA/YfyOkPbABfOwY_5rBDqDt2j1meOByWbCf6ROReDEDq4.php(681): Drupal\\Core\\Template\\TwigExtension->escapeFilter(Object(Drupal\\Core\\Template\\TwigEnvironment), Array, \'html\', NULL, true)\n#32 /home/sites/mscare/vendor/twig/twig/src/Template.php(453): __TwigTemplate_5e0df418b56ee94b19b45c345522aa482f0ec073a7057983d5cf5340a1d66973->doDisplay(Array, Array)\n#33 /home/sites/mscare/vendor/twig/twig/src/Template.php(420): Twig\\Template->displayWithErrorHandling(Array, Array)\n#34 /home/sites/mscare/vendor/twig/twig/src/Template.php(432): Twig\\Template->display(Array)\n#35 /home/sites/mscare/web/core/themes/engines/twig/twig.engine(64): Twig\\Template->render(Array)\n#36 /home/sites/mscare/web/core/lib/Drupal/Core/Theme/ThemeManager.php(384): twig_render_template(\'themes/contrib/...\', Array)\n#37 /home/sites/mscare/web/core/lib/Drupal/Core/Render/Renderer.php(431): Drupal\\Core\\Theme\\ThemeManager->render(\'page\', Array)\n#38 /home/sites/mscare/web/core/lib/Drupal/Core/Render/Renderer.php(200): Drupal\\Core\\Render\\Renderer->doRender(Array, false)\n#39 /home/sites/mscare/web/core/lib/Drupal/Core/Template/TwigExtension.php(501): Drupal\\Core\\Render\\Renderer->render(Array)\n#40 /home/sites/mscare/web/sites/default/files/php/twig/5f6e184e1c027_html.html.twig_GESAq2dKb9BUD92Q77xHkU4bQ/6DQ9ad2V4qD2l8b0hFeKlRFmNU8Xe4OExKqaQ04nABg.php(102): Drupal\\Core\\Template\\TwigExtension->escapeFilter(Object(Drupal\\Core\\Template\\TwigEnvironment), Array, \'html\', NULL, true)\n#41 /home/sites/mscare/vendor/twig/twig/src/Template.php(453): __TwigTemplate_df4712f18857557a4d3b981d2f5e5289601677673aff5b6804b5dea6df9da3c1->doDisplay(Array, Array)\n#42 /home/sites/mscare/vendor/twig/twig/src/Template.php(420): Twig\\Template->displayWithErrorHandling(Array, Array)\n#43 /home/sites/mscare/vendor/twig/twig/src/Template.php(432): Twig\\Template->display(Array)\n#44 /home/sites/mscare/web/core/themes/engines/twig/twig.engine(64): Twig\\Template->render(Array)\n#45 /home/sites/mscare/web/core/lib/Drupal/Core/Theme/ThemeManager.php(384): twig_render_template(\'core/themes/cla...\', Array)\n#46 /home/sites/mscare/web/core/lib/Drupal/Core/Render/Renderer.php(431): Drupal\\Core\\Theme\\ThemeManager->render(\'html\', Array)\n#47 /home/sites/mscare/web/core/lib/Drupal/Core/Render/Renderer.php(200): Drupal\\Core\\Render\\Renderer->doRender(Array, false)\n#48 /home/sites/mscare/web/core/lib/Drupal/Core/Render/MainContent/HtmlRenderer.php(147): Drupal\\Core\\Render\\Renderer->render(Array)\n#49 /home/sites/mscare/web/core/lib/Drupal/Core/Render/Renderer.php(573): Drupal\\Core\\Render\\MainContent\\HtmlRenderer->Drupal\\Core\\Render\\MainContent\\{closure}()\n#50 /home/sites/mscare/web/core/lib/Drupal/Core/Render/MainContent/HtmlRenderer.php(148): Drupal\\Core\\Render\\Renderer->executeInRenderContext(Object(Drupal\\Core\\Render\\RenderContext), Object(Closure))\n#51 /home/sites/mscare/web/core/lib/Drupal/Core/EventSubscriber/MainContentViewSubscriber.php(90): Drupal\\Core\\Render\\MainContent\\HtmlRenderer->renderResponse(Array, Object(Symfony\\Component\\HttpFoundation\\Request), Object(Drupal\\Core\\Routing\\CurrentRouteMatch))\n#52 [internal function]: Drupal\\Core\\EventSubscriber\\MainContentViewSubscriber->onViewRenderArray(Object(Symfony\\Component\\HttpKernel\\Event\\GetResponseForControllerResultEvent), \'kernel.view\', Object(Drupal\\Component\\EventDispatcher\\ContainerAwareEventDispatcher))\n#53 /home/sites/mscare/web/core/lib/Drupal/Component/EventDispatcher/ContainerAwareEventDispatcher.php(111): call_user_func(Array, Object(Symfony\\Component\\HttpKernel\\Event\\GetResponseForControllerResultEvent), \'kernel.view\', Object(Drupal\\Component\\EventDispatcher\\ContainerAwareEventDispatcher))\n#54 /home/sites/mscare/vendor/symfony/http-kernel/HttpKernel.php(156): Drupal\\Component\\EventDispatcher\\ContainerAwareEventDispatcher->dispatch(\'kernel.view\', Object(Symfony\\Component\\HttpKernel\\Event\\GetResponseForControllerResultEvent))\n#55 /home/sites/mscare/vendor/symfony/http-kernel/HttpKernel.php(68): Symfony\\Component\\HttpKernel\\HttpKernel->handleRaw(Object(Symfony\\Component\\HttpFoundation\\Request), 1)\n#56 /home/sites/mscare/web/core/lib/Drupal/Core/StackMiddleware/Session.php(57): Symfony\\Component\\HttpKernel\\HttpKernel->handle(Object(Symfony\\Component\\HttpFoundation\\Request), 1, true)\n#57 /home/sites/mscare/web/core/lib/Drupal/Core/StackMiddleware/KernelPreHandle.php(47): Drupal\\Core\\StackMiddleware\\Session->handle(Object(Symfony\\Component\\HttpFoundation\\Request), 1, true)\n#58 /home/sites/mscare/web/core/modules/page_cache/src/StackMiddleware/PageCache.php(106): Drupal\\Core\\StackMiddleware\\KernelPreHandle->handle(Object(Symfony\\Component\\HttpFoundation\\Request), 1, true)\n#59 /home/sites/mscare/web/core/modules/page_cache/src/StackMiddleware/PageCache.php(85): Drupal\\page_cache\\StackMiddleware\\PageCache->pass(Object(Symfony\\Component\\HttpFoundation\\Request), 1, true)\n#60 /home/sites/mscare/web/core/lib/Drupal/Core/StackMiddleware/ReverseProxyMiddleware.php(47): Drupal\\page_cache\\StackMiddleware\\PageCache->handle(Object(Symfony\\Component\\HttpFoundation\\Request), 1, true)\n#61 /home/sites/mscare/web/core/lib/Drupal/Core/StackMiddleware/NegotiationMiddleware.php(52): Drupal\\Core\\StackMiddleware\\ReverseProxyMiddleware->handle(Object(Symfony\\Component\\HttpFoundation\\Request), 1, true)\n#62 /home/sites/mscare/vendor/stack/builder/src/Stack/StackedHttpKernel.php(23): Drupal\\Core\\StackMiddleware\\NegotiationMiddleware->handle(Object(Symfony\\Component\\HttpFoundation\\Request), 1, true)\n#63 /home/sites/mscare/web/core/lib/Drupal/Core/DrupalKernel.php(708): Stack\\StackedHttpKernel->handle(Object(Symfony\\Component\\HttpFoundation\\Request), 1, true)\n#64 /home/sites/mscare/web/index.php(19): Drupal\\Core\\DrupalKernel->handle(Object(Symfony\\Component\\HttpFoundation\\Request))\n#65 {main}\";}',4,'','http://mscare.open.gr/node/594','http://mscare.open.gr/node/594','85.72.53.208',1601050722),(28983,1,'php','%type: @message in %function (line %line of %file) @backtrace_string.','a:6:{s:5:\"%type\";s:7:\"Warning\";s:8:\"@message\";O:25:\"Drupal\\Core\\Render\\Markup\":1:{s:9:\"\0*\0string\";s:39:\"Invalid argument supplied for foreach()\";}s:9:\"%function\";s:74:\"Drupal\\ma_handlers\\Plugin\\WebformHandler\\MailReminderHandler->submitForm()\";s:5:\"%file\";s:99:\"/home/sites/mscare/web/modules/custom/ma_handlers/src/Plugin/WebformHandler/MailReminderHandler.php\";s:5:\"%line\";i:65;s:17:\"@backtrace_string\";s:10512:\"#0 /home/sites/mscare/web/core/includes/bootstrap.inc(600): _drupal_error_handler_real(2, \'Invalid argumen...\', \'/home/sites/msc...\', 65, Array)\n#1 /home/sites/mscare/web/modules/custom/ma_handlers/src/Plugin/WebformHandler/MailReminderHandler.php(65): _drupal_error_handler(2, \'Invalid argumen...\', \'/home/sites/msc...\', 65, Array)\n#2 /home/sites/mscare/web/modules/contrib/webform/src/Entity/Webform.php(2616): Drupal\\ma_handlers\\Plugin\\WebformHandler\\MailReminderHandler->submitForm(Array, Object(Drupal\\Core\\Form\\FormState), Object(Drupal\\webform\\Entity\\WebformSubmission))\n#3 /home/sites/mscare/web/modules/contrib/webform/src/WebformSubmissionForm.php(1843): Drupal\\webform\\Entity\\Webform->invokeHandlers(\'submitForm\', Array, Object(Drupal\\Core\\Form\\FormState), Object(Drupal\\webform\\Entity\\WebformSubmission))\n#4 [internal function]: Drupal\\webform\\WebformSubmissionForm->submitForm(Array, Object(Drupal\\Core\\Form\\FormState))\n#5 /home/sites/mscare/web/core/lib/Drupal/Core/Form/FormSubmitter.php(114): call_user_func_array(Array, Array)\n#6 /home/sites/mscare/web/core/lib/Drupal/Core/Form/FormSubmitter.php(52): Drupal\\Core\\Form\\FormSubmitter->executeSubmitHandlers(Array, Object(Drupal\\Core\\Form\\FormState))\n#7 /home/sites/mscare/web/core/lib/Drupal/Core/Form/FormBuilder.php(593): Drupal\\Core\\Form\\FormSubmitter->doSubmitForm(Array, Object(Drupal\\Core\\Form\\FormState))\n#8 /home/sites/mscare/web/core/lib/Drupal/Core/Form/FormBuilder.php(321): Drupal\\Core\\Form\\FormBuilder->processForm(\'webform_submiss...\', Array, Object(Drupal\\Core\\Form\\FormState))\n#9 /home/sites/mscare/web/core/lib/Drupal/Core/Entity/EntityFormBuilder.php(61): Drupal\\Core\\Form\\FormBuilder->buildForm(Object(Drupal\\webform\\WebformSubmissionForm), Object(Drupal\\Core\\Form\\FormState))\n#10 /home/sites/mscare/web/modules/contrib/webform/src/Entity/Webform.php(1193): Drupal\\Core\\Entity\\EntityFormBuilder->getForm(Object(Drupal\\webform\\Entity\\WebformSubmission), \'add\')\n#11 /home/sites/mscare/web/modules/contrib/webform/src/Element/Webform.php(78): Drupal\\webform\\Entity\\Webform->getSubmissionForm(Array)\n#12 [internal function]: Drupal\\webform\\Element\\Webform::preRenderWebformElement(Array)\n#13 /home/sites/mscare/web/core/lib/Drupal/Core/Security/DoTrustedCallbackTrait.php(100): call_user_func_array(Array, Array)\n#14 /home/sites/mscare/web/core/lib/Drupal/Core/Render/Renderer.php(781): Drupal\\Core\\Render\\Renderer->doTrustedCallback(Array, Array, \'Render #pre_ren...\', \'silenced_deprec...\', \'Drupal\\\\Core\\\\Ren...\')\n#15 /home/sites/mscare/web/core/lib/Drupal/Core/Render/Renderer.php(372): Drupal\\Core\\Render\\Renderer->doCallback(\'#pre_render\', Array, Array)\n#16 /home/sites/mscare/web/core/lib/Drupal/Core/Render/Renderer.php(200): Drupal\\Core\\Render\\Renderer->doRender(Array, false)\n#17 /home/sites/mscare/web/core/lib/Drupal/Core/Template/TwigExtension.php(501): Drupal\\Core\\Render\\Renderer->render(Array)\n#18 /home/sites/mscare/web/sites/default/files/php/twig/5f6e184e1c027_block.html.twig_Nk3ADGmD6577FPjExdzeXMxT4/EjgMQ4AD7isCx_w54AcsmOr3j27PsIYklw_LHf_UaFM.php(101): Drupal\\Core\\Template\\TwigExtension->escapeFilter(Object(Drupal\\Core\\Template\\TwigEnvironment), Array, \'html\', NULL, true)\n#19 /home/sites/mscare/vendor/twig/twig/src/Template.php(214): __TwigTemplate_5091a0d8f0ef8b286c27524f1cf433c7bb7dec63549fb60634c9387d354e1f98->block_content(Array, Array)\n#20 /home/sites/mscare/web/sites/default/files/php/twig/5f6e184e1c027_block.html.twig_Nk3ADGmD6577FPjExdzeXMxT4/EjgMQ4AD7isCx_w54AcsmOr3j27PsIYklw_LHf_UaFM.php(86): Twig\\Template->displayBlock(\'content\', Array, Array)\n#21 /home/sites/mscare/vendor/twig/twig/src/Template.php(453): __TwigTemplate_5091a0d8f0ef8b286c27524f1cf433c7bb7dec63549fb60634c9387d354e1f98->doDisplay(Array, Array)\n#22 /home/sites/mscare/vendor/twig/twig/src/Template.php(420): Twig\\Template->displayWithErrorHandling(Array, Array)\n#23 /home/sites/mscare/vendor/twig/twig/src/Template.php(432): Twig\\Template->display(Array)\n#24 /home/sites/mscare/web/core/themes/engines/twig/twig.engine(64): Twig\\Template->render(Array)\n#25 /home/sites/mscare/web/core/lib/Drupal/Core/Theme/ThemeManager.php(384): twig_render_template(\'themes/contrib/...\', Array)\n#26 /home/sites/mscare/web/core/lib/Drupal/Core/Render/Renderer.php(431): Drupal\\Core\\Theme\\ThemeManager->render(\'block\', Array)\n#27 /home/sites/mscare/web/core/lib/Drupal/Core/Render/Renderer.php(444): Drupal\\Core\\Render\\Renderer->doRender(Array)\n#28 /home/sites/mscare/web/core/lib/Drupal/Core/Render/Renderer.php(200): Drupal\\Core\\Render\\Renderer->doRender(Array, false)\n#29 /home/sites/mscare/web/core/lib/Drupal/Core/Template/TwigExtension.php(501): Drupal\\Core\\Render\\Renderer->render(Array)\n#30 /home/sites/mscare/web/sites/default/files/php/twig/5f6e184e1c027_page.html.twig_4ox8-P5MHIxgqBYbfb3a3CTbA/YfyOkPbABfOwY_5rBDqDt2j1meOByWbCf6ROReDEDq4.php(681): Drupal\\Core\\Template\\TwigExtension->escapeFilter(Object(Drupal\\Core\\Template\\TwigEnvironment), Array, \'html\', NULL, true)\n#31 /home/sites/mscare/vendor/twig/twig/src/Template.php(453): __TwigTemplate_5e0df418b56ee94b19b45c345522aa482f0ec073a7057983d5cf5340a1d66973->doDisplay(Array, Array)\n#32 /home/sites/mscare/vendor/twig/twig/src/Template.php(420): Twig\\Template->displayWithErrorHandling(Array, Array)\n#33 /home/sites/mscare/vendor/twig/twig/src/Template.php(432): Twig\\Template->display(Array)\n#34 /home/sites/mscare/web/core/themes/engines/twig/twig.engine(64): Twig\\Template->render(Array)\n#35 /home/sites/mscare/web/core/lib/Drupal/Core/Theme/ThemeManager.php(384): twig_render_template(\'themes/contrib/...\', Array)\n#36 /home/sites/mscare/web/core/lib/Drupal/Core/Render/Renderer.php(431): Drupal\\Core\\Theme\\ThemeManager->render(\'page\', Array)\n#37 /home/sites/mscare/web/core/lib/Drupal/Core/Render/Renderer.php(200): Drupal\\Core\\Render\\Renderer->doRender(Array, false)\n#38 /home/sites/mscare/web/core/lib/Drupal/Core/Template/TwigExtension.php(501): Drupal\\Core\\Render\\Renderer->render(Array)\n#39 /home/sites/mscare/web/sites/default/files/php/twig/5f6e184e1c027_html.html.twig_GESAq2dKb9BUD92Q77xHkU4bQ/6DQ9ad2V4qD2l8b0hFeKlRFmNU8Xe4OExKqaQ04nABg.php(102): Drupal\\Core\\Template\\TwigExtension->escapeFilter(Object(Drupal\\Core\\Template\\TwigEnvironment), Array, \'html\', NULL, true)\n#40 /home/sites/mscare/vendor/twig/twig/src/Template.php(453): __TwigTemplate_df4712f18857557a4d3b981d2f5e5289601677673aff5b6804b5dea6df9da3c1->doDisplay(Array, Array)\n#41 /home/sites/mscare/vendor/twig/twig/src/Template.php(420): Twig\\Template->displayWithErrorHandling(Array, Array)\n#42 /home/sites/mscare/vendor/twig/twig/src/Template.php(432): Twig\\Template->display(Array)\n#43 /home/sites/mscare/web/core/themes/engines/twig/twig.engine(64): Twig\\Template->render(Array)\n#44 /home/sites/mscare/web/core/lib/Drupal/Core/Theme/ThemeManager.php(384): twig_render_template(\'core/themes/cla...\', Array)\n#45 /home/sites/mscare/web/core/lib/Drupal/Core/Render/Renderer.php(431): Drupal\\Core\\Theme\\ThemeManager->render(\'html\', Array)\n#46 /home/sites/mscare/web/core/lib/Drupal/Core/Render/Renderer.php(200): Drupal\\Core\\Render\\Renderer->doRender(Array, false)\n#47 /home/sites/mscare/web/core/lib/Drupal/Core/Render/MainContent/HtmlRenderer.php(147): Drupal\\Core\\Render\\Renderer->render(Array)\n#48 /home/sites/mscare/web/core/lib/Drupal/Core/Render/Renderer.php(573): Drupal\\Core\\Render\\MainContent\\HtmlRenderer->Drupal\\Core\\Render\\MainContent\\{closure}()\n#49 /home/sites/mscare/web/core/lib/Drupal/Core/Render/MainContent/HtmlRenderer.php(148): Drupal\\Core\\Render\\Renderer->executeInRenderContext(Object(Drupal\\Core\\Render\\RenderContext), Object(Closure))\n#50 /home/sites/mscare/web/core/lib/Drupal/Core/EventSubscriber/MainContentViewSubscriber.php(90): Drupal\\Core\\Render\\MainContent\\HtmlRenderer->renderResponse(Array, Object(Symfony\\Component\\HttpFoundation\\Request), Object(Drupal\\Core\\Routing\\CurrentRouteMatch))\n#51 [internal function]: Drupal\\Core\\EventSubscriber\\MainContentViewSubscriber->onViewRenderArray(Object(Symfony\\Component\\HttpKernel\\Event\\GetResponseForControllerResultEvent), \'kernel.view\', Object(Drupal\\Component\\EventDispatcher\\ContainerAwareEventDispatcher))\n#52 /home/sites/mscare/web/core/lib/Drupal/Component/EventDispatcher/ContainerAwareEventDispatcher.php(111): call_user_func(Array, Object(Symfony\\Component\\HttpKernel\\Event\\GetResponseForControllerResultEvent), \'kernel.view\', Object(Drupal\\Component\\EventDispatcher\\ContainerAwareEventDispatcher))\n#53 /home/sites/mscare/vendor/symfony/http-kernel/HttpKernel.php(156): Drupal\\Component\\EventDispatcher\\ContainerAwareEventDispatcher->dispatch(\'kernel.view\', Object(Symfony\\Component\\HttpKernel\\Event\\GetResponseForControllerResultEvent))\n#54 /home/sites/mscare/vendor/symfony/http-kernel/HttpKernel.php(68): Symfony\\Component\\HttpKernel\\HttpKernel->handleRaw(Object(Symfony\\Component\\HttpFoundation\\Request), 1)\n#55 /home/sites/mscare/web/core/lib/Drupal/Core/StackMiddleware/Session.php(57): Symfony\\Component\\HttpKernel\\HttpKernel->handle(Object(Symfony\\Component\\HttpFoundation\\Request), 1, true)\n#56 /home/sites/mscare/web/core/lib/Drupal/Core/StackMiddleware/KernelPreHandle.php(47): Drupal\\Core\\StackMiddleware\\Session->handle(Object(Symfony\\Component\\HttpFoundation\\Request), 1, true)\n#57 /home/sites/mscare/web/core/modules/page_cache/src/StackMiddleware/PageCache.php(106): Drupal\\Core\\StackMiddleware\\KernelPreHandle->handle(Object(Symfony\\Component\\HttpFoundation\\Request), 1, true)\n#58 /home/sites/mscare/web/core/modules/page_cache/src/StackMiddleware/PageCache.php(85): Drupal\\page_cache\\StackMiddleware\\PageCache->pass(Object(Symfony\\Component\\HttpFoundation\\Request), 1, true)\n#59 /home/sites/mscare/web/core/lib/Drupal/Core/StackMiddleware/ReverseProxyMiddleware.php(47): Drupal\\page_cache\\StackMiddleware\\PageCache->handle(Object(Symfony\\Component\\HttpFoundation\\Request), 1, true)\n#60 /home/sites/mscare/web/core/lib/Drupal/Core/StackMiddleware/NegotiationMiddleware.php(52): Drupal\\Core\\StackMiddleware\\ReverseProxyMiddleware->handle(Object(Symfony\\Component\\HttpFoundation\\Request), 1, true)\n#61 /home/sites/mscare/vendor/stack/builder/src/Stack/StackedHttpKernel.php(23): Drupal\\Core\\StackMiddleware\\NegotiationMiddleware->handle(Object(Symfony\\Component\\HttpFoundation\\Request), 1, true)\n#62 /home/sites/mscare/web/core/lib/Drupal/Core/DrupalKernel.php(708): Stack\\StackedHttpKernel->handle(Object(Symfony\\Component\\HttpFoundation\\Request), 1, true)\n#63 /home/sites/mscare/web/index.php(19): Drupal\\Core\\DrupalKernel->handle(Object(Symfony\\Component\\HttpFoundation\\Request))\n#64 {main}\";}',4,'','http://mscare.open.gr/node/594','http://mscare.open.gr/node/594','85.72.53.208',1601050722),(28984,1,'myformhandler','MyHandler got form data:Array\n(\n)\n','a:0:{}',4,'','http://mscare.open.gr/node/594','http://mscare.open.gr/node/594','85.72.53.208',1601050722),(28985,1,'webform','@title created.','a:2:{s:3:\"@id\";s:3:\"149\";s:6:\"@title\";s:37:\"MSCU – ECF – 2020: Submission #43\";}',5,'<a href=\"/admin/structure/webform/manage/email_reminder/submission/149/edit\" hreflang=\"en\">Edit</a>','http://mscare.open.gr/node/594','http://mscare.open.gr/node/594','85.72.53.208',1601050722),(28986,1,'myformhandler','MyHandler got form data:Array\n(\n)\n','a:0:{}',4,'','http://mscare.open.gr/node/594','http://mscare.open.gr/node/594','85.72.53.208',1601050811),(28987,1,'webform','@title created.','a:2:{s:3:\"@id\";s:3:\"150\";s:6:\"@title\";s:37:\"MSCU – ECF – 2020: Submission #44\";}',5,'<a href=\"/admin/structure/webform/manage/email_reminder/submission/150/edit\" hreflang=\"en\">Edit</a>','http://mscare.open.gr/node/594','http://mscare.open.gr/node/594','85.72.53.208',1601050811),(28988,1,'php','%type: @message in %function (line %line of %file) @backtrace_string.','a:6:{s:5:\"%type\";s:6:\"Notice\";s:8:\"@message\";O:25:\"Drupal\\Core\\Render\\Markup\":1:{s:9:\"\0*\0string\";s:25:\"Undefined variable: aTmp1\";}s:9:\"%function\";s:74:\"Drupal\\ma_handlers\\Plugin\\WebformHandler\\MailReminderHandler->submitForm()\";s:5:\"%file\";s:99:\"/home/sites/mscare/web/modules/custom/ma_handlers/src/Plugin/WebformHandler/MailReminderHandler.php\";s:5:\"%line\";i:69;s:17:\"@backtrace_string\";s:10512:\"#0 /home/sites/mscare/web/core/includes/bootstrap.inc(600): _drupal_error_handler_real(8, \'Undefined varia...\', \'/home/sites/msc...\', 69, Array)\n#1 /home/sites/mscare/web/modules/custom/ma_handlers/src/Plugin/WebformHandler/MailReminderHandler.php(69): _drupal_error_handler(8, \'Undefined varia...\', \'/home/sites/msc...\', 69, Array)\n#2 /home/sites/mscare/web/modules/contrib/webform/src/Entity/Webform.php(2616): Drupal\\ma_handlers\\Plugin\\WebformHandler\\MailReminderHandler->submitForm(Array, Object(Drupal\\Core\\Form\\FormState), Object(Drupal\\webform\\Entity\\WebformSubmission))\n#3 /home/sites/mscare/web/modules/contrib/webform/src/WebformSubmissionForm.php(1843): Drupal\\webform\\Entity\\Webform->invokeHandlers(\'submitForm\', Array, Object(Drupal\\Core\\Form\\FormState), Object(Drupal\\webform\\Entity\\WebformSubmission))\n#4 [internal function]: Drupal\\webform\\WebformSubmissionForm->submitForm(Array, Object(Drupal\\Core\\Form\\FormState))\n#5 /home/sites/mscare/web/core/lib/Drupal/Core/Form/FormSubmitter.php(114): call_user_func_array(Array, Array)\n#6 /home/sites/mscare/web/core/lib/Drupal/Core/Form/FormSubmitter.php(52): Drupal\\Core\\Form\\FormSubmitter->executeSubmitHandlers(Array, Object(Drupal\\Core\\Form\\FormState))\n#7 /home/sites/mscare/web/core/lib/Drupal/Core/Form/FormBuilder.php(593): Drupal\\Core\\Form\\FormSubmitter->doSubmitForm(Array, Object(Drupal\\Core\\Form\\FormState))\n#8 /home/sites/mscare/web/core/lib/Drupal/Core/Form/FormBuilder.php(321): Drupal\\Core\\Form\\FormBuilder->processForm(\'webform_submiss...\', Array, Object(Drupal\\Core\\Form\\FormState))\n#9 /home/sites/mscare/web/core/lib/Drupal/Core/Entity/EntityFormBuilder.php(61): Drupal\\Core\\Form\\FormBuilder->buildForm(Object(Drupal\\webform\\WebformSubmissionForm), Object(Drupal\\Core\\Form\\FormState))\n#10 /home/sites/mscare/web/modules/contrib/webform/src/Entity/Webform.php(1193): Drupal\\Core\\Entity\\EntityFormBuilder->getForm(Object(Drupal\\webform\\Entity\\WebformSubmission), \'add\')\n#11 /home/sites/mscare/web/modules/contrib/webform/src/Element/Webform.php(78): Drupal\\webform\\Entity\\Webform->getSubmissionForm(Array)\n#12 [internal function]: Drupal\\webform\\Element\\Webform::preRenderWebformElement(Array)\n#13 /home/sites/mscare/web/core/lib/Drupal/Core/Security/DoTrustedCallbackTrait.php(100): call_user_func_array(Array, Array)\n#14 /home/sites/mscare/web/core/lib/Drupal/Core/Render/Renderer.php(781): Drupal\\Core\\Render\\Renderer->doTrustedCallback(Array, Array, \'Render #pre_ren...\', \'silenced_deprec...\', \'Drupal\\\\Core\\\\Ren...\')\n#15 /home/sites/mscare/web/core/lib/Drupal/Core/Render/Renderer.php(372): Drupal\\Core\\Render\\Renderer->doCallback(\'#pre_render\', Array, Array)\n#16 /home/sites/mscare/web/core/lib/Drupal/Core/Render/Renderer.php(200): Drupal\\Core\\Render\\Renderer->doRender(Array, false)\n#17 /home/sites/mscare/web/core/lib/Drupal/Core/Template/TwigExtension.php(501): Drupal\\Core\\Render\\Renderer->render(Array)\n#18 /home/sites/mscare/web/sites/default/files/php/twig/5f6e1918aa456_block.html.twig_Nk3ADGmD6577FPjExdzeXMxT4/WFZbhJqXDf1zZd4dnfc0WzF_OTd7qZKAw17ZcOEE6W4.php(101): Drupal\\Core\\Template\\TwigExtension->escapeFilter(Object(Drupal\\Core\\Template\\TwigEnvironment), Array, \'html\', NULL, true)\n#19 /home/sites/mscare/vendor/twig/twig/src/Template.php(214): __TwigTemplate_5091a0d8f0ef8b286c27524f1cf433c7bb7dec63549fb60634c9387d354e1f98->block_content(Array, Array)\n#20 /home/sites/mscare/web/sites/default/files/php/twig/5f6e1918aa456_block.html.twig_Nk3ADGmD6577FPjExdzeXMxT4/WFZbhJqXDf1zZd4dnfc0WzF_OTd7qZKAw17ZcOEE6W4.php(86): Twig\\Template->displayBlock(\'content\', Array, Array)\n#21 /home/sites/mscare/vendor/twig/twig/src/Template.php(453): __TwigTemplate_5091a0d8f0ef8b286c27524f1cf433c7bb7dec63549fb60634c9387d354e1f98->doDisplay(Array, Array)\n#22 /home/sites/mscare/vendor/twig/twig/src/Template.php(420): Twig\\Template->displayWithErrorHandling(Array, Array)\n#23 /home/sites/mscare/vendor/twig/twig/src/Template.php(432): Twig\\Template->display(Array)\n#24 /home/sites/mscare/web/core/themes/engines/twig/twig.engine(64): Twig\\Template->render(Array)\n#25 /home/sites/mscare/web/core/lib/Drupal/Core/Theme/ThemeManager.php(384): twig_render_template(\'themes/contrib/...\', Array)\n#26 /home/sites/mscare/web/core/lib/Drupal/Core/Render/Renderer.php(431): Drupal\\Core\\Theme\\ThemeManager->render(\'block\', Array)\n#27 /home/sites/mscare/web/core/lib/Drupal/Core/Render/Renderer.php(444): Drupal\\Core\\Render\\Renderer->doRender(Array)\n#28 /home/sites/mscare/web/core/lib/Drupal/Core/Render/Renderer.php(200): Drupal\\Core\\Render\\Renderer->doRender(Array, false)\n#29 /home/sites/mscare/web/core/lib/Drupal/Core/Template/TwigExtension.php(501): Drupal\\Core\\Render\\Renderer->render(Array)\n#30 /home/sites/mscare/web/sites/default/files/php/twig/5f6e1918aa456_page.html.twig_4ox8-P5MHIxgqBYbfb3a3CTbA/GDT4sVdZYoxvlqyD5aDeDjB3NF9DajWs_DY7coG_8XM.php(681): Drupal\\Core\\Template\\TwigExtension->escapeFilter(Object(Drupal\\Core\\Template\\TwigEnvironment), Array, \'html\', NULL, true)\n#31 /home/sites/mscare/vendor/twig/twig/src/Template.php(453): __TwigTemplate_5e0df418b56ee94b19b45c345522aa482f0ec073a7057983d5cf5340a1d66973->doDisplay(Array, Array)\n#32 /home/sites/mscare/vendor/twig/twig/src/Template.php(420): Twig\\Template->displayWithErrorHandling(Array, Array)\n#33 /home/sites/mscare/vendor/twig/twig/src/Template.php(432): Twig\\Template->display(Array)\n#34 /home/sites/mscare/web/core/themes/engines/twig/twig.engine(64): Twig\\Template->render(Array)\n#35 /home/sites/mscare/web/core/lib/Drupal/Core/Theme/ThemeManager.php(384): twig_render_template(\'themes/contrib/...\', Array)\n#36 /home/sites/mscare/web/core/lib/Drupal/Core/Render/Renderer.php(431): Drupal\\Core\\Theme\\ThemeManager->render(\'page\', Array)\n#37 /home/sites/mscare/web/core/lib/Drupal/Core/Render/Renderer.php(200): Drupal\\Core\\Render\\Renderer->doRender(Array, false)\n#38 /home/sites/mscare/web/core/lib/Drupal/Core/Template/TwigExtension.php(501): Drupal\\Core\\Render\\Renderer->render(Array)\n#39 /home/sites/mscare/web/sites/default/files/php/twig/5f6e1918aa456_html.html.twig_GESAq2dKb9BUD92Q77xHkU4bQ/jHxeJpz3Z_6jCpN1fgwYMBHmgIW4w-R3qbr60O7yxyc.php(102): Drupal\\Core\\Template\\TwigExtension->escapeFilter(Object(Drupal\\Core\\Template\\TwigEnvironment), Array, \'html\', NULL, true)\n#40 /home/sites/mscare/vendor/twig/twig/src/Template.php(453): __TwigTemplate_df4712f18857557a4d3b981d2f5e5289601677673aff5b6804b5dea6df9da3c1->doDisplay(Array, Array)\n#41 /home/sites/mscare/vendor/twig/twig/src/Template.php(420): Twig\\Template->displayWithErrorHandling(Array, Array)\n#42 /home/sites/mscare/vendor/twig/twig/src/Template.php(432): Twig\\Template->display(Array)\n#43 /home/sites/mscare/web/core/themes/engines/twig/twig.engine(64): Twig\\Template->render(Array)\n#44 /home/sites/mscare/web/core/lib/Drupal/Core/Theme/ThemeManager.php(384): twig_render_template(\'core/themes/cla...\', Array)\n#45 /home/sites/mscare/web/core/lib/Drupal/Core/Render/Renderer.php(431): Drupal\\Core\\Theme\\ThemeManager->render(\'html\', Array)\n#46 /home/sites/mscare/web/core/lib/Drupal/Core/Render/Renderer.php(200): Drupal\\Core\\Render\\Renderer->doRender(Array, false)\n#47 /home/sites/mscare/web/core/lib/Drupal/Core/Render/MainContent/HtmlRenderer.php(147): Drupal\\Core\\Render\\Renderer->render(Array)\n#48 /home/sites/mscare/web/core/lib/Drupal/Core/Render/Renderer.php(573): Drupal\\Core\\Render\\MainContent\\HtmlRenderer->Drupal\\Core\\Render\\MainContent\\{closure}()\n#49 /home/sites/mscare/web/core/lib/Drupal/Core/Render/MainContent/HtmlRenderer.php(148): Drupal\\Core\\Render\\Renderer->executeInRenderContext(Object(Drupal\\Core\\Render\\RenderContext), Object(Closure))\n#50 /home/sites/mscare/web/core/lib/Drupal/Core/EventSubscriber/MainContentViewSubscriber.php(90): Drupal\\Core\\Render\\MainContent\\HtmlRenderer->renderResponse(Array, Object(Symfony\\Component\\HttpFoundation\\Request), Object(Drupal\\Core\\Routing\\CurrentRouteMatch))\n#51 [internal function]: Drupal\\Core\\EventSubscriber\\MainContentViewSubscriber->onViewRenderArray(Object(Symfony\\Component\\HttpKernel\\Event\\GetResponseForControllerResultEvent), \'kernel.view\', Object(Drupal\\Component\\EventDispatcher\\ContainerAwareEventDispatcher))\n#52 /home/sites/mscare/web/core/lib/Drupal/Component/EventDispatcher/ContainerAwareEventDispatcher.php(111): call_user_func(Array, Object(Symfony\\Component\\HttpKernel\\Event\\GetResponseForControllerResultEvent), \'kernel.view\', Object(Drupal\\Component\\EventDispatcher\\ContainerAwareEventDispatcher))\n#53 /home/sites/mscare/vendor/symfony/http-kernel/HttpKernel.php(156): Drupal\\Component\\EventDispatcher\\ContainerAwareEventDispatcher->dispatch(\'kernel.view\', Object(Symfony\\Component\\HttpKernel\\Event\\GetResponseForControllerResultEvent))\n#54 /home/sites/mscare/vendor/symfony/http-kernel/HttpKernel.php(68): Symfony\\Component\\HttpKernel\\HttpKernel->handleRaw(Object(Symfony\\Component\\HttpFoundation\\Request), 1)\n#55 /home/sites/mscare/web/core/lib/Drupal/Core/StackMiddleware/Session.php(57): Symfony\\Component\\HttpKernel\\HttpKernel->handle(Object(Symfony\\Component\\HttpFoundation\\Request), 1, true)\n#56 /home/sites/mscare/web/core/lib/Drupal/Core/StackMiddleware/KernelPreHandle.php(47): Drupal\\Core\\StackMiddleware\\Session->handle(Object(Symfony\\Component\\HttpFoundation\\Request), 1, true)\n#57 /home/sites/mscare/web/core/modules/page_cache/src/StackMiddleware/PageCache.php(106): Drupal\\Core\\StackMiddleware\\KernelPreHandle->handle(Object(Symfony\\Component\\HttpFoundation\\Request), 1, true)\n#58 /home/sites/mscare/web/core/modules/page_cache/src/StackMiddleware/PageCache.php(85): Drupal\\page_cache\\StackMiddleware\\PageCache->pass(Object(Symfony\\Component\\HttpFoundation\\Request), 1, true)\n#59 /home/sites/mscare/web/core/lib/Drupal/Core/StackMiddleware/ReverseProxyMiddleware.php(47): Drupal\\page_cache\\StackMiddleware\\PageCache->handle(Object(Symfony\\Component\\HttpFoundation\\Request), 1, true)\n#60 /home/sites/mscare/web/core/lib/Drupal/Core/StackMiddleware/NegotiationMiddleware.php(52): Drupal\\Core\\StackMiddleware\\ReverseProxyMiddleware->handle(Object(Symfony\\Component\\HttpFoundation\\Request), 1, true)\n#61 /home/sites/mscare/vendor/stack/builder/src/Stack/StackedHttpKernel.php(23): Drupal\\Core\\StackMiddleware\\NegotiationMiddleware->handle(Object(Symfony\\Component\\HttpFoundation\\Request), 1, true)\n#62 /home/sites/mscare/web/core/lib/Drupal/Core/DrupalKernel.php(708): Stack\\StackedHttpKernel->handle(Object(Symfony\\Component\\HttpFoundation\\Request), 1, true)\n#63 /home/sites/mscare/web/index.php(19): Drupal\\Core\\DrupalKernel->handle(Object(Symfony\\Component\\HttpFoundation\\Request))\n#64 {main}\";}',5,'','http://mscare.open.gr/node/594','http://mscare.open.gr/node/594','85.72.53.208',1601050918),(28989,1,'myformhandler','MyHandler got form data:','a:0:{}',4,'','http://mscare.open.gr/node/594','http://mscare.open.gr/node/594','85.72.53.208',1601050918),(28990,1,'webform','@title created.','a:2:{s:3:\"@id\";s:3:\"151\";s:6:\"@title\";s:37:\"MSCU – ECF – 2020: Submission #45\";}',5,'<a href=\"/admin/structure/webform/manage/email_reminder/submission/151/edit\" hreflang=\"en\">Edit</a>','http://mscare.open.gr/node/594','http://mscare.open.gr/node/594','85.72.53.208',1601050918),(28991,1,'myformhandler','MyHandler got form data:Array\n(\n    [0] => amimi@open.gr\n    [1] => gmak@open.gr\n    [2] => amilia@open.gr\n    [3] => ggia@open.gr\n    [4] => vassilakis@open.gr\n    [5] => gkar@open.gr\n)\n','a:0:{}',4,'','http://mscare.open.gr/node/594','http://mscare.open.gr/node/594','85.72.53.208',1601051146),(28992,1,'webform','@title created.','a:2:{s:3:\"@id\";s:3:\"152\";s:6:\"@title\";s:37:\"MSCU – ECF – 2020: Submission #46\";}',5,'<a href=\"/admin/structure/webform/manage/email_reminder/submission/152/edit\" hreflang=\"en\">Edit</a>','http://mscare.open.gr/node/594','http://mscare.open.gr/node/594','85.72.53.208',1601051147),(28993,1,'myformhandler','MyHandler got form data:Array\n(\n    [1] => gmak@open.gr\n    [2] => amilia@open.gr\n    [3] => ggia@open.gr\n    [4] => vassilakis@open.gr\n    [5] => gkar@open.gr\n)\n','a:0:{}',4,'','http://mscare.open.gr/node/594','http://mscare.open.gr/node/594','85.72.53.208',1601051265),(28994,1,'webform','@title created.','a:2:{s:3:\"@id\";s:3:\"153\";s:6:\"@title\";s:37:\"MSCU – ECF – 2020: Submission #47\";}',5,'<a href=\"/admin/structure/webform/manage/email_reminder/submission/153/edit\" hreflang=\"en\">Edit</a>','http://mscare.open.gr/node/594','http://mscare.open.gr/node/594','85.72.53.208',1601051265),(28995,1,'myformhandler','MyHandler got form data:Array\n(\n    [1] => gmak@open.gr\n    [2] => amilia@open.gr\n    [3] => ggia@open.gr\n    [4] => vassilakis@open.gr\n    [5] => gkar@open.gr\n)\n','a:0:{}',4,'','http://mscare.open.gr/node/594','http://mscare.open.gr/node/594','85.72.53.208',1601051380),(28996,1,'webform','@title created.','a:2:{s:3:\"@id\";s:3:\"154\";s:6:\"@title\";s:37:\"MSCU – ECF – 2020: Submission #48\";}',5,'<a href=\"/admin/structure/webform/manage/email_reminder/submission/154/edit\" hreflang=\"en\">Edit</a>','http://mscare.open.gr/node/594','http://mscare.open.gr/node/594','85.72.53.208',1601051380),(28997,1,'system','%module module installed.','a:1:{s:7:\"%module\";s:5:\"devel\";}',6,'','http://mscare.open.gr/admin/modules','http://mscare.open.gr/admin/modules','195.47.208.102',1601056646),(28998,1,'system','%module module installed.','a:1:{s:7:\"%module\";s:14:\"devel_generate\";}',6,'','http://mscare.open.gr/admin/modules','http://mscare.open.gr/admin/modules','195.47.208.102',1601056686),(28999,1,'system','%module module installed.','a:1:{s:7:\"%module\";s:13:\"webform_devel\";}',6,'','http://mscare.open.gr/admin/modules','http://mscare.open.gr/admin/modules','195.47.208.102',1601056687),(29000,1,'system','%module module uninstalled.','a:1:{s:7:\"%module\";s:14:\"devel_generate\";}',6,'','http://mscare.open.gr/admin/modules/uninstall/confirm','http://mscare.open.gr/admin/modules/uninstall/confirm','195.47.208.102',1601056787),(29001,0,'cron','Starting execution of @module_cron().','a:1:{s:7:\"@module\";s:7:\"comment\";}',5,'','http://mscare.open.gr/admin/config/development/devel/toolbar','http://mscare.open.gr/admin/config/development/devel/toolbar','195.47.208.102',1601057189),(29002,0,'cron','Starting execution of @module_cron(), execution of @module_previous_cron() took @time.','a:3:{s:7:\"@module\";s:5:\"dblog\";s:16:\"@module_previous\";s:7:\"comment\";s:5:\"@time\";s:20:\"2.0299999999999998ms\";}',5,'','http://mscare.open.gr/admin/config/development/devel/toolbar','http://mscare.open.gr/admin/config/development/devel/toolbar','195.47.208.102',1601057189),(29003,0,'cron','Starting execution of @module_cron(), execution of @module_previous_cron() took @time.','a:3:{s:7:\"@module\";s:5:\"field\";s:16:\"@module_previous\";s:5:\"dblog\";s:5:\"@time\";s:20:\"7.6500000000000004ms\";}',5,'','http://mscare.open.gr/admin/config/development/devel/toolbar','http://mscare.open.gr/admin/config/development/devel/toolbar','195.47.208.102',1601057189),(29004,0,'cron','Starting execution of @module_cron(), execution of @module_previous_cron() took @time.','a:3:{s:7:\"@module\";s:4:\"file\";s:16:\"@module_previous\";s:5:\"field\";s:5:\"@time\";s:20:\"3.0600000000000001ms\";}',5,'','http://mscare.open.gr/admin/config/development/devel/toolbar','http://mscare.open.gr/admin/config/development/devel/toolbar','195.47.208.102',1601057189),(29005,0,'cron','Starting execution of @module_cron(), execution of @module_previous_cron() took @time.','a:3:{s:7:\"@module\";s:7:\"history\";s:16:\"@module_previous\";s:4:\"file\";s:5:\"@time\";s:7:\"26.75ms\";}',5,'','http://mscare.open.gr/admin/config/development/devel/toolbar','http://mscare.open.gr/admin/config/development/devel/toolbar','195.47.208.102',1601057189),(29006,0,'cron','Starting execution of @module_cron(), execution of @module_previous_cron() took @time.','a:3:{s:7:\"@module\";s:4:\"node\";s:16:\"@module_previous\";s:7:\"history\";s:5:\"@time\";s:21:\"0.46000000000000002ms\";}',5,'','http://mscare.open.gr/admin/config/development/devel/toolbar','http://mscare.open.gr/admin/config/development/devel/toolbar','195.47.208.102',1601057189),(29007,0,'cron','Starting execution of @module_cron(), execution of @module_previous_cron() took @time.','a:3:{s:7:\"@module\";s:6:\"search\";s:16:\"@module_previous\";s:4:\"node\";s:5:\"@time\";s:7:\"26.59ms\";}',5,'','http://mscare.open.gr/admin/config/development/devel/toolbar','http://mscare.open.gr/admin/config/development/devel/toolbar','195.47.208.102',1601057189),(29008,0,'cron','Starting execution of @module_cron(), execution of @module_previous_cron() took @time.','a:3:{s:7:\"@module\";s:6:\"system\";s:16:\"@module_previous\";s:6:\"search\";s:5:\"@time\";s:20:\"13.449999999999999ms\";}',5,'','http://mscare.open.gr/admin/config/development/devel/toolbar','http://mscare.open.gr/admin/config/development/devel/toolbar','195.47.208.102',1601057189),(29009,0,'security','Security warning: Couldn\'t write .htaccess file. Please create a .htaccess file in your %directory directory which contains the following lines: <pre><code>@htaccess</code></pre>','a:2:{s:10:\"%directory\";s:10:\"private://\";s:9:\"@htaccess\";s:686:\"# Deny all requests from Apache 2.4+.\n<IfModule mod_authz_core.c>\n  Require all denied\n</IfModule>\n\n# Deny all requests from Apache 2.0-2.2.\n<IfModule !mod_authz_core.c>\n  Deny from all\n</IfModule>\n\n# Turn off all options we don\'t need.\nOptions -Indexes -ExecCGI -Includes -MultiViews\n\n# Set the catch-all handler to prevent scripts from being executed.\nSetHandler Drupal_Security_Do_Not_Remove_See_SA_2006_006\n<Files *>\n  # Override the handler again if we\'re run later in the evaluation list.\n  SetHandler Drupal_Security_Do_Not_Remove_See_SA_2013_003\n</Files>\n\n# If we know how to do it safely, disable the PHP engine entirely.\n<IfModule mod_php7.c>\n  php_flag engine off\n</IfModule>\";}',3,'','http://mscare.open.gr/admin/config/development/devel/toolbar','http://mscare.open.gr/admin/config/development/devel/toolbar','195.47.208.102',1601057189),(29010,0,'cron','Starting execution of @module_cron(), execution of @module_previous_cron() took @time.','a:3:{s:7:\"@module\";s:6:\"update\";s:16:\"@module_previous\";s:6:\"system\";s:5:\"@time\";s:20:\"21.960000000000001ms\";}',5,'','http://mscare.open.gr/admin/config/development/devel/toolbar','http://mscare.open.gr/admin/config/development/devel/toolbar','195.47.208.102',1601057189),(29011,0,'cron','Starting execution of @module_cron(), execution of @module_previous_cron() took @time.','a:3:{s:7:\"@module\";s:7:\"webform\";s:16:\"@module_previous\";s:6:\"update\";s:5:\"@time\";s:8:\"213.44ms\";}',5,'','http://mscare.open.gr/admin/config/development/devel/toolbar','http://mscare.open.gr/admin/config/development/devel/toolbar','195.47.208.102',1601057189),(29012,0,'cron','Execution of @module_previous_cron() took @time.','a:2:{s:16:\"@module_previous\";s:7:\"webform\";s:5:\"@time\";s:20:\"19.390000000000001ms\";}',5,'','http://mscare.open.gr/admin/config/development/devel/toolbar','http://mscare.open.gr/admin/config/development/devel/toolbar','195.47.208.102',1601057189),(29013,0,'cron','Cron run completed.','a:0:{}',5,'','http://mscare.open.gr/admin/config/development/devel/toolbar','http://mscare.open.gr/admin/config/development/devel/toolbar','195.47.208.102',1601057189),(29014,0,'cron','Starting execution of @module_cron().','a:1:{s:7:\"@module\";s:7:\"comment\";}',5,'','http://mscare.open.gr/','','85.72.53.208',1601285082),(29015,0,'cron','Starting execution of @module_cron(), execution of @module_previous_cron() took @time.','a:3:{s:7:\"@module\";s:5:\"dblog\";s:16:\"@module_previous\";s:7:\"comment\";s:5:\"@time\";s:20:\"43.289999999999999ms\";}',5,'','http://mscare.open.gr/','','85.72.53.208',1601285082),(29016,0,'cron','Starting execution of @module_cron(), execution of @module_previous_cron() took @time.','a:3:{s:7:\"@module\";s:5:\"field\";s:16:\"@module_previous\";s:5:\"dblog\";s:5:\"@time\";s:6:\"3.02ms\";}',5,'','http://mscare.open.gr/','','85.72.53.208',1601285082),(29017,0,'cron','Starting execution of @module_cron(), execution of @module_previous_cron() took @time.','a:3:{s:7:\"@module\";s:4:\"file\";s:16:\"@module_previous\";s:5:\"field\";s:5:\"@time\";s:20:\"10.539999999999999ms\";}',5,'','http://mscare.open.gr/','','85.72.53.208',1601285082),(29018,0,'cron','Starting execution of @module_cron(), execution of @module_previous_cron() took @time.','a:3:{s:7:\"@module\";s:7:\"history\";s:16:\"@module_previous\";s:4:\"file\";s:5:\"@time\";s:20:\"58.210000000000001ms\";}',5,'','http://mscare.open.gr/','','85.72.53.208',1601285082),(29019,0,'cron','Starting execution of @module_cron(), execution of @module_previous_cron() took @time.','a:3:{s:7:\"@module\";s:4:\"node\";s:16:\"@module_previous\";s:7:\"history\";s:5:\"@time\";s:20:\"13.300000000000001ms\";}',5,'','http://mscare.open.gr/','','85.72.53.208',1601285082),(29020,0,'cron','Starting execution of @module_cron(), execution of @module_previous_cron() took @time.','a:3:{s:7:\"@module\";s:6:\"search\";s:16:\"@module_previous\";s:4:\"node\";s:5:\"@time\";s:20:\"44.130000000000003ms\";}',5,'','http://mscare.open.gr/','','85.72.53.208',1601285082),(29021,0,'cron','Starting execution of @module_cron(), execution of @module_previous_cron() took @time.','a:3:{s:7:\"@module\";s:6:\"system\";s:16:\"@module_previous\";s:6:\"search\";s:5:\"@time\";s:6:\"79.5ms\";}',5,'','http://mscare.open.gr/','','85.72.53.208',1601285082),(29022,0,'security','Security warning: Couldn\'t write .htaccess file. Please create a .htaccess file in your %directory directory which contains the following lines: <pre><code>@htaccess</code></pre>','a:2:{s:10:\"%directory\";s:10:\"private://\";s:9:\"@htaccess\";s:686:\"# Deny all requests from Apache 2.4+.\n<IfModule mod_authz_core.c>\n  Require all denied\n</IfModule>\n\n# Deny all requests from Apache 2.0-2.2.\n<IfModule !mod_authz_core.c>\n  Deny from all\n</IfModule>\n\n# Turn off all options we don\'t need.\nOptions -Indexes -ExecCGI -Includes -MultiViews\n\n# Set the catch-all handler to prevent scripts from being executed.\nSetHandler Drupal_Security_Do_Not_Remove_See_SA_2006_006\n<Files *>\n  # Override the handler again if we\'re run later in the evaluation list.\n  SetHandler Drupal_Security_Do_Not_Remove_See_SA_2013_003\n</Files>\n\n# If we know how to do it safely, disable the PHP engine entirely.\n<IfModule mod_php7.c>\n  php_flag engine off\n</IfModule>\";}',3,'','http://mscare.open.gr/','','85.72.53.208',1601285082),(29023,0,'cron','Starting execution of @module_cron(), execution of @module_previous_cron() took @time.','a:3:{s:7:\"@module\";s:6:\"update\";s:16:\"@module_previous\";s:6:\"system\";s:5:\"@time\";s:7:\"63.93ms\";}',5,'','http://mscare.open.gr/','','85.72.53.208',1601285082),(29024,0,'cron','Attempting to re-run cron while it is already running.','a:0:{}',4,'','http://mscare.open.gr/themes/showcase_lite/images/toolbox.png','http://mscare.open.gr/','85.72.53.208',1601285083),(29025,0,'cron','Attempting to re-run cron while it is already running.','a:0:{}',4,'','http://mscare.open.gr/themes/showcase_lite/images/EUUN300.png','http://mscare.open.gr/','85.72.53.208',1601285083),(29026,0,'cron','Attempting to re-run cron while it is already running.','a:0:{}',4,'','http://mscare.open.gr/sites/default/files/mFav.png','http://mscare.open.gr/','85.72.53.208',1601285085),(29027,0,'smtp','Sending mail to: @to','a:1:{s:3:\"@to\";s:36:\"george.tsakirakis@intrasoft-intl.com\";}',6,'','http://mscare.open.gr/','','85.72.53.208',1601285090),(29028,0,'cron','Starting execution of @module_cron(), execution of @module_previous_cron() took @time.','a:3:{s:7:\"@module\";s:7:\"webform\";s:16:\"@module_previous\";s:6:\"update\";s:5:\"@time\";s:20:\"9932.1599999999999ms\";}',5,'','http://mscare.open.gr/','','85.72.53.208',1601285092),(29029,0,'cron','Execution of @module_previous_cron() took @time.','a:2:{s:16:\"@module_previous\";s:7:\"webform\";s:5:\"@time\";s:20:\"54.640000000000001ms\";}',5,'','http://mscare.open.gr/','','85.72.53.208',1601285092),(29030,0,'cron','Cron run completed.','a:0:{}',5,'','http://mscare.open.gr/','','85.72.53.208',1601285092),(29031,1,'user','Session opened for %name.','a:1:{s:5:\"%name\";s:5:\"admin\";}',5,'','http://mscare.open.gr/user/login','http://mscare.open.gr/user/login','85.72.53.208',1601285156),(29032,1,'php','%type: @message in %function (line %line of %file).','a:6:{s:5:\"%type\";s:22:\"Twig\\Error\\SyntaxError\";s:8:\"@message\";s:21:\"Unknown \"endfor\" tag.\";s:9:\"%function\";s:23:\"Twig\\Parser->subparse()\";s:5:\"%file\";s:117:\"/home/sites/mscare/web/themes/contrib/showcase_lite/templates/views/views-view-unformatted--charts--block_4.html.twig\";s:5:\"%line\";i:52;s:17:\"@backtrace_string\";s:10357:\"#0 /home/sites/mscare/vendor/twig/twig/src/Parser.php(122): Twig\\Parser->subparse(NULL, false)\n#1 /home/sites/mscare/vendor/twig/twig/src/Environment.php(735): Twig\\Parser->parse(Object(Twig\\TokenStream))\n#2 /home/sites/mscare/vendor/twig/twig/src/Environment.php(793): Twig\\Environment->parse(Object(Twig\\TokenStream))\n#3 /home/sites/mscare/vendor/twig/twig/src/Environment.php(482): Twig\\Environment->compileSource(Object(Twig\\Source))\n#4 /home/sites/mscare/vendor/twig/twig/src/Environment.php(445): Twig\\Environment->loadClass(\'__TwigTemplate_...\', \'themes/contrib/...\', NULL)\n#5 /home/sites/mscare/web/core/themes/engines/twig/twig.engine(64): Twig\\Environment->loadTemplate(\'themes/contrib/...\')\n#6 /home/sites/mscare/web/core/lib/Drupal/Core/Theme/ThemeManager.php(384): twig_render_template(\'themes/contrib/...\', Array)\n#7 /home/sites/mscare/web/core/lib/Drupal/Core/Render/Renderer.php(431): Drupal\\Core\\Theme\\ThemeManager->render(\'views_view_unfo...\', Array)\n#8 /home/sites/mscare/web/core/lib/Drupal/Core/Render/Renderer.php(444): Drupal\\Core\\Render\\Renderer->doRender(Array)\n#9 /home/sites/mscare/web/core/lib/Drupal/Core/Render/Renderer.php(200): Drupal\\Core\\Render\\Renderer->doRender(Array, false)\n#10 /home/sites/mscare/web/core/lib/Drupal/Core/Template/TwigExtension.php(501): Drupal\\Core\\Render\\Renderer->render(Array)\n#11 /home/sites/mscare/web/sites/default/files/php/twig/5f71b7556ab25_views-view.html.twig_isTUvguBh389Y-EJkCF3jkIpY/wxMGIbW76etNgommcfZ4yP8muH1rCFrs4t780p3WBbg.php(126): Drupal\\Core\\Template\\TwigExtension->escapeFilter(Object(Drupal\\Core\\Template\\TwigEnvironment), Array, \'html\', NULL, true)\n#12 /home/sites/mscare/vendor/twig/twig/src/Template.php(453): __TwigTemplate_01865e64fcf04f5094cedeb310d67213cfcca82d1f12836774e549a563c52405->doDisplay(Array, Array)\n#13 /home/sites/mscare/vendor/twig/twig/src/Template.php(420): Twig\\Template->displayWithErrorHandling(Array, Array)\n#14 /home/sites/mscare/vendor/twig/twig/src/Template.php(432): Twig\\Template->display(Array)\n#15 /home/sites/mscare/web/core/themes/engines/twig/twig.engine(64): Twig\\Template->render(Array)\n#16 /home/sites/mscare/web/core/lib/Drupal/Core/Theme/ThemeManager.php(384): twig_render_template(\'core/themes/cla...\', Array)\n#17 /home/sites/mscare/web/core/lib/Drupal/Core/Render/Renderer.php(431): Drupal\\Core\\Theme\\ThemeManager->render(\'views_view\', Array)\n#18 /home/sites/mscare/web/core/lib/Drupal/Core/Render/Renderer.php(444): Drupal\\Core\\Render\\Renderer->doRender(Array)\n#19 /home/sites/mscare/web/core/lib/Drupal/Core/Render/Renderer.php(200): Drupal\\Core\\Render\\Renderer->doRender(Array, false)\n#20 /home/sites/mscare/web/core/lib/Drupal/Core/Template/TwigExtension.php(501): Drupal\\Core\\Render\\Renderer->render(Array)\n#21 /home/sites/mscare/web/sites/default/files/php/twig/5f71b7556ab25_block.html.twig_4c5DjTnhISUxB5zj5gRJmJsp8/xqlsWIYvNrWZKgq7H92qMSo3sMgTxEGUQooproDST24.php(101): Drupal\\Core\\Template\\TwigExtension->escapeFilter(Object(Drupal\\Core\\Template\\TwigEnvironment), Array, \'html\', NULL, true)\n#22 /home/sites/mscare/vendor/twig/twig/src/Template.php(214): __TwigTemplate_62d2a604de3781fa9744df55fa74228780ace80bc7b9405da0f3428ab7eb19a9->block_content(Array, Array)\n#23 /home/sites/mscare/web/sites/default/files/php/twig/5f71b7556ab25_block.html.twig_4c5DjTnhISUxB5zj5gRJmJsp8/xqlsWIYvNrWZKgq7H92qMSo3sMgTxEGUQooproDST24.php(86): Twig\\Template->displayBlock(\'content\', Array, Array)\n#24 /home/sites/mscare/vendor/twig/twig/src/Template.php(453): __TwigTemplate_62d2a604de3781fa9744df55fa74228780ace80bc7b9405da0f3428ab7eb19a9->doDisplay(Array, Array)\n#25 /home/sites/mscare/vendor/twig/twig/src/Template.php(420): Twig\\Template->displayWithErrorHandling(Array, Array)\n#26 /home/sites/mscare/vendor/twig/twig/src/Template.php(432): Twig\\Template->display(Array)\n#27 /home/sites/mscare/web/core/themes/engines/twig/twig.engine(64): Twig\\Template->render(Array)\n#28 /home/sites/mscare/web/core/lib/Drupal/Core/Theme/ThemeManager.php(384): twig_render_template(\'themes/contrib/...\', Array)\n#29 /home/sites/mscare/web/core/lib/Drupal/Core/Render/Renderer.php(431): Drupal\\Core\\Theme\\ThemeManager->render(\'block\', Array)\n#30 /home/sites/mscare/web/core/lib/Drupal/Core/Render/Renderer.php(444): Drupal\\Core\\Render\\Renderer->doRender(Array)\n#31 /home/sites/mscare/web/core/lib/Drupal/Core/Render/Renderer.php(200): Drupal\\Core\\Render\\Renderer->doRender(Array, false)\n#32 /home/sites/mscare/web/core/lib/Drupal/Core/Template/TwigExtension.php(501): Drupal\\Core\\Render\\Renderer->render(Array)\n#33 /home/sites/mscare/web/sites/default/files/php/twig/5f71b7556ab25_page.html.twig_xmyJ6VG3WhjvMUbxKOIUrlNB2/z3GwnXe1yqCGnyy6dL5zFJM-_6qKVHIFr-nNvLDob7w.php(681): Drupal\\Core\\Template\\TwigExtension->escapeFilter(Object(Drupal\\Core\\Template\\TwigEnvironment), Array, \'html\', NULL, true)\n#34 /home/sites/mscare/vendor/twig/twig/src/Template.php(453): __TwigTemplate_a18013a6d87812d912e3ea638739f13ceff635b9c5e4ccd6d971b5ba0d282fe7->doDisplay(Array, Array)\n#35 /home/sites/mscare/vendor/twig/twig/src/Template.php(420): Twig\\Template->displayWithErrorHandling(Array, Array)\n#36 /home/sites/mscare/vendor/twig/twig/src/Template.php(432): Twig\\Template->display(Array)\n#37 /home/sites/mscare/web/core/themes/engines/twig/twig.engine(64): Twig\\Template->render(Array)\n#38 /home/sites/mscare/web/core/lib/Drupal/Core/Theme/ThemeManager.php(384): twig_render_template(\'themes/contrib/...\', Array)\n#39 /home/sites/mscare/web/core/lib/Drupal/Core/Render/Renderer.php(431): Drupal\\Core\\Theme\\ThemeManager->render(\'page\', Array)\n#40 /home/sites/mscare/web/core/lib/Drupal/Core/Render/Renderer.php(200): Drupal\\Core\\Render\\Renderer->doRender(Array, false)\n#41 /home/sites/mscare/web/core/lib/Drupal/Core/Template/TwigExtension.php(501): Drupal\\Core\\Render\\Renderer->render(Array)\n#42 /home/sites/mscare/web/sites/default/files/php/twig/5f71b7556ab25_html.html.twig_8Xnlke34uyEv5_3bOAXRG8Q4a/WkcysFLDu-V3wcUeJ1QCAl6vSHFv6OueSZt576HzBLE.php(102): Drupal\\Core\\Template\\TwigExtension->escapeFilter(Object(Drupal\\Core\\Template\\TwigEnvironment), Array, \'html\', NULL, true)\n#43 /home/sites/mscare/vendor/twig/twig/src/Template.php(453): __TwigTemplate_5c3ea75977e5452a598898d82fe3459ce043dbffdb4b30911a2504c96419a2e1->doDisplay(Array, Array)\n#44 /home/sites/mscare/vendor/twig/twig/src/Template.php(420): Twig\\Template->displayWithErrorHandling(Array, Array)\n#45 /home/sites/mscare/vendor/twig/twig/src/Template.php(432): Twig\\Template->display(Array)\n#46 /home/sites/mscare/web/core/themes/engines/twig/twig.engine(64): Twig\\Template->render(Array)\n#47 /home/sites/mscare/web/core/lib/Drupal/Core/Theme/ThemeManager.php(384): twig_render_template(\'core/themes/cla...\', Array)\n#48 /home/sites/mscare/web/core/lib/Drupal/Core/Render/Renderer.php(431): Drupal\\Core\\Theme\\ThemeManager->render(\'html\', Array)\n#49 /home/sites/mscare/web/core/lib/Drupal/Core/Render/Renderer.php(200): Drupal\\Core\\Render\\Renderer->doRender(Array, false)\n#50 /home/sites/mscare/web/core/lib/Drupal/Core/Render/MainContent/HtmlRenderer.php(147): Drupal\\Core\\Render\\Renderer->render(Array)\n#51 /home/sites/mscare/web/core/lib/Drupal/Core/Render/Renderer.php(573): Drupal\\Core\\Render\\MainContent\\HtmlRenderer->Drupal\\Core\\Render\\MainContent\\{closure}()\n#52 /home/sites/mscare/web/core/lib/Drupal/Core/Render/MainContent/HtmlRenderer.php(148): Drupal\\Core\\Render\\Renderer->executeInRenderContext(Object(Drupal\\Core\\Render\\RenderContext), Object(Closure))\n#53 /home/sites/mscare/web/core/lib/Drupal/Core/EventSubscriber/MainContentViewSubscriber.php(90): Drupal\\Core\\Render\\MainContent\\HtmlRenderer->renderResponse(Array, Object(Symfony\\Component\\HttpFoundation\\Request), Object(Drupal\\Core\\Routing\\CurrentRouteMatch))\n#54 [internal function]: Drupal\\Core\\EventSubscriber\\MainContentViewSubscriber->onViewRenderArray(Object(Symfony\\Component\\HttpKernel\\Event\\GetResponseForControllerResultEvent), \'kernel.view\', Object(Drupal\\Component\\EventDispatcher\\ContainerAwareEventDispatcher))\n#55 /home/sites/mscare/web/core/lib/Drupal/Component/EventDispatcher/ContainerAwareEventDispatcher.php(111): call_user_func(Array, Object(Symfony\\Component\\HttpKernel\\Event\\GetResponseForControllerResultEvent), \'kernel.view\', Object(Drupal\\Component\\EventDispatcher\\ContainerAwareEventDispatcher))\n#56 /home/sites/mscare/vendor/symfony/http-kernel/HttpKernel.php(156): Drupal\\Component\\EventDispatcher\\ContainerAwareEventDispatcher->dispatch(\'kernel.view\', Object(Symfony\\Component\\HttpKernel\\Event\\GetResponseForControllerResultEvent))\n#57 /home/sites/mscare/vendor/symfony/http-kernel/HttpKernel.php(68): Symfony\\Component\\HttpKernel\\HttpKernel->handleRaw(Object(Symfony\\Component\\HttpFoundation\\Request), 1)\n#58 /home/sites/mscare/web/core/lib/Drupal/Core/StackMiddleware/Session.php(57): Symfony\\Component\\HttpKernel\\HttpKernel->handle(Object(Symfony\\Component\\HttpFoundation\\Request), 1, true)\n#59 /home/sites/mscare/web/core/lib/Drupal/Core/StackMiddleware/KernelPreHandle.php(47): Drupal\\Core\\StackMiddleware\\Session->handle(Object(Symfony\\Component\\HttpFoundation\\Request), 1, true)\n#60 /home/sites/mscare/web/core/modules/page_cache/src/StackMiddleware/PageCache.php(106): Drupal\\Core\\StackMiddleware\\KernelPreHandle->handle(Object(Symfony\\Component\\HttpFoundation\\Request), 1, true)\n#61 /home/sites/mscare/web/core/modules/page_cache/src/StackMiddleware/PageCache.php(85): Drupal\\page_cache\\StackMiddleware\\PageCache->pass(Object(Symfony\\Component\\HttpFoundation\\Request), 1, true)\n#62 /home/sites/mscare/web/core/lib/Drupal/Core/StackMiddleware/ReverseProxyMiddleware.php(47): Drupal\\page_cache\\StackMiddleware\\PageCache->handle(Object(Symfony\\Component\\HttpFoundation\\Request), 1, true)\n#63 /home/sites/mscare/web/core/lib/Drupal/Core/StackMiddleware/NegotiationMiddleware.php(52): Drupal\\Core\\StackMiddleware\\ReverseProxyMiddleware->handle(Object(Symfony\\Component\\HttpFoundation\\Request), 1, true)\n#64 /home/sites/mscare/vendor/stack/builder/src/Stack/StackedHttpKernel.php(23): Drupal\\Core\\StackMiddleware\\NegotiationMiddleware->handle(Object(Symfony\\Component\\HttpFoundation\\Request), 1, true)\n#65 /home/sites/mscare/web/core/lib/Drupal/Core/DrupalKernel.php(708): Stack\\StackedHttpKernel->handle(Object(Symfony\\Component\\HttpFoundation\\Request), 1, true)\n#66 /home/sites/mscare/web/index.php(19): Drupal\\Core\\DrupalKernel->handle(Object(Symfony\\Component\\HttpFoundation\\Request))\n#67 {main}\";}',3,'','http://mscare.open.gr/node/594','http://mscare.open.gr/node/594','85.72.53.208',1601288026),(29033,1,'php','%type: @message in %function (line %line of %file).','a:6:{s:5:\"%type\";s:22:\"Twig\\Error\\SyntaxError\";s:8:\"@message\";s:21:\"Unknown \"endfor\" tag.\";s:9:\"%function\";s:23:\"Twig\\Parser->subparse()\";s:5:\"%file\";s:117:\"/home/sites/mscare/web/themes/contrib/showcase_lite/templates/views/views-view-unformatted--charts--block_4.html.twig\";s:5:\"%line\";i:52;s:17:\"@backtrace_string\";s:10357:\"#0 /home/sites/mscare/vendor/twig/twig/src/Parser.php(122): Twig\\Parser->subparse(NULL, false)\n#1 /home/sites/mscare/vendor/twig/twig/src/Environment.php(735): Twig\\Parser->parse(Object(Twig\\TokenStream))\n#2 /home/sites/mscare/vendor/twig/twig/src/Environment.php(793): Twig\\Environment->parse(Object(Twig\\TokenStream))\n#3 /home/sites/mscare/vendor/twig/twig/src/Environment.php(482): Twig\\Environment->compileSource(Object(Twig\\Source))\n#4 /home/sites/mscare/vendor/twig/twig/src/Environment.php(445): Twig\\Environment->loadClass(\'__TwigTemplate_...\', \'themes/contrib/...\', NULL)\n#5 /home/sites/mscare/web/core/themes/engines/twig/twig.engine(64): Twig\\Environment->loadTemplate(\'themes/contrib/...\')\n#6 /home/sites/mscare/web/core/lib/Drupal/Core/Theme/ThemeManager.php(384): twig_render_template(\'themes/contrib/...\', Array)\n#7 /home/sites/mscare/web/core/lib/Drupal/Core/Render/Renderer.php(431): Drupal\\Core\\Theme\\ThemeManager->render(\'views_view_unfo...\', Array)\n#8 /home/sites/mscare/web/core/lib/Drupal/Core/Render/Renderer.php(444): Drupal\\Core\\Render\\Renderer->doRender(Array)\n#9 /home/sites/mscare/web/core/lib/Drupal/Core/Render/Renderer.php(200): Drupal\\Core\\Render\\Renderer->doRender(Array, false)\n#10 /home/sites/mscare/web/core/lib/Drupal/Core/Template/TwigExtension.php(501): Drupal\\Core\\Render\\Renderer->render(Array)\n#11 /home/sites/mscare/web/sites/default/files/php/twig/5f71b7e72c5b2_views-view.html.twig_isTUvguBh389Y-EJkCF3jkIpY/ezmoQOyZnKr_9Hz6hJK7EuSQKVOPSIhUOjKg3H5lSlA.php(126): Drupal\\Core\\Template\\TwigExtension->escapeFilter(Object(Drupal\\Core\\Template\\TwigEnvironment), Array, \'html\', NULL, true)\n#12 /home/sites/mscare/vendor/twig/twig/src/Template.php(453): __TwigTemplate_01865e64fcf04f5094cedeb310d67213cfcca82d1f12836774e549a563c52405->doDisplay(Array, Array)\n#13 /home/sites/mscare/vendor/twig/twig/src/Template.php(420): Twig\\Template->displayWithErrorHandling(Array, Array)\n#14 /home/sites/mscare/vendor/twig/twig/src/Template.php(432): Twig\\Template->display(Array)\n#15 /home/sites/mscare/web/core/themes/engines/twig/twig.engine(64): Twig\\Template->render(Array)\n#16 /home/sites/mscare/web/core/lib/Drupal/Core/Theme/ThemeManager.php(384): twig_render_template(\'core/themes/cla...\', Array)\n#17 /home/sites/mscare/web/core/lib/Drupal/Core/Render/Renderer.php(431): Drupal\\Core\\Theme\\ThemeManager->render(\'views_view\', Array)\n#18 /home/sites/mscare/web/core/lib/Drupal/Core/Render/Renderer.php(444): Drupal\\Core\\Render\\Renderer->doRender(Array)\n#19 /home/sites/mscare/web/core/lib/Drupal/Core/Render/Renderer.php(200): Drupal\\Core\\Render\\Renderer->doRender(Array, false)\n#20 /home/sites/mscare/web/core/lib/Drupal/Core/Template/TwigExtension.php(501): Drupal\\Core\\Render\\Renderer->render(Array)\n#21 /home/sites/mscare/web/sites/default/files/php/twig/5f71b7e72c5b2_block.html.twig_4c5DjTnhISUxB5zj5gRJmJsp8/mvVVG2OrvD5ffSQL4Av4eKg-BNri0WiYVoSYcrbP1l0.php(101): Drupal\\Core\\Template\\TwigExtension->escapeFilter(Object(Drupal\\Core\\Template\\TwigEnvironment), Array, \'html\', NULL, true)\n#22 /home/sites/mscare/vendor/twig/twig/src/Template.php(214): __TwigTemplate_62d2a604de3781fa9744df55fa74228780ace80bc7b9405da0f3428ab7eb19a9->block_content(Array, Array)\n#23 /home/sites/mscare/web/sites/default/files/php/twig/5f71b7e72c5b2_block.html.twig_4c5DjTnhISUxB5zj5gRJmJsp8/mvVVG2OrvD5ffSQL4Av4eKg-BNri0WiYVoSYcrbP1l0.php(86): Twig\\Template->displayBlock(\'content\', Array, Array)\n#24 /home/sites/mscare/vendor/twig/twig/src/Template.php(453): __TwigTemplate_62d2a604de3781fa9744df55fa74228780ace80bc7b9405da0f3428ab7eb19a9->doDisplay(Array, Array)\n#25 /home/sites/mscare/vendor/twig/twig/src/Template.php(420): Twig\\Template->displayWithErrorHandling(Array, Array)\n#26 /home/sites/mscare/vendor/twig/twig/src/Template.php(432): Twig\\Template->display(Array)\n#27 /home/sites/mscare/web/core/themes/engines/twig/twig.engine(64): Twig\\Template->render(Array)\n#28 /home/sites/mscare/web/core/lib/Drupal/Core/Theme/ThemeManager.php(384): twig_render_template(\'themes/contrib/...\', Array)\n#29 /home/sites/mscare/web/core/lib/Drupal/Core/Render/Renderer.php(431): Drupal\\Core\\Theme\\ThemeManager->render(\'block\', Array)\n#30 /home/sites/mscare/web/core/lib/Drupal/Core/Render/Renderer.php(444): Drupal\\Core\\Render\\Renderer->doRender(Array)\n#31 /home/sites/mscare/web/core/lib/Drupal/Core/Render/Renderer.php(200): Drupal\\Core\\Render\\Renderer->doRender(Array, false)\n#32 /home/sites/mscare/web/core/lib/Drupal/Core/Template/TwigExtension.php(501): Drupal\\Core\\Render\\Renderer->render(Array)\n#33 /home/sites/mscare/web/sites/default/files/php/twig/5f71b7e72c5b2_page.html.twig_xmyJ6VG3WhjvMUbxKOIUrlNB2/G6pAa80vaFtmeXcZXwUV7n_KNNi-RyGjiB0xN_H3tyc.php(681): Drupal\\Core\\Template\\TwigExtension->escapeFilter(Object(Drupal\\Core\\Template\\TwigEnvironment), Array, \'html\', NULL, true)\n#34 /home/sites/mscare/vendor/twig/twig/src/Template.php(453): __TwigTemplate_a18013a6d87812d912e3ea638739f13ceff635b9c5e4ccd6d971b5ba0d282fe7->doDisplay(Array, Array)\n#35 /home/sites/mscare/vendor/twig/twig/src/Template.php(420): Twig\\Template->displayWithErrorHandling(Array, Array)\n#36 /home/sites/mscare/vendor/twig/twig/src/Template.php(432): Twig\\Template->display(Array)\n#37 /home/sites/mscare/web/core/themes/engines/twig/twig.engine(64): Twig\\Template->render(Array)\n#38 /home/sites/mscare/web/core/lib/Drupal/Core/Theme/ThemeManager.php(384): twig_render_template(\'themes/contrib/...\', Array)\n#39 /home/sites/mscare/web/core/lib/Drupal/Core/Render/Renderer.php(431): Drupal\\Core\\Theme\\ThemeManager->render(\'page\', Array)\n#40 /home/sites/mscare/web/core/lib/Drupal/Core/Render/Renderer.php(200): Drupal\\Core\\Render\\Renderer->doRender(Array, false)\n#41 /home/sites/mscare/web/core/lib/Drupal/Core/Template/TwigExtension.php(501): Drupal\\Core\\Render\\Renderer->render(Array)\n#42 /home/sites/mscare/web/sites/default/files/php/twig/5f71b7e72c5b2_html.html.twig_8Xnlke34uyEv5_3bOAXRG8Q4a/aTi0lpn90jH2GL2EH8HklrrN4VbASatrqz-la3UNxwo.php(102): Drupal\\Core\\Template\\TwigExtension->escapeFilter(Object(Drupal\\Core\\Template\\TwigEnvironment), Array, \'html\', NULL, true)\n#43 /home/sites/mscare/vendor/twig/twig/src/Template.php(453): __TwigTemplate_5c3ea75977e5452a598898d82fe3459ce043dbffdb4b30911a2504c96419a2e1->doDisplay(Array, Array)\n#44 /home/sites/mscare/vendor/twig/twig/src/Template.php(420): Twig\\Template->displayWithErrorHandling(Array, Array)\n#45 /home/sites/mscare/vendor/twig/twig/src/Template.php(432): Twig\\Template->display(Array)\n#46 /home/sites/mscare/web/core/themes/engines/twig/twig.engine(64): Twig\\Template->render(Array)\n#47 /home/sites/mscare/web/core/lib/Drupal/Core/Theme/ThemeManager.php(384): twig_render_template(\'core/themes/cla...\', Array)\n#48 /home/sites/mscare/web/core/lib/Drupal/Core/Render/Renderer.php(431): Drupal\\Core\\Theme\\ThemeManager->render(\'html\', Array)\n#49 /home/sites/mscare/web/core/lib/Drupal/Core/Render/Renderer.php(200): Drupal\\Core\\Render\\Renderer->doRender(Array, false)\n#50 /home/sites/mscare/web/core/lib/Drupal/Core/Render/MainContent/HtmlRenderer.php(147): Drupal\\Core\\Render\\Renderer->render(Array)\n#51 /home/sites/mscare/web/core/lib/Drupal/Core/Render/Renderer.php(573): Drupal\\Core\\Render\\MainContent\\HtmlRenderer->Drupal\\Core\\Render\\MainContent\\{closure}()\n#52 /home/sites/mscare/web/core/lib/Drupal/Core/Render/MainContent/HtmlRenderer.php(148): Drupal\\Core\\Render\\Renderer->executeInRenderContext(Object(Drupal\\Core\\Render\\RenderContext), Object(Closure))\n#53 /home/sites/mscare/web/core/lib/Drupal/Core/EventSubscriber/MainContentViewSubscriber.php(90): Drupal\\Core\\Render\\MainContent\\HtmlRenderer->renderResponse(Array, Object(Symfony\\Component\\HttpFoundation\\Request), Object(Drupal\\Core\\Routing\\CurrentRouteMatch))\n#54 [internal function]: Drupal\\Core\\EventSubscriber\\MainContentViewSubscriber->onViewRenderArray(Object(Symfony\\Component\\HttpKernel\\Event\\GetResponseForControllerResultEvent), \'kernel.view\', Object(Drupal\\Component\\EventDispatcher\\ContainerAwareEventDispatcher))\n#55 /home/sites/mscare/web/core/lib/Drupal/Component/EventDispatcher/ContainerAwareEventDispatcher.php(111): call_user_func(Array, Object(Symfony\\Component\\HttpKernel\\Event\\GetResponseForControllerResultEvent), \'kernel.view\', Object(Drupal\\Component\\EventDispatcher\\ContainerAwareEventDispatcher))\n#56 /home/sites/mscare/vendor/symfony/http-kernel/HttpKernel.php(156): Drupal\\Component\\EventDispatcher\\ContainerAwareEventDispatcher->dispatch(\'kernel.view\', Object(Symfony\\Component\\HttpKernel\\Event\\GetResponseForControllerResultEvent))\n#57 /home/sites/mscare/vendor/symfony/http-kernel/HttpKernel.php(68): Symfony\\Component\\HttpKernel\\HttpKernel->handleRaw(Object(Symfony\\Component\\HttpFoundation\\Request), 1)\n#58 /home/sites/mscare/web/core/lib/Drupal/Core/StackMiddleware/Session.php(57): Symfony\\Component\\HttpKernel\\HttpKernel->handle(Object(Symfony\\Component\\HttpFoundation\\Request), 1, true)\n#59 /home/sites/mscare/web/core/lib/Drupal/Core/StackMiddleware/KernelPreHandle.php(47): Drupal\\Core\\StackMiddleware\\Session->handle(Object(Symfony\\Component\\HttpFoundation\\Request), 1, true)\n#60 /home/sites/mscare/web/core/modules/page_cache/src/StackMiddleware/PageCache.php(106): Drupal\\Core\\StackMiddleware\\KernelPreHandle->handle(Object(Symfony\\Component\\HttpFoundation\\Request), 1, true)\n#61 /home/sites/mscare/web/core/modules/page_cache/src/StackMiddleware/PageCache.php(85): Drupal\\page_cache\\StackMiddleware\\PageCache->pass(Object(Symfony\\Component\\HttpFoundation\\Request), 1, true)\n#62 /home/sites/mscare/web/core/lib/Drupal/Core/StackMiddleware/ReverseProxyMiddleware.php(47): Drupal\\page_cache\\StackMiddleware\\PageCache->handle(Object(Symfony\\Component\\HttpFoundation\\Request), 1, true)\n#63 /home/sites/mscare/web/core/lib/Drupal/Core/StackMiddleware/NegotiationMiddleware.php(52): Drupal\\Core\\StackMiddleware\\ReverseProxyMiddleware->handle(Object(Symfony\\Component\\HttpFoundation\\Request), 1, true)\n#64 /home/sites/mscare/vendor/stack/builder/src/Stack/StackedHttpKernel.php(23): Drupal\\Core\\StackMiddleware\\NegotiationMiddleware->handle(Object(Symfony\\Component\\HttpFoundation\\Request), 1, true)\n#65 /home/sites/mscare/web/core/lib/Drupal/Core/DrupalKernel.php(708): Stack\\StackedHttpKernel->handle(Object(Symfony\\Component\\HttpFoundation\\Request), 1, true)\n#66 /home/sites/mscare/web/index.php(19): Drupal\\Core\\DrupalKernel->handle(Object(Symfony\\Component\\HttpFoundation\\Request))\n#67 {main}\";}',3,'','http://mscare.open.gr/node/594','http://mscare.open.gr/admin/content','85.72.53.208',1601288186),(29034,1,'php','%type: @message in %function (line %line of %file).','a:6:{s:5:\"%type\";s:22:\"Twig\\Error\\SyntaxError\";s:8:\"@message\";s:21:\"Unknown \"endfor\" tag.\";s:9:\"%function\";s:23:\"Twig\\Parser->subparse()\";s:5:\"%file\";s:117:\"/home/sites/mscare/web/themes/contrib/showcase_lite/templates/views/views-view-unformatted--charts--block_4.html.twig\";s:5:\"%line\";i:52;s:17:\"@backtrace_string\";s:10357:\"#0 /home/sites/mscare/vendor/twig/twig/src/Parser.php(122): Twig\\Parser->subparse(NULL, false)\n#1 /home/sites/mscare/vendor/twig/twig/src/Environment.php(735): Twig\\Parser->parse(Object(Twig\\TokenStream))\n#2 /home/sites/mscare/vendor/twig/twig/src/Environment.php(793): Twig\\Environment->parse(Object(Twig\\TokenStream))\n#3 /home/sites/mscare/vendor/twig/twig/src/Environment.php(482): Twig\\Environment->compileSource(Object(Twig\\Source))\n#4 /home/sites/mscare/vendor/twig/twig/src/Environment.php(445): Twig\\Environment->loadClass(\'__TwigTemplate_...\', \'themes/contrib/...\', NULL)\n#5 /home/sites/mscare/web/core/themes/engines/twig/twig.engine(64): Twig\\Environment->loadTemplate(\'themes/contrib/...\')\n#6 /home/sites/mscare/web/core/lib/Drupal/Core/Theme/ThemeManager.php(384): twig_render_template(\'themes/contrib/...\', Array)\n#7 /home/sites/mscare/web/core/lib/Drupal/Core/Render/Renderer.php(431): Drupal\\Core\\Theme\\ThemeManager->render(\'views_view_unfo...\', Array)\n#8 /home/sites/mscare/web/core/lib/Drupal/Core/Render/Renderer.php(444): Drupal\\Core\\Render\\Renderer->doRender(Array)\n#9 /home/sites/mscare/web/core/lib/Drupal/Core/Render/Renderer.php(200): Drupal\\Core\\Render\\Renderer->doRender(Array, false)\n#10 /home/sites/mscare/web/core/lib/Drupal/Core/Template/TwigExtension.php(501): Drupal\\Core\\Render\\Renderer->render(Array)\n#11 /home/sites/mscare/web/sites/default/files/php/twig/5f71b82549fb9_views-view.html.twig_isTUvguBh389Y-EJkCF3jkIpY/QaaHNsV2gvdbtGOWuIZbt9f84qDo1uM-OjlYzTH8fT8.php(126): Drupal\\Core\\Template\\TwigExtension->escapeFilter(Object(Drupal\\Core\\Template\\TwigEnvironment), Array, \'html\', NULL, true)\n#12 /home/sites/mscare/vendor/twig/twig/src/Template.php(453): __TwigTemplate_01865e64fcf04f5094cedeb310d67213cfcca82d1f12836774e549a563c52405->doDisplay(Array, Array)\n#13 /home/sites/mscare/vendor/twig/twig/src/Template.php(420): Twig\\Template->displayWithErrorHandling(Array, Array)\n#14 /home/sites/mscare/vendor/twig/twig/src/Template.php(432): Twig\\Template->display(Array)\n#15 /home/sites/mscare/web/core/themes/engines/twig/twig.engine(64): Twig\\Template->render(Array)\n#16 /home/sites/mscare/web/core/lib/Drupal/Core/Theme/ThemeManager.php(384): twig_render_template(\'core/themes/cla...\', Array)\n#17 /home/sites/mscare/web/core/lib/Drupal/Core/Render/Renderer.php(431): Drupal\\Core\\Theme\\ThemeManager->render(\'views_view\', Array)\n#18 /home/sites/mscare/web/core/lib/Drupal/Core/Render/Renderer.php(444): Drupal\\Core\\Render\\Renderer->doRender(Array)\n#19 /home/sites/mscare/web/core/lib/Drupal/Core/Render/Renderer.php(200): Drupal\\Core\\Render\\Renderer->doRender(Array, false)\n#20 /home/sites/mscare/web/core/lib/Drupal/Core/Template/TwigExtension.php(501): Drupal\\Core\\Render\\Renderer->render(Array)\n#21 /home/sites/mscare/web/sites/default/files/php/twig/5f71b82549fb9_block.html.twig_4c5DjTnhISUxB5zj5gRJmJsp8/JyLK-GTWqtC-NmftgeNzcjN42982BNCS3yRIW6JQ5Uw.php(101): Drupal\\Core\\Template\\TwigExtension->escapeFilter(Object(Drupal\\Core\\Template\\TwigEnvironment), Array, \'html\', NULL, true)\n#22 /home/sites/mscare/vendor/twig/twig/src/Template.php(214): __TwigTemplate_62d2a604de3781fa9744df55fa74228780ace80bc7b9405da0f3428ab7eb19a9->block_content(Array, Array)\n#23 /home/sites/mscare/web/sites/default/files/php/twig/5f71b82549fb9_block.html.twig_4c5DjTnhISUxB5zj5gRJmJsp8/JyLK-GTWqtC-NmftgeNzcjN42982BNCS3yRIW6JQ5Uw.php(86): Twig\\Template->displayBlock(\'content\', Array, Array)\n#24 /home/sites/mscare/vendor/twig/twig/src/Template.php(453): __TwigTemplate_62d2a604de3781fa9744df55fa74228780ace80bc7b9405da0f3428ab7eb19a9->doDisplay(Array, Array)\n#25 /home/sites/mscare/vendor/twig/twig/src/Template.php(420): Twig\\Template->displayWithErrorHandling(Array, Array)\n#26 /home/sites/mscare/vendor/twig/twig/src/Template.php(432): Twig\\Template->display(Array)\n#27 /home/sites/mscare/web/core/themes/engines/twig/twig.engine(64): Twig\\Template->render(Array)\n#28 /home/sites/mscare/web/core/lib/Drupal/Core/Theme/ThemeManager.php(384): twig_render_template(\'themes/contrib/...\', Array)\n#29 /home/sites/mscare/web/core/lib/Drupal/Core/Render/Renderer.php(431): Drupal\\Core\\Theme\\ThemeManager->render(\'block\', Array)\n#30 /home/sites/mscare/web/core/lib/Drupal/Core/Render/Renderer.php(444): Drupal\\Core\\Render\\Renderer->doRender(Array)\n#31 /home/sites/mscare/web/core/lib/Drupal/Core/Render/Renderer.php(200): Drupal\\Core\\Render\\Renderer->doRender(Array, false)\n#32 /home/sites/mscare/web/core/lib/Drupal/Core/Template/TwigExtension.php(501): Drupal\\Core\\Render\\Renderer->render(Array)\n#33 /home/sites/mscare/web/sites/default/files/php/twig/5f71b82549fb9_page.html.twig_xmyJ6VG3WhjvMUbxKOIUrlNB2/9I4eLBxR9xi31J202onLwkcvOv0XolXLu5aWbp3DSo0.php(681): Drupal\\Core\\Template\\TwigExtension->escapeFilter(Object(Drupal\\Core\\Template\\TwigEnvironment), Array, \'html\', NULL, true)\n#34 /home/sites/mscare/vendor/twig/twig/src/Template.php(453): __TwigTemplate_a18013a6d87812d912e3ea638739f13ceff635b9c5e4ccd6d971b5ba0d282fe7->doDisplay(Array, Array)\n#35 /home/sites/mscare/vendor/twig/twig/src/Template.php(420): Twig\\Template->displayWithErrorHandling(Array, Array)\n#36 /home/sites/mscare/vendor/twig/twig/src/Template.php(432): Twig\\Template->display(Array)\n#37 /home/sites/mscare/web/core/themes/engines/twig/twig.engine(64): Twig\\Template->render(Array)\n#38 /home/sites/mscare/web/core/lib/Drupal/Core/Theme/ThemeManager.php(384): twig_render_template(\'themes/contrib/...\', Array)\n#39 /home/sites/mscare/web/core/lib/Drupal/Core/Render/Renderer.php(431): Drupal\\Core\\Theme\\ThemeManager->render(\'page\', Array)\n#40 /home/sites/mscare/web/core/lib/Drupal/Core/Render/Renderer.php(200): Drupal\\Core\\Render\\Renderer->doRender(Array, false)\n#41 /home/sites/mscare/web/core/lib/Drupal/Core/Template/TwigExtension.php(501): Drupal\\Core\\Render\\Renderer->render(Array)\n#42 /home/sites/mscare/web/sites/default/files/php/twig/5f71b82549fb9_html.html.twig_8Xnlke34uyEv5_3bOAXRG8Q4a/IV3aznl6YAfTETKXTzYAbv2JY1xUmvDEW8orq9FeBHg.php(102): Drupal\\Core\\Template\\TwigExtension->escapeFilter(Object(Drupal\\Core\\Template\\TwigEnvironment), Array, \'html\', NULL, true)\n#43 /home/sites/mscare/vendor/twig/twig/src/Template.php(453): __TwigTemplate_5c3ea75977e5452a598898d82fe3459ce043dbffdb4b30911a2504c96419a2e1->doDisplay(Array, Array)\n#44 /home/sites/mscare/vendor/twig/twig/src/Template.php(420): Twig\\Template->displayWithErrorHandling(Array, Array)\n#45 /home/sites/mscare/vendor/twig/twig/src/Template.php(432): Twig\\Template->display(Array)\n#46 /home/sites/mscare/web/core/themes/engines/twig/twig.engine(64): Twig\\Template->render(Array)\n#47 /home/sites/mscare/web/core/lib/Drupal/Core/Theme/ThemeManager.php(384): twig_render_template(\'core/themes/cla...\', Array)\n#48 /home/sites/mscare/web/core/lib/Drupal/Core/Render/Renderer.php(431): Drupal\\Core\\Theme\\ThemeManager->render(\'html\', Array)\n#49 /home/sites/mscare/web/core/lib/Drupal/Core/Render/Renderer.php(200): Drupal\\Core\\Render\\Renderer->doRender(Array, false)\n#50 /home/sites/mscare/web/core/lib/Drupal/Core/Render/MainContent/HtmlRenderer.php(147): Drupal\\Core\\Render\\Renderer->render(Array)\n#51 /home/sites/mscare/web/core/lib/Drupal/Core/Render/Renderer.php(573): Drupal\\Core\\Render\\MainContent\\HtmlRenderer->Drupal\\Core\\Render\\MainContent\\{closure}()\n#52 /home/sites/mscare/web/core/lib/Drupal/Core/Render/MainContent/HtmlRenderer.php(148): Drupal\\Core\\Render\\Renderer->executeInRenderContext(Object(Drupal\\Core\\Render\\RenderContext), Object(Closure))\n#53 /home/sites/mscare/web/core/lib/Drupal/Core/EventSubscriber/MainContentViewSubscriber.php(90): Drupal\\Core\\Render\\MainContent\\HtmlRenderer->renderResponse(Array, Object(Symfony\\Component\\HttpFoundation\\Request), Object(Drupal\\Core\\Routing\\CurrentRouteMatch))\n#54 [internal function]: Drupal\\Core\\EventSubscriber\\MainContentViewSubscriber->onViewRenderArray(Object(Symfony\\Component\\HttpKernel\\Event\\GetResponseForControllerResultEvent), \'kernel.view\', Object(Drupal\\Component\\EventDispatcher\\ContainerAwareEventDispatcher))\n#55 /home/sites/mscare/web/core/lib/Drupal/Component/EventDispatcher/ContainerAwareEventDispatcher.php(111): call_user_func(Array, Object(Symfony\\Component\\HttpKernel\\Event\\GetResponseForControllerResultEvent), \'kernel.view\', Object(Drupal\\Component\\EventDispatcher\\ContainerAwareEventDispatcher))\n#56 /home/sites/mscare/vendor/symfony/http-kernel/HttpKernel.php(156): Drupal\\Component\\EventDispatcher\\ContainerAwareEventDispatcher->dispatch(\'kernel.view\', Object(Symfony\\Component\\HttpKernel\\Event\\GetResponseForControllerResultEvent))\n#57 /home/sites/mscare/vendor/symfony/http-kernel/HttpKernel.php(68): Symfony\\Component\\HttpKernel\\HttpKernel->handleRaw(Object(Symfony\\Component\\HttpFoundation\\Request), 1)\n#58 /home/sites/mscare/web/core/lib/Drupal/Core/StackMiddleware/Session.php(57): Symfony\\Component\\HttpKernel\\HttpKernel->handle(Object(Symfony\\Component\\HttpFoundation\\Request), 1, true)\n#59 /home/sites/mscare/web/core/lib/Drupal/Core/StackMiddleware/KernelPreHandle.php(47): Drupal\\Core\\StackMiddleware\\Session->handle(Object(Symfony\\Component\\HttpFoundation\\Request), 1, true)\n#60 /home/sites/mscare/web/core/modules/page_cache/src/StackMiddleware/PageCache.php(106): Drupal\\Core\\StackMiddleware\\KernelPreHandle->handle(Object(Symfony\\Component\\HttpFoundation\\Request), 1, true)\n#61 /home/sites/mscare/web/core/modules/page_cache/src/StackMiddleware/PageCache.php(85): Drupal\\page_cache\\StackMiddleware\\PageCache->pass(Object(Symfony\\Component\\HttpFoundation\\Request), 1, true)\n#62 /home/sites/mscare/web/core/lib/Drupal/Core/StackMiddleware/ReverseProxyMiddleware.php(47): Drupal\\page_cache\\StackMiddleware\\PageCache->handle(Object(Symfony\\Component\\HttpFoundation\\Request), 1, true)\n#63 /home/sites/mscare/web/core/lib/Drupal/Core/StackMiddleware/NegotiationMiddleware.php(52): Drupal\\Core\\StackMiddleware\\ReverseProxyMiddleware->handle(Object(Symfony\\Component\\HttpFoundation\\Request), 1, true)\n#64 /home/sites/mscare/vendor/stack/builder/src/Stack/StackedHttpKernel.php(23): Drupal\\Core\\StackMiddleware\\NegotiationMiddleware->handle(Object(Symfony\\Component\\HttpFoundation\\Request), 1, true)\n#65 /home/sites/mscare/web/core/lib/Drupal/Core/DrupalKernel.php(708): Stack\\StackedHttpKernel->handle(Object(Symfony\\Component\\HttpFoundation\\Request), 1, true)\n#66 /home/sites/mscare/web/index.php(19): Drupal\\Core\\DrupalKernel->handle(Object(Symfony\\Component\\HttpFoundation\\Request))\n#67 {main}\";}',3,'','http://mscare.open.gr/node/594','http://mscare.open.gr/admin/content','85.72.53.208',1601288240),(29035,1,'php','%type: @message in %function (line %line of %file).','a:6:{s:5:\"%type\";s:22:\"Twig\\Error\\SyntaxError\";s:8:\"@message\";s:143:\"Unexpected token \"punctuation\" of value \"?\" in \"__string_template__6d6ce8703c1ffdc86ae114a192d3ff21ec68cf062fd7256f7e9620d8159605e2\" at line 1.\";s:9:\"%function\";s:47:\"Twig\\ExpressionParser->parsePrimaryExpression()\";s:5:\"%file\";s:60:\"/home/sites/mscare/vendor/twig/twig/src/ExpressionParser.php\";s:5:\"%line\";i:295;s:17:\"@backtrace_string\";s:9618:\"#0 /home/sites/mscare/vendor/twig/twig/src/ExpressionParser.php(183): Twig\\ExpressionParser->parsePrimaryExpression()\n#1 /home/sites/mscare/vendor/twig/twig/src/ExpressionParser.php(78): Twig\\ExpressionParser->getPrimary()\n#2 /home/sites/mscare/vendor/twig/twig/src/ExpressionParser.php(520): Twig\\ExpressionParser->parseExpression()\n#3 /home/sites/mscare/vendor/twig/twig/src/ExpressionParser.php(405): Twig\\ExpressionParser->parseSubscriptExpression(Object(Twig\\Node\\Expression\\NameExpression))\n#4 /home/sites/mscare/vendor/twig/twig/src/ExpressionParser.php(299): Twig\\ExpressionParser->parsePostfixExpression(Object(Twig\\Node\\Expression\\NameExpression))\n#5 /home/sites/mscare/vendor/twig/twig/src/ExpressionParser.php(183): Twig\\ExpressionParser->parsePrimaryExpression()\n#6 /home/sites/mscare/vendor/twig/twig/src/ExpressionParser.php(78): Twig\\ExpressionParser->getPrimary()\n#7 /home/sites/mscare/vendor/twig/twig/src/Parser.php(166): Twig\\ExpressionParser->parseExpression()\n#8 /home/sites/mscare/vendor/twig/twig/src/Parser.php(122): Twig\\Parser->subparse(NULL, false)\n#9 /home/sites/mscare/vendor/twig/twig/src/Environment.php(735): Twig\\Parser->parse(Object(Twig\\TokenStream))\n#10 /home/sites/mscare/vendor/twig/twig/src/Environment.php(793): Twig\\Environment->parse(Object(Twig\\TokenStream))\n#11 /home/sites/mscare/vendor/twig/twig/src/Environment.php(482): Twig\\Environment->compileSource(Object(Twig\\Source))\n#12 /home/sites/mscare/vendor/twig/twig/src/Environment.php(445): Twig\\Environment->loadClass(\'__TwigTemplate_...\', \'__string_templa...\', NULL)\n#13 /home/sites/mscare/vendor/twig/twig/src/Environment.php(542): Twig\\Environment->loadTemplate(\'__string_templa...\')\n#14 /home/sites/mscare/web/core/lib/Drupal/Core/Template/TwigEnvironment.php(173): Twig\\Environment->createTemplate(\'{# inline_templ...\')\n#15 /home/sites/mscare/web/core/lib/Drupal/Core/Render/Element/InlineTemplate.php(52): Drupal\\Core\\Template\\TwigEnvironment->renderInline(\'{# inline_templ...\', Array)\n#16 [internal function]: Drupal\\Core\\Render\\Element\\InlineTemplate::preRenderInlineTemplate(Array)\n#17 /home/sites/mscare/web/core/lib/Drupal/Core/Security/DoTrustedCallbackTrait.php(100): call_user_func_array(Array, Array)\n#18 /home/sites/mscare/web/core/lib/Drupal/Core/Render/Renderer.php(781): Drupal\\Core\\Render\\Renderer->doTrustedCallback(Array, Array, \'Render #pre_ren...\', \'silenced_deprec...\', \'Drupal\\\\Core\\\\Ren...\')\n#19 /home/sites/mscare/web/core/lib/Drupal/Core/Render/Renderer.php(372): Drupal\\Core\\Render\\Renderer->doCallback(\'#pre_render\', Array, Array)\n#20 /home/sites/mscare/web/core/lib/Drupal/Core/Render/Renderer.php(200): Drupal\\Core\\Render\\Renderer->doRender(Array, true)\n#21 /home/sites/mscare/web/core/lib/Drupal/Core/Render/Renderer.php(156): Drupal\\Core\\Render\\Renderer->render(Array, true)\n#22 /home/sites/mscare/web/core/lib/Drupal/Core/Render/Renderer.php(573): Drupal\\Core\\Render\\Renderer->Drupal\\Core\\Render\\{closure}()\n#23 /home/sites/mscare/web/core/lib/Drupal/Core/Render/Renderer.php(157): Drupal\\Core\\Render\\Renderer->executeInRenderContext(Object(Drupal\\Core\\Render\\RenderContext), Object(Closure))\n#24 /home/sites/mscare/web/core/modules/views/src/Plugin/views/PluginBase.php(419): Drupal\\Core\\Render\\Renderer->renderPlain(Array)\n#25 /home/sites/mscare/web/core/modules/views/src/Plugin/views/field/FieldPluginBase.php(1355): Drupal\\views\\Plugin\\views\\PluginBase->viewsTokenReplace(\'{{ webform[?:] ...\', Array)\n#26 /home/sites/mscare/web/core/modules/views/src/Plugin/views/field/FieldPluginBase.php(1248): Drupal\\views\\Plugin\\views\\field\\FieldPluginBase->renderAltered(Array, Array)\n#27 /home/sites/mscare/web/core/modules/views/src/Plugin/views/field/FieldPluginBase.php(1176): Drupal\\views\\Plugin\\views\\field\\FieldPluginBase->renderText(Array)\n#28 /home/sites/mscare/web/core/modules/rest/src/Plugin/views/row/DataFieldRow.php(147): Drupal\\views\\Plugin\\views\\field\\FieldPluginBase->advancedRender(Object(Drupal\\views\\ResultRow))\n#29 /home/sites/mscare/web/core/modules/rest/src/Plugin/views/style/Serializer.php(130): Drupal\\rest\\Plugin\\views\\row\\DataFieldRow->render(Object(Drupal\\views\\ResultRow))\n#30 /home/sites/mscare/web/core/modules/rest/src/Plugin/views/display/RestExport.php(450): Drupal\\rest\\Plugin\\views\\style\\Serializer->render()\n#31 /home/sites/mscare/web/core/lib/Drupal/Core/Render/Renderer.php(573): Drupal\\rest\\Plugin\\views\\display\\RestExport->Drupal\\rest\\Plugin\\views\\display\\{closure}()\n#32 /home/sites/mscare/web/core/modules/rest/src/Plugin/views/display/RestExport.php(451): Drupal\\Core\\Render\\Renderer->executeInRenderContext(Object(Drupal\\Core\\Render\\RenderContext), Object(Closure))\n#33 /home/sites/mscare/web/core/modules/views/src/ViewExecutable.php(1533): Drupal\\rest\\Plugin\\views\\display\\RestExport->render()\n#34 /home/sites/mscare/web/core/modules/rest/src/Plugin/views/display/RestExport.php(489): Drupal\\views\\ViewExecutable->render()\n#35 /home/sites/mscare/web/core/modules/views/src/ViewExecutable.php(1662): Drupal\\rest\\Plugin\\views\\display\\RestExport->preview()\n#36 /home/sites/mscare/web/core/modules/views_ui/src/ViewUI.php(605): Drupal\\views\\ViewExecutable->preview(\'rest_export_1\', Array)\n#37 /home/sites/mscare/web/core/modules/views_ui/src/ViewPreviewForm.php(62): Drupal\\views_ui\\ViewUI->renderPreview(\'rest_export_1\', Array)\n#38 /home/sites/mscare/web/core/lib/Drupal/Core/Entity/EntityForm.php(149): Drupal\\views_ui\\ViewPreviewForm->form(Array, Object(Drupal\\Core\\Form\\FormState))\n#39 /home/sites/mscare/web/core/modules/views_ui/src/ViewFormBase.php(41): Drupal\\Core\\Entity\\EntityForm->buildForm(Array, Object(Drupal\\Core\\Form\\FormState))\n#40 [internal function]: Drupal\\views_ui\\ViewFormBase->buildForm(Array, Object(Drupal\\Core\\Form\\FormState), \'rest_export_1\')\n#41 /home/sites/mscare/web/core/lib/Drupal/Core/Form/FormBuilder.php(532): call_user_func_array(Array, Array)\n#42 /home/sites/mscare/web/core/lib/Drupal/Core/Form/FormBuilder.php(371): Drupal\\Core\\Form\\FormBuilder->retrieveForm(\'view_preview_fo...\', Object(Drupal\\Core\\Form\\FormState))\n#43 /home/sites/mscare/web/core/lib/Drupal/Core/Form/FormBuilder.php(629): Drupal\\Core\\Form\\FormBuilder->rebuildForm(\'view_preview_fo...\', Object(Drupal\\Core\\Form\\FormState), Array)\n#44 /home/sites/mscare/web/core/lib/Drupal/Core/Form/FormBuilder.php(321): Drupal\\Core\\Form\\FormBuilder->processForm(\'view_preview_fo...\', Array, Object(Drupal\\Core\\Form\\FormState))\n#45 /home/sites/mscare/web/core/lib/Drupal/Core/Controller/FormController.php(91): Drupal\\Core\\Form\\FormBuilder->buildForm(Object(Drupal\\views_ui\\ViewPreviewForm), Object(Drupal\\Core\\Form\\FormState))\n#46 [internal function]: Drupal\\Core\\Controller\\FormController->getContentResult(Object(Symfony\\Component\\HttpFoundation\\Request), Object(Drupal\\Core\\Routing\\RouteMatch))\n#47 /home/sites/mscare/web/core/lib/Drupal/Core/EventSubscriber/EarlyRenderingControllerWrapperSubscriber.php(123): call_user_func_array(Array, Array)\n#48 /home/sites/mscare/web/core/lib/Drupal/Core/Render/Renderer.php(573): Drupal\\Core\\EventSubscriber\\EarlyRenderingControllerWrapperSubscriber->Drupal\\Core\\EventSubscriber\\{closure}()\n#49 /home/sites/mscare/web/core/lib/Drupal/Core/EventSubscriber/EarlyRenderingControllerWrapperSubscriber.php(124): Drupal\\Core\\Render\\Renderer->executeInRenderContext(Object(Drupal\\Core\\Render\\RenderContext), Object(Closure))\n#50 /home/sites/mscare/web/core/lib/Drupal/Core/EventSubscriber/EarlyRenderingControllerWrapperSubscriber.php(97): Drupal\\Core\\EventSubscriber\\EarlyRenderingControllerWrapperSubscriber->wrapControllerExecutionInRenderContext(Array, Array)\n#51 /home/sites/mscare/vendor/symfony/http-kernel/HttpKernel.php(151): Drupal\\Core\\EventSubscriber\\EarlyRenderingControllerWrapperSubscriber->Drupal\\Core\\EventSubscriber\\{closure}()\n#52 /home/sites/mscare/vendor/symfony/http-kernel/HttpKernel.php(68): Symfony\\Component\\HttpKernel\\HttpKernel->handleRaw(Object(Symfony\\Component\\HttpFoundation\\Request), 1)\n#53 /home/sites/mscare/web/core/lib/Drupal/Core/StackMiddleware/Session.php(57): Symfony\\Component\\HttpKernel\\HttpKernel->handle(Object(Symfony\\Component\\HttpFoundation\\Request), 1, true)\n#54 /home/sites/mscare/web/core/lib/Drupal/Core/StackMiddleware/KernelPreHandle.php(47): Drupal\\Core\\StackMiddleware\\Session->handle(Object(Symfony\\Component\\HttpFoundation\\Request), 1, true)\n#55 /home/sites/mscare/web/core/modules/page_cache/src/StackMiddleware/PageCache.php(106): Drupal\\Core\\StackMiddleware\\KernelPreHandle->handle(Object(Symfony\\Component\\HttpFoundation\\Request), 1, true)\n#56 /home/sites/mscare/web/core/modules/page_cache/src/StackMiddleware/PageCache.php(85): Drupal\\page_cache\\StackMiddleware\\PageCache->pass(Object(Symfony\\Component\\HttpFoundation\\Request), 1, true)\n#57 /home/sites/mscare/web/core/lib/Drupal/Core/StackMiddleware/ReverseProxyMiddleware.php(47): Drupal\\page_cache\\StackMiddleware\\PageCache->handle(Object(Symfony\\Component\\HttpFoundation\\Request), 1, true)\n#58 /home/sites/mscare/web/core/lib/Drupal/Core/StackMiddleware/NegotiationMiddleware.php(52): Drupal\\Core\\StackMiddleware\\ReverseProxyMiddleware->handle(Object(Symfony\\Component\\HttpFoundation\\Request), 1, true)\n#59 /home/sites/mscare/vendor/stack/builder/src/Stack/StackedHttpKernel.php(23): Drupal\\Core\\StackMiddleware\\NegotiationMiddleware->handle(Object(Symfony\\Component\\HttpFoundation\\Request), 1, true)\n#60 /home/sites/mscare/web/core/lib/Drupal/Core/DrupalKernel.php(708): Stack\\StackedHttpKernel->handle(Object(Symfony\\Component\\HttpFoundation\\Request), 1, true)\n#61 /home/sites/mscare/web/index.php(19): Drupal\\Core\\DrupalKernel->handle(Object(Symfony\\Component\\HttpFoundation\\Request))\n#62 {main}\";}',3,'','http://mscare.open.gr/admin/structure/views/view/webform_admin_panel/preview/rest_export_1?_wrapper_format=drupal_ajax','http://mscare.open.gr/admin/structure/views/view/webform_admin_panel/edit/rest_export_1','85.72.53.208',1601289721),(29036,1,'php','%type: @message in %function (line %line of %file).','a:6:{s:5:\"%type\";s:22:\"Twig\\Error\\SyntaxError\";s:8:\"@message\";s:143:\"Unexpected token \"punctuation\" of value \"?\" in \"__string_template__6d6ce8703c1ffdc86ae114a192d3ff21ec68cf062fd7256f7e9620d8159605e2\" at line 1.\";s:9:\"%function\";s:47:\"Twig\\ExpressionParser->parsePrimaryExpression()\";s:5:\"%file\";s:60:\"/home/sites/mscare/vendor/twig/twig/src/ExpressionParser.php\";s:5:\"%line\";i:295;s:17:\"@backtrace_string\";s:9618:\"#0 /home/sites/mscare/vendor/twig/twig/src/ExpressionParser.php(183): Twig\\ExpressionParser->parsePrimaryExpression()\n#1 /home/sites/mscare/vendor/twig/twig/src/ExpressionParser.php(78): Twig\\ExpressionParser->getPrimary()\n#2 /home/sites/mscare/vendor/twig/twig/src/ExpressionParser.php(520): Twig\\ExpressionParser->parseExpression()\n#3 /home/sites/mscare/vendor/twig/twig/src/ExpressionParser.php(405): Twig\\ExpressionParser->parseSubscriptExpression(Object(Twig\\Node\\Expression\\NameExpression))\n#4 /home/sites/mscare/vendor/twig/twig/src/ExpressionParser.php(299): Twig\\ExpressionParser->parsePostfixExpression(Object(Twig\\Node\\Expression\\NameExpression))\n#5 /home/sites/mscare/vendor/twig/twig/src/ExpressionParser.php(183): Twig\\ExpressionParser->parsePrimaryExpression()\n#6 /home/sites/mscare/vendor/twig/twig/src/ExpressionParser.php(78): Twig\\ExpressionParser->getPrimary()\n#7 /home/sites/mscare/vendor/twig/twig/src/Parser.php(166): Twig\\ExpressionParser->parseExpression()\n#8 /home/sites/mscare/vendor/twig/twig/src/Parser.php(122): Twig\\Parser->subparse(NULL, false)\n#9 /home/sites/mscare/vendor/twig/twig/src/Environment.php(735): Twig\\Parser->parse(Object(Twig\\TokenStream))\n#10 /home/sites/mscare/vendor/twig/twig/src/Environment.php(793): Twig\\Environment->parse(Object(Twig\\TokenStream))\n#11 /home/sites/mscare/vendor/twig/twig/src/Environment.php(482): Twig\\Environment->compileSource(Object(Twig\\Source))\n#12 /home/sites/mscare/vendor/twig/twig/src/Environment.php(445): Twig\\Environment->loadClass(\'__TwigTemplate_...\', \'__string_templa...\', NULL)\n#13 /home/sites/mscare/vendor/twig/twig/src/Environment.php(542): Twig\\Environment->loadTemplate(\'__string_templa...\')\n#14 /home/sites/mscare/web/core/lib/Drupal/Core/Template/TwigEnvironment.php(173): Twig\\Environment->createTemplate(\'{# inline_templ...\')\n#15 /home/sites/mscare/web/core/lib/Drupal/Core/Render/Element/InlineTemplate.php(52): Drupal\\Core\\Template\\TwigEnvironment->renderInline(\'{# inline_templ...\', Array)\n#16 [internal function]: Drupal\\Core\\Render\\Element\\InlineTemplate::preRenderInlineTemplate(Array)\n#17 /home/sites/mscare/web/core/lib/Drupal/Core/Security/DoTrustedCallbackTrait.php(100): call_user_func_array(Array, Array)\n#18 /home/sites/mscare/web/core/lib/Drupal/Core/Render/Renderer.php(781): Drupal\\Core\\Render\\Renderer->doTrustedCallback(Array, Array, \'Render #pre_ren...\', \'silenced_deprec...\', \'Drupal\\\\Core\\\\Ren...\')\n#19 /home/sites/mscare/web/core/lib/Drupal/Core/Render/Renderer.php(372): Drupal\\Core\\Render\\Renderer->doCallback(\'#pre_render\', Array, Array)\n#20 /home/sites/mscare/web/core/lib/Drupal/Core/Render/Renderer.php(200): Drupal\\Core\\Render\\Renderer->doRender(Array, true)\n#21 /home/sites/mscare/web/core/lib/Drupal/Core/Render/Renderer.php(156): Drupal\\Core\\Render\\Renderer->render(Array, true)\n#22 /home/sites/mscare/web/core/lib/Drupal/Core/Render/Renderer.php(573): Drupal\\Core\\Render\\Renderer->Drupal\\Core\\Render\\{closure}()\n#23 /home/sites/mscare/web/core/lib/Drupal/Core/Render/Renderer.php(157): Drupal\\Core\\Render\\Renderer->executeInRenderContext(Object(Drupal\\Core\\Render\\RenderContext), Object(Closure))\n#24 /home/sites/mscare/web/core/modules/views/src/Plugin/views/PluginBase.php(419): Drupal\\Core\\Render\\Renderer->renderPlain(Array)\n#25 /home/sites/mscare/web/core/modules/views/src/Plugin/views/field/FieldPluginBase.php(1355): Drupal\\views\\Plugin\\views\\PluginBase->viewsTokenReplace(\'{{ webform[?:] ...\', Array)\n#26 /home/sites/mscare/web/core/modules/views/src/Plugin/views/field/FieldPluginBase.php(1248): Drupal\\views\\Plugin\\views\\field\\FieldPluginBase->renderAltered(Array, Array)\n#27 /home/sites/mscare/web/core/modules/views/src/Plugin/views/field/FieldPluginBase.php(1176): Drupal\\views\\Plugin\\views\\field\\FieldPluginBase->renderText(Array)\n#28 /home/sites/mscare/web/core/modules/rest/src/Plugin/views/row/DataFieldRow.php(147): Drupal\\views\\Plugin\\views\\field\\FieldPluginBase->advancedRender(Object(Drupal\\views\\ResultRow))\n#29 /home/sites/mscare/web/core/modules/rest/src/Plugin/views/style/Serializer.php(130): Drupal\\rest\\Plugin\\views\\row\\DataFieldRow->render(Object(Drupal\\views\\ResultRow))\n#30 /home/sites/mscare/web/core/modules/rest/src/Plugin/views/display/RestExport.php(450): Drupal\\rest\\Plugin\\views\\style\\Serializer->render()\n#31 /home/sites/mscare/web/core/lib/Drupal/Core/Render/Renderer.php(573): Drupal\\rest\\Plugin\\views\\display\\RestExport->Drupal\\rest\\Plugin\\views\\display\\{closure}()\n#32 /home/sites/mscare/web/core/modules/rest/src/Plugin/views/display/RestExport.php(451): Drupal\\Core\\Render\\Renderer->executeInRenderContext(Object(Drupal\\Core\\Render\\RenderContext), Object(Closure))\n#33 /home/sites/mscare/web/core/modules/views/src/ViewExecutable.php(1533): Drupal\\rest\\Plugin\\views\\display\\RestExport->render()\n#34 /home/sites/mscare/web/core/modules/rest/src/Plugin/views/display/RestExport.php(489): Drupal\\views\\ViewExecutable->render()\n#35 /home/sites/mscare/web/core/modules/views/src/ViewExecutable.php(1662): Drupal\\rest\\Plugin\\views\\display\\RestExport->preview()\n#36 /home/sites/mscare/web/core/modules/views_ui/src/ViewUI.php(605): Drupal\\views\\ViewExecutable->preview(\'rest_export_1\', Array)\n#37 /home/sites/mscare/web/core/modules/views_ui/src/ViewPreviewForm.php(62): Drupal\\views_ui\\ViewUI->renderPreview(\'rest_export_1\', Array)\n#38 /home/sites/mscare/web/core/lib/Drupal/Core/Entity/EntityForm.php(149): Drupal\\views_ui\\ViewPreviewForm->form(Array, Object(Drupal\\Core\\Form\\FormState))\n#39 /home/sites/mscare/web/core/modules/views_ui/src/ViewFormBase.php(41): Drupal\\Core\\Entity\\EntityForm->buildForm(Array, Object(Drupal\\Core\\Form\\FormState))\n#40 [internal function]: Drupal\\views_ui\\ViewFormBase->buildForm(Array, Object(Drupal\\Core\\Form\\FormState), \'rest_export_1\')\n#41 /home/sites/mscare/web/core/lib/Drupal/Core/Form/FormBuilder.php(532): call_user_func_array(Array, Array)\n#42 /home/sites/mscare/web/core/lib/Drupal/Core/Form/FormBuilder.php(371): Drupal\\Core\\Form\\FormBuilder->retrieveForm(\'view_preview_fo...\', Object(Drupal\\Core\\Form\\FormState))\n#43 /home/sites/mscare/web/core/lib/Drupal/Core/Form/FormBuilder.php(629): Drupal\\Core\\Form\\FormBuilder->rebuildForm(\'view_preview_fo...\', Object(Drupal\\Core\\Form\\FormState), Array)\n#44 /home/sites/mscare/web/core/lib/Drupal/Core/Form/FormBuilder.php(321): Drupal\\Core\\Form\\FormBuilder->processForm(\'view_preview_fo...\', Array, Object(Drupal\\Core\\Form\\FormState))\n#45 /home/sites/mscare/web/core/lib/Drupal/Core/Controller/FormController.php(91): Drupal\\Core\\Form\\FormBuilder->buildForm(Object(Drupal\\views_ui\\ViewPreviewForm), Object(Drupal\\Core\\Form\\FormState))\n#46 [internal function]: Drupal\\Core\\Controller\\FormController->getContentResult(Object(Symfony\\Component\\HttpFoundation\\Request), Object(Drupal\\Core\\Routing\\RouteMatch))\n#47 /home/sites/mscare/web/core/lib/Drupal/Core/EventSubscriber/EarlyRenderingControllerWrapperSubscriber.php(123): call_user_func_array(Array, Array)\n#48 /home/sites/mscare/web/core/lib/Drupal/Core/Render/Renderer.php(573): Drupal\\Core\\EventSubscriber\\EarlyRenderingControllerWrapperSubscriber->Drupal\\Core\\EventSubscriber\\{closure}()\n#49 /home/sites/mscare/web/core/lib/Drupal/Core/EventSubscriber/EarlyRenderingControllerWrapperSubscriber.php(124): Drupal\\Core\\Render\\Renderer->executeInRenderContext(Object(Drupal\\Core\\Render\\RenderContext), Object(Closure))\n#50 /home/sites/mscare/web/core/lib/Drupal/Core/EventSubscriber/EarlyRenderingControllerWrapperSubscriber.php(97): Drupal\\Core\\EventSubscriber\\EarlyRenderingControllerWrapperSubscriber->wrapControllerExecutionInRenderContext(Array, Array)\n#51 /home/sites/mscare/vendor/symfony/http-kernel/HttpKernel.php(151): Drupal\\Core\\EventSubscriber\\EarlyRenderingControllerWrapperSubscriber->Drupal\\Core\\EventSubscriber\\{closure}()\n#52 /home/sites/mscare/vendor/symfony/http-kernel/HttpKernel.php(68): Symfony\\Component\\HttpKernel\\HttpKernel->handleRaw(Object(Symfony\\Component\\HttpFoundation\\Request), 1)\n#53 /home/sites/mscare/web/core/lib/Drupal/Core/StackMiddleware/Session.php(57): Symfony\\Component\\HttpKernel\\HttpKernel->handle(Object(Symfony\\Component\\HttpFoundation\\Request), 1, true)\n#54 /home/sites/mscare/web/core/lib/Drupal/Core/StackMiddleware/KernelPreHandle.php(47): Drupal\\Core\\StackMiddleware\\Session->handle(Object(Symfony\\Component\\HttpFoundation\\Request), 1, true)\n#55 /home/sites/mscare/web/core/modules/page_cache/src/StackMiddleware/PageCache.php(106): Drupal\\Core\\StackMiddleware\\KernelPreHandle->handle(Object(Symfony\\Component\\HttpFoundation\\Request), 1, true)\n#56 /home/sites/mscare/web/core/modules/page_cache/src/StackMiddleware/PageCache.php(85): Drupal\\page_cache\\StackMiddleware\\PageCache->pass(Object(Symfony\\Component\\HttpFoundation\\Request), 1, true)\n#57 /home/sites/mscare/web/core/lib/Drupal/Core/StackMiddleware/ReverseProxyMiddleware.php(47): Drupal\\page_cache\\StackMiddleware\\PageCache->handle(Object(Symfony\\Component\\HttpFoundation\\Request), 1, true)\n#58 /home/sites/mscare/web/core/lib/Drupal/Core/StackMiddleware/NegotiationMiddleware.php(52): Drupal\\Core\\StackMiddleware\\ReverseProxyMiddleware->handle(Object(Symfony\\Component\\HttpFoundation\\Request), 1, true)\n#59 /home/sites/mscare/vendor/stack/builder/src/Stack/StackedHttpKernel.php(23): Drupal\\Core\\StackMiddleware\\NegotiationMiddleware->handle(Object(Symfony\\Component\\HttpFoundation\\Request), 1, true)\n#60 /home/sites/mscare/web/core/lib/Drupal/Core/DrupalKernel.php(708): Stack\\StackedHttpKernel->handle(Object(Symfony\\Component\\HttpFoundation\\Request), 1, true)\n#61 /home/sites/mscare/web/index.php(19): Drupal\\Core\\DrupalKernel->handle(Object(Symfony\\Component\\HttpFoundation\\Request))\n#62 {main}\";}',3,'','http://mscare.open.gr/admin/structure/views/view/webform_admin_panel/preview/rest_export_1?_wrapper_format=drupal_ajax','http://mscare.open.gr/admin/structure/views/view/webform_admin_panel/edit/rest_export_1','85.72.53.208',1601289724),(29037,1,'php','%type: @message in %function (line %line of %file).','a:6:{s:5:\"%type\";s:22:\"Twig\\Error\\SyntaxError\";s:8:\"@message\";s:143:\"Unexpected token \"punctuation\" of value \"?\" in \"__string_template__2cf08587bf242dce329c73e8f282310355e0b1b5a3ce2ce02c748de71507bad7\" at line 1.\";s:9:\"%function\";s:47:\"Twig\\ExpressionParser->parsePrimaryExpression()\";s:5:\"%file\";s:60:\"/home/sites/mscare/vendor/twig/twig/src/ExpressionParser.php\";s:5:\"%line\";i:295;s:17:\"@backtrace_string\";s:9626:\"#0 /home/sites/mscare/vendor/twig/twig/src/ExpressionParser.php(183): Twig\\ExpressionParser->parsePrimaryExpression()\n#1 /home/sites/mscare/vendor/twig/twig/src/ExpressionParser.php(78): Twig\\ExpressionParser->getPrimary()\n#2 /home/sites/mscare/vendor/twig/twig/src/ExpressionParser.php(520): Twig\\ExpressionParser->parseExpression()\n#3 /home/sites/mscare/vendor/twig/twig/src/ExpressionParser.php(405): Twig\\ExpressionParser->parseSubscriptExpression(Object(Twig\\Node\\Expression\\ConstantExpression))\n#4 /home/sites/mscare/vendor/twig/twig/src/ExpressionParser.php(299): Twig\\ExpressionParser->parsePostfixExpression(Object(Twig\\Node\\Expression\\ConstantExpression))\n#5 /home/sites/mscare/vendor/twig/twig/src/ExpressionParser.php(183): Twig\\ExpressionParser->parsePrimaryExpression()\n#6 /home/sites/mscare/vendor/twig/twig/src/ExpressionParser.php(78): Twig\\ExpressionParser->getPrimary()\n#7 /home/sites/mscare/vendor/twig/twig/src/Parser.php(166): Twig\\ExpressionParser->parseExpression()\n#8 /home/sites/mscare/vendor/twig/twig/src/Parser.php(122): Twig\\Parser->subparse(NULL, false)\n#9 /home/sites/mscare/vendor/twig/twig/src/Environment.php(735): Twig\\Parser->parse(Object(Twig\\TokenStream))\n#10 /home/sites/mscare/vendor/twig/twig/src/Environment.php(793): Twig\\Environment->parse(Object(Twig\\TokenStream))\n#11 /home/sites/mscare/vendor/twig/twig/src/Environment.php(482): Twig\\Environment->compileSource(Object(Twig\\Source))\n#12 /home/sites/mscare/vendor/twig/twig/src/Environment.php(445): Twig\\Environment->loadClass(\'__TwigTemplate_...\', \'__string_templa...\', NULL)\n#13 /home/sites/mscare/vendor/twig/twig/src/Environment.php(542): Twig\\Environment->loadTemplate(\'__string_templa...\')\n#14 /home/sites/mscare/web/core/lib/Drupal/Core/Template/TwigEnvironment.php(173): Twig\\Environment->createTemplate(\'{# inline_templ...\')\n#15 /home/sites/mscare/web/core/lib/Drupal/Core/Render/Element/InlineTemplate.php(52): Drupal\\Core\\Template\\TwigEnvironment->renderInline(\'{# inline_templ...\', Array)\n#16 [internal function]: Drupal\\Core\\Render\\Element\\InlineTemplate::preRenderInlineTemplate(Array)\n#17 /home/sites/mscare/web/core/lib/Drupal/Core/Security/DoTrustedCallbackTrait.php(100): call_user_func_array(Array, Array)\n#18 /home/sites/mscare/web/core/lib/Drupal/Core/Render/Renderer.php(781): Drupal\\Core\\Render\\Renderer->doTrustedCallback(Array, Array, \'Render #pre_ren...\', \'silenced_deprec...\', \'Drupal\\\\Core\\\\Ren...\')\n#19 /home/sites/mscare/web/core/lib/Drupal/Core/Render/Renderer.php(372): Drupal\\Core\\Render\\Renderer->doCallback(\'#pre_render\', Array, Array)\n#20 /home/sites/mscare/web/core/lib/Drupal/Core/Render/Renderer.php(200): Drupal\\Core\\Render\\Renderer->doRender(Array, true)\n#21 /home/sites/mscare/web/core/lib/Drupal/Core/Render/Renderer.php(156): Drupal\\Core\\Render\\Renderer->render(Array, true)\n#22 /home/sites/mscare/web/core/lib/Drupal/Core/Render/Renderer.php(573): Drupal\\Core\\Render\\Renderer->Drupal\\Core\\Render\\{closure}()\n#23 /home/sites/mscare/web/core/lib/Drupal/Core/Render/Renderer.php(157): Drupal\\Core\\Render\\Renderer->executeInRenderContext(Object(Drupal\\Core\\Render\\RenderContext), Object(Closure))\n#24 /home/sites/mscare/web/core/modules/views/src/Plugin/views/PluginBase.php(419): Drupal\\Core\\Render\\Renderer->renderPlain(Array)\n#25 /home/sites/mscare/web/core/modules/views/src/Plugin/views/field/FieldPluginBase.php(1355): Drupal\\views\\Plugin\\views\\PluginBase->viewsTokenReplace(\'{{ \'webform\'[?:...\', Array)\n#26 /home/sites/mscare/web/core/modules/views/src/Plugin/views/field/FieldPluginBase.php(1248): Drupal\\views\\Plugin\\views\\field\\FieldPluginBase->renderAltered(Array, Array)\n#27 /home/sites/mscare/web/core/modules/views/src/Plugin/views/field/FieldPluginBase.php(1176): Drupal\\views\\Plugin\\views\\field\\FieldPluginBase->renderText(Array)\n#28 /home/sites/mscare/web/core/modules/rest/src/Plugin/views/row/DataFieldRow.php(147): Drupal\\views\\Plugin\\views\\field\\FieldPluginBase->advancedRender(Object(Drupal\\views\\ResultRow))\n#29 /home/sites/mscare/web/core/modules/rest/src/Plugin/views/style/Serializer.php(130): Drupal\\rest\\Plugin\\views\\row\\DataFieldRow->render(Object(Drupal\\views\\ResultRow))\n#30 /home/sites/mscare/web/core/modules/rest/src/Plugin/views/display/RestExport.php(450): Drupal\\rest\\Plugin\\views\\style\\Serializer->render()\n#31 /home/sites/mscare/web/core/lib/Drupal/Core/Render/Renderer.php(573): Drupal\\rest\\Plugin\\views\\display\\RestExport->Drupal\\rest\\Plugin\\views\\display\\{closure}()\n#32 /home/sites/mscare/web/core/modules/rest/src/Plugin/views/display/RestExport.php(451): Drupal\\Core\\Render\\Renderer->executeInRenderContext(Object(Drupal\\Core\\Render\\RenderContext), Object(Closure))\n#33 /home/sites/mscare/web/core/modules/views/src/ViewExecutable.php(1533): Drupal\\rest\\Plugin\\views\\display\\RestExport->render()\n#34 /home/sites/mscare/web/core/modules/rest/src/Plugin/views/display/RestExport.php(489): Drupal\\views\\ViewExecutable->render()\n#35 /home/sites/mscare/web/core/modules/views/src/ViewExecutable.php(1662): Drupal\\rest\\Plugin\\views\\display\\RestExport->preview()\n#36 /home/sites/mscare/web/core/modules/views_ui/src/ViewUI.php(605): Drupal\\views\\ViewExecutable->preview(\'rest_export_1\', Array)\n#37 /home/sites/mscare/web/core/modules/views_ui/src/ViewPreviewForm.php(62): Drupal\\views_ui\\ViewUI->renderPreview(\'rest_export_1\', Array)\n#38 /home/sites/mscare/web/core/lib/Drupal/Core/Entity/EntityForm.php(149): Drupal\\views_ui\\ViewPreviewForm->form(Array, Object(Drupal\\Core\\Form\\FormState))\n#39 /home/sites/mscare/web/core/modules/views_ui/src/ViewFormBase.php(41): Drupal\\Core\\Entity\\EntityForm->buildForm(Array, Object(Drupal\\Core\\Form\\FormState))\n#40 [internal function]: Drupal\\views_ui\\ViewFormBase->buildForm(Array, Object(Drupal\\Core\\Form\\FormState), \'rest_export_1\')\n#41 /home/sites/mscare/web/core/lib/Drupal/Core/Form/FormBuilder.php(532): call_user_func_array(Array, Array)\n#42 /home/sites/mscare/web/core/lib/Drupal/Core/Form/FormBuilder.php(371): Drupal\\Core\\Form\\FormBuilder->retrieveForm(\'view_preview_fo...\', Object(Drupal\\Core\\Form\\FormState))\n#43 /home/sites/mscare/web/core/lib/Drupal/Core/Form/FormBuilder.php(629): Drupal\\Core\\Form\\FormBuilder->rebuildForm(\'view_preview_fo...\', Object(Drupal\\Core\\Form\\FormState), Array)\n#44 /home/sites/mscare/web/core/lib/Drupal/Core/Form/FormBuilder.php(321): Drupal\\Core\\Form\\FormBuilder->processForm(\'view_preview_fo...\', Array, Object(Drupal\\Core\\Form\\FormState))\n#45 /home/sites/mscare/web/core/lib/Drupal/Core/Controller/FormController.php(91): Drupal\\Core\\Form\\FormBuilder->buildForm(Object(Drupal\\views_ui\\ViewPreviewForm), Object(Drupal\\Core\\Form\\FormState))\n#46 [internal function]: Drupal\\Core\\Controller\\FormController->getContentResult(Object(Symfony\\Component\\HttpFoundation\\Request), Object(Drupal\\Core\\Routing\\RouteMatch))\n#47 /home/sites/mscare/web/core/lib/Drupal/Core/EventSubscriber/EarlyRenderingControllerWrapperSubscriber.php(123): call_user_func_array(Array, Array)\n#48 /home/sites/mscare/web/core/lib/Drupal/Core/Render/Renderer.php(573): Drupal\\Core\\EventSubscriber\\EarlyRenderingControllerWrapperSubscriber->Drupal\\Core\\EventSubscriber\\{closure}()\n#49 /home/sites/mscare/web/core/lib/Drupal/Core/EventSubscriber/EarlyRenderingControllerWrapperSubscriber.php(124): Drupal\\Core\\Render\\Renderer->executeInRenderContext(Object(Drupal\\Core\\Render\\RenderContext), Object(Closure))\n#50 /home/sites/mscare/web/core/lib/Drupal/Core/EventSubscriber/EarlyRenderingControllerWrapperSubscriber.php(97): Drupal\\Core\\EventSubscriber\\EarlyRenderingControllerWrapperSubscriber->wrapControllerExecutionInRenderContext(Array, Array)\n#51 /home/sites/mscare/vendor/symfony/http-kernel/HttpKernel.php(151): Drupal\\Core\\EventSubscriber\\EarlyRenderingControllerWrapperSubscriber->Drupal\\Core\\EventSubscriber\\{closure}()\n#52 /home/sites/mscare/vendor/symfony/http-kernel/HttpKernel.php(68): Symfony\\Component\\HttpKernel\\HttpKernel->handleRaw(Object(Symfony\\Component\\HttpFoundation\\Request), 1)\n#53 /home/sites/mscare/web/core/lib/Drupal/Core/StackMiddleware/Session.php(57): Symfony\\Component\\HttpKernel\\HttpKernel->handle(Object(Symfony\\Component\\HttpFoundation\\Request), 1, true)\n#54 /home/sites/mscare/web/core/lib/Drupal/Core/StackMiddleware/KernelPreHandle.php(47): Drupal\\Core\\StackMiddleware\\Session->handle(Object(Symfony\\Component\\HttpFoundation\\Request), 1, true)\n#55 /home/sites/mscare/web/core/modules/page_cache/src/StackMiddleware/PageCache.php(106): Drupal\\Core\\StackMiddleware\\KernelPreHandle->handle(Object(Symfony\\Component\\HttpFoundation\\Request), 1, true)\n#56 /home/sites/mscare/web/core/modules/page_cache/src/StackMiddleware/PageCache.php(85): Drupal\\page_cache\\StackMiddleware\\PageCache->pass(Object(Symfony\\Component\\HttpFoundation\\Request), 1, true)\n#57 /home/sites/mscare/web/core/lib/Drupal/Core/StackMiddleware/ReverseProxyMiddleware.php(47): Drupal\\page_cache\\StackMiddleware\\PageCache->handle(Object(Symfony\\Component\\HttpFoundation\\Request), 1, true)\n#58 /home/sites/mscare/web/core/lib/Drupal/Core/StackMiddleware/NegotiationMiddleware.php(52): Drupal\\Core\\StackMiddleware\\ReverseProxyMiddleware->handle(Object(Symfony\\Component\\HttpFoundation\\Request), 1, true)\n#59 /home/sites/mscare/vendor/stack/builder/src/Stack/StackedHttpKernel.php(23): Drupal\\Core\\StackMiddleware\\NegotiationMiddleware->handle(Object(Symfony\\Component\\HttpFoundation\\Request), 1, true)\n#60 /home/sites/mscare/web/core/lib/Drupal/Core/DrupalKernel.php(708): Stack\\StackedHttpKernel->handle(Object(Symfony\\Component\\HttpFoundation\\Request), 1, true)\n#61 /home/sites/mscare/web/index.php(19): Drupal\\Core\\DrupalKernel->handle(Object(Symfony\\Component\\HttpFoundation\\Request))\n#62 {main}\";}',3,'','http://mscare.open.gr/admin/structure/views/view/webform_admin_panel/preview/rest_export_1?_wrapper_format=drupal_ajax','http://mscare.open.gr/admin/structure/views/view/webform_admin_panel/edit/rest_export_1','85.72.53.208',1601289744),(29038,1,'php','%type: @message in %function (line %line of %file).','a:6:{s:5:\"%type\";s:22:\"Twig\\Error\\SyntaxError\";s:8:\"@message\";s:143:\"Unexpected token \"punctuation\" of value \"?\" in \"__string_template__2e175282eedb9e503f4ff16b2269a2e0a7e843f34d5d1dc6dc37e6aa6cf7cedc\" at line 1.\";s:9:\"%function\";s:47:\"Twig\\ExpressionParser->parsePrimaryExpression()\";s:5:\"%file\";s:60:\"/home/sites/mscare/vendor/twig/twig/src/ExpressionParser.php\";s:5:\"%line\";i:295;s:17:\"@backtrace_string\";s:9626:\"#0 /home/sites/mscare/vendor/twig/twig/src/ExpressionParser.php(183): Twig\\ExpressionParser->parsePrimaryExpression()\n#1 /home/sites/mscare/vendor/twig/twig/src/ExpressionParser.php(78): Twig\\ExpressionParser->getPrimary()\n#2 /home/sites/mscare/vendor/twig/twig/src/ExpressionParser.php(531): Twig\\ExpressionParser->parseExpression()\n#3 /home/sites/mscare/vendor/twig/twig/src/ExpressionParser.php(405): Twig\\ExpressionParser->parseSubscriptExpression(Object(Twig\\Node\\Expression\\ConstantExpression))\n#4 /home/sites/mscare/vendor/twig/twig/src/ExpressionParser.php(299): Twig\\ExpressionParser->parsePostfixExpression(Object(Twig\\Node\\Expression\\ConstantExpression))\n#5 /home/sites/mscare/vendor/twig/twig/src/ExpressionParser.php(183): Twig\\ExpressionParser->parsePrimaryExpression()\n#6 /home/sites/mscare/vendor/twig/twig/src/ExpressionParser.php(78): Twig\\ExpressionParser->getPrimary()\n#7 /home/sites/mscare/vendor/twig/twig/src/Parser.php(166): Twig\\ExpressionParser->parseExpression()\n#8 /home/sites/mscare/vendor/twig/twig/src/Parser.php(122): Twig\\Parser->subparse(NULL, false)\n#9 /home/sites/mscare/vendor/twig/twig/src/Environment.php(735): Twig\\Parser->parse(Object(Twig\\TokenStream))\n#10 /home/sites/mscare/vendor/twig/twig/src/Environment.php(793): Twig\\Environment->parse(Object(Twig\\TokenStream))\n#11 /home/sites/mscare/vendor/twig/twig/src/Environment.php(482): Twig\\Environment->compileSource(Object(Twig\\Source))\n#12 /home/sites/mscare/vendor/twig/twig/src/Environment.php(445): Twig\\Environment->loadClass(\'__TwigTemplate_...\', \'__string_templa...\', NULL)\n#13 /home/sites/mscare/vendor/twig/twig/src/Environment.php(542): Twig\\Environment->loadTemplate(\'__string_templa...\')\n#14 /home/sites/mscare/web/core/lib/Drupal/Core/Template/TwigEnvironment.php(173): Twig\\Environment->createTemplate(\'{# inline_templ...\')\n#15 /home/sites/mscare/web/core/lib/Drupal/Core/Render/Element/InlineTemplate.php(52): Drupal\\Core\\Template\\TwigEnvironment->renderInline(\'{# inline_templ...\', Array)\n#16 [internal function]: Drupal\\Core\\Render\\Element\\InlineTemplate::preRenderInlineTemplate(Array)\n#17 /home/sites/mscare/web/core/lib/Drupal/Core/Security/DoTrustedCallbackTrait.php(100): call_user_func_array(Array, Array)\n#18 /home/sites/mscare/web/core/lib/Drupal/Core/Render/Renderer.php(781): Drupal\\Core\\Render\\Renderer->doTrustedCallback(Array, Array, \'Render #pre_ren...\', \'silenced_deprec...\', \'Drupal\\\\Core\\\\Ren...\')\n#19 /home/sites/mscare/web/core/lib/Drupal/Core/Render/Renderer.php(372): Drupal\\Core\\Render\\Renderer->doCallback(\'#pre_render\', Array, Array)\n#20 /home/sites/mscare/web/core/lib/Drupal/Core/Render/Renderer.php(200): Drupal\\Core\\Render\\Renderer->doRender(Array, true)\n#21 /home/sites/mscare/web/core/lib/Drupal/Core/Render/Renderer.php(156): Drupal\\Core\\Render\\Renderer->render(Array, true)\n#22 /home/sites/mscare/web/core/lib/Drupal/Core/Render/Renderer.php(573): Drupal\\Core\\Render\\Renderer->Drupal\\Core\\Render\\{closure}()\n#23 /home/sites/mscare/web/core/lib/Drupal/Core/Render/Renderer.php(157): Drupal\\Core\\Render\\Renderer->executeInRenderContext(Object(Drupal\\Core\\Render\\RenderContext), Object(Closure))\n#24 /home/sites/mscare/web/core/modules/views/src/Plugin/views/PluginBase.php(419): Drupal\\Core\\Render\\Renderer->renderPlain(Array)\n#25 /home/sites/mscare/web/core/modules/views/src/Plugin/views/field/FieldPluginBase.php(1355): Drupal\\views\\Plugin\\views\\PluginBase->viewsTokenReplace(\'{{ \'webform\'[:?...\', Array)\n#26 /home/sites/mscare/web/core/modules/views/src/Plugin/views/field/FieldPluginBase.php(1248): Drupal\\views\\Plugin\\views\\field\\FieldPluginBase->renderAltered(Array, Array)\n#27 /home/sites/mscare/web/core/modules/views/src/Plugin/views/field/FieldPluginBase.php(1176): Drupal\\views\\Plugin\\views\\field\\FieldPluginBase->renderText(Array)\n#28 /home/sites/mscare/web/core/modules/rest/src/Plugin/views/row/DataFieldRow.php(147): Drupal\\views\\Plugin\\views\\field\\FieldPluginBase->advancedRender(Object(Drupal\\views\\ResultRow))\n#29 /home/sites/mscare/web/core/modules/rest/src/Plugin/views/style/Serializer.php(130): Drupal\\rest\\Plugin\\views\\row\\DataFieldRow->render(Object(Drupal\\views\\ResultRow))\n#30 /home/sites/mscare/web/core/modules/rest/src/Plugin/views/display/RestExport.php(450): Drupal\\rest\\Plugin\\views\\style\\Serializer->render()\n#31 /home/sites/mscare/web/core/lib/Drupal/Core/Render/Renderer.php(573): Drupal\\rest\\Plugin\\views\\display\\RestExport->Drupal\\rest\\Plugin\\views\\display\\{closure}()\n#32 /home/sites/mscare/web/core/modules/rest/src/Plugin/views/display/RestExport.php(451): Drupal\\Core\\Render\\Renderer->executeInRenderContext(Object(Drupal\\Core\\Render\\RenderContext), Object(Closure))\n#33 /home/sites/mscare/web/core/modules/views/src/ViewExecutable.php(1533): Drupal\\rest\\Plugin\\views\\display\\RestExport->render()\n#34 /home/sites/mscare/web/core/modules/rest/src/Plugin/views/display/RestExport.php(489): Drupal\\views\\ViewExecutable->render()\n#35 /home/sites/mscare/web/core/modules/views/src/ViewExecutable.php(1662): Drupal\\rest\\Plugin\\views\\display\\RestExport->preview()\n#36 /home/sites/mscare/web/core/modules/views_ui/src/ViewUI.php(605): Drupal\\views\\ViewExecutable->preview(\'rest_export_1\', Array)\n#37 /home/sites/mscare/web/core/modules/views_ui/src/ViewPreviewForm.php(62): Drupal\\views_ui\\ViewUI->renderPreview(\'rest_export_1\', Array)\n#38 /home/sites/mscare/web/core/lib/Drupal/Core/Entity/EntityForm.php(149): Drupal\\views_ui\\ViewPreviewForm->form(Array, Object(Drupal\\Core\\Form\\FormState))\n#39 /home/sites/mscare/web/core/modules/views_ui/src/ViewFormBase.php(41): Drupal\\Core\\Entity\\EntityForm->buildForm(Array, Object(Drupal\\Core\\Form\\FormState))\n#40 [internal function]: Drupal\\views_ui\\ViewFormBase->buildForm(Array, Object(Drupal\\Core\\Form\\FormState), \'rest_export_1\')\n#41 /home/sites/mscare/web/core/lib/Drupal/Core/Form/FormBuilder.php(532): call_user_func_array(Array, Array)\n#42 /home/sites/mscare/web/core/lib/Drupal/Core/Form/FormBuilder.php(371): Drupal\\Core\\Form\\FormBuilder->retrieveForm(\'view_preview_fo...\', Object(Drupal\\Core\\Form\\FormState))\n#43 /home/sites/mscare/web/core/lib/Drupal/Core/Form/FormBuilder.php(629): Drupal\\Core\\Form\\FormBuilder->rebuildForm(\'view_preview_fo...\', Object(Drupal\\Core\\Form\\FormState), Array)\n#44 /home/sites/mscare/web/core/lib/Drupal/Core/Form/FormBuilder.php(321): Drupal\\Core\\Form\\FormBuilder->processForm(\'view_preview_fo...\', Array, Object(Drupal\\Core\\Form\\FormState))\n#45 /home/sites/mscare/web/core/lib/Drupal/Core/Controller/FormController.php(91): Drupal\\Core\\Form\\FormBuilder->buildForm(Object(Drupal\\views_ui\\ViewPreviewForm), Object(Drupal\\Core\\Form\\FormState))\n#46 [internal function]: Drupal\\Core\\Controller\\FormController->getContentResult(Object(Symfony\\Component\\HttpFoundation\\Request), Object(Drupal\\Core\\Routing\\RouteMatch))\n#47 /home/sites/mscare/web/core/lib/Drupal/Core/EventSubscriber/EarlyRenderingControllerWrapperSubscriber.php(123): call_user_func_array(Array, Array)\n#48 /home/sites/mscare/web/core/lib/Drupal/Core/Render/Renderer.php(573): Drupal\\Core\\EventSubscriber\\EarlyRenderingControllerWrapperSubscriber->Drupal\\Core\\EventSubscriber\\{closure}()\n#49 /home/sites/mscare/web/core/lib/Drupal/Core/EventSubscriber/EarlyRenderingControllerWrapperSubscriber.php(124): Drupal\\Core\\Render\\Renderer->executeInRenderContext(Object(Drupal\\Core\\Render\\RenderContext), Object(Closure))\n#50 /home/sites/mscare/web/core/lib/Drupal/Core/EventSubscriber/EarlyRenderingControllerWrapperSubscriber.php(97): Drupal\\Core\\EventSubscriber\\EarlyRenderingControllerWrapperSubscriber->wrapControllerExecutionInRenderContext(Array, Array)\n#51 /home/sites/mscare/vendor/symfony/http-kernel/HttpKernel.php(151): Drupal\\Core\\EventSubscriber\\EarlyRenderingControllerWrapperSubscriber->Drupal\\Core\\EventSubscriber\\{closure}()\n#52 /home/sites/mscare/vendor/symfony/http-kernel/HttpKernel.php(68): Symfony\\Component\\HttpKernel\\HttpKernel->handleRaw(Object(Symfony\\Component\\HttpFoundation\\Request), 1)\n#53 /home/sites/mscare/web/core/lib/Drupal/Core/StackMiddleware/Session.php(57): Symfony\\Component\\HttpKernel\\HttpKernel->handle(Object(Symfony\\Component\\HttpFoundation\\Request), 1, true)\n#54 /home/sites/mscare/web/core/lib/Drupal/Core/StackMiddleware/KernelPreHandle.php(47): Drupal\\Core\\StackMiddleware\\Session->handle(Object(Symfony\\Component\\HttpFoundation\\Request), 1, true)\n#55 /home/sites/mscare/web/core/modules/page_cache/src/StackMiddleware/PageCache.php(106): Drupal\\Core\\StackMiddleware\\KernelPreHandle->handle(Object(Symfony\\Component\\HttpFoundation\\Request), 1, true)\n#56 /home/sites/mscare/web/core/modules/page_cache/src/StackMiddleware/PageCache.php(85): Drupal\\page_cache\\StackMiddleware\\PageCache->pass(Object(Symfony\\Component\\HttpFoundation\\Request), 1, true)\n#57 /home/sites/mscare/web/core/lib/Drupal/Core/StackMiddleware/ReverseProxyMiddleware.php(47): Drupal\\page_cache\\StackMiddleware\\PageCache->handle(Object(Symfony\\Component\\HttpFoundation\\Request), 1, true)\n#58 /home/sites/mscare/web/core/lib/Drupal/Core/StackMiddleware/NegotiationMiddleware.php(52): Drupal\\Core\\StackMiddleware\\ReverseProxyMiddleware->handle(Object(Symfony\\Component\\HttpFoundation\\Request), 1, true)\n#59 /home/sites/mscare/vendor/stack/builder/src/Stack/StackedHttpKernel.php(23): Drupal\\Core\\StackMiddleware\\NegotiationMiddleware->handle(Object(Symfony\\Component\\HttpFoundation\\Request), 1, true)\n#60 /home/sites/mscare/web/core/lib/Drupal/Core/DrupalKernel.php(708): Stack\\StackedHttpKernel->handle(Object(Symfony\\Component\\HttpFoundation\\Request), 1, true)\n#61 /home/sites/mscare/web/index.php(19): Drupal\\Core\\DrupalKernel->handle(Object(Symfony\\Component\\HttpFoundation\\Request))\n#62 {main}\";}',3,'','http://mscare.open.gr/admin/structure/views/view/webform_admin_panel/preview/rest_export_1?_wrapper_format=drupal_ajax','http://mscare.open.gr/admin/structure/views/view/webform_admin_panel/edit/rest_export_1','85.72.53.208',1601289786),(29039,1,'php','%type: @message in %function (line %line of %file) @backtrace_string.','a:6:{s:5:\"%type\";s:7:\"Warning\";s:8:\"@message\";O:25:\"Drupal\\Core\\Render\\Markup\":1:{s:9:\"\0*\0string\";s:57:\"explode() expects parameter 3 to be integer, string given\";}s:9:\"%function\";s:19:\"twig_split_filter()\";s:5:\"%file\";s:67:\"/home/sites/mscare/vendor/twig/twig/src/Extension/CoreExtension.php\";s:5:\"%line\";i:794;s:17:\"@backtrace_string\";s:9040:\"#0 /home/sites/mscare/web/core/includes/bootstrap.inc(600): _drupal_error_handler_real(2, \'explode() expec...\', \'/home/sites/msc...\', 794, Array)\n#1 [internal function]: _drupal_error_handler(2, \'explode() expec...\', \'/home/sites/msc...\', 794, Array)\n#2 /home/sites/mscare/vendor/twig/twig/src/Extension/CoreExtension.php(794): explode(\'2\', \'/form/mscu-ecf-...\', \'?\')\n#3 /home/sites/mscare/web/sites/default/files/php/twig/5f71b899ad967___string_template__19482b_RIV30MmqURWv63_gAC09BWoFT/jEvpTlo6kQZ6AK0gCp0tncpettzaT_0d4Jx0veU9de0.php(55): twig_split_filter(Object(Drupal\\Core\\Template\\TwigEnvironment), Object(Drupal\\Core\\Render\\Markup), 2, \'?\')\n#4 /home/sites/mscare/vendor/twig/twig/src/Template.php(453): __TwigTemplate_875b2b2bb8110c194658ef7812c89b707353d6bbf2be69397d9d32abb5a84307->doDisplay(Array, Array)\n#5 /home/sites/mscare/vendor/twig/twig/src/Template.php(420): Twig\\Template->displayWithErrorHandling(Array, Array)\n#6 /home/sites/mscare/vendor/twig/twig/src/Template.php(432): Twig\\Template->display(Array)\n#7 /home/sites/mscare/vendor/twig/twig/src/TemplateWrapper.php(47): Twig\\Template->render(Array, Array)\n#8 /home/sites/mscare/web/core/lib/Drupal/Core/Template/TwigEnvironment.php(173): Twig\\TemplateWrapper->render(Array)\n#9 /home/sites/mscare/web/core/lib/Drupal/Core/Render/Element/InlineTemplate.php(52): Drupal\\Core\\Template\\TwigEnvironment->renderInline(\'{# inline_templ...\', Array)\n#10 [internal function]: Drupal\\Core\\Render\\Element\\InlineTemplate::preRenderInlineTemplate(Array)\n#11 /home/sites/mscare/web/core/lib/Drupal/Core/Security/DoTrustedCallbackTrait.php(100): call_user_func_array(Array, Array)\n#12 /home/sites/mscare/web/core/lib/Drupal/Core/Render/Renderer.php(781): Drupal\\Core\\Render\\Renderer->doTrustedCallback(Array, Array, \'Render #pre_ren...\', \'silenced_deprec...\', \'Drupal\\\\Core\\\\Ren...\')\n#13 /home/sites/mscare/web/core/lib/Drupal/Core/Render/Renderer.php(372): Drupal\\Core\\Render\\Renderer->doCallback(\'#pre_render\', Array, Array)\n#14 /home/sites/mscare/web/core/lib/Drupal/Core/Render/Renderer.php(200): Drupal\\Core\\Render\\Renderer->doRender(Array, true)\n#15 /home/sites/mscare/web/core/lib/Drupal/Core/Render/Renderer.php(156): Drupal\\Core\\Render\\Renderer->render(Array, true)\n#16 /home/sites/mscare/web/core/lib/Drupal/Core/Render/Renderer.php(573): Drupal\\Core\\Render\\Renderer->Drupal\\Core\\Render\\{closure}()\n#17 /home/sites/mscare/web/core/lib/Drupal/Core/Render/Renderer.php(157): Drupal\\Core\\Render\\Renderer->executeInRenderContext(Object(Drupal\\Core\\Render\\RenderContext), Object(Closure))\n#18 /home/sites/mscare/web/core/modules/views/src/Plugin/views/PluginBase.php(419): Drupal\\Core\\Render\\Renderer->renderPlain(Array)\n#19 /home/sites/mscare/web/core/modules/views/src/Plugin/views/field/FieldPluginBase.php(1355): Drupal\\views\\Plugin\\views\\PluginBase->viewsTokenReplace(\'{{ webform | sp...\', Array)\n#20 /home/sites/mscare/web/core/modules/views/src/Plugin/views/field/FieldPluginBase.php(1248): Drupal\\views\\Plugin\\views\\field\\FieldPluginBase->renderAltered(Array, Array)\n#21 /home/sites/mscare/web/core/modules/views/src/Plugin/views/field/FieldPluginBase.php(1176): Drupal\\views\\Plugin\\views\\field\\FieldPluginBase->renderText(Array)\n#22 /home/sites/mscare/web/core/modules/rest/src/Plugin/views/row/DataFieldRow.php(147): Drupal\\views\\Plugin\\views\\field\\FieldPluginBase->advancedRender(Object(Drupal\\views\\ResultRow))\n#23 /home/sites/mscare/web/core/modules/rest/src/Plugin/views/style/Serializer.php(130): Drupal\\rest\\Plugin\\views\\row\\DataFieldRow->render(Object(Drupal\\views\\ResultRow))\n#24 /home/sites/mscare/web/core/modules/rest/src/Plugin/views/display/RestExport.php(450): Drupal\\rest\\Plugin\\views\\style\\Serializer->render()\n#25 /home/sites/mscare/web/core/lib/Drupal/Core/Render/Renderer.php(573): Drupal\\rest\\Plugin\\views\\display\\RestExport->Drupal\\rest\\Plugin\\views\\display\\{closure}()\n#26 /home/sites/mscare/web/core/modules/rest/src/Plugin/views/display/RestExport.php(451): Drupal\\Core\\Render\\Renderer->executeInRenderContext(Object(Drupal\\Core\\Render\\RenderContext), Object(Closure))\n#27 /home/sites/mscare/web/core/modules/views/src/ViewExecutable.php(1533): Drupal\\rest\\Plugin\\views\\display\\RestExport->render()\n#28 /home/sites/mscare/web/core/modules/rest/src/Plugin/views/display/RestExport.php(489): Drupal\\views\\ViewExecutable->render()\n#29 /home/sites/mscare/web/core/modules/views/src/ViewExecutable.php(1662): Drupal\\rest\\Plugin\\views\\display\\RestExport->preview()\n#30 /home/sites/mscare/web/core/modules/views_ui/src/ViewUI.php(605): Drupal\\views\\ViewExecutable->preview(\'rest_export_1\', Array)\n#31 /home/sites/mscare/web/core/modules/views_ui/src/ViewPreviewForm.php(62): Drupal\\views_ui\\ViewUI->renderPreview(\'rest_export_1\', Array)\n#32 /home/sites/mscare/web/core/lib/Drupal/Core/Entity/EntityForm.php(149): Drupal\\views_ui\\ViewPreviewForm->form(Array, Object(Drupal\\Core\\Form\\FormState))\n#33 /home/sites/mscare/web/core/modules/views_ui/src/ViewFormBase.php(41): Drupal\\Core\\Entity\\EntityForm->buildForm(Array, Object(Drupal\\Core\\Form\\FormState))\n#34 [internal function]: Drupal\\views_ui\\ViewFormBase->buildForm(Array, Object(Drupal\\Core\\Form\\FormState), \'rest_export_1\')\n#35 /home/sites/mscare/web/core/lib/Drupal/Core/Form/FormBuilder.php(532): call_user_func_array(Array, Array)\n#36 /home/sites/mscare/web/core/lib/Drupal/Core/Form/FormBuilder.php(371): Drupal\\Core\\Form\\FormBuilder->retrieveForm(\'view_preview_fo...\', Object(Drupal\\Core\\Form\\FormState))\n#37 /home/sites/mscare/web/core/lib/Drupal/Core/Form/FormBuilder.php(629): Drupal\\Core\\Form\\FormBuilder->rebuildForm(\'view_preview_fo...\', Object(Drupal\\Core\\Form\\FormState), Array)\n#38 /home/sites/mscare/web/core/lib/Drupal/Core/Form/FormBuilder.php(321): Drupal\\Core\\Form\\FormBuilder->processForm(\'view_preview_fo...\', Array, Object(Drupal\\Core\\Form\\FormState))\n#39 /home/sites/mscare/web/core/lib/Drupal/Core/Controller/FormController.php(91): Drupal\\Core\\Form\\FormBuilder->buildForm(Object(Drupal\\views_ui\\ViewPreviewForm), Object(Drupal\\Core\\Form\\FormState))\n#40 [internal function]: Drupal\\Core\\Controller\\FormController->getContentResult(Object(Symfony\\Component\\HttpFoundation\\Request), Object(Drupal\\Core\\Routing\\RouteMatch))\n#41 /home/sites/mscare/web/core/lib/Drupal/Core/EventSubscriber/EarlyRenderingControllerWrapperSubscriber.php(123): call_user_func_array(Array, Array)\n#42 /home/sites/mscare/web/core/lib/Drupal/Core/Render/Renderer.php(573): Drupal\\Core\\EventSubscriber\\EarlyRenderingControllerWrapperSubscriber->Drupal\\Core\\EventSubscriber\\{closure}()\n#43 /home/sites/mscare/web/core/lib/Drupal/Core/EventSubscriber/EarlyRenderingControllerWrapperSubscriber.php(124): Drupal\\Core\\Render\\Renderer->executeInRenderContext(Object(Drupal\\Core\\Render\\RenderContext), Object(Closure))\n#44 /home/sites/mscare/web/core/lib/Drupal/Core/EventSubscriber/EarlyRenderingControllerWrapperSubscriber.php(97): Drupal\\Core\\EventSubscriber\\EarlyRenderingControllerWrapperSubscriber->wrapControllerExecutionInRenderContext(Array, Array)\n#45 /home/sites/mscare/vendor/symfony/http-kernel/HttpKernel.php(151): Drupal\\Core\\EventSubscriber\\EarlyRenderingControllerWrapperSubscriber->Drupal\\Core\\EventSubscriber\\{closure}()\n#46 /home/sites/mscare/vendor/symfony/http-kernel/HttpKernel.php(68): Symfony\\Component\\HttpKernel\\HttpKernel->handleRaw(Object(Symfony\\Component\\HttpFoundation\\Request), 1)\n#47 /home/sites/mscare/web/core/lib/Drupal/Core/StackMiddleware/Session.php(57): Symfony\\Component\\HttpKernel\\HttpKernel->handle(Object(Symfony\\Component\\HttpFoundation\\Request), 1, true)\n#48 /home/sites/mscare/web/core/lib/Drupal/Core/StackMiddleware/KernelPreHandle.php(47): Drupal\\Core\\StackMiddleware\\Session->handle(Object(Symfony\\Component\\HttpFoundation\\Request), 1, true)\n#49 /home/sites/mscare/web/core/modules/page_cache/src/StackMiddleware/PageCache.php(106): Drupal\\Core\\StackMiddleware\\KernelPreHandle->handle(Object(Symfony\\Component\\HttpFoundation\\Request), 1, true)\n#50 /home/sites/mscare/web/core/modules/page_cache/src/StackMiddleware/PageCache.php(85): Drupal\\page_cache\\StackMiddleware\\PageCache->pass(Object(Symfony\\Component\\HttpFoundation\\Request), 1, true)\n#51 /home/sites/mscare/web/core/lib/Drupal/Core/StackMiddleware/ReverseProxyMiddleware.php(47): Drupal\\page_cache\\StackMiddleware\\PageCache->handle(Object(Symfony\\Component\\HttpFoundation\\Request), 1, true)\n#52 /home/sites/mscare/web/core/lib/Drupal/Core/StackMiddleware/NegotiationMiddleware.php(52): Drupal\\Core\\StackMiddleware\\ReverseProxyMiddleware->handle(Object(Symfony\\Component\\HttpFoundation\\Request), 1, true)\n#53 /home/sites/mscare/vendor/stack/builder/src/Stack/StackedHttpKernel.php(23): Drupal\\Core\\StackMiddleware\\NegotiationMiddleware->handle(Object(Symfony\\Component\\HttpFoundation\\Request), 1, true)\n#54 /home/sites/mscare/web/core/lib/Drupal/Core/DrupalKernel.php(708): Stack\\StackedHttpKernel->handle(Object(Symfony\\Component\\HttpFoundation\\Request), 1, true)\n#55 /home/sites/mscare/web/index.php(19): Drupal\\Core\\DrupalKernel->handle(Object(Symfony\\Component\\HttpFoundation\\Request))\n#56 {main}\";}',4,'','http://mscare.open.gr/admin/structure/views/view/webform_admin_panel/preview/rest_export_1?_wrapper_format=drupal_ajax','http://mscare.open.gr/admin/structure/views/view/webform_admin_panel/edit/rest_export_1','85.72.53.208',1601290258),(29040,0,'cron','Starting execution of @module_cron().','a:1:{s:7:\"@module\";s:7:\"comment\";}',5,'','http://mscare.open.gr/admin/structure/views/view/invitation_rest_export/preview/rest_export_1?_wrapper_format=drupal_ajax','http://mscare.open.gr/admin/structure/views/view/invitation_rest_export','85.72.53.208',1601296275),(29041,0,'cron','Starting execution of @module_cron(), execution of @module_previous_cron() took @time.','a:3:{s:7:\"@module\";s:5:\"dblog\";s:16:\"@module_previous\";s:7:\"comment\";s:5:\"@time\";s:20:\"2.0899999999999999ms\";}',5,'','http://mscare.open.gr/admin/structure/views/view/invitation_rest_export/preview/rest_export_1?_wrapper_format=drupal_ajax','http://mscare.open.gr/admin/structure/views/view/invitation_rest_export','85.72.53.208',1601296275),(29042,0,'cron','Starting execution of @module_cron(), execution of @module_previous_cron() took @time.','a:3:{s:7:\"@module\";s:5:\"field\";s:16:\"@module_previous\";s:5:\"dblog\";s:5:\"@time\";s:6:\"5.54ms\";}',5,'','http://mscare.open.gr/admin/structure/views/view/invitation_rest_export/preview/rest_export_1?_wrapper_format=drupal_ajax','http://mscare.open.gr/admin/structure/views/view/invitation_rest_export','85.72.53.208',1601296275),(29043,0,'cron','Starting execution of @module_cron(), execution of @module_previous_cron() took @time.','a:3:{s:7:\"@module\";s:4:\"file\";s:16:\"@module_previous\";s:5:\"field\";s:5:\"@time\";s:20:\"3.0699999999999998ms\";}',5,'','http://mscare.open.gr/admin/structure/views/view/invitation_rest_export/preview/rest_export_1?_wrapper_format=drupal_ajax','http://mscare.open.gr/admin/structure/views/view/invitation_rest_export','85.72.53.208',1601296275),(29044,0,'cron','Starting execution of @module_cron(), execution of @module_previous_cron() took @time.','a:3:{s:7:\"@module\";s:7:\"history\";s:16:\"@module_previous\";s:4:\"file\";s:5:\"@time\";s:20:\"8.7400000000000002ms\";}',5,'','http://mscare.open.gr/admin/structure/views/view/invitation_rest_export/preview/rest_export_1?_wrapper_format=drupal_ajax','http://mscare.open.gr/admin/structure/views/view/invitation_rest_export','85.72.53.208',1601296275),(29045,0,'cron','Starting execution of @module_cron(), execution of @module_previous_cron() took @time.','a:3:{s:7:\"@module\";s:4:\"node\";s:16:\"@module_previous\";s:7:\"history\";s:5:\"@time\";s:21:\"0.40000000000000002ms\";}',5,'','http://mscare.open.gr/admin/structure/views/view/invitation_rest_export/preview/rest_export_1?_wrapper_format=drupal_ajax','http://mscare.open.gr/admin/structure/views/view/invitation_rest_export','85.72.53.208',1601296275),(29046,0,'cron','Starting execution of @module_cron(), execution of @module_previous_cron() took @time.','a:3:{s:7:\"@module\";s:6:\"search\";s:16:\"@module_previous\";s:4:\"node\";s:5:\"@time\";s:20:\"15.720000000000001ms\";}',5,'','http://mscare.open.gr/admin/structure/views/view/invitation_rest_export/preview/rest_export_1?_wrapper_format=drupal_ajax','http://mscare.open.gr/admin/structure/views/view/invitation_rest_export','85.72.53.208',1601296275),(29047,0,'cron','Starting execution of @module_cron(), execution of @module_previous_cron() took @time.','a:3:{s:7:\"@module\";s:6:\"system\";s:16:\"@module_previous\";s:6:\"search\";s:5:\"@time\";s:20:\"14.470000000000001ms\";}',5,'','http://mscare.open.gr/admin/structure/views/view/invitation_rest_export/preview/rest_export_1?_wrapper_format=drupal_ajax','http://mscare.open.gr/admin/structure/views/view/invitation_rest_export','85.72.53.208',1601296275),(29048,0,'security','Security warning: Couldn\'t write .htaccess file. Please create a .htaccess file in your %directory directory which contains the following lines: <pre><code>@htaccess</code></pre>','a:2:{s:10:\"%directory\";s:10:\"private://\";s:9:\"@htaccess\";s:686:\"# Deny all requests from Apache 2.4+.\n<IfModule mod_authz_core.c>\n  Require all denied\n</IfModule>\n\n# Deny all requests from Apache 2.0-2.2.\n<IfModule !mod_authz_core.c>\n  Deny from all\n</IfModule>\n\n# Turn off all options we don\'t need.\nOptions -Indexes -ExecCGI -Includes -MultiViews\n\n# Set the catch-all handler to prevent scripts from being executed.\nSetHandler Drupal_Security_Do_Not_Remove_See_SA_2006_006\n<Files *>\n  # Override the handler again if we\'re run later in the evaluation list.\n  SetHandler Drupal_Security_Do_Not_Remove_See_SA_2013_003\n</Files>\n\n# If we know how to do it safely, disable the PHP engine entirely.\n<IfModule mod_php7.c>\n  php_flag engine off\n</IfModule>\";}',3,'','http://mscare.open.gr/admin/structure/views/view/invitation_rest_export/preview/rest_export_1?_wrapper_format=drupal_ajax','http://mscare.open.gr/admin/structure/views/view/invitation_rest_export','85.72.53.208',1601296275),(29049,0,'cron','Starting execution of @module_cron(), execution of @module_previous_cron() took @time.','a:3:{s:7:\"@module\";s:6:\"update\";s:16:\"@module_previous\";s:6:\"system\";s:5:\"@time\";s:20:\"25.989999999999998ms\";}',5,'','http://mscare.open.gr/admin/structure/views/view/invitation_rest_export/preview/rest_export_1?_wrapper_format=drupal_ajax','http://mscare.open.gr/admin/structure/views/view/invitation_rest_export','85.72.53.208',1601296275),(29050,0,'cron','Starting execution of @module_cron(), execution of @module_previous_cron() took @time.','a:3:{s:7:\"@module\";s:7:\"webform\";s:16:\"@module_previous\";s:6:\"update\";s:5:\"@time\";s:20:\"16.210000000000001ms\";}',5,'','http://mscare.open.gr/admin/structure/views/view/invitation_rest_export/preview/rest_export_1?_wrapper_format=drupal_ajax','http://mscare.open.gr/admin/structure/views/view/invitation_rest_export','85.72.53.208',1601296275),(29051,0,'cron','Execution of @module_previous_cron() took @time.','a:2:{s:16:\"@module_previous\";s:7:\"webform\";s:5:\"@time\";s:20:\"9.4700000000000006ms\";}',5,'','http://mscare.open.gr/admin/structure/views/view/invitation_rest_export/preview/rest_export_1?_wrapper_format=drupal_ajax','http://mscare.open.gr/admin/structure/views/view/invitation_rest_export','85.72.53.208',1601296275),(29052,0,'cron','Cron run completed.','a:0:{}',5,'','http://mscare.open.gr/admin/structure/views/view/invitation_rest_export/preview/rest_export_1?_wrapper_format=drupal_ajax','http://mscare.open.gr/admin/structure/views/view/invitation_rest_export','85.72.53.208',1601296275),(29053,1,'php','%type: @message in %function (line %line of %file) @backtrace_string.','a:6:{s:5:\"%type\";s:10:\"ParseError\";s:8:\"@message\";s:28:\"syntax error, unexpected \'%\'\";s:9:\"%function\";s:31:\"Composer\\Autoload\\includeFile()\";s:5:\"%file\";s:99:\"/home/sites/mscare/web/modules/custom/ma_handlers/src/Plugin/WebformHandler/MailReminderHandler.php\";s:5:\"%line\";i:66;s:17:\"@backtrace_string\";s:8976:\"#0 /home/sites/mscare/vendor/composer/ClassLoader.php(322): Composer\\Autoload\\includeFile(\'/home/sites/msc...\')\n#1 [internal function]: Composer\\Autoload\\ClassLoader->loadClass(\'Drupal\\\\ma_handl...\')\n#2 [internal function]: spl_autoload_call(\'Drupal\\\\ma_handl...\')\n#3 /home/sites/mscare/web/core/lib/Drupal/Component/Plugin/Factory/DefaultFactory.php(96): class_exists(\'Drupal\\\\ma_handl...\')\n#4 /home/sites/mscare/web/core/lib/Drupal/Core/Plugin/Factory/ContainerFactory.php(17): Drupal\\Component\\Plugin\\Factory\\DefaultFactory::getPluginClass(\'mail_reminder_h...\', Array, \'Drupal\\\\webform\\\\...\')\n#5 /home/sites/mscare/web/core/lib/Drupal/Component/Plugin/PluginManagerBase.php(76): Drupal\\Core\\Plugin\\Factory\\ContainerFactory->createInstance(\'mail_reminder_h...\', Array)\n#6 /home/sites/mscare/web/core/lib/Drupal/Core/Plugin/DefaultLazyPluginCollection.php(81): Drupal\\Component\\Plugin\\PluginManagerBase->createInstance(\'mail_reminder_h...\', Array)\n#7 /home/sites/mscare/web/modules/contrib/webform/src/Plugin/WebformHandlerPluginCollection.php(35): Drupal\\Core\\Plugin\\DefaultLazyPluginCollection->initializePlugin(\'mail_reminder_h...\')\n#8 /home/sites/mscare/web/core/lib/Drupal/Component/Plugin/LazyPluginCollection.php(80): Drupal\\webform\\Plugin\\WebformHandlerPluginCollection->initializePlugin(\'mail_reminder_h...\')\n#9 /home/sites/mscare/web/core/lib/Drupal/Component/Plugin/LazyPluginCollection.php(148): Drupal\\Component\\Plugin\\LazyPluginCollection->get(\'mail_reminder_h...\')\n#10 /home/sites/mscare/web/modules/contrib/webform/src/Entity/Webform.php(2457): Drupal\\Component\\Plugin\\LazyPluginCollection->getIterator()\n#11 /home/sites/mscare/web/modules/contrib/webform/src/Entity/Webform.php(2573): Drupal\\webform\\Entity\\Webform->getHandlers()\n#12 /home/sites/mscare/web/modules/contrib/webform/src/Entity/Webform.php(1476): Drupal\\webform\\Entity\\Webform->invokeHandlers(\'alterElements\', Array, Object(Drupal\\webform\\Entity\\Webform))\n#13 /home/sites/mscare/web/modules/contrib/webform/src/Entity/Webform.php(1244): Drupal\\webform\\Entity\\Webform->initElements()\n#14 /home/sites/mscare/web/modules/contrib/webform_views/src/WebformSubmissionViewsData.php(203): Drupal\\webform\\Entity\\Webform->getElementsInitializedAndFlattened()\n#15 /home/sites/mscare/web/core/modules/views/views.views.inc(178): Drupal\\webform_views\\WebformSubmissionViewsData->getViewsData()\n#16 [internal function]: views_views_data()\n#17 /home/sites/mscare/web/core/lib/Drupal/Core/Extension/ModuleHandler.php(392): call_user_func_array(\'views_views_dat...\', Array)\n#18 /home/sites/mscare/web/core/modules/views/src/ViewsData.php(245): Drupal\\Core\\Extension\\ModuleHandler->invoke(\'views\', \'views_data\')\n#19 /home/sites/mscare/web/core/modules/views/src/ViewsData.php(162): Drupal\\views\\ViewsData->getData()\n#20 /home/sites/mscare/web/core/modules/views/src/Plugin/Derivative/ViewsEntityRow.php(98): Drupal\\views\\ViewsData->get(\'block_content\')\n#21 /home/sites/mscare/web/core/lib/Drupal/Component/Plugin/Discovery/DerivativeDiscoveryDecorator.php(101): Drupal\\views\\Plugin\\Derivative\\ViewsEntityRow->getDerivativeDefinitions(Array)\n#22 /home/sites/mscare/web/core/lib/Drupal/Component/Plugin/Discovery/DerivativeDiscoveryDecorator.php(87): Drupal\\Component\\Plugin\\Discovery\\DerivativeDiscoveryDecorator->getDerivatives(Array)\n#23 /home/sites/mscare/web/core/lib/Drupal/Core/Plugin/DefaultPluginManager.php(284): Drupal\\Component\\Plugin\\Discovery\\DerivativeDiscoveryDecorator->getDefinitions()\n#24 /home/sites/mscare/web/core/lib/Drupal/Core/Plugin/DefaultPluginManager.php(175): Drupal\\Core\\Plugin\\DefaultPluginManager->findDefinitions()\n#25 /home/sites/mscare/web/core/lib/Drupal/Component/Plugin/Discovery/DiscoveryCachedTrait.php(22): Drupal\\Core\\Plugin\\DefaultPluginManager->getDefinitions()\n#26 /home/sites/mscare/web/core/lib/Drupal/Core/Plugin/Factory/ContainerFactory.php(16): Drupal\\Core\\Plugin\\DefaultPluginManager->getDefinition(\'node_rss\')\n#27 /home/sites/mscare/web/core/lib/Drupal/Component/Plugin/PluginManagerBase.php(83): Drupal\\Core\\Plugin\\Factory\\ContainerFactory->createInstance(\'node_rss\', Array)\n#28 /home/sites/mscare/web/core/modules/views/src/Plugin/views/display/DisplayPluginBase.php(817): Drupal\\Component\\Plugin\\PluginManagerBase->createInstance(\'node_rss\')\n#29 /home/sites/mscare/web/core/modules/views/src/Plugin/views/style/StylePluginBase.php(122): Drupal\\views\\Plugin\\views\\display\\DisplayPluginBase->getPlugin(\'row\')\n#30 /home/sites/mscare/web/core/modules/views/src/Plugin/views/display/DisplayPluginBase.php(820): Drupal\\views\\Plugin\\views\\style\\StylePluginBase->init(Object(Drupal\\views\\ViewExecutable), Object(Drupal\\views\\Plugin\\views\\display\\Feed), Array)\n#31 /home/sites/mscare/web/core/modules/views/src/ViewExecutable.php(882): Drupal\\views\\Plugin\\views\\display\\DisplayPluginBase->getPlugin(\'style\')\n#32 /home/sites/mscare/web/core/modules/views/src/ViewExecutable.php(1842): Drupal\\views\\ViewExecutable->initStyle()\n#33 /home/sites/mscare/web/core/modules/views/src/Plugin/views/display/PathPluginBase.php(132): Drupal\\views\\ViewExecutable->getTitle()\n#34 /home/sites/mscare/web/core/modules/views/src/Plugin/views/display/PathPluginBase.php(220): Drupal\\views\\Plugin\\views\\display\\PathPluginBase->getRoute(\'frontpage\', \'feed_1\')\n#35 /home/sites/mscare/web/core/modules/views/src/EventSubscriber/RouteSubscriber.php(120): Drupal\\views\\Plugin\\views\\display\\PathPluginBase->collectRoutes(Object(Symfony\\Component\\Routing\\RouteCollection))\n#36 [internal function]: Drupal\\views\\EventSubscriber\\RouteSubscriber->routes()\n#37 /home/sites/mscare/web/core/lib/Drupal/Core/Routing/RouteBuilder.php(146): call_user_func(Array)\n#38 /home/sites/mscare/web/core/lib/Drupal/Core/ProxyClass/Routing/RouteBuilder.php(83): Drupal\\Core\\Routing\\RouteBuilder->rebuild()\n#39 /home/sites/mscare/web/core/includes/common.inc(1090): Drupal\\Core\\ProxyClass\\Routing\\RouteBuilder->rebuild()\n#40 /home/sites/mscare/web/modules/contrib/admin_toolbar/admin_toolbar_tools/src/Controller/ToolbarController.php(205): drupal_flush_all_caches()\n#41 [internal function]: Drupal\\admin_toolbar_tools\\Controller\\ToolbarController->flushAll()\n#42 /home/sites/mscare/web/core/lib/Drupal/Core/EventSubscriber/EarlyRenderingControllerWrapperSubscriber.php(123): call_user_func_array(Array, Array)\n#43 /home/sites/mscare/web/core/lib/Drupal/Core/Render/Renderer.php(573): Drupal\\Core\\EventSubscriber\\EarlyRenderingControllerWrapperSubscriber->Drupal\\Core\\EventSubscriber\\{closure}()\n#44 /home/sites/mscare/web/core/lib/Drupal/Core/EventSubscriber/EarlyRenderingControllerWrapperSubscriber.php(124): Drupal\\Core\\Render\\Renderer->executeInRenderContext(Object(Drupal\\Core\\Render\\RenderContext), Object(Closure))\n#45 /home/sites/mscare/web/core/lib/Drupal/Core/EventSubscriber/EarlyRenderingControllerWrapperSubscriber.php(97): Drupal\\Core\\EventSubscriber\\EarlyRenderingControllerWrapperSubscriber->wrapControllerExecutionInRenderContext(Array, Array)\n#46 /home/sites/mscare/vendor/symfony/http-kernel/HttpKernel.php(151): Drupal\\Core\\EventSubscriber\\EarlyRenderingControllerWrapperSubscriber->Drupal\\Core\\EventSubscriber\\{closure}()\n#47 /home/sites/mscare/vendor/symfony/http-kernel/HttpKernel.php(68): Symfony\\Component\\HttpKernel\\HttpKernel->handleRaw(Object(Symfony\\Component\\HttpFoundation\\Request), 1)\n#48 /home/sites/mscare/web/core/lib/Drupal/Core/StackMiddleware/Session.php(57): Symfony\\Component\\HttpKernel\\HttpKernel->handle(Object(Symfony\\Component\\HttpFoundation\\Request), 1, true)\n#49 /home/sites/mscare/web/core/lib/Drupal/Core/StackMiddleware/KernelPreHandle.php(47): Drupal\\Core\\StackMiddleware\\Session->handle(Object(Symfony\\Component\\HttpFoundation\\Request), 1, true)\n#50 /home/sites/mscare/web/core/modules/page_cache/src/StackMiddleware/PageCache.php(106): Drupal\\Core\\StackMiddleware\\KernelPreHandle->handle(Object(Symfony\\Component\\HttpFoundation\\Request), 1, true)\n#51 /home/sites/mscare/web/core/modules/page_cache/src/StackMiddleware/PageCache.php(85): Drupal\\page_cache\\StackMiddleware\\PageCache->pass(Object(Symfony\\Component\\HttpFoundation\\Request), 1, true)\n#52 /home/sites/mscare/web/core/lib/Drupal/Core/StackMiddleware/ReverseProxyMiddleware.php(47): Drupal\\page_cache\\StackMiddleware\\PageCache->handle(Object(Symfony\\Component\\HttpFoundation\\Request), 1, true)\n#53 /home/sites/mscare/web/core/lib/Drupal/Core/StackMiddleware/NegotiationMiddleware.php(52): Drupal\\Core\\StackMiddleware\\ReverseProxyMiddleware->handle(Object(Symfony\\Component\\HttpFoundation\\Request), 1, true)\n#54 /home/sites/mscare/vendor/stack/builder/src/Stack/StackedHttpKernel.php(23): Drupal\\Core\\StackMiddleware\\NegotiationMiddleware->handle(Object(Symfony\\Component\\HttpFoundation\\Request), 1, true)\n#55 /home/sites/mscare/web/core/lib/Drupal/Core/DrupalKernel.php(708): Stack\\StackedHttpKernel->handle(Object(Symfony\\Component\\HttpFoundation\\Request), 1, true)\n#56 /home/sites/mscare/web/index.php(19): Drupal\\Core\\DrupalKernel->handle(Object(Symfony\\Component\\HttpFoundation\\Request))\n#57 {main}\";}',3,'','http://mscare.open.gr/admin/flush?token=m0wYIzqmtrvQTbXtqiG8Q6bIY7dvawkPxaDkleKmU9E','http://mscare.open.gr/form/mscu-ecf-2020','85.72.53.208',1601296588),(29054,1,'php','%type: @message in %function (line %line of %file) @backtrace_string.','a:6:{s:5:\"%type\";s:10:\"ParseError\";s:8:\"@message\";s:50:\"syntax error, unexpected \'$send_mail\' (T_VARIABLE)\";s:9:\"%function\";s:31:\"Composer\\Autoload\\includeFile()\";s:5:\"%file\";s:99:\"/home/sites/mscare/web/modules/custom/ma_handlers/src/Plugin/WebformHandler/MailReminderHandler.php\";s:5:\"%line\";i:71;s:17:\"@backtrace_string\";s:7648:\"#0 /home/sites/mscare/vendor/composer/ClassLoader.php(322): Composer\\Autoload\\includeFile(\'/home/sites/msc...\')\n#1 [internal function]: Composer\\Autoload\\ClassLoader->loadClass(\'Drupal\\\\ma_handl...\')\n#2 [internal function]: spl_autoload_call(\'Drupal\\\\ma_handl...\')\n#3 /home/sites/mscare/web/core/lib/Drupal/Component/Plugin/Factory/DefaultFactory.php(96): class_exists(\'Drupal\\\\ma_handl...\')\n#4 /home/sites/mscare/web/core/lib/Drupal/Core/Plugin/Factory/ContainerFactory.php(17): Drupal\\Component\\Plugin\\Factory\\DefaultFactory::getPluginClass(\'mail_reminder_h...\', Array, \'Drupal\\\\webform\\\\...\')\n#5 /home/sites/mscare/web/core/lib/Drupal/Component/Plugin/PluginManagerBase.php(76): Drupal\\Core\\Plugin\\Factory\\ContainerFactory->createInstance(\'mail_reminder_h...\', Array)\n#6 /home/sites/mscare/web/core/lib/Drupal/Core/Plugin/DefaultLazyPluginCollection.php(81): Drupal\\Component\\Plugin\\PluginManagerBase->createInstance(\'mail_reminder_h...\', Array)\n#7 /home/sites/mscare/web/modules/contrib/webform/src/Plugin/WebformHandlerPluginCollection.php(35): Drupal\\Core\\Plugin\\DefaultLazyPluginCollection->initializePlugin(\'mail_reminder_h...\')\n#8 /home/sites/mscare/web/core/lib/Drupal/Component/Plugin/LazyPluginCollection.php(80): Drupal\\webform\\Plugin\\WebformHandlerPluginCollection->initializePlugin(\'mail_reminder_h...\')\n#9 /home/sites/mscare/web/core/lib/Drupal/Component/Plugin/LazyPluginCollection.php(148): Drupal\\Component\\Plugin\\LazyPluginCollection->get(\'mail_reminder_h...\')\n#10 /home/sites/mscare/web/modules/contrib/webform/src/Entity/Webform.php(2457): Drupal\\Component\\Plugin\\LazyPluginCollection->getIterator()\n#11 /home/sites/mscare/web/modules/contrib/webform/src/Entity/Webform.php(2573): Drupal\\webform\\Entity\\Webform->getHandlers()\n#12 /home/sites/mscare/web/modules/contrib/webform/src/Entity/Webform.php(1476): Drupal\\webform\\Entity\\Webform->invokeHandlers(\'alterElements\', Array, Object(Drupal\\webform\\Entity\\Webform))\n#13 /home/sites/mscare/web/modules/contrib/webform/src/Entity/Webform.php(860): Drupal\\webform\\Entity\\Webform->initElements()\n#14 /home/sites/mscare/web/modules/contrib/webform/includes/webform.libraries.inc(23): Drupal\\webform\\Entity\\Webform->getAssets()\n#15 [internal function]: webform_library_info_build()\n#16 /home/sites/mscare/web/core/lib/Drupal/Core/Extension/ModuleHandler.php(392): call_user_func_array(\'webform_library...\', Array)\n#17 /home/sites/mscare/web/core/lib/Drupal/Core/Asset/LibraryDiscoveryParser.php(359): Drupal\\Core\\Extension\\ModuleHandler->invoke(\'webform\', \'library_info_bu...\')\n#18 /home/sites/mscare/web/core/lib/Drupal/Core/Asset/LibraryDiscoveryParser.php(115): Drupal\\Core\\Asset\\LibraryDiscoveryParser->parseLibraryInfo(\'webform\', \'modules/contrib...\')\n#19 /home/sites/mscare/web/core/lib/Drupal/Core/Asset/LibraryDiscoveryCollector.php(87): Drupal\\Core\\Asset\\LibraryDiscoveryParser->buildByExtension(\'webform\')\n#20 /home/sites/mscare/web/core/lib/Drupal/Core/Asset/LibraryDiscoveryCollector.php(66): Drupal\\Core\\Asset\\LibraryDiscoveryCollector->getLibraryDefinitions(\'webform\')\n#21 /home/sites/mscare/web/core/lib/Drupal/Core/Cache/CacheCollector.php(149): Drupal\\Core\\Asset\\LibraryDiscoveryCollector->resolveCacheMiss(\'webform\')\n#22 /home/sites/mscare/web/core/lib/Drupal/Core/Asset/LibraryDiscovery.php(44): Drupal\\Core\\Cache\\CacheCollector->get(\'webform\')\n#23 /home/sites/mscare/web/core/lib/Drupal/Core/Asset/LibraryDiscovery.php(58): Drupal\\Core\\Asset\\LibraryDiscovery->getLibrariesByExtension(\'webform\')\n#24 /home/sites/mscare/web/core/lib/Drupal/Core/Asset/LibraryDependencyResolver.php(54): Drupal\\Core\\Asset\\LibraryDiscovery->getLibraryByName(\'webform\', \'webform.composi...\')\n#25 /home/sites/mscare/web/core/lib/Drupal/Core/Asset/LibraryDependencyResolver.php(31): Drupal\\Core\\Asset\\LibraryDependencyResolver->doGetDependencies(Array)\n#26 /home/sites/mscare/web/core/lib/Drupal/Core/Asset/AssetResolver.php(105): Drupal\\Core\\Asset\\LibraryDependencyResolver->getLibrariesWithDependencies(Array)\n#27 /home/sites/mscare/web/core/lib/Drupal/Core/Asset/AssetResolver.php(116): Drupal\\Core\\Asset\\AssetResolver->getLibrariesToLoad(Object(Drupal\\Core\\Asset\\AttachedAssets))\n#28 /home/sites/mscare/web/core/lib/Drupal/Core/Ajax/AjaxResponseAttachmentsProcessor.php(144): Drupal\\Core\\Asset\\AssetResolver->getCssAssets(Object(Drupal\\Core\\Asset\\AttachedAssets), false)\n#29 /home/sites/mscare/web/core/lib/Drupal/Core/Ajax/AjaxResponseAttachmentsProcessor.php(113): Drupal\\Core\\Ajax\\AjaxResponseAttachmentsProcessor->buildAttachmentsCommands(Object(Drupal\\Core\\Ajax\\AjaxResponse), Object(Symfony\\Component\\HttpFoundation\\Request))\n#30 /home/sites/mscare/web/core/lib/Drupal/Core/EventSubscriber/AjaxResponseSubscriber.php(62): Drupal\\Core\\Ajax\\AjaxResponseAttachmentsProcessor->processAttachments(Object(Drupal\\Core\\Ajax\\AjaxResponse))\n#31 [internal function]: Drupal\\Core\\EventSubscriber\\AjaxResponseSubscriber->onResponse(Object(Symfony\\Component\\HttpKernel\\Event\\FilterResponseEvent), \'kernel.response\', Object(Drupal\\Component\\EventDispatcher\\ContainerAwareEventDispatcher))\n#32 /home/sites/mscare/web/core/lib/Drupal/Component/EventDispatcher/ContainerAwareEventDispatcher.php(111): call_user_func(Array, Object(Symfony\\Component\\HttpKernel\\Event\\FilterResponseEvent), \'kernel.response\', Object(Drupal\\Component\\EventDispatcher\\ContainerAwareEventDispatcher))\n#33 /home/sites/mscare/vendor/symfony/http-kernel/HttpKernel.php(191): Drupal\\Component\\EventDispatcher\\ContainerAwareEventDispatcher->dispatch(\'kernel.response\', Object(Symfony\\Component\\HttpKernel\\Event\\FilterResponseEvent))\n#34 /home/sites/mscare/vendor/symfony/http-kernel/HttpKernel.php(173): Symfony\\Component\\HttpKernel\\HttpKernel->filterResponse(Object(Drupal\\Core\\Ajax\\AjaxResponse), Object(Symfony\\Component\\HttpFoundation\\Request), 1)\n#35 /home/sites/mscare/vendor/symfony/http-kernel/HttpKernel.php(68): Symfony\\Component\\HttpKernel\\HttpKernel->handleRaw(Object(Symfony\\Component\\HttpFoundation\\Request), 1)\n#36 /home/sites/mscare/web/core/lib/Drupal/Core/StackMiddleware/Session.php(57): Symfony\\Component\\HttpKernel\\HttpKernel->handle(Object(Symfony\\Component\\HttpFoundation\\Request), 1, true)\n#37 /home/sites/mscare/web/core/lib/Drupal/Core/StackMiddleware/KernelPreHandle.php(47): Drupal\\Core\\StackMiddleware\\Session->handle(Object(Symfony\\Component\\HttpFoundation\\Request), 1, true)\n#38 /home/sites/mscare/web/core/modules/page_cache/src/StackMiddleware/PageCache.php(106): Drupal\\Core\\StackMiddleware\\KernelPreHandle->handle(Object(Symfony\\Component\\HttpFoundation\\Request), 1, true)\n#39 /home/sites/mscare/web/core/modules/page_cache/src/StackMiddleware/PageCache.php(85): Drupal\\page_cache\\StackMiddleware\\PageCache->pass(Object(Symfony\\Component\\HttpFoundation\\Request), 1, true)\n#40 /home/sites/mscare/web/core/lib/Drupal/Core/StackMiddleware/ReverseProxyMiddleware.php(47): Drupal\\page_cache\\StackMiddleware\\PageCache->handle(Object(Symfony\\Component\\HttpFoundation\\Request), 1, true)\n#41 /home/sites/mscare/web/core/lib/Drupal/Core/StackMiddleware/NegotiationMiddleware.php(52): Drupal\\Core\\StackMiddleware\\ReverseProxyMiddleware->handle(Object(Symfony\\Component\\HttpFoundation\\Request), 1, true)\n#42 /home/sites/mscare/vendor/stack/builder/src/Stack/StackedHttpKernel.php(23): Drupal\\Core\\StackMiddleware\\NegotiationMiddleware->handle(Object(Symfony\\Component\\HttpFoundation\\Request), 1, true)\n#43 /home/sites/mscare/web/core/lib/Drupal/Core/DrupalKernel.php(708): Stack\\StackedHttpKernel->handle(Object(Symfony\\Component\\HttpFoundation\\Request), 1, true)\n#44 /home/sites/mscare/web/index.php(19): Drupal\\Core\\DrupalKernel->handle(Object(Symfony\\Component\\HttpFoundation\\Request))\n#45 {main}\";}',3,'','http://mscare.open.gr/quickedit/attachments?_wrapper_format=drupal_ajax','http://mscare.open.gr/form/mscu-ecf-2020','85.72.53.208',1601296645),(29055,1,'php','%type: @message in %function (line %line of %file) @backtrace_string.','a:6:{s:5:\"%type\";s:10:\"ParseError\";s:8:\"@message\";s:50:\"syntax error, unexpected \'$send_mail\' (T_VARIABLE)\";s:9:\"%function\";s:31:\"Composer\\Autoload\\includeFile()\";s:5:\"%file\";s:99:\"/home/sites/mscare/web/modules/custom/ma_handlers/src/Plugin/WebformHandler/MailReminderHandler.php\";s:5:\"%line\";i:71;s:17:\"@backtrace_string\";s:8976:\"#0 /home/sites/mscare/vendor/composer/ClassLoader.php(322): Composer\\Autoload\\includeFile(\'/home/sites/msc...\')\n#1 [internal function]: Composer\\Autoload\\ClassLoader->loadClass(\'Drupal\\\\ma_handl...\')\n#2 [internal function]: spl_autoload_call(\'Drupal\\\\ma_handl...\')\n#3 /home/sites/mscare/web/core/lib/Drupal/Component/Plugin/Factory/DefaultFactory.php(96): class_exists(\'Drupal\\\\ma_handl...\')\n#4 /home/sites/mscare/web/core/lib/Drupal/Core/Plugin/Factory/ContainerFactory.php(17): Drupal\\Component\\Plugin\\Factory\\DefaultFactory::getPluginClass(\'mail_reminder_h...\', Array, \'Drupal\\\\webform\\\\...\')\n#5 /home/sites/mscare/web/core/lib/Drupal/Component/Plugin/PluginManagerBase.php(76): Drupal\\Core\\Plugin\\Factory\\ContainerFactory->createInstance(\'mail_reminder_h...\', Array)\n#6 /home/sites/mscare/web/core/lib/Drupal/Core/Plugin/DefaultLazyPluginCollection.php(81): Drupal\\Component\\Plugin\\PluginManagerBase->createInstance(\'mail_reminder_h...\', Array)\n#7 /home/sites/mscare/web/modules/contrib/webform/src/Plugin/WebformHandlerPluginCollection.php(35): Drupal\\Core\\Plugin\\DefaultLazyPluginCollection->initializePlugin(\'mail_reminder_h...\')\n#8 /home/sites/mscare/web/core/lib/Drupal/Component/Plugin/LazyPluginCollection.php(80): Drupal\\webform\\Plugin\\WebformHandlerPluginCollection->initializePlugin(\'mail_reminder_h...\')\n#9 /home/sites/mscare/web/core/lib/Drupal/Component/Plugin/LazyPluginCollection.php(148): Drupal\\Component\\Plugin\\LazyPluginCollection->get(\'mail_reminder_h...\')\n#10 /home/sites/mscare/web/modules/contrib/webform/src/Entity/Webform.php(2457): Drupal\\Component\\Plugin\\LazyPluginCollection->getIterator()\n#11 /home/sites/mscare/web/modules/contrib/webform/src/Entity/Webform.php(2573): Drupal\\webform\\Entity\\Webform->getHandlers()\n#12 /home/sites/mscare/web/modules/contrib/webform/src/Entity/Webform.php(1476): Drupal\\webform\\Entity\\Webform->invokeHandlers(\'alterElements\', Array, Object(Drupal\\webform\\Entity\\Webform))\n#13 /home/sites/mscare/web/modules/contrib/webform/src/Entity/Webform.php(1244): Drupal\\webform\\Entity\\Webform->initElements()\n#14 /home/sites/mscare/web/modules/contrib/webform_views/src/WebformSubmissionViewsData.php(203): Drupal\\webform\\Entity\\Webform->getElementsInitializedAndFlattened()\n#15 /home/sites/mscare/web/core/modules/views/views.views.inc(178): Drupal\\webform_views\\WebformSubmissionViewsData->getViewsData()\n#16 [internal function]: views_views_data()\n#17 /home/sites/mscare/web/core/lib/Drupal/Core/Extension/ModuleHandler.php(392): call_user_func_array(\'views_views_dat...\', Array)\n#18 /home/sites/mscare/web/core/modules/views/src/ViewsData.php(245): Drupal\\Core\\Extension\\ModuleHandler->invoke(\'views\', \'views_data\')\n#19 /home/sites/mscare/web/core/modules/views/src/ViewsData.php(162): Drupal\\views\\ViewsData->getData()\n#20 /home/sites/mscare/web/core/modules/views/src/Plugin/Derivative/ViewsEntityRow.php(98): Drupal\\views\\ViewsData->get(\'block_content\')\n#21 /home/sites/mscare/web/core/lib/Drupal/Component/Plugin/Discovery/DerivativeDiscoveryDecorator.php(101): Drupal\\views\\Plugin\\Derivative\\ViewsEntityRow->getDerivativeDefinitions(Array)\n#22 /home/sites/mscare/web/core/lib/Drupal/Component/Plugin/Discovery/DerivativeDiscoveryDecorator.php(87): Drupal\\Component\\Plugin\\Discovery\\DerivativeDiscoveryDecorator->getDerivatives(Array)\n#23 /home/sites/mscare/web/core/lib/Drupal/Core/Plugin/DefaultPluginManager.php(284): Drupal\\Component\\Plugin\\Discovery\\DerivativeDiscoveryDecorator->getDefinitions()\n#24 /home/sites/mscare/web/core/lib/Drupal/Core/Plugin/DefaultPluginManager.php(175): Drupal\\Core\\Plugin\\DefaultPluginManager->findDefinitions()\n#25 /home/sites/mscare/web/core/lib/Drupal/Component/Plugin/Discovery/DiscoveryCachedTrait.php(22): Drupal\\Core\\Plugin\\DefaultPluginManager->getDefinitions()\n#26 /home/sites/mscare/web/core/lib/Drupal/Core/Plugin/Factory/ContainerFactory.php(16): Drupal\\Core\\Plugin\\DefaultPluginManager->getDefinition(\'node_rss\')\n#27 /home/sites/mscare/web/core/lib/Drupal/Component/Plugin/PluginManagerBase.php(83): Drupal\\Core\\Plugin\\Factory\\ContainerFactory->createInstance(\'node_rss\', Array)\n#28 /home/sites/mscare/web/core/modules/views/src/Plugin/views/display/DisplayPluginBase.php(817): Drupal\\Component\\Plugin\\PluginManagerBase->createInstance(\'node_rss\')\n#29 /home/sites/mscare/web/core/modules/views/src/Plugin/views/style/StylePluginBase.php(122): Drupal\\views\\Plugin\\views\\display\\DisplayPluginBase->getPlugin(\'row\')\n#30 /home/sites/mscare/web/core/modules/views/src/Plugin/views/display/DisplayPluginBase.php(820): Drupal\\views\\Plugin\\views\\style\\StylePluginBase->init(Object(Drupal\\views\\ViewExecutable), Object(Drupal\\views\\Plugin\\views\\display\\Feed), Array)\n#31 /home/sites/mscare/web/core/modules/views/src/ViewExecutable.php(882): Drupal\\views\\Plugin\\views\\display\\DisplayPluginBase->getPlugin(\'style\')\n#32 /home/sites/mscare/web/core/modules/views/src/ViewExecutable.php(1842): Drupal\\views\\ViewExecutable->initStyle()\n#33 /home/sites/mscare/web/core/modules/views/src/Plugin/views/display/PathPluginBase.php(132): Drupal\\views\\ViewExecutable->getTitle()\n#34 /home/sites/mscare/web/core/modules/views/src/Plugin/views/display/PathPluginBase.php(220): Drupal\\views\\Plugin\\views\\display\\PathPluginBase->getRoute(\'frontpage\', \'feed_1\')\n#35 /home/sites/mscare/web/core/modules/views/src/EventSubscriber/RouteSubscriber.php(120): Drupal\\views\\Plugin\\views\\display\\PathPluginBase->collectRoutes(Object(Symfony\\Component\\Routing\\RouteCollection))\n#36 [internal function]: Drupal\\views\\EventSubscriber\\RouteSubscriber->routes()\n#37 /home/sites/mscare/web/core/lib/Drupal/Core/Routing/RouteBuilder.php(146): call_user_func(Array)\n#38 /home/sites/mscare/web/core/lib/Drupal/Core/ProxyClass/Routing/RouteBuilder.php(83): Drupal\\Core\\Routing\\RouteBuilder->rebuild()\n#39 /home/sites/mscare/web/core/includes/common.inc(1090): Drupal\\Core\\ProxyClass\\Routing\\RouteBuilder->rebuild()\n#40 /home/sites/mscare/web/modules/contrib/admin_toolbar/admin_toolbar_tools/src/Controller/ToolbarController.php(205): drupal_flush_all_caches()\n#41 [internal function]: Drupal\\admin_toolbar_tools\\Controller\\ToolbarController->flushAll()\n#42 /home/sites/mscare/web/core/lib/Drupal/Core/EventSubscriber/EarlyRenderingControllerWrapperSubscriber.php(123): call_user_func_array(Array, Array)\n#43 /home/sites/mscare/web/core/lib/Drupal/Core/Render/Renderer.php(573): Drupal\\Core\\EventSubscriber\\EarlyRenderingControllerWrapperSubscriber->Drupal\\Core\\EventSubscriber\\{closure}()\n#44 /home/sites/mscare/web/core/lib/Drupal/Core/EventSubscriber/EarlyRenderingControllerWrapperSubscriber.php(124): Drupal\\Core\\Render\\Renderer->executeInRenderContext(Object(Drupal\\Core\\Render\\RenderContext), Object(Closure))\n#45 /home/sites/mscare/web/core/lib/Drupal/Core/EventSubscriber/EarlyRenderingControllerWrapperSubscriber.php(97): Drupal\\Core\\EventSubscriber\\EarlyRenderingControllerWrapperSubscriber->wrapControllerExecutionInRenderContext(Array, Array)\n#46 /home/sites/mscare/vendor/symfony/http-kernel/HttpKernel.php(151): Drupal\\Core\\EventSubscriber\\EarlyRenderingControllerWrapperSubscriber->Drupal\\Core\\EventSubscriber\\{closure}()\n#47 /home/sites/mscare/vendor/symfony/http-kernel/HttpKernel.php(68): Symfony\\Component\\HttpKernel\\HttpKernel->handleRaw(Object(Symfony\\Component\\HttpFoundation\\Request), 1)\n#48 /home/sites/mscare/web/core/lib/Drupal/Core/StackMiddleware/Session.php(57): Symfony\\Component\\HttpKernel\\HttpKernel->handle(Object(Symfony\\Component\\HttpFoundation\\Request), 1, true)\n#49 /home/sites/mscare/web/core/lib/Drupal/Core/StackMiddleware/KernelPreHandle.php(47): Drupal\\Core\\StackMiddleware\\Session->handle(Object(Symfony\\Component\\HttpFoundation\\Request), 1, true)\n#50 /home/sites/mscare/web/core/modules/page_cache/src/StackMiddleware/PageCache.php(106): Drupal\\Core\\StackMiddleware\\KernelPreHandle->handle(Object(Symfony\\Component\\HttpFoundation\\Request), 1, true)\n#51 /home/sites/mscare/web/core/modules/page_cache/src/StackMiddleware/PageCache.php(85): Drupal\\page_cache\\StackMiddleware\\PageCache->pass(Object(Symfony\\Component\\HttpFoundation\\Request), 1, true)\n#52 /home/sites/mscare/web/core/lib/Drupal/Core/StackMiddleware/ReverseProxyMiddleware.php(47): Drupal\\page_cache\\StackMiddleware\\PageCache->handle(Object(Symfony\\Component\\HttpFoundation\\Request), 1, true)\n#53 /home/sites/mscare/web/core/lib/Drupal/Core/StackMiddleware/NegotiationMiddleware.php(52): Drupal\\Core\\StackMiddleware\\ReverseProxyMiddleware->handle(Object(Symfony\\Component\\HttpFoundation\\Request), 1, true)\n#54 /home/sites/mscare/vendor/stack/builder/src/Stack/StackedHttpKernel.php(23): Drupal\\Core\\StackMiddleware\\NegotiationMiddleware->handle(Object(Symfony\\Component\\HttpFoundation\\Request), 1, true)\n#55 /home/sites/mscare/web/core/lib/Drupal/Core/DrupalKernel.php(708): Stack\\StackedHttpKernel->handle(Object(Symfony\\Component\\HttpFoundation\\Request), 1, true)\n#56 /home/sites/mscare/web/index.php(19): Drupal\\Core\\DrupalKernel->handle(Object(Symfony\\Component\\HttpFoundation\\Request))\n#57 {main}\";}',3,'','http://mscare.open.gr/admin/flush?token=m0wYIzqmtrvQTbXtqiG8Q6bIY7dvawkPxaDkleKmU9E','http://mscare.open.gr/form/mscu-ecf-2020','85.72.53.208',1601296650),(29056,1,'myformhandler','MyHandler got form data:Array\n(\n    [1] => gmak@open.gr\n    [2] => amilia@open.gr\n    [3] => ggia@open.gr\n    [4] => vassilakis@open.gr\n    [5] => gkar@open.gr\n)\n','a:0:{}',4,'','http://mscare.open.gr/node/594','http://mscare.open.gr/node/594','85.72.53.208',1601296769),(29057,1,'webform','@title created.','a:2:{s:3:\"@id\";s:3:\"155\";s:6:\"@title\";s:37:\"MSCU – ECF – 2020: Submission #49\";}',5,'<a href=\"/admin/structure/webform/manage/email_reminder/submission/155/edit\" hreflang=\"en\">Edit</a>','http://mscare.open.gr/node/594','http://mscare.open.gr/node/594','85.72.53.208',1601296769),(29058,1,'myformhandler','MyHandler got form data:Array\n(\n    [1] => gmak@open.gr\n    [2] => amilia@open.gr\n    [3] => ggia@open.gr\n    [4] => vassilakis@open.gr\n    [5] => gkar@open.gr\n)\n','a:0:{}',4,'','http://mscare.open.gr/node/594','http://mscare.open.gr/node/594','85.72.53.208',1601296998),(29059,1,'webform','@title created.','a:2:{s:3:\"@id\";s:3:\"156\";s:6:\"@title\";s:37:\"MSCU – ECF – 2020: Submission #50\";}',5,'<a href=\"/admin/structure/webform/manage/email_reminder/submission/156/edit\" hreflang=\"en\">Edit</a>','http://mscare.open.gr/node/594','http://mscare.open.gr/node/594','85.72.53.208',1601296998),(29060,1,'myformhandler','MyHandler got form data:Array\n(\n    [1] => gmak@open.gr\n    [2] => amilia@open.gr\n    [3] => ggia@open.gr\n    [4] => vassilakis@open.gr\n    [5] => gkar@open.gr\n)\n','a:0:{}',4,'','http://mscare.open.gr/node/594','http://mscare.open.gr/node/594','85.72.53.208',1601297243),(29061,1,'webform','@title created.','a:2:{s:3:\"@id\";s:3:\"157\";s:6:\"@title\";s:37:\"MSCU – ECF – 2020: Submission #51\";}',5,'<a href=\"/admin/structure/webform/manage/email_reminder/submission/157/edit\" hreflang=\"en\">Edit</a>','http://mscare.open.gr/node/594','http://mscare.open.gr/node/594','85.72.53.208',1601297243),(29062,0,'webform','@title created.','a:2:{s:3:\"@id\";s:3:\"158\";s:6:\"@title\";s:36:\"MSCU – ECF – 2020: Submission #6\";}',5,'<a href=\"/admin/structure/webform/manage/mscu_ecf_2020/submission/158/edit\" hreflang=\"en\">Edit</a>','http://mscare.open.gr/form/mscu-ecf-2020?email=vassilakis%40open.gr','http://mscare.open.gr/form/mscu-ecf-2020?email=vassilakis%40open.gr','85.72.53.208',1601297443),(29063,1,'webform','Deleted @form: Submission #@id.','a:2:{s:3:\"@id\";s:3:\"158\";s:5:\"@form\";s:21:\"MSCU – ECF – 2020\";}',5,'','http://mscare.open.gr/admin/structure/webform/manage/mscu_ecf_2020/submission/158/delete?_wrapper_format=drupal_ajax&_wrapper_format=drupal_modal&ajax_form=1&destination=%2Fadmin%2Fstructure%2Fwebform%2Fmanage%2Fmscu_ecf_2020%2Fresults%2Fsubmissions','http://mscare.open.gr/admin/structure/webform/manage/mscu_ecf_2020/results/submissions','85.72.53.208',1601297708),(29064,0,'webform','@title created.','a:2:{s:3:\"@id\";s:3:\"159\";s:6:\"@title\";s:36:\"MSCU – ECF – 2020: Submission #7\";}',5,'<a href=\"/admin/structure/webform/manage/mscu_ecf_2020/submission/159/edit\" hreflang=\"en\">Edit</a>','http://mscare.open.gr/node/594/webform?email=vassilakis%40open.gr','http://mscare.open.gr/node/594/webform?email=vassilakis%40open.gr','85.72.53.208',1601298284),(29065,0,'access denied','Path: @uri. %type: @message in %function (line %line of %file).','a:6:{s:5:\"%type\";s:64:\"Symfony\\Component\\HttpKernel\\Exception\\AccessDeniedHttpException\";s:8:\"@message\";s:0:\"\";s:9:\"%function\";s:82:\"Drupal\\permissions_by_term\\Listener\\KernelEventListener->handleAccessToNodePages()\";s:5:\"%file\";s:95:\"/home/sites/mscare/web/modules/contrib/permissions_by_term/src/Listener/KernelEventListener.php\";s:5:\"%line\";i:179;s:4:\"@uri\";s:107:\"/node/594/webform/confirmation?email=vassilakis%40open.gr&token=LTm3MM5aHtaJVxPXs6FDCw3KwuwcK7mMqQYXC8H4wd0\";}',4,'','http://mscare.open.gr/node/594/webform/confirmation?email=vassilakis%40open.gr&token=LTm3MM5aHtaJVxPXs6FDCw3KwuwcK7mMqQYXC8H4wd0','http://mscare.open.gr/node/594/webform?email=vassilakis%40open.gr','85.72.53.208',1601298285),(29066,1,'webform','Webform settings @label has been saved.','a:1:{s:6:\"@label\";s:21:\"MSCU – ECF – 2020\";}',5,'<a href=\"/admin/structure/webform/manage/mscu_ecf_2020/settings\">Edit</a>','http://mscare.open.gr/admin/structure/webform/manage/mscu_ecf_2020/settings/confirmation','http://mscare.open.gr/admin/structure/webform/manage/mscu_ecf_2020/settings/confirmation','85.72.53.208',1601298415),(29067,1,'webform','Deleted @form: Submission #@id.','a:2:{s:3:\"@id\";s:3:\"159\";s:5:\"@form\";s:21:\"MSCU – ECF – 2020\";}',5,'','http://mscare.open.gr/admin/structure/webform/manage/mscu_ecf_2020/submission/159/delete?_wrapper_format=drupal_ajax&_wrapper_format=drupal_modal&ajax_form=1&destination=%2Fadmin%2Fstructure%2Fwebform%2Fmanage%2Fmscu_ecf_2020%2Fresults%2Fsubmissions','http://mscare.open.gr/admin/structure/webform/manage/mscu_ecf_2020/results/submissions','85.72.53.208',1601298475),(29068,0,'webform','@title created.','a:2:{s:3:\"@id\";s:3:\"160\";s:6:\"@title\";s:36:\"MSCU – ECF – 2020: Submission #8\";}',5,'<a href=\"/admin/structure/webform/manage/mscu_ecf_2020/submission/160/edit\" hreflang=\"en\">Edit</a>','http://mscare.open.gr/node/594/webform?mail=vassilakis%40open.gr','http://mscare.open.gr/node/594/webform?mail=vassilakis%40open.gr','85.72.53.208',1601298647),(29069,0,'access denied','Path: @uri. %type: @message in %function (line %line of %file).','a:6:{s:5:\"%type\";s:61:\"Drupal\\Core\\Http\\Exception\\CacheableAccessDeniedHttpException\";s:8:\"@message\";s:0:\"\";s:9:\"%function\";s:52:\"Drupal\\Core\\Routing\\AccessAwareRouter->checkAccess()\";s:5:\"%file\";s:73:\"/home/sites/mscare/web/core/lib/Drupal/Core/Routing/AccessAwareRouter.php\";s:5:\"%line\";i:117;s:4:\"@uri\";s:35:\"/node/594?mail=vassilakis%40open.gr\";}',4,'','http://mscare.open.gr/node/594?mail=vassilakis%40open.gr','http://mscare.open.gr/node/594/webform?mail=vassilakis%40open.gr','85.72.53.208',1601298664),(29070,0,'access denied','Path: @uri. %type: @message in %function (line %line of %file).','a:6:{s:5:\"%type\";s:61:\"Drupal\\Core\\Http\\Exception\\CacheableAccessDeniedHttpException\";s:8:\"@message\";s:0:\"\";s:9:\"%function\";s:52:\"Drupal\\Core\\Routing\\AccessAwareRouter->checkAccess()\";s:5:\"%file\";s:73:\"/home/sites/mscare/web/core/lib/Drupal/Core/Routing/AccessAwareRouter.php\";s:5:\"%line\";i:117;s:4:\"@uri\";s:33:\"/node/594?mail=vassilakis@open.gr\";}',4,'','http://mscare.open.gr/node/594?mail=vassilakis%40open.gr','','85.72.53.208',1601298685),(29071,1,'webform','Webform settings @label has been saved.','a:1:{s:6:\"@label\";s:21:\"MSCU – ECF – 2020\";}',5,'<a href=\"/admin/structure/webform/manage/mscu_ecf_2020/settings\">Edit</a>','http://mscare.open.gr/admin/structure/webform/manage/mscu_ecf_2020/settings/confirmation','http://mscare.open.gr/admin/structure/webform/manage/mscu_ecf_2020/settings/confirmation','85.72.53.208',1601298864),(29072,1,'webform','Webform settings @label has been saved.','a:1:{s:6:\"@label\";s:21:\"MSCU – ECF – 2020\";}',5,'<a href=\"/admin/structure/webform/manage/mscu_ecf_2020/settings\">Edit</a>','http://mscare.open.gr/admin/structure/webform/manage/mscu_ecf_2020/settings/confirmation','http://mscare.open.gr/admin/structure/webform/manage/mscu_ecf_2020/settings/confirmation','85.72.53.208',1601299474),(29073,0,'page not found','@uri','a:1:{s:4:\"@uri\";s:42:\"/node/594/wewbform?mail=vassilakis@open.gr\";}',4,'','http://mscare.open.gr/node/594/wewbform?mail=vassilakis%40open.gr','','85.72.53.208',1601299490),(29074,1,'webform','Deleted @form: Submission #@id.','a:2:{s:3:\"@id\";s:3:\"160\";s:5:\"@form\";s:21:\"MSCU – ECF – 2020\";}',5,'','http://mscare.open.gr/admin/structure/webform/manage/mscu_ecf_2020/submission/160/delete?_wrapper_format=drupal_ajax&_wrapper_format=drupal_modal&ajax_form=1&destination=%2Fadmin%2Fstructure%2Fwebform%2Fmanage%2Fmscu_ecf_2020%2Fresults%2Fsubmissions','http://mscare.open.gr/admin/structure/webform/manage/mscu_ecf_2020/results/submissions','85.72.53.208',1601299537),(29075,0,'webform','@title created.','a:2:{s:3:\"@id\";s:3:\"161\";s:6:\"@title\";s:36:\"MSCU – ECF – 2020: Submission #9\";}',5,'<a href=\"/admin/structure/webform/manage/mscu_ecf_2020/submission/161/edit\" hreflang=\"en\">Edit</a>','http://mscare.open.gr/node/594/webform?mail=vassilakis%40open.gr','http://mscare.open.gr/node/594/webform?mail=vassilakis%40open.gr','85.72.53.208',1601299635),(29076,1,'block_content','@type: updated %info.','a:2:{s:5:\"@type\";s:5:\"basic\";s:5:\"%info\";s:12:\"Toolbox logo\";}',5,'','http://mscare.open.gr/block/8?destination=%2Fnode%2F594','http://mscare.open.gr/block/8?destination=/node/594','85.72.53.208',1601300160),(29077,1,'block_content','@type: updated %info.','a:2:{s:5:\"@type\";s:5:\"basic\";s:5:\"%info\";s:12:\"Footer Funds\";}',5,'','http://mscare.open.gr/block/3?destination=%2Fnode%2F594','http://mscare.open.gr/block/3?destination=/node/594','85.72.53.208',1601300211),(29078,0,'cron','Starting execution of @module_cron().','a:1:{s:7:\"@module\";s:7:\"comment\";}',5,'','http://mscare.open.gr/','','85.72.53.208',1601368259),(29079,0,'cron','Starting execution of @module_cron(), execution of @module_previous_cron() took @time.','a:3:{s:7:\"@module\";s:5:\"dblog\";s:16:\"@module_previous\";s:7:\"comment\";s:5:\"@time\";s:20:\"2.9500000000000002ms\";}',5,'','http://mscare.open.gr/','','85.72.53.208',1601368259),(29080,0,'cron','Starting execution of @module_cron(), execution of @module_previous_cron() took @time.','a:3:{s:7:\"@module\";s:5:\"field\";s:16:\"@module_previous\";s:5:\"dblog\";s:5:\"@time\";s:20:\"5.7300000000000004ms\";}',5,'','http://mscare.open.gr/','','85.72.53.208',1601368259),(29081,0,'cron','Starting execution of @module_cron(), execution of @module_previous_cron() took @time.','a:3:{s:7:\"@module\";s:4:\"file\";s:16:\"@module_previous\";s:5:\"field\";s:5:\"@time\";s:20:\"11.869999999999999ms\";}',5,'','http://mscare.open.gr/','','85.72.53.208',1601368259),(29082,0,'cron','Starting execution of @module_cron(), execution of @module_previous_cron() took @time.','a:3:{s:7:\"@module\";s:7:\"history\";s:16:\"@module_previous\";s:4:\"file\";s:5:\"@time\";s:20:\"62.259999999999998ms\";}',5,'','http://mscare.open.gr/','','85.72.53.208',1601368259),(29083,0,'cron','Starting execution of @module_cron(), execution of @module_previous_cron() took @time.','a:3:{s:7:\"@module\";s:4:\"node\";s:16:\"@module_previous\";s:7:\"history\";s:5:\"@time\";s:6:\"0.63ms\";}',5,'','http://mscare.open.gr/','','85.72.53.208',1601368259),(29084,0,'cron','Starting execution of @module_cron(), execution of @module_previous_cron() took @time.','a:3:{s:7:\"@module\";s:6:\"search\";s:16:\"@module_previous\";s:4:\"node\";s:5:\"@time\";s:20:\"28.629999999999999ms\";}',5,'','http://mscare.open.gr/','','85.72.53.208',1601368259),(29085,0,'cron','Starting execution of @module_cron(), execution of @module_previous_cron() took @time.','a:3:{s:7:\"@module\";s:6:\"system\";s:16:\"@module_previous\";s:6:\"search\";s:5:\"@time\";s:8:\"117.03ms\";}',5,'','http://mscare.open.gr/','','85.72.53.208',1601368260),(29086,0,'security','Security warning: Couldn\'t write .htaccess file. Please create a .htaccess file in your %directory directory which contains the following lines: <pre><code>@htaccess</code></pre>','a:2:{s:10:\"%directory\";s:10:\"private://\";s:9:\"@htaccess\";s:686:\"# Deny all requests from Apache 2.4+.\n<IfModule mod_authz_core.c>\n  Require all denied\n</IfModule>\n\n# Deny all requests from Apache 2.0-2.2.\n<IfModule !mod_authz_core.c>\n  Deny from all\n</IfModule>\n\n# Turn off all options we don\'t need.\nOptions -Indexes -ExecCGI -Includes -MultiViews\n\n# Set the catch-all handler to prevent scripts from being executed.\nSetHandler Drupal_Security_Do_Not_Remove_See_SA_2006_006\n<Files *>\n  # Override the handler again if we\'re run later in the evaluation list.\n  SetHandler Drupal_Security_Do_Not_Remove_See_SA_2013_003\n</Files>\n\n# If we know how to do it safely, disable the PHP engine entirely.\n<IfModule mod_php7.c>\n  php_flag engine off\n</IfModule>\";}',3,'','http://mscare.open.gr/','','85.72.53.208',1601368260),(29087,0,'cron','Starting execution of @module_cron(), execution of @module_previous_cron() took @time.','a:3:{s:7:\"@module\";s:6:\"update\";s:16:\"@module_previous\";s:6:\"system\";s:5:\"@time\";s:20:\"72.129999999999995ms\";}',5,'','http://mscare.open.gr/','','85.72.53.208',1601368260),(29088,0,'cron','Starting execution of @module_cron(), execution of @module_previous_cron() took @time.','a:3:{s:7:\"@module\";s:7:\"webform\";s:16:\"@module_previous\";s:6:\"update\";s:5:\"@time\";s:20:\"1096.8599999999999ms\";}',5,'','http://mscare.open.gr/','','85.72.53.208',1601368261),(29089,0,'cron','Execution of @module_previous_cron() took @time.','a:2:{s:16:\"@module_previous\";s:7:\"webform\";s:5:\"@time\";s:20:\"8.6500000000000004ms\";}',5,'','http://mscare.open.gr/','','85.72.53.208',1601368261),(29090,0,'cron','Cron run completed.','a:0:{}',5,'','http://mscare.open.gr/','','85.72.53.208',1601368261),(29091,1,'user','New user: %name %email.','a:2:{s:5:\"%name\";s:5:\"amimi\";s:6:\"%email\";s:15:\"<amimi@open.gr>\";}',5,'','http://mscare.open.gr/admin/people/create','http://mscare.open.gr/admin/people/create','85.72.53.208',1601368442),(29092,1,'taxonomy','Updated term %term.','a:1:{s:5:\"%term\";s:21:\"MSCU – ECF – 2020\";}',5,'<a href=\"/taxonomy/term/266/edit\" hreflang=\"en\">Edit</a>','http://mscare.open.gr/taxonomy/term/266/edit?destination=%2Fadmin%2Fstructure%2Ftaxonomy%2Fmanage%2Fpermissions_tags%2Foverview','http://mscare.open.gr/taxonomy/term/266/edit?destination=/admin/structure/taxonomy/manage/permissions_tags/overview','85.72.53.208',1601368574),(29093,1,'webform','Webform settings @label has been saved.','a:1:{s:6:\"@label\";s:21:\"MSCU – ECF – 2020\";}',5,'<a href=\"/admin/structure/webform/manage/mscu_ecf_2020/settings\">Edit</a>','http://mscare.open.gr/admin/structure/webform/manage/mscu_ecf_2020/access','http://mscare.open.gr/admin/structure/webform/manage/mscu_ecf_2020/access','85.72.53.208',1601368630),(29094,0,'access denied','Path: @uri. %type: @message in %function (line %line of %file).','a:6:{s:5:\"%type\";s:61:\"Drupal\\Core\\Http\\Exception\\CacheableAccessDeniedHttpException\";s:8:\"@message\";s:0:\"\";s:9:\"%function\";s:52:\"Drupal\\Core\\Routing\\AccessAwareRouter->checkAccess()\";s:5:\"%file\";s:73:\"/home/sites/mscare/web/core/lib/Drupal/Core/Routing/AccessAwareRouter.php\";s:5:\"%line\";i:117;s:4:\"@uri\";s:9:\"/node/594\";}',4,'','http://mscare.open.gr/node/594','','85.72.53.208',1601368762),(29095,88,'user','Session opened for %name.','a:1:{s:5:\"%name\";s:5:\"amimi\";}',5,'','http://mscare.open.gr/user/login','http://mscare.open.gr/user/login','85.72.53.208',1601368796),(29096,1,'content','@type: updated %title.','a:2:{s:5:\"@type\";s:7:\"webform\";s:6:\"%title\";s:21:\"MSCU – ECF – 2020\";}',5,'<a href=\"/node/594\" hreflang=\"en\">View</a>','http://mscare.open.gr/node/594/edit','http://mscare.open.gr/node/594/edit','85.72.53.208',1601368799),(29097,1,'webform','Deleted @form: Submission #@id.','a:2:{s:3:\"@id\";s:3:\"101\";s:5:\"@form\";s:21:\"MSCU – ECF – 2020\";}',5,'','http://mscare.open.gr/node/594/webform/submission/101/delete?_wrapper_format=drupal_ajax&_wrapper_format=drupal_modal&ajax_form=1&destination=%2Fnode%2F594%2Fwebform%2Fresults%2Fsubmissions','http://mscare.open.gr/node/594/webform/results/submissions','85.72.53.208',1601368830),(29098,1,'webform','Deleted @form: Submission #@id.','a:2:{s:3:\"@id\";s:3:\"161\";s:5:\"@form\";s:21:\"MSCU – ECF – 2020\";}',5,'','http://mscare.open.gr/node/594/webform/submission/161/delete?_wrapper_format=drupal_ajax&_wrapper_format=drupal_modal&ajax_form=1&destination=%2Fnode%2F594%2Fwebform%2Fresults%2Fsubmissions','http://mscare.open.gr/node/594/webform/results/submissions','85.72.53.208',1601368842),(29099,1,'block_content','@type: updated %info.','a:2:{s:5:\"@type\";s:5:\"basic\";s:5:\"%info\";s:11:\"Add Content\";}',5,'','http://mscare.open.gr/block/5?destination=%2Fuser%2F1','http://mscare.open.gr/block/5?destination=/user/1','85.72.53.208',1601368921),(29100,1,'block_content','@type: updated %info.','a:2:{s:5:\"@type\";s:5:\"basic\";s:5:\"%info\";s:13:\"Add Indicator\";}',5,'','http://mscare.open.gr/block/7?destination=%2Fuser%2F1','http://mscare.open.gr/block/7?destination=/user/1','85.72.53.208',1601368974),(29101,88,'access denied','Path: @uri. %type: @message in %function (line %line of %file).','a:6:{s:5:\"%type\";s:61:\"Drupal\\Core\\Http\\Exception\\CacheableAccessDeniedHttpException\";s:8:\"@message\";s:0:\"\";s:9:\"%function\";s:52:\"Drupal\\Core\\Routing\\AccessAwareRouter->checkAccess()\";s:5:\"%file\";s:73:\"/home/sites/mscare/web/core/lib/Drupal/Core/Routing/AccessAwareRouter.php\";s:5:\"%line\";i:117;s:4:\"@uri\";s:54:\"/node/594/invitation-list-emails?destination=/node/594\";}',4,'','http://mscare.open.gr/node/594/invitation-list-emails?destination=%2Fnode%2F594','http://mscare.open.gr/node/594','85.72.53.208',1601369270),(29102,88,'user','Session opened for %name.','a:1:{s:5:\"%name\";s:5:\"amimi\";}',5,'','http://mscare.open.gr/user/login','http://mscare.open.gr/user/login','85.72.53.208',1601369556),(29103,1,'content','@type: updated %title.','a:2:{s:5:\"@type\";s:7:\"webform\";s:6:\"%title\";s:21:\"MSCU – ECF – 2020\";}',5,'<a href=\"/node/594\" hreflang=\"en\">View</a>','http://mscare.open.gr/node/594/edit?destination=%2Fadmin%2Fcontent','http://mscare.open.gr/node/594/edit?destination=/admin/content','85.72.53.208',1601369647),(29104,1,'webform','Webform settings @label has been saved.','a:1:{s:6:\"@label\";s:21:\"MSCU – ECF – 2020\";}',5,'<a href=\"/admin/structure/webform/manage/mscu_ecf_2020/settings\">Edit</a>','http://mscare.open.gr/admin/structure/webform/manage/mscu_ecf_2020/access','http://mscare.open.gr/admin/structure/webform/manage/mscu_ecf_2020/access','85.72.53.208',1601369761),(29105,85,'masquerade','User %username masqueraded as %target_username.','a:2:{s:9:\"%username\";s:5:\"admin\";s:16:\"%target_username\";s:6:\"Costas\";}',6,'<a href=\"/user/85\" hreflang=\"en\">view</a>','http://mscare.open.gr/user/1','http://mscare.open.gr/user/1','85.72.53.208',1601370030),(29106,85,'access denied','Path: @uri. %type: @message in %function (line %line of %file).','a:6:{s:5:\"%type\";s:61:\"Drupal\\Core\\Http\\Exception\\CacheableAccessDeniedHttpException\";s:8:\"@message\";s:78:\"The \'access user profiles\' permission is required and the user must be active.\";s:9:\"%function\";s:52:\"Drupal\\Core\\Routing\\AccessAwareRouter->checkAccess()\";s:5:\"%file\";s:73:\"/home/sites/mscare/web/core/lib/Drupal/Core/Routing/AccessAwareRouter.php\";s:5:\"%line\";i:117;s:4:\"@uri\";s:7:\"/user/1\";}',4,'','http://mscare.open.gr/user/1','http://mscare.open.gr/user/1','85.72.53.208',1601370030),(29107,1,'masquerade','User %username stopped masquerading as %old_username.','a:2:{s:9:\"%username\";s:5:\"admin\";s:13:\"%old_username\";s:6:\"Costas\";}',6,'<a href=\"/user/1\" hreflang=\"en\">view</a>','http://mscare.open.gr/unmasquerade?token=9ZhUe8ZMg3mHKB9udfz3nGjRK5KrrlXSnzVzhE2YHVI','http://mscare.open.gr/node/594/invitation-list-emails?destination=/node/594','85.72.53.208',1601370063),(29108,1,'webform','Webform settings @label has been saved.','a:1:{s:6:\"@label\";s:21:\"MSCU – ECF – 2020\";}',5,'<a href=\"/admin/structure/webform/manage/mscu_ecf_2020/settings\">Edit</a>','http://mscare.open.gr/admin/structure/webform/manage/mscu_ecf_2020/access','http://mscare.open.gr/admin/structure/webform/manage/mscu_ecf_2020/access','85.72.53.208',1601370188),(29109,88,'php','%type: @message in %function (line %line of %file) @backtrace_string.','a:6:{s:5:\"%type\";s:6:\"Notice\";s:8:\"@message\";O:25:\"Drupal\\Core\\Render\\Markup\":1:{s:9:\"\0*\0string\";s:32:\"Undefined index: invitation_code\";}s:9:\"%function\";s:76:\"Drupal\\ma_handlers\\Plugin\\WebformHandler\\MailInvitationHandler->submitForm()\";s:5:\"%file\";s:101:\"/home/sites/mscare/web/modules/custom/ma_handlers/src/Plugin/WebformHandler/MailInvitationHandler.php\";s:5:\"%line\";i:47;s:17:\"@backtrace_string\";s:11905:\"#0 /home/sites/mscare/web/core/includes/bootstrap.inc(600): _drupal_error_handler_real(8, \'Undefined index...\', \'/home/sites/msc...\', 47, Array)\n#1 /home/sites/mscare/web/modules/custom/ma_handlers/src/Plugin/WebformHandler/MailInvitationHandler.php(47): _drupal_error_handler(8, \'Undefined index...\', \'/home/sites/msc...\', 47, Array)\n#2 /home/sites/mscare/web/modules/contrib/webform/src/Entity/Webform.php(2616): Drupal\\ma_handlers\\Plugin\\WebformHandler\\MailInvitationHandler->submitForm(Array, Object(Drupal\\Core\\Form\\FormState), Object(Drupal\\webform\\Entity\\WebformSubmission))\n#3 /home/sites/mscare/web/modules/contrib/webform/src/WebformSubmissionForm.php(1843): Drupal\\webform\\Entity\\Webform->invokeHandlers(\'submitForm\', Array, Object(Drupal\\Core\\Form\\FormState), Object(Drupal\\webform\\Entity\\WebformSubmission))\n#4 [internal function]: Drupal\\webform\\WebformSubmissionForm->submitForm(Array, Object(Drupal\\Core\\Form\\FormState))\n#5 /home/sites/mscare/web/core/lib/Drupal/Core/Form/FormSubmitter.php(114): call_user_func_array(Array, Array)\n#6 /home/sites/mscare/web/core/lib/Drupal/Core/Form/FormSubmitter.php(52): Drupal\\Core\\Form\\FormSubmitter->executeSubmitHandlers(Array, Object(Drupal\\Core\\Form\\FormState))\n#7 /home/sites/mscare/web/core/lib/Drupal/Core/Form/FormBuilder.php(593): Drupal\\Core\\Form\\FormSubmitter->doSubmitForm(Array, Object(Drupal\\Core\\Form\\FormState))\n#8 /home/sites/mscare/web/core/lib/Drupal/Core/Form/FormBuilder.php(321): Drupal\\Core\\Form\\FormBuilder->processForm(\'webform_submiss...\', Array, Object(Drupal\\Core\\Form\\FormState))\n#9 /home/sites/mscare/web/core/lib/Drupal/Core/Entity/EntityFormBuilder.php(61): Drupal\\Core\\Form\\FormBuilder->buildForm(Object(Drupal\\webform\\WebformSubmissionForm), Object(Drupal\\Core\\Form\\FormState))\n#10 /home/sites/mscare/web/modules/contrib/webform/src/Entity/Webform.php(1193): Drupal\\Core\\Entity\\EntityFormBuilder->getForm(Object(Drupal\\webform\\Entity\\WebformSubmission), \'add\')\n#11 /home/sites/mscare/web/modules/contrib/webform/src/Element/Webform.php(78): Drupal\\webform\\Entity\\Webform->getSubmissionForm(Array)\n#12 [internal function]: Drupal\\webform\\Element\\Webform::preRenderWebformElement(Array)\n#13 /home/sites/mscare/web/core/lib/Drupal/Core/Security/DoTrustedCallbackTrait.php(100): call_user_func_array(Array, Array)\n#14 /home/sites/mscare/web/core/lib/Drupal/Core/Render/Renderer.php(781): Drupal\\Core\\Render\\Renderer->doTrustedCallback(Array, Array, \'Render #pre_ren...\', \'silenced_deprec...\', \'Drupal\\\\Core\\\\Ren...\')\n#15 /home/sites/mscare/web/core/lib/Drupal/Core/Render/Renderer.php(372): Drupal\\Core\\Render\\Renderer->doCallback(\'#pre_render\', Array, Array)\n#16 /home/sites/mscare/web/core/lib/Drupal/Core/Render/Renderer.php(200): Drupal\\Core\\Render\\Renderer->doRender(Array, false)\n#17 /home/sites/mscare/web/core/lib/Drupal/Core/Template/TwigExtension.php(501): Drupal\\Core\\Render\\Renderer->render(Array)\n#18 /home/sites/mscare/web/sites/default/files/php/twig/5f71e5e80e958_field.html.twig_di1TwkKXnDYoORHbfq9k93sA1/f0kUp_hCNHo6IuAW2DAqGgXAhzORX0Xg3ZfYcKlY2LA.php(104): Drupal\\Core\\Template\\TwigExtension->escapeFilter(Object(Drupal\\Core\\Template\\TwigEnvironment), Array, \'html\', NULL, true)\n#19 /home/sites/mscare/vendor/twig/twig/src/Template.php(453): __TwigTemplate_a8fed13fadbb04c1620e06b91ebcfecd1ff3680afdf55efbc82cb9177b26610d->doDisplay(Array, Array)\n#20 /home/sites/mscare/vendor/twig/twig/src/Template.php(420): Twig\\Template->displayWithErrorHandling(Array, Array)\n#21 /home/sites/mscare/vendor/twig/twig/src/Template.php(432): Twig\\Template->display(Array)\n#22 /home/sites/mscare/web/core/themes/engines/twig/twig.engine(64): Twig\\Template->render(Array)\n#23 /home/sites/mscare/web/core/lib/Drupal/Core/Theme/ThemeManager.php(384): twig_render_template(\'core/themes/cla...\', Array)\n#24 /home/sites/mscare/web/core/lib/Drupal/Core/Render/Renderer.php(431): Drupal\\Core\\Theme\\ThemeManager->render(\'field\', Array)\n#25 /home/sites/mscare/web/core/lib/Drupal/Core/Render/Renderer.php(444): Drupal\\Core\\Render\\Renderer->doRender(Array)\n#26 /home/sites/mscare/web/core/lib/Drupal/Core/Render/Renderer.php(200): Drupal\\Core\\Render\\Renderer->doRender(Array, false)\n#27 /home/sites/mscare/web/core/lib/Drupal/Core/Template/TwigExtension.php(501): Drupal\\Core\\Render\\Renderer->render(Array)\n#28 /home/sites/mscare/web/sites/default/files/php/twig/5f71e5e80e958_block.html.twig_4c5DjTnhISUxB5zj5gRJmJsp8/kw8HJ-C02mPJv8PpQxmaBXi1tQo9_Ndl0F7dZb9uyLI.php(101): Drupal\\Core\\Template\\TwigExtension->escapeFilter(Object(Drupal\\Core\\Template\\TwigEnvironment), Array, \'html\', NULL, true)\n#29 /home/sites/mscare/vendor/twig/twig/src/Template.php(214): __TwigTemplate_62d2a604de3781fa9744df55fa74228780ace80bc7b9405da0f3428ab7eb19a9->block_content(Array, Array)\n#30 /home/sites/mscare/web/sites/default/files/php/twig/5f71e5e80e958_block.html.twig_4c5DjTnhISUxB5zj5gRJmJsp8/kw8HJ-C02mPJv8PpQxmaBXi1tQo9_Ndl0F7dZb9uyLI.php(86): Twig\\Template->displayBlock(\'content\', Array, Array)\n#31 /home/sites/mscare/vendor/twig/twig/src/Template.php(453): __TwigTemplate_62d2a604de3781fa9744df55fa74228780ace80bc7b9405da0f3428ab7eb19a9->doDisplay(Array, Array)\n#32 /home/sites/mscare/vendor/twig/twig/src/Template.php(420): Twig\\Template->displayWithErrorHandling(Array, Array)\n#33 /home/sites/mscare/vendor/twig/twig/src/Template.php(432): Twig\\Template->display(Array)\n#34 /home/sites/mscare/web/core/themes/engines/twig/twig.engine(64): Twig\\Template->render(Array)\n#35 /home/sites/mscare/web/core/lib/Drupal/Core/Theme/ThemeManager.php(384): twig_render_template(\'themes/contrib/...\', Array)\n#36 /home/sites/mscare/web/core/lib/Drupal/Core/Render/Renderer.php(431): Drupal\\Core\\Theme\\ThemeManager->render(\'block\', Array)\n#37 /home/sites/mscare/web/core/lib/Drupal/Core/Render/Renderer.php(444): Drupal\\Core\\Render\\Renderer->doRender(Array)\n#38 /home/sites/mscare/web/core/lib/Drupal/Core/Render/Renderer.php(200): Drupal\\Core\\Render\\Renderer->doRender(Array, false)\n#39 /home/sites/mscare/web/core/lib/Drupal/Core/Template/TwigExtension.php(501): Drupal\\Core\\Render\\Renderer->render(Array)\n#40 /home/sites/mscare/web/sites/default/files/php/twig/5f71e5e80e958_page.html.twig_xmyJ6VG3WhjvMUbxKOIUrlNB2/gjRUTH61HiBADXqO1TvfFaEE3nJTMMpST4gyDjUonKY.php(681): Drupal\\Core\\Template\\TwigExtension->escapeFilter(Object(Drupal\\Core\\Template\\TwigEnvironment), Array, \'html\', NULL, true)\n#41 /home/sites/mscare/vendor/twig/twig/src/Template.php(453): __TwigTemplate_a18013a6d87812d912e3ea638739f13ceff635b9c5e4ccd6d971b5ba0d282fe7->doDisplay(Array, Array)\n#42 /home/sites/mscare/vendor/twig/twig/src/Template.php(420): Twig\\Template->displayWithErrorHandling(Array, Array)\n#43 /home/sites/mscare/vendor/twig/twig/src/Template.php(432): Twig\\Template->display(Array)\n#44 /home/sites/mscare/web/core/themes/engines/twig/twig.engine(64): Twig\\Template->render(Array)\n#45 /home/sites/mscare/web/core/lib/Drupal/Core/Theme/ThemeManager.php(384): twig_render_template(\'themes/contrib/...\', Array)\n#46 /home/sites/mscare/web/core/lib/Drupal/Core/Render/Renderer.php(431): Drupal\\Core\\Theme\\ThemeManager->render(\'page\', Array)\n#47 /home/sites/mscare/web/core/lib/Drupal/Core/Render/Renderer.php(200): Drupal\\Core\\Render\\Renderer->doRender(Array, false)\n#48 /home/sites/mscare/web/core/lib/Drupal/Core/Template/TwigExtension.php(501): Drupal\\Core\\Render\\Renderer->render(Array)\n#49 /home/sites/mscare/web/sites/default/files/php/twig/5f71e5e80e958_html.html.twig_8Xnlke34uyEv5_3bOAXRG8Q4a/6GuBVUvOO1rDdGDYWR6ciV6ccP48XgAOgvg0YhVNq-Y.php(102): Drupal\\Core\\Template\\TwigExtension->escapeFilter(Object(Drupal\\Core\\Template\\TwigEnvironment), Array, \'html\', NULL, true)\n#50 /home/sites/mscare/vendor/twig/twig/src/Template.php(453): __TwigTemplate_5c3ea75977e5452a598898d82fe3459ce043dbffdb4b30911a2504c96419a2e1->doDisplay(Array, Array)\n#51 /home/sites/mscare/vendor/twig/twig/src/Template.php(420): Twig\\Template->displayWithErrorHandling(Array, Array)\n#52 /home/sites/mscare/vendor/twig/twig/src/Template.php(432): Twig\\Template->display(Array)\n#53 /home/sites/mscare/web/core/themes/engines/twig/twig.engine(64): Twig\\Template->render(Array)\n#54 /home/sites/mscare/web/core/lib/Drupal/Core/Theme/ThemeManager.php(384): twig_render_template(\'core/themes/cla...\', Array)\n#55 /home/sites/mscare/web/core/lib/Drupal/Core/Render/Renderer.php(431): Drupal\\Core\\Theme\\ThemeManager->render(\'html\', Array)\n#56 /home/sites/mscare/web/core/lib/Drupal/Core/Render/Renderer.php(200): Drupal\\Core\\Render\\Renderer->doRender(Array, false)\n#57 /home/sites/mscare/web/core/lib/Drupal/Core/Render/MainContent/HtmlRenderer.php(147): Drupal\\Core\\Render\\Renderer->render(Array)\n#58 /home/sites/mscare/web/core/lib/Drupal/Core/Render/Renderer.php(573): Drupal\\Core\\Render\\MainContent\\HtmlRenderer->Drupal\\Core\\Render\\MainContent\\{closure}()\n#59 /home/sites/mscare/web/core/lib/Drupal/Core/Render/MainContent/HtmlRenderer.php(148): Drupal\\Core\\Render\\Renderer->executeInRenderContext(Object(Drupal\\Core\\Render\\RenderContext), Object(Closure))\n#60 /home/sites/mscare/web/core/lib/Drupal/Core/EventSubscriber/MainContentViewSubscriber.php(90): Drupal\\Core\\Render\\MainContent\\HtmlRenderer->renderResponse(Array, Object(Symfony\\Component\\HttpFoundation\\Request), Object(Drupal\\Core\\Routing\\CurrentRouteMatch))\n#61 [internal function]: Drupal\\Core\\EventSubscriber\\MainContentViewSubscriber->onViewRenderArray(Object(Symfony\\Component\\HttpKernel\\Event\\GetResponseForControllerResultEvent), \'kernel.view\', Object(Drupal\\Component\\EventDispatcher\\ContainerAwareEventDispatcher))\n#62 /home/sites/mscare/web/core/lib/Drupal/Component/EventDispatcher/ContainerAwareEventDispatcher.php(111): call_user_func(Array, Object(Symfony\\Component\\HttpKernel\\Event\\GetResponseForControllerResultEvent), \'kernel.view\', Object(Drupal\\Component\\EventDispatcher\\ContainerAwareEventDispatcher))\n#63 /home/sites/mscare/vendor/symfony/http-kernel/HttpKernel.php(156): Drupal\\Component\\EventDispatcher\\ContainerAwareEventDispatcher->dispatch(\'kernel.view\', Object(Symfony\\Component\\HttpKernel\\Event\\GetResponseForControllerResultEvent))\n#64 /home/sites/mscare/vendor/symfony/http-kernel/HttpKernel.php(68): Symfony\\Component\\HttpKernel\\HttpKernel->handleRaw(Object(Symfony\\Component\\HttpFoundation\\Request), 1)\n#65 /home/sites/mscare/web/core/lib/Drupal/Core/StackMiddleware/Session.php(57): Symfony\\Component\\HttpKernel\\HttpKernel->handle(Object(Symfony\\Component\\HttpFoundation\\Request), 1, true)\n#66 /home/sites/mscare/web/core/lib/Drupal/Core/StackMiddleware/KernelPreHandle.php(47): Drupal\\Core\\StackMiddleware\\Session->handle(Object(Symfony\\Component\\HttpFoundation\\Request), 1, true)\n#67 /home/sites/mscare/web/core/modules/page_cache/src/StackMiddleware/PageCache.php(106): Drupal\\Core\\StackMiddleware\\KernelPreHandle->handle(Object(Symfony\\Component\\HttpFoundation\\Request), 1, true)\n#68 /home/sites/mscare/web/core/modules/page_cache/src/StackMiddleware/PageCache.php(85): Drupal\\page_cache\\StackMiddleware\\PageCache->pass(Object(Symfony\\Component\\HttpFoundation\\Request), 1, true)\n#69 /home/sites/mscare/web/core/lib/Drupal/Core/StackMiddleware/ReverseProxyMiddleware.php(47): Drupal\\page_cache\\StackMiddleware\\PageCache->handle(Object(Symfony\\Component\\HttpFoundation\\Request), 1, true)\n#70 /home/sites/mscare/web/core/lib/Drupal/Core/StackMiddleware/NegotiationMiddleware.php(52): Drupal\\Core\\StackMiddleware\\ReverseProxyMiddleware->handle(Object(Symfony\\Component\\HttpFoundation\\Request), 1, true)\n#71 /home/sites/mscare/vendor/stack/builder/src/Stack/StackedHttpKernel.php(23): Drupal\\Core\\StackMiddleware\\NegotiationMiddleware->handle(Object(Symfony\\Component\\HttpFoundation\\Request), 1, true)\n#72 /home/sites/mscare/web/core/lib/Drupal/Core/DrupalKernel.php(708): Stack\\StackedHttpKernel->handle(Object(Symfony\\Component\\HttpFoundation\\Request), 1, true)\n#73 /home/sites/mscare/web/index.php(19): Drupal\\Core\\DrupalKernel->handle(Object(Symfony\\Component\\HttpFoundation\\Request))\n#74 {main}\";}',5,'','http://mscare.open.gr/node/594','http://mscare.open.gr/node/594','85.72.53.208',1601370357),(29110,88,'php','%type: @message in %function (line %line of %file) @backtrace_string.','a:6:{s:5:\"%type\";s:6:\"Notice\";s:8:\"@message\";O:25:\"Drupal\\Core\\Render\\Markup\":1:{s:9:\"\0*\0string\";s:32:\"Undefined index: invitation_code\";}s:9:\"%function\";s:76:\"Drupal\\ma_handlers\\Plugin\\WebformHandler\\MailInvitationHandler->submitForm()\";s:5:\"%file\";s:101:\"/home/sites/mscare/web/modules/custom/ma_handlers/src/Plugin/WebformHandler/MailInvitationHandler.php\";s:5:\"%line\";i:47;s:17:\"@backtrace_string\";s:11905:\"#0 /home/sites/mscare/web/core/includes/bootstrap.inc(600): _drupal_error_handler_real(8, \'Undefined index...\', \'/home/sites/msc...\', 47, Array)\n#1 /home/sites/mscare/web/modules/custom/ma_handlers/src/Plugin/WebformHandler/MailInvitationHandler.php(47): _drupal_error_handler(8, \'Undefined index...\', \'/home/sites/msc...\', 47, Array)\n#2 /home/sites/mscare/web/modules/contrib/webform/src/Entity/Webform.php(2616): Drupal\\ma_handlers\\Plugin\\WebformHandler\\MailInvitationHandler->submitForm(Array, Object(Drupal\\Core\\Form\\FormState), Object(Drupal\\webform\\Entity\\WebformSubmission))\n#3 /home/sites/mscare/web/modules/contrib/webform/src/WebformSubmissionForm.php(1843): Drupal\\webform\\Entity\\Webform->invokeHandlers(\'submitForm\', Array, Object(Drupal\\Core\\Form\\FormState), Object(Drupal\\webform\\Entity\\WebformSubmission))\n#4 [internal function]: Drupal\\webform\\WebformSubmissionForm->submitForm(Array, Object(Drupal\\Core\\Form\\FormState))\n#5 /home/sites/mscare/web/core/lib/Drupal/Core/Form/FormSubmitter.php(114): call_user_func_array(Array, Array)\n#6 /home/sites/mscare/web/core/lib/Drupal/Core/Form/FormSubmitter.php(52): Drupal\\Core\\Form\\FormSubmitter->executeSubmitHandlers(Array, Object(Drupal\\Core\\Form\\FormState))\n#7 /home/sites/mscare/web/core/lib/Drupal/Core/Form/FormBuilder.php(593): Drupal\\Core\\Form\\FormSubmitter->doSubmitForm(Array, Object(Drupal\\Core\\Form\\FormState))\n#8 /home/sites/mscare/web/core/lib/Drupal/Core/Form/FormBuilder.php(321): Drupal\\Core\\Form\\FormBuilder->processForm(\'webform_submiss...\', Array, Object(Drupal\\Core\\Form\\FormState))\n#9 /home/sites/mscare/web/core/lib/Drupal/Core/Entity/EntityFormBuilder.php(61): Drupal\\Core\\Form\\FormBuilder->buildForm(Object(Drupal\\webform\\WebformSubmissionForm), Object(Drupal\\Core\\Form\\FormState))\n#10 /home/sites/mscare/web/modules/contrib/webform/src/Entity/Webform.php(1193): Drupal\\Core\\Entity\\EntityFormBuilder->getForm(Object(Drupal\\webform\\Entity\\WebformSubmission), \'add\')\n#11 /home/sites/mscare/web/modules/contrib/webform/src/Element/Webform.php(78): Drupal\\webform\\Entity\\Webform->getSubmissionForm(Array)\n#12 [internal function]: Drupal\\webform\\Element\\Webform::preRenderWebformElement(Array)\n#13 /home/sites/mscare/web/core/lib/Drupal/Core/Security/DoTrustedCallbackTrait.php(100): call_user_func_array(Array, Array)\n#14 /home/sites/mscare/web/core/lib/Drupal/Core/Render/Renderer.php(781): Drupal\\Core\\Render\\Renderer->doTrustedCallback(Array, Array, \'Render #pre_ren...\', \'silenced_deprec...\', \'Drupal\\\\Core\\\\Ren...\')\n#15 /home/sites/mscare/web/core/lib/Drupal/Core/Render/Renderer.php(372): Drupal\\Core\\Render\\Renderer->doCallback(\'#pre_render\', Array, Array)\n#16 /home/sites/mscare/web/core/lib/Drupal/Core/Render/Renderer.php(200): Drupal\\Core\\Render\\Renderer->doRender(Array, false)\n#17 /home/sites/mscare/web/core/lib/Drupal/Core/Template/TwigExtension.php(501): Drupal\\Core\\Render\\Renderer->render(Array)\n#18 /home/sites/mscare/web/sites/default/files/php/twig/5f71e5e80e958_field.html.twig_di1TwkKXnDYoORHbfq9k93sA1/f0kUp_hCNHo6IuAW2DAqGgXAhzORX0Xg3ZfYcKlY2LA.php(104): Drupal\\Core\\Template\\TwigExtension->escapeFilter(Object(Drupal\\Core\\Template\\TwigEnvironment), Array, \'html\', NULL, true)\n#19 /home/sites/mscare/vendor/twig/twig/src/Template.php(453): __TwigTemplate_a8fed13fadbb04c1620e06b91ebcfecd1ff3680afdf55efbc82cb9177b26610d->doDisplay(Array, Array)\n#20 /home/sites/mscare/vendor/twig/twig/src/Template.php(420): Twig\\Template->displayWithErrorHandling(Array, Array)\n#21 /home/sites/mscare/vendor/twig/twig/src/Template.php(432): Twig\\Template->display(Array)\n#22 /home/sites/mscare/web/core/themes/engines/twig/twig.engine(64): Twig\\Template->render(Array)\n#23 /home/sites/mscare/web/core/lib/Drupal/Core/Theme/ThemeManager.php(384): twig_render_template(\'core/themes/cla...\', Array)\n#24 /home/sites/mscare/web/core/lib/Drupal/Core/Render/Renderer.php(431): Drupal\\Core\\Theme\\ThemeManager->render(\'field\', Array)\n#25 /home/sites/mscare/web/core/lib/Drupal/Core/Render/Renderer.php(444): Drupal\\Core\\Render\\Renderer->doRender(Array)\n#26 /home/sites/mscare/web/core/lib/Drupal/Core/Render/Renderer.php(200): Drupal\\Core\\Render\\Renderer->doRender(Array, false)\n#27 /home/sites/mscare/web/core/lib/Drupal/Core/Template/TwigExtension.php(501): Drupal\\Core\\Render\\Renderer->render(Array)\n#28 /home/sites/mscare/web/sites/default/files/php/twig/5f71e5e80e958_block.html.twig_4c5DjTnhISUxB5zj5gRJmJsp8/kw8HJ-C02mPJv8PpQxmaBXi1tQo9_Ndl0F7dZb9uyLI.php(101): Drupal\\Core\\Template\\TwigExtension->escapeFilter(Object(Drupal\\Core\\Template\\TwigEnvironment), Array, \'html\', NULL, true)\n#29 /home/sites/mscare/vendor/twig/twig/src/Template.php(214): __TwigTemplate_62d2a604de3781fa9744df55fa74228780ace80bc7b9405da0f3428ab7eb19a9->block_content(Array, Array)\n#30 /home/sites/mscare/web/sites/default/files/php/twig/5f71e5e80e958_block.html.twig_4c5DjTnhISUxB5zj5gRJmJsp8/kw8HJ-C02mPJv8PpQxmaBXi1tQo9_Ndl0F7dZb9uyLI.php(86): Twig\\Template->displayBlock(\'content\', Array, Array)\n#31 /home/sites/mscare/vendor/twig/twig/src/Template.php(453): __TwigTemplate_62d2a604de3781fa9744df55fa74228780ace80bc7b9405da0f3428ab7eb19a9->doDisplay(Array, Array)\n#32 /home/sites/mscare/vendor/twig/twig/src/Template.php(420): Twig\\Template->displayWithErrorHandling(Array, Array)\n#33 /home/sites/mscare/vendor/twig/twig/src/Template.php(432): Twig\\Template->display(Array)\n#34 /home/sites/mscare/web/core/themes/engines/twig/twig.engine(64): Twig\\Template->render(Array)\n#35 /home/sites/mscare/web/core/lib/Drupal/Core/Theme/ThemeManager.php(384): twig_render_template(\'themes/contrib/...\', Array)\n#36 /home/sites/mscare/web/core/lib/Drupal/Core/Render/Renderer.php(431): Drupal\\Core\\Theme\\ThemeManager->render(\'block\', Array)\n#37 /home/sites/mscare/web/core/lib/Drupal/Core/Render/Renderer.php(444): Drupal\\Core\\Render\\Renderer->doRender(Array)\n#38 /home/sites/mscare/web/core/lib/Drupal/Core/Render/Renderer.php(200): Drupal\\Core\\Render\\Renderer->doRender(Array, false)\n#39 /home/sites/mscare/web/core/lib/Drupal/Core/Template/TwigExtension.php(501): Drupal\\Core\\Render\\Renderer->render(Array)\n#40 /home/sites/mscare/web/sites/default/files/php/twig/5f71e5e80e958_page.html.twig_xmyJ6VG3WhjvMUbxKOIUrlNB2/gjRUTH61HiBADXqO1TvfFaEE3nJTMMpST4gyDjUonKY.php(681): Drupal\\Core\\Template\\TwigExtension->escapeFilter(Object(Drupal\\Core\\Template\\TwigEnvironment), Array, \'html\', NULL, true)\n#41 /home/sites/mscare/vendor/twig/twig/src/Template.php(453): __TwigTemplate_a18013a6d87812d912e3ea638739f13ceff635b9c5e4ccd6d971b5ba0d282fe7->doDisplay(Array, Array)\n#42 /home/sites/mscare/vendor/twig/twig/src/Template.php(420): Twig\\Template->displayWithErrorHandling(Array, Array)\n#43 /home/sites/mscare/vendor/twig/twig/src/Template.php(432): Twig\\Template->display(Array)\n#44 /home/sites/mscare/web/core/themes/engines/twig/twig.engine(64): Twig\\Template->render(Array)\n#45 /home/sites/mscare/web/core/lib/Drupal/Core/Theme/ThemeManager.php(384): twig_render_template(\'themes/contrib/...\', Array)\n#46 /home/sites/mscare/web/core/lib/Drupal/Core/Render/Renderer.php(431): Drupal\\Core\\Theme\\ThemeManager->render(\'page\', Array)\n#47 /home/sites/mscare/web/core/lib/Drupal/Core/Render/Renderer.php(200): Drupal\\Core\\Render\\Renderer->doRender(Array, false)\n#48 /home/sites/mscare/web/core/lib/Drupal/Core/Template/TwigExtension.php(501): Drupal\\Core\\Render\\Renderer->render(Array)\n#49 /home/sites/mscare/web/sites/default/files/php/twig/5f71e5e80e958_html.html.twig_8Xnlke34uyEv5_3bOAXRG8Q4a/6GuBVUvOO1rDdGDYWR6ciV6ccP48XgAOgvg0YhVNq-Y.php(102): Drupal\\Core\\Template\\TwigExtension->escapeFilter(Object(Drupal\\Core\\Template\\TwigEnvironment), Array, \'html\', NULL, true)\n#50 /home/sites/mscare/vendor/twig/twig/src/Template.php(453): __TwigTemplate_5c3ea75977e5452a598898d82fe3459ce043dbffdb4b30911a2504c96419a2e1->doDisplay(Array, Array)\n#51 /home/sites/mscare/vendor/twig/twig/src/Template.php(420): Twig\\Template->displayWithErrorHandling(Array, Array)\n#52 /home/sites/mscare/vendor/twig/twig/src/Template.php(432): Twig\\Template->display(Array)\n#53 /home/sites/mscare/web/core/themes/engines/twig/twig.engine(64): Twig\\Template->render(Array)\n#54 /home/sites/mscare/web/core/lib/Drupal/Core/Theme/ThemeManager.php(384): twig_render_template(\'core/themes/cla...\', Array)\n#55 /home/sites/mscare/web/core/lib/Drupal/Core/Render/Renderer.php(431): Drupal\\Core\\Theme\\ThemeManager->render(\'html\', Array)\n#56 /home/sites/mscare/web/core/lib/Drupal/Core/Render/Renderer.php(200): Drupal\\Core\\Render\\Renderer->doRender(Array, false)\n#57 /home/sites/mscare/web/core/lib/Drupal/Core/Render/MainContent/HtmlRenderer.php(147): Drupal\\Core\\Render\\Renderer->render(Array)\n#58 /home/sites/mscare/web/core/lib/Drupal/Core/Render/Renderer.php(573): Drupal\\Core\\Render\\MainContent\\HtmlRenderer->Drupal\\Core\\Render\\MainContent\\{closure}()\n#59 /home/sites/mscare/web/core/lib/Drupal/Core/Render/MainContent/HtmlRenderer.php(148): Drupal\\Core\\Render\\Renderer->executeInRenderContext(Object(Drupal\\Core\\Render\\RenderContext), Object(Closure))\n#60 /home/sites/mscare/web/core/lib/Drupal/Core/EventSubscriber/MainContentViewSubscriber.php(90): Drupal\\Core\\Render\\MainContent\\HtmlRenderer->renderResponse(Array, Object(Symfony\\Component\\HttpFoundation\\Request), Object(Drupal\\Core\\Routing\\CurrentRouteMatch))\n#61 [internal function]: Drupal\\Core\\EventSubscriber\\MainContentViewSubscriber->onViewRenderArray(Object(Symfony\\Component\\HttpKernel\\Event\\GetResponseForControllerResultEvent), \'kernel.view\', Object(Drupal\\Component\\EventDispatcher\\ContainerAwareEventDispatcher))\n#62 /home/sites/mscare/web/core/lib/Drupal/Component/EventDispatcher/ContainerAwareEventDispatcher.php(111): call_user_func(Array, Object(Symfony\\Component\\HttpKernel\\Event\\GetResponseForControllerResultEvent), \'kernel.view\', Object(Drupal\\Component\\EventDispatcher\\ContainerAwareEventDispatcher))\n#63 /home/sites/mscare/vendor/symfony/http-kernel/HttpKernel.php(156): Drupal\\Component\\EventDispatcher\\ContainerAwareEventDispatcher->dispatch(\'kernel.view\', Object(Symfony\\Component\\HttpKernel\\Event\\GetResponseForControllerResultEvent))\n#64 /home/sites/mscare/vendor/symfony/http-kernel/HttpKernel.php(68): Symfony\\Component\\HttpKernel\\HttpKernel->handleRaw(Object(Symfony\\Component\\HttpFoundation\\Request), 1)\n#65 /home/sites/mscare/web/core/lib/Drupal/Core/StackMiddleware/Session.php(57): Symfony\\Component\\HttpKernel\\HttpKernel->handle(Object(Symfony\\Component\\HttpFoundation\\Request), 1, true)\n#66 /home/sites/mscare/web/core/lib/Drupal/Core/StackMiddleware/KernelPreHandle.php(47): Drupal\\Core\\StackMiddleware\\Session->handle(Object(Symfony\\Component\\HttpFoundation\\Request), 1, true)\n#67 /home/sites/mscare/web/core/modules/page_cache/src/StackMiddleware/PageCache.php(106): Drupal\\Core\\StackMiddleware\\KernelPreHandle->handle(Object(Symfony\\Component\\HttpFoundation\\Request), 1, true)\n#68 /home/sites/mscare/web/core/modules/page_cache/src/StackMiddleware/PageCache.php(85): Drupal\\page_cache\\StackMiddleware\\PageCache->pass(Object(Symfony\\Component\\HttpFoundation\\Request), 1, true)\n#69 /home/sites/mscare/web/core/lib/Drupal/Core/StackMiddleware/ReverseProxyMiddleware.php(47): Drupal\\page_cache\\StackMiddleware\\PageCache->handle(Object(Symfony\\Component\\HttpFoundation\\Request), 1, true)\n#70 /home/sites/mscare/web/core/lib/Drupal/Core/StackMiddleware/NegotiationMiddleware.php(52): Drupal\\Core\\StackMiddleware\\ReverseProxyMiddleware->handle(Object(Symfony\\Component\\HttpFoundation\\Request), 1, true)\n#71 /home/sites/mscare/vendor/stack/builder/src/Stack/StackedHttpKernel.php(23): Drupal\\Core\\StackMiddleware\\NegotiationMiddleware->handle(Object(Symfony\\Component\\HttpFoundation\\Request), 1, true)\n#72 /home/sites/mscare/web/core/lib/Drupal/Core/DrupalKernel.php(708): Stack\\StackedHttpKernel->handle(Object(Symfony\\Component\\HttpFoundation\\Request), 1, true)\n#73 /home/sites/mscare/web/index.php(19): Drupal\\Core\\DrupalKernel->handle(Object(Symfony\\Component\\HttpFoundation\\Request))\n#74 {main}\";}',5,'','http://mscare.open.gr/node/594','http://mscare.open.gr/node/594','85.72.53.208',1601370357),(29111,88,'php','%type: @message in %function (line %line of %file) @backtrace_string.','a:6:{s:5:\"%type\";s:6:\"Notice\";s:8:\"@message\";O:25:\"Drupal\\Core\\Render\\Markup\":1:{s:9:\"\0*\0string\";s:32:\"Undefined index: invitation_code\";}s:9:\"%function\";s:76:\"Drupal\\ma_handlers\\Plugin\\WebformHandler\\MailInvitationHandler->submitForm()\";s:5:\"%file\";s:101:\"/home/sites/mscare/web/modules/custom/ma_handlers/src/Plugin/WebformHandler/MailInvitationHandler.php\";s:5:\"%line\";i:47;s:17:\"@backtrace_string\";s:11905:\"#0 /home/sites/mscare/web/core/includes/bootstrap.inc(600): _drupal_error_handler_real(8, \'Undefined index...\', \'/home/sites/msc...\', 47, Array)\n#1 /home/sites/mscare/web/modules/custom/ma_handlers/src/Plugin/WebformHandler/MailInvitationHandler.php(47): _drupal_error_handler(8, \'Undefined index...\', \'/home/sites/msc...\', 47, Array)\n#2 /home/sites/mscare/web/modules/contrib/webform/src/Entity/Webform.php(2616): Drupal\\ma_handlers\\Plugin\\WebformHandler\\MailInvitationHandler->submitForm(Array, Object(Drupal\\Core\\Form\\FormState), Object(Drupal\\webform\\Entity\\WebformSubmission))\n#3 /home/sites/mscare/web/modules/contrib/webform/src/WebformSubmissionForm.php(1843): Drupal\\webform\\Entity\\Webform->invokeHandlers(\'submitForm\', Array, Object(Drupal\\Core\\Form\\FormState), Object(Drupal\\webform\\Entity\\WebformSubmission))\n#4 [internal function]: Drupal\\webform\\WebformSubmissionForm->submitForm(Array, Object(Drupal\\Core\\Form\\FormState))\n#5 /home/sites/mscare/web/core/lib/Drupal/Core/Form/FormSubmitter.php(114): call_user_func_array(Array, Array)\n#6 /home/sites/mscare/web/core/lib/Drupal/Core/Form/FormSubmitter.php(52): Drupal\\Core\\Form\\FormSubmitter->executeSubmitHandlers(Array, Object(Drupal\\Core\\Form\\FormState))\n#7 /home/sites/mscare/web/core/lib/Drupal/Core/Form/FormBuilder.php(593): Drupal\\Core\\Form\\FormSubmitter->doSubmitForm(Array, Object(Drupal\\Core\\Form\\FormState))\n#8 /home/sites/mscare/web/core/lib/Drupal/Core/Form/FormBuilder.php(321): Drupal\\Core\\Form\\FormBuilder->processForm(\'webform_submiss...\', Array, Object(Drupal\\Core\\Form\\FormState))\n#9 /home/sites/mscare/web/core/lib/Drupal/Core/Entity/EntityFormBuilder.php(61): Drupal\\Core\\Form\\FormBuilder->buildForm(Object(Drupal\\webform\\WebformSubmissionForm), Object(Drupal\\Core\\Form\\FormState))\n#10 /home/sites/mscare/web/modules/contrib/webform/src/Entity/Webform.php(1193): Drupal\\Core\\Entity\\EntityFormBuilder->getForm(Object(Drupal\\webform\\Entity\\WebformSubmission), \'add\')\n#11 /home/sites/mscare/web/modules/contrib/webform/src/Element/Webform.php(78): Drupal\\webform\\Entity\\Webform->getSubmissionForm(Array)\n#12 [internal function]: Drupal\\webform\\Element\\Webform::preRenderWebformElement(Array)\n#13 /home/sites/mscare/web/core/lib/Drupal/Core/Security/DoTrustedCallbackTrait.php(100): call_user_func_array(Array, Array)\n#14 /home/sites/mscare/web/core/lib/Drupal/Core/Render/Renderer.php(781): Drupal\\Core\\Render\\Renderer->doTrustedCallback(Array, Array, \'Render #pre_ren...\', \'silenced_deprec...\', \'Drupal\\\\Core\\\\Ren...\')\n#15 /home/sites/mscare/web/core/lib/Drupal/Core/Render/Renderer.php(372): Drupal\\Core\\Render\\Renderer->doCallback(\'#pre_render\', Array, Array)\n#16 /home/sites/mscare/web/core/lib/Drupal/Core/Render/Renderer.php(200): Drupal\\Core\\Render\\Renderer->doRender(Array, false)\n#17 /home/sites/mscare/web/core/lib/Drupal/Core/Template/TwigExtension.php(501): Drupal\\Core\\Render\\Renderer->render(Array)\n#18 /home/sites/mscare/web/sites/default/files/php/twig/5f71e5e80e958_field.html.twig_di1TwkKXnDYoORHbfq9k93sA1/f0kUp_hCNHo6IuAW2DAqGgXAhzORX0Xg3ZfYcKlY2LA.php(104): Drupal\\Core\\Template\\TwigExtension->escapeFilter(Object(Drupal\\Core\\Template\\TwigEnvironment), Array, \'html\', NULL, true)\n#19 /home/sites/mscare/vendor/twig/twig/src/Template.php(453): __TwigTemplate_a8fed13fadbb04c1620e06b91ebcfecd1ff3680afdf55efbc82cb9177b26610d->doDisplay(Array, Array)\n#20 /home/sites/mscare/vendor/twig/twig/src/Template.php(420): Twig\\Template->displayWithErrorHandling(Array, Array)\n#21 /home/sites/mscare/vendor/twig/twig/src/Template.php(432): Twig\\Template->display(Array)\n#22 /home/sites/mscare/web/core/themes/engines/twig/twig.engine(64): Twig\\Template->render(Array)\n#23 /home/sites/mscare/web/core/lib/Drupal/Core/Theme/ThemeManager.php(384): twig_render_template(\'core/themes/cla...\', Array)\n#24 /home/sites/mscare/web/core/lib/Drupal/Core/Render/Renderer.php(431): Drupal\\Core\\Theme\\ThemeManager->render(\'field\', Array)\n#25 /home/sites/mscare/web/core/lib/Drupal/Core/Render/Renderer.php(444): Drupal\\Core\\Render\\Renderer->doRender(Array)\n#26 /home/sites/mscare/web/core/lib/Drupal/Core/Render/Renderer.php(200): Drupal\\Core\\Render\\Renderer->doRender(Array, false)\n#27 /home/sites/mscare/web/core/lib/Drupal/Core/Template/TwigExtension.php(501): Drupal\\Core\\Render\\Renderer->render(Array)\n#28 /home/sites/mscare/web/sites/default/files/php/twig/5f71e5e80e958_block.html.twig_4c5DjTnhISUxB5zj5gRJmJsp8/kw8HJ-C02mPJv8PpQxmaBXi1tQo9_Ndl0F7dZb9uyLI.php(101): Drupal\\Core\\Template\\TwigExtension->escapeFilter(Object(Drupal\\Core\\Template\\TwigEnvironment), Array, \'html\', NULL, true)\n#29 /home/sites/mscare/vendor/twig/twig/src/Template.php(214): __TwigTemplate_62d2a604de3781fa9744df55fa74228780ace80bc7b9405da0f3428ab7eb19a9->block_content(Array, Array)\n#30 /home/sites/mscare/web/sites/default/files/php/twig/5f71e5e80e958_block.html.twig_4c5DjTnhISUxB5zj5gRJmJsp8/kw8HJ-C02mPJv8PpQxmaBXi1tQo9_Ndl0F7dZb9uyLI.php(86): Twig\\Template->displayBlock(\'content\', Array, Array)\n#31 /home/sites/mscare/vendor/twig/twig/src/Template.php(453): __TwigTemplate_62d2a604de3781fa9744df55fa74228780ace80bc7b9405da0f3428ab7eb19a9->doDisplay(Array, Array)\n#32 /home/sites/mscare/vendor/twig/twig/src/Template.php(420): Twig\\Template->displayWithErrorHandling(Array, Array)\n#33 /home/sites/mscare/vendor/twig/twig/src/Template.php(432): Twig\\Template->display(Array)\n#34 /home/sites/mscare/web/core/themes/engines/twig/twig.engine(64): Twig\\Template->render(Array)\n#35 /home/sites/mscare/web/core/lib/Drupal/Core/Theme/ThemeManager.php(384): twig_render_template(\'themes/contrib/...\', Array)\n#36 /home/sites/mscare/web/core/lib/Drupal/Core/Render/Renderer.php(431): Drupal\\Core\\Theme\\ThemeManager->render(\'block\', Array)\n#37 /home/sites/mscare/web/core/lib/Drupal/Core/Render/Renderer.php(444): Drupal\\Core\\Render\\Renderer->doRender(Array)\n#38 /home/sites/mscare/web/core/lib/Drupal/Core/Render/Renderer.php(200): Drupal\\Core\\Render\\Renderer->doRender(Array, false)\n#39 /home/sites/mscare/web/core/lib/Drupal/Core/Template/TwigExtension.php(501): Drupal\\Core\\Render\\Renderer->render(Array)\n#40 /home/sites/mscare/web/sites/default/files/php/twig/5f71e5e80e958_page.html.twig_xmyJ6VG3WhjvMUbxKOIUrlNB2/gjRUTH61HiBADXqO1TvfFaEE3nJTMMpST4gyDjUonKY.php(681): Drupal\\Core\\Template\\TwigExtension->escapeFilter(Object(Drupal\\Core\\Template\\TwigEnvironment), Array, \'html\', NULL, true)\n#41 /home/sites/mscare/vendor/twig/twig/src/Template.php(453): __TwigTemplate_a18013a6d87812d912e3ea638739f13ceff635b9c5e4ccd6d971b5ba0d282fe7->doDisplay(Array, Array)\n#42 /home/sites/mscare/vendor/twig/twig/src/Template.php(420): Twig\\Template->displayWithErrorHandling(Array, Array)\n#43 /home/sites/mscare/vendor/twig/twig/src/Template.php(432): Twig\\Template->display(Array)\n#44 /home/sites/mscare/web/core/themes/engines/twig/twig.engine(64): Twig\\Template->render(Array)\n#45 /home/sites/mscare/web/core/lib/Drupal/Core/Theme/ThemeManager.php(384): twig_render_template(\'themes/contrib/...\', Array)\n#46 /home/sites/mscare/web/core/lib/Drupal/Core/Render/Renderer.php(431): Drupal\\Core\\Theme\\ThemeManager->render(\'page\', Array)\n#47 /home/sites/mscare/web/core/lib/Drupal/Core/Render/Renderer.php(200): Drupal\\Core\\Render\\Renderer->doRender(Array, false)\n#48 /home/sites/mscare/web/core/lib/Drupal/Core/Template/TwigExtension.php(501): Drupal\\Core\\Render\\Renderer->render(Array)\n#49 /home/sites/mscare/web/sites/default/files/php/twig/5f71e5e80e958_html.html.twig_8Xnlke34uyEv5_3bOAXRG8Q4a/6GuBVUvOO1rDdGDYWR6ciV6ccP48XgAOgvg0YhVNq-Y.php(102): Drupal\\Core\\Template\\TwigExtension->escapeFilter(Object(Drupal\\Core\\Template\\TwigEnvironment), Array, \'html\', NULL, true)\n#50 /home/sites/mscare/vendor/twig/twig/src/Template.php(453): __TwigTemplate_5c3ea75977e5452a598898d82fe3459ce043dbffdb4b30911a2504c96419a2e1->doDisplay(Array, Array)\n#51 /home/sites/mscare/vendor/twig/twig/src/Template.php(420): Twig\\Template->displayWithErrorHandling(Array, Array)\n#52 /home/sites/mscare/vendor/twig/twig/src/Template.php(432): Twig\\Template->display(Array)\n#53 /home/sites/mscare/web/core/themes/engines/twig/twig.engine(64): Twig\\Template->render(Array)\n#54 /home/sites/mscare/web/core/lib/Drupal/Core/Theme/ThemeManager.php(384): twig_render_template(\'core/themes/cla...\', Array)\n#55 /home/sites/mscare/web/core/lib/Drupal/Core/Render/Renderer.php(431): Drupal\\Core\\Theme\\ThemeManager->render(\'html\', Array)\n#56 /home/sites/mscare/web/core/lib/Drupal/Core/Render/Renderer.php(200): Drupal\\Core\\Render\\Renderer->doRender(Array, false)\n#57 /home/sites/mscare/web/core/lib/Drupal/Core/Render/MainContent/HtmlRenderer.php(147): Drupal\\Core\\Render\\Renderer->render(Array)\n#58 /home/sites/mscare/web/core/lib/Drupal/Core/Render/Renderer.php(573): Drupal\\Core\\Render\\MainContent\\HtmlRenderer->Drupal\\Core\\Render\\MainContent\\{closure}()\n#59 /home/sites/mscare/web/core/lib/Drupal/Core/Render/MainContent/HtmlRenderer.php(148): Drupal\\Core\\Render\\Renderer->executeInRenderContext(Object(Drupal\\Core\\Render\\RenderContext), Object(Closure))\n#60 /home/sites/mscare/web/core/lib/Drupal/Core/EventSubscriber/MainContentViewSubscriber.php(90): Drupal\\Core\\Render\\MainContent\\HtmlRenderer->renderResponse(Array, Object(Symfony\\Component\\HttpFoundation\\Request), Object(Drupal\\Core\\Routing\\CurrentRouteMatch))\n#61 [internal function]: Drupal\\Core\\EventSubscriber\\MainContentViewSubscriber->onViewRenderArray(Object(Symfony\\Component\\HttpKernel\\Event\\GetResponseForControllerResultEvent), \'kernel.view\', Object(Drupal\\Component\\EventDispatcher\\ContainerAwareEventDispatcher))\n#62 /home/sites/mscare/web/core/lib/Drupal/Component/EventDispatcher/ContainerAwareEventDispatcher.php(111): call_user_func(Array, Object(Symfony\\Component\\HttpKernel\\Event\\GetResponseForControllerResultEvent), \'kernel.view\', Object(Drupal\\Component\\EventDispatcher\\ContainerAwareEventDispatcher))\n#63 /home/sites/mscare/vendor/symfony/http-kernel/HttpKernel.php(156): Drupal\\Component\\EventDispatcher\\ContainerAwareEventDispatcher->dispatch(\'kernel.view\', Object(Symfony\\Component\\HttpKernel\\Event\\GetResponseForControllerResultEvent))\n#64 /home/sites/mscare/vendor/symfony/http-kernel/HttpKernel.php(68): Symfony\\Component\\HttpKernel\\HttpKernel->handleRaw(Object(Symfony\\Component\\HttpFoundation\\Request), 1)\n#65 /home/sites/mscare/web/core/lib/Drupal/Core/StackMiddleware/Session.php(57): Symfony\\Component\\HttpKernel\\HttpKernel->handle(Object(Symfony\\Component\\HttpFoundation\\Request), 1, true)\n#66 /home/sites/mscare/web/core/lib/Drupal/Core/StackMiddleware/KernelPreHandle.php(47): Drupal\\Core\\StackMiddleware\\Session->handle(Object(Symfony\\Component\\HttpFoundation\\Request), 1, true)\n#67 /home/sites/mscare/web/core/modules/page_cache/src/StackMiddleware/PageCache.php(106): Drupal\\Core\\StackMiddleware\\KernelPreHandle->handle(Object(Symfony\\Component\\HttpFoundation\\Request), 1, true)\n#68 /home/sites/mscare/web/core/modules/page_cache/src/StackMiddleware/PageCache.php(85): Drupal\\page_cache\\StackMiddleware\\PageCache->pass(Object(Symfony\\Component\\HttpFoundation\\Request), 1, true)\n#69 /home/sites/mscare/web/core/lib/Drupal/Core/StackMiddleware/ReverseProxyMiddleware.php(47): Drupal\\page_cache\\StackMiddleware\\PageCache->handle(Object(Symfony\\Component\\HttpFoundation\\Request), 1, true)\n#70 /home/sites/mscare/web/core/lib/Drupal/Core/StackMiddleware/NegotiationMiddleware.php(52): Drupal\\Core\\StackMiddleware\\ReverseProxyMiddleware->handle(Object(Symfony\\Component\\HttpFoundation\\Request), 1, true)\n#71 /home/sites/mscare/vendor/stack/builder/src/Stack/StackedHttpKernel.php(23): Drupal\\Core\\StackMiddleware\\NegotiationMiddleware->handle(Object(Symfony\\Component\\HttpFoundation\\Request), 1, true)\n#72 /home/sites/mscare/web/core/lib/Drupal/Core/DrupalKernel.php(708): Stack\\StackedHttpKernel->handle(Object(Symfony\\Component\\HttpFoundation\\Request), 1, true)\n#73 /home/sites/mscare/web/index.php(19): Drupal\\Core\\DrupalKernel->handle(Object(Symfony\\Component\\HttpFoundation\\Request))\n#74 {main}\";}',5,'','http://mscare.open.gr/node/594','http://mscare.open.gr/node/594','85.72.53.208',1601370358),(29112,88,'php','%type: @message in %function (line %line of %file) @backtrace_string.','a:6:{s:5:\"%type\";s:6:\"Notice\";s:8:\"@message\";O:25:\"Drupal\\Core\\Render\\Markup\":1:{s:9:\"\0*\0string\";s:32:\"Undefined index: invitation_code\";}s:9:\"%function\";s:76:\"Drupal\\ma_handlers\\Plugin\\WebformHandler\\MailInvitationHandler->submitForm()\";s:5:\"%file\";s:101:\"/home/sites/mscare/web/modules/custom/ma_handlers/src/Plugin/WebformHandler/MailInvitationHandler.php\";s:5:\"%line\";i:47;s:17:\"@backtrace_string\";s:11905:\"#0 /home/sites/mscare/web/core/includes/bootstrap.inc(600): _drupal_error_handler_real(8, \'Undefined index...\', \'/home/sites/msc...\', 47, Array)\n#1 /home/sites/mscare/web/modules/custom/ma_handlers/src/Plugin/WebformHandler/MailInvitationHandler.php(47): _drupal_error_handler(8, \'Undefined index...\', \'/home/sites/msc...\', 47, Array)\n#2 /home/sites/mscare/web/modules/contrib/webform/src/Entity/Webform.php(2616): Drupal\\ma_handlers\\Plugin\\WebformHandler\\MailInvitationHandler->submitForm(Array, Object(Drupal\\Core\\Form\\FormState), Object(Drupal\\webform\\Entity\\WebformSubmission))\n#3 /home/sites/mscare/web/modules/contrib/webform/src/WebformSubmissionForm.php(1843): Drupal\\webform\\Entity\\Webform->invokeHandlers(\'submitForm\', Array, Object(Drupal\\Core\\Form\\FormState), Object(Drupal\\webform\\Entity\\WebformSubmission))\n#4 [internal function]: Drupal\\webform\\WebformSubmissionForm->submitForm(Array, Object(Drupal\\Core\\Form\\FormState))\n#5 /home/sites/mscare/web/core/lib/Drupal/Core/Form/FormSubmitter.php(114): call_user_func_array(Array, Array)\n#6 /home/sites/mscare/web/core/lib/Drupal/Core/Form/FormSubmitter.php(52): Drupal\\Core\\Form\\FormSubmitter->executeSubmitHandlers(Array, Object(Drupal\\Core\\Form\\FormState))\n#7 /home/sites/mscare/web/core/lib/Drupal/Core/Form/FormBuilder.php(593): Drupal\\Core\\Form\\FormSubmitter->doSubmitForm(Array, Object(Drupal\\Core\\Form\\FormState))\n#8 /home/sites/mscare/web/core/lib/Drupal/Core/Form/FormBuilder.php(321): Drupal\\Core\\Form\\FormBuilder->processForm(\'webform_submiss...\', Array, Object(Drupal\\Core\\Form\\FormState))\n#9 /home/sites/mscare/web/core/lib/Drupal/Core/Entity/EntityFormBuilder.php(61): Drupal\\Core\\Form\\FormBuilder->buildForm(Object(Drupal\\webform\\WebformSubmissionForm), Object(Drupal\\Core\\Form\\FormState))\n#10 /home/sites/mscare/web/modules/contrib/webform/src/Entity/Webform.php(1193): Drupal\\Core\\Entity\\EntityFormBuilder->getForm(Object(Drupal\\webform\\Entity\\WebformSubmission), \'add\')\n#11 /home/sites/mscare/web/modules/contrib/webform/src/Element/Webform.php(78): Drupal\\webform\\Entity\\Webform->getSubmissionForm(Array)\n#12 [internal function]: Drupal\\webform\\Element\\Webform::preRenderWebformElement(Array)\n#13 /home/sites/mscare/web/core/lib/Drupal/Core/Security/DoTrustedCallbackTrait.php(100): call_user_func_array(Array, Array)\n#14 /home/sites/mscare/web/core/lib/Drupal/Core/Render/Renderer.php(781): Drupal\\Core\\Render\\Renderer->doTrustedCallback(Array, Array, \'Render #pre_ren...\', \'silenced_deprec...\', \'Drupal\\\\Core\\\\Ren...\')\n#15 /home/sites/mscare/web/core/lib/Drupal/Core/Render/Renderer.php(372): Drupal\\Core\\Render\\Renderer->doCallback(\'#pre_render\', Array, Array)\n#16 /home/sites/mscare/web/core/lib/Drupal/Core/Render/Renderer.php(200): Drupal\\Core\\Render\\Renderer->doRender(Array, false)\n#17 /home/sites/mscare/web/core/lib/Drupal/Core/Template/TwigExtension.php(501): Drupal\\Core\\Render\\Renderer->render(Array)\n#18 /home/sites/mscare/web/sites/default/files/php/twig/5f71e5e80e958_field.html.twig_di1TwkKXnDYoORHbfq9k93sA1/f0kUp_hCNHo6IuAW2DAqGgXAhzORX0Xg3ZfYcKlY2LA.php(104): Drupal\\Core\\Template\\TwigExtension->escapeFilter(Object(Drupal\\Core\\Template\\TwigEnvironment), Array, \'html\', NULL, true)\n#19 /home/sites/mscare/vendor/twig/twig/src/Template.php(453): __TwigTemplate_a8fed13fadbb04c1620e06b91ebcfecd1ff3680afdf55efbc82cb9177b26610d->doDisplay(Array, Array)\n#20 /home/sites/mscare/vendor/twig/twig/src/Template.php(420): Twig\\Template->displayWithErrorHandling(Array, Array)\n#21 /home/sites/mscare/vendor/twig/twig/src/Template.php(432): Twig\\Template->display(Array)\n#22 /home/sites/mscare/web/core/themes/engines/twig/twig.engine(64): Twig\\Template->render(Array)\n#23 /home/sites/mscare/web/core/lib/Drupal/Core/Theme/ThemeManager.php(384): twig_render_template(\'core/themes/cla...\', Array)\n#24 /home/sites/mscare/web/core/lib/Drupal/Core/Render/Renderer.php(431): Drupal\\Core\\Theme\\ThemeManager->render(\'field\', Array)\n#25 /home/sites/mscare/web/core/lib/Drupal/Core/Render/Renderer.php(444): Drupal\\Core\\Render\\Renderer->doRender(Array)\n#26 /home/sites/mscare/web/core/lib/Drupal/Core/Render/Renderer.php(200): Drupal\\Core\\Render\\Renderer->doRender(Array, false)\n#27 /home/sites/mscare/web/core/lib/Drupal/Core/Template/TwigExtension.php(501): Drupal\\Core\\Render\\Renderer->render(Array)\n#28 /home/sites/mscare/web/sites/default/files/php/twig/5f71e5e80e958_block.html.twig_4c5DjTnhISUxB5zj5gRJmJsp8/kw8HJ-C02mPJv8PpQxmaBXi1tQo9_Ndl0F7dZb9uyLI.php(101): Drupal\\Core\\Template\\TwigExtension->escapeFilter(Object(Drupal\\Core\\Template\\TwigEnvironment), Array, \'html\', NULL, true)\n#29 /home/sites/mscare/vendor/twig/twig/src/Template.php(214): __TwigTemplate_62d2a604de3781fa9744df55fa74228780ace80bc7b9405da0f3428ab7eb19a9->block_content(Array, Array)\n#30 /home/sites/mscare/web/sites/default/files/php/twig/5f71e5e80e958_block.html.twig_4c5DjTnhISUxB5zj5gRJmJsp8/kw8HJ-C02mPJv8PpQxmaBXi1tQo9_Ndl0F7dZb9uyLI.php(86): Twig\\Template->displayBlock(\'content\', Array, Array)\n#31 /home/sites/mscare/vendor/twig/twig/src/Template.php(453): __TwigTemplate_62d2a604de3781fa9744df55fa74228780ace80bc7b9405da0f3428ab7eb19a9->doDisplay(Array, Array)\n#32 /home/sites/mscare/vendor/twig/twig/src/Template.php(420): Twig\\Template->displayWithErrorHandling(Array, Array)\n#33 /home/sites/mscare/vendor/twig/twig/src/Template.php(432): Twig\\Template->display(Array)\n#34 /home/sites/mscare/web/core/themes/engines/twig/twig.engine(64): Twig\\Template->render(Array)\n#35 /home/sites/mscare/web/core/lib/Drupal/Core/Theme/ThemeManager.php(384): twig_render_template(\'themes/contrib/...\', Array)\n#36 /home/sites/mscare/web/core/lib/Drupal/Core/Render/Renderer.php(431): Drupal\\Core\\Theme\\ThemeManager->render(\'block\', Array)\n#37 /home/sites/mscare/web/core/lib/Drupal/Core/Render/Renderer.php(444): Drupal\\Core\\Render\\Renderer->doRender(Array)\n#38 /home/sites/mscare/web/core/lib/Drupal/Core/Render/Renderer.php(200): Drupal\\Core\\Render\\Renderer->doRender(Array, false)\n#39 /home/sites/mscare/web/core/lib/Drupal/Core/Template/TwigExtension.php(501): Drupal\\Core\\Render\\Renderer->render(Array)\n#40 /home/sites/mscare/web/sites/default/files/php/twig/5f71e5e80e958_page.html.twig_xmyJ6VG3WhjvMUbxKOIUrlNB2/gjRUTH61HiBADXqO1TvfFaEE3nJTMMpST4gyDjUonKY.php(681): Drupal\\Core\\Template\\TwigExtension->escapeFilter(Object(Drupal\\Core\\Template\\TwigEnvironment), Array, \'html\', NULL, true)\n#41 /home/sites/mscare/vendor/twig/twig/src/Template.php(453): __TwigTemplate_a18013a6d87812d912e3ea638739f13ceff635b9c5e4ccd6d971b5ba0d282fe7->doDisplay(Array, Array)\n#42 /home/sites/mscare/vendor/twig/twig/src/Template.php(420): Twig\\Template->displayWithErrorHandling(Array, Array)\n#43 /home/sites/mscare/vendor/twig/twig/src/Template.php(432): Twig\\Template->display(Array)\n#44 /home/sites/mscare/web/core/themes/engines/twig/twig.engine(64): Twig\\Template->render(Array)\n#45 /home/sites/mscare/web/core/lib/Drupal/Core/Theme/ThemeManager.php(384): twig_render_template(\'themes/contrib/...\', Array)\n#46 /home/sites/mscare/web/core/lib/Drupal/Core/Render/Renderer.php(431): Drupal\\Core\\Theme\\ThemeManager->render(\'page\', Array)\n#47 /home/sites/mscare/web/core/lib/Drupal/Core/Render/Renderer.php(200): Drupal\\Core\\Render\\Renderer->doRender(Array, false)\n#48 /home/sites/mscare/web/core/lib/Drupal/Core/Template/TwigExtension.php(501): Drupal\\Core\\Render\\Renderer->render(Array)\n#49 /home/sites/mscare/web/sites/default/files/php/twig/5f71e5e80e958_html.html.twig_8Xnlke34uyEv5_3bOAXRG8Q4a/6GuBVUvOO1rDdGDYWR6ciV6ccP48XgAOgvg0YhVNq-Y.php(102): Drupal\\Core\\Template\\TwigExtension->escapeFilter(Object(Drupal\\Core\\Template\\TwigEnvironment), Array, \'html\', NULL, true)\n#50 /home/sites/mscare/vendor/twig/twig/src/Template.php(453): __TwigTemplate_5c3ea75977e5452a598898d82fe3459ce043dbffdb4b30911a2504c96419a2e1->doDisplay(Array, Array)\n#51 /home/sites/mscare/vendor/twig/twig/src/Template.php(420): Twig\\Template->displayWithErrorHandling(Array, Array)\n#52 /home/sites/mscare/vendor/twig/twig/src/Template.php(432): Twig\\Template->display(Array)\n#53 /home/sites/mscare/web/core/themes/engines/twig/twig.engine(64): Twig\\Template->render(Array)\n#54 /home/sites/mscare/web/core/lib/Drupal/Core/Theme/ThemeManager.php(384): twig_render_template(\'core/themes/cla...\', Array)\n#55 /home/sites/mscare/web/core/lib/Drupal/Core/Render/Renderer.php(431): Drupal\\Core\\Theme\\ThemeManager->render(\'html\', Array)\n#56 /home/sites/mscare/web/core/lib/Drupal/Core/Render/Renderer.php(200): Drupal\\Core\\Render\\Renderer->doRender(Array, false)\n#57 /home/sites/mscare/web/core/lib/Drupal/Core/Render/MainContent/HtmlRenderer.php(147): Drupal\\Core\\Render\\Renderer->render(Array)\n#58 /home/sites/mscare/web/core/lib/Drupal/Core/Render/Renderer.php(573): Drupal\\Core\\Render\\MainContent\\HtmlRenderer->Drupal\\Core\\Render\\MainContent\\{closure}()\n#59 /home/sites/mscare/web/core/lib/Drupal/Core/Render/MainContent/HtmlRenderer.php(148): Drupal\\Core\\Render\\Renderer->executeInRenderContext(Object(Drupal\\Core\\Render\\RenderContext), Object(Closure))\n#60 /home/sites/mscare/web/core/lib/Drupal/Core/EventSubscriber/MainContentViewSubscriber.php(90): Drupal\\Core\\Render\\MainContent\\HtmlRenderer->renderResponse(Array, Object(Symfony\\Component\\HttpFoundation\\Request), Object(Drupal\\Core\\Routing\\CurrentRouteMatch))\n#61 [internal function]: Drupal\\Core\\EventSubscriber\\MainContentViewSubscriber->onViewRenderArray(Object(Symfony\\Component\\HttpKernel\\Event\\GetResponseForControllerResultEvent), \'kernel.view\', Object(Drupal\\Component\\EventDispatcher\\ContainerAwareEventDispatcher))\n#62 /home/sites/mscare/web/core/lib/Drupal/Component/EventDispatcher/ContainerAwareEventDispatcher.php(111): call_user_func(Array, Object(Symfony\\Component\\HttpKernel\\Event\\GetResponseForControllerResultEvent), \'kernel.view\', Object(Drupal\\Component\\EventDispatcher\\ContainerAwareEventDispatcher))\n#63 /home/sites/mscare/vendor/symfony/http-kernel/HttpKernel.php(156): Drupal\\Component\\EventDispatcher\\ContainerAwareEventDispatcher->dispatch(\'kernel.view\', Object(Symfony\\Component\\HttpKernel\\Event\\GetResponseForControllerResultEvent))\n#64 /home/sites/mscare/vendor/symfony/http-kernel/HttpKernel.php(68): Symfony\\Component\\HttpKernel\\HttpKernel->handleRaw(Object(Symfony\\Component\\HttpFoundation\\Request), 1)\n#65 /home/sites/mscare/web/core/lib/Drupal/Core/StackMiddleware/Session.php(57): Symfony\\Component\\HttpKernel\\HttpKernel->handle(Object(Symfony\\Component\\HttpFoundation\\Request), 1, true)\n#66 /home/sites/mscare/web/core/lib/Drupal/Core/StackMiddleware/KernelPreHandle.php(47): Drupal\\Core\\StackMiddleware\\Session->handle(Object(Symfony\\Component\\HttpFoundation\\Request), 1, true)\n#67 /home/sites/mscare/web/core/modules/page_cache/src/StackMiddleware/PageCache.php(106): Drupal\\Core\\StackMiddleware\\KernelPreHandle->handle(Object(Symfony\\Component\\HttpFoundation\\Request), 1, true)\n#68 /home/sites/mscare/web/core/modules/page_cache/src/StackMiddleware/PageCache.php(85): Drupal\\page_cache\\StackMiddleware\\PageCache->pass(Object(Symfony\\Component\\HttpFoundation\\Request), 1, true)\n#69 /home/sites/mscare/web/core/lib/Drupal/Core/StackMiddleware/ReverseProxyMiddleware.php(47): Drupal\\page_cache\\StackMiddleware\\PageCache->handle(Object(Symfony\\Component\\HttpFoundation\\Request), 1, true)\n#70 /home/sites/mscare/web/core/lib/Drupal/Core/StackMiddleware/NegotiationMiddleware.php(52): Drupal\\Core\\StackMiddleware\\ReverseProxyMiddleware->handle(Object(Symfony\\Component\\HttpFoundation\\Request), 1, true)\n#71 /home/sites/mscare/vendor/stack/builder/src/Stack/StackedHttpKernel.php(23): Drupal\\Core\\StackMiddleware\\NegotiationMiddleware->handle(Object(Symfony\\Component\\HttpFoundation\\Request), 1, true)\n#72 /home/sites/mscare/web/core/lib/Drupal/Core/DrupalKernel.php(708): Stack\\StackedHttpKernel->handle(Object(Symfony\\Component\\HttpFoundation\\Request), 1, true)\n#73 /home/sites/mscare/web/index.php(19): Drupal\\Core\\DrupalKernel->handle(Object(Symfony\\Component\\HttpFoundation\\Request))\n#74 {main}\";}',5,'','http://mscare.open.gr/node/594','http://mscare.open.gr/node/594','85.72.53.208',1601370358),(29113,88,'webform','@title created.','a:2:{s:3:\"@id\";s:3:\"162\";s:6:\"@title\";s:31:\"Mail Invitation: Submission #42\";}',5,'<a href=\"/admin/structure/webform/manage/mail_invitation/submission/162/edit\" hreflang=\"en\">Edit</a>','http://mscare.open.gr/node/594','http://mscare.open.gr/node/594','85.72.53.208',1601370358),(29114,1,'content','@type: updated %title.','a:2:{s:5:\"@type\";s:7:\"webform\";s:6:\"%title\";s:21:\"MSCU – ECF – 2020\";}',5,'<a href=\"/node/594\" hreflang=\"en\">View</a>','http://mscare.open.gr/node/594/edit?destination=%2Fadmin%2Fcontent','http://mscare.open.gr/node/594/edit?destination=/admin/content','85.72.53.208',1601370740),(29115,88,'webform','@title created.','a:2:{s:3:\"@id\";s:3:\"163\";s:6:\"@title\";s:31:\"Mail Invitation: Submission #43\";}',5,'<a href=\"/admin/structure/webform/manage/mail_invitation/submission/163/edit\" hreflang=\"en\">Edit</a>','http://mscare.open.gr/node/594','http://mscare.open.gr/node/594','85.72.53.208',1601370832),(29116,88,'webform','@title created.','a:2:{s:3:\"@id\";s:3:\"164\";s:6:\"@title\";s:37:\"MSCU – ECF – 2020: Submission #10\";}',5,'<a href=\"/admin/structure/webform/manage/mscu_ecf_2020/submission/164/edit\" hreflang=\"en\">Edit</a>','http://mscare.open.gr/node/594/webform?email=annamimi9%40gmail.com','http://mscare.open.gr/node/594/webform?email=annamimi9%40gmail.com','85.72.53.208',1601371103),(29117,88,'webform','@title created.','a:2:{s:3:\"@id\";s:3:\"165\";s:6:\"@title\";s:37:\"MSCU – ECF – 2020: Submission #11\";}',5,'<a href=\"/admin/structure/webform/manage/mscu_ecf_2020/submission/165/edit\" hreflang=\"en\">Edit</a>','http://mscare.open.gr/node/594/webform?email=amimi%40open.gr','http://mscare.open.gr/node/594/webform?email=amimi%40open.gr','85.72.53.208',1601371360),(29118,88,'myformhandler','MyHandler got form data:Array\n(\n    [0] => amimi@open.gr\n    [1] => mimia@techlink.gr\n    [2] => annamimi9@gmail.com\n    [3] => vassilakis@open.gr\n)\n','a:0:{}',4,'','http://mscare.open.gr/node/594','http://mscare.open.gr/node/594','85.72.53.208',1601371422),(29119,88,'webform','@title created.','a:2:{s:3:\"@id\";s:3:\"166\";s:6:\"@title\";s:37:\"MSCU – ECF – 2020: Submission #52\";}',5,'<a href=\"/admin/structure/webform/manage/email_reminder/submission/166/edit\" hreflang=\"en\">Edit</a>','http://mscare.open.gr/node/594','http://mscare.open.gr/node/594','85.72.53.208',1601371422),(29120,88,'myformhandler','MyHandler got form data:Array\n(\n    [0] => amimi@open.gr\n    [1] => mimia@techlink.gr\n    [2] => annamimi9@gmail.com\n    [3] => vassilakis@open.gr\n)\n','a:0:{}',4,'','http://mscare.open.gr/node/594','http://mscare.open.gr/node/594','85.72.53.208',1601371452),(29121,88,'webform','@title created.','a:2:{s:3:\"@id\";s:3:\"167\";s:6:\"@title\";s:37:\"MSCU – ECF – 2020: Submission #53\";}',5,'<a href=\"/admin/structure/webform/manage/email_reminder/submission/167/edit\" hreflang=\"en\">Edit</a>','http://mscare.open.gr/node/594','http://mscare.open.gr/node/594','85.72.53.208',1601371452),(29122,1,'webform','Webform settings @label has been saved.','a:1:{s:6:\"@label\";s:21:\"MSCU – ECF – 2020\";}',5,'<a href=\"/admin/structure/webform/manage/mscu_ecf_2020/settings\">Edit</a>','http://mscare.open.gr/admin/structure/webform/manage/mscu_ecf_2020/access','http://mscare.open.gr/admin/structure/webform/manage/mscu_ecf_2020/access','85.72.53.208',1601371937),(29123,1,'php','%type: @message in %function (line %line of %file) @backtrace_string.','a:6:{s:5:\"%type\";s:7:\"Warning\";s:8:\"@message\";O:25:\"Drupal\\Core\\Render\\Markup\":1:{s:9:\"\0*\0string\";s:35:\"implode(): Invalid arguments passed\";}s:9:\"%function\";s:55:\"Drupal\\views\\Plugin\\views\\query\\Sql->buildOptionsForm()\";s:5:\"%file\";s:72:\"/home/sites/mscare/web/core/modules/views/src/Plugin/views/query/Sql.php\";s:5:\"%line\";i:320;s:17:\"@backtrace_string\";s:5451:\"#0 /home/sites/mscare/web/core/includes/bootstrap.inc(600): _drupal_error_handler_real(2, \'implode(): Inva...\', \'/home/sites/msc...\', 320, Array)\n#1 [internal function]: _drupal_error_handler(2, \'implode(): Inva...\', \'/home/sites/msc...\', 320, Array)\n#2 /home/sites/mscare/web/core/modules/views/src/Plugin/views/query/Sql.php(320): implode(\', \', NULL)\n#3 /home/sites/mscare/web/core/modules/views/src/Plugin/views/display/DisplayPluginBase.php(1618): Drupal\\views\\Plugin\\views\\query\\Sql->buildOptionsForm(Array, Object(Drupal\\Core\\Form\\FormState))\n#4 /home/sites/mscare/web/core/modules/views/src/Plugin/views/display/PathPluginBase.php(435): Drupal\\views\\Plugin\\views\\display\\DisplayPluginBase->buildOptionsForm(Array, Object(Drupal\\Core\\Form\\FormState))\n#5 /home/sites/mscare/web/core/modules/rest/src/Plugin/views/display/RestExport.php(331): Drupal\\views\\Plugin\\views\\display\\PathPluginBase->buildOptionsForm(Array, Object(Drupal\\Core\\Form\\FormState))\n#6 /home/sites/mscare/web/core/modules/views_ui/src/Form/Ajax/Display.php(74): Drupal\\rest\\Plugin\\views\\display\\RestExport->buildOptionsForm(Array, Object(Drupal\\Core\\Form\\FormState))\n#7 [internal function]: Drupal\\views_ui\\Form\\Ajax\\Display->buildForm(Array, Object(Drupal\\Core\\Form\\FormState))\n#8 /home/sites/mscare/web/core/lib/Drupal/Core/Form/FormBuilder.php(532): call_user_func_array(Array, Array)\n#9 /home/sites/mscare/web/core/lib/Drupal/Core/Form/FormBuilder.php(278): Drupal\\Core\\Form\\FormBuilder->retrieveForm(\'views_ui_edit_d...\', Object(Drupal\\Core\\Form\\FormState))\n#10 /home/sites/mscare/web/core/modules/views_ui/src/Form/Ajax/ViewsFormBase.php(215): Drupal\\Core\\Form\\FormBuilder->buildForm(\'Drupal\\\\views_ui...\', Object(Drupal\\Core\\Form\\FormState))\n#11 /home/sites/mscare/web/core/lib/Drupal/Core/Render/Renderer.php(573): Drupal\\views_ui\\Form\\Ajax\\ViewsFormBase->Drupal\\views_ui\\Form\\Ajax\\{closure}()\n#12 /home/sites/mscare/web/core/modules/views_ui/src/Form/Ajax/ViewsFormBase.php(217): Drupal\\Core\\Render\\Renderer->executeInRenderContext(Object(Drupal\\Core\\Render\\RenderContext), Object(Closure))\n#13 /home/sites/mscare/web/core/modules/views_ui/src/Form/Ajax/ViewsFormBase.php(126): Drupal\\views_ui\\Form\\Ajax\\ViewsFormBase->ajaxFormWrapper(\'Drupal\\\\views_ui...\', Object(Drupal\\Core\\Form\\FormState))\n#14 /home/sites/mscare/web/core/modules/views_ui/src/Form/Ajax/Display.php(46): Drupal\\views_ui\\Form\\Ajax\\ViewsFormBase->getForm(Object(Drupal\\views_ui\\ViewUI), \'rest_export_1\', \'ajax\')\n#15 [internal function]: Drupal\\views_ui\\Form\\Ajax\\Display->getForm(Object(Drupal\\views_ui\\ViewUI), \'rest_export_1\', \'ajax\', \'query\')\n#16 /home/sites/mscare/web/core/lib/Drupal/Core/EventSubscriber/EarlyRenderingControllerWrapperSubscriber.php(123): call_user_func_array(Array, Array)\n#17 /home/sites/mscare/web/core/lib/Drupal/Core/Render/Renderer.php(573): Drupal\\Core\\EventSubscriber\\EarlyRenderingControllerWrapperSubscriber->Drupal\\Core\\EventSubscriber\\{closure}()\n#18 /home/sites/mscare/web/core/lib/Drupal/Core/EventSubscriber/EarlyRenderingControllerWrapperSubscriber.php(124): Drupal\\Core\\Render\\Renderer->executeInRenderContext(Object(Drupal\\Core\\Render\\RenderContext), Object(Closure))\n#19 /home/sites/mscare/web/core/lib/Drupal/Core/EventSubscriber/EarlyRenderingControllerWrapperSubscriber.php(97): Drupal\\Core\\EventSubscriber\\EarlyRenderingControllerWrapperSubscriber->wrapControllerExecutionInRenderContext(Array, Array)\n#20 /home/sites/mscare/vendor/symfony/http-kernel/HttpKernel.php(151): Drupal\\Core\\EventSubscriber\\EarlyRenderingControllerWrapperSubscriber->Drupal\\Core\\EventSubscriber\\{closure}()\n#21 /home/sites/mscare/vendor/symfony/http-kernel/HttpKernel.php(68): Symfony\\Component\\HttpKernel\\HttpKernel->handleRaw(Object(Symfony\\Component\\HttpFoundation\\Request), 1)\n#22 /home/sites/mscare/web/core/lib/Drupal/Core/StackMiddleware/Session.php(57): Symfony\\Component\\HttpKernel\\HttpKernel->handle(Object(Symfony\\Component\\HttpFoundation\\Request), 1, true)\n#23 /home/sites/mscare/web/core/lib/Drupal/Core/StackMiddleware/KernelPreHandle.php(47): Drupal\\Core\\StackMiddleware\\Session->handle(Object(Symfony\\Component\\HttpFoundation\\Request), 1, true)\n#24 /home/sites/mscare/web/core/modules/page_cache/src/StackMiddleware/PageCache.php(106): Drupal\\Core\\StackMiddleware\\KernelPreHandle->handle(Object(Symfony\\Component\\HttpFoundation\\Request), 1, true)\n#25 /home/sites/mscare/web/core/modules/page_cache/src/StackMiddleware/PageCache.php(85): Drupal\\page_cache\\StackMiddleware\\PageCache->pass(Object(Symfony\\Component\\HttpFoundation\\Request), 1, true)\n#26 /home/sites/mscare/web/core/lib/Drupal/Core/StackMiddleware/ReverseProxyMiddleware.php(47): Drupal\\page_cache\\StackMiddleware\\PageCache->handle(Object(Symfony\\Component\\HttpFoundation\\Request), 1, true)\n#27 /home/sites/mscare/web/core/lib/Drupal/Core/StackMiddleware/NegotiationMiddleware.php(52): Drupal\\Core\\StackMiddleware\\ReverseProxyMiddleware->handle(Object(Symfony\\Component\\HttpFoundation\\Request), 1, true)\n#28 /home/sites/mscare/vendor/stack/builder/src/Stack/StackedHttpKernel.php(23): Drupal\\Core\\StackMiddleware\\NegotiationMiddleware->handle(Object(Symfony\\Component\\HttpFoundation\\Request), 1, true)\n#29 /home/sites/mscare/web/core/lib/Drupal/Core/DrupalKernel.php(708): Stack\\StackedHttpKernel->handle(Object(Symfony\\Component\\HttpFoundation\\Request), 1, true)\n#30 /home/sites/mscare/web/index.php(19): Drupal\\Core\\DrupalKernel->handle(Object(Symfony\\Component\\HttpFoundation\\Request))\n#31 {main}\";}',4,'','http://mscare.open.gr/admin/structure/views/ajax/display/submition_rest_export/rest_export_1/query?_wrapper_format=drupal_ajax','http://mscare.open.gr/admin/structure/views/view/submition_rest_export/edit/rest_export_1','85.72.53.208',1601371956),(29124,1,'php','%type: @message in %function (line %line of %file) @backtrace_string.','a:6:{s:5:\"%type\";s:5:\"Error\";s:8:\"@message\";s:62:\"Call to undefined method Drupal\\node\\Entity\\Node::getWebform()\";s:9:\"%function\";s:72:\"Drupal\\webform_views\\Plugin\\views\\field\\WebformSubmissionField->render()\";s:5:\"%file\";s:102:\"/home/sites/mscare/web/modules/contrib/webform_views/src/Plugin/views/field/WebformSubmissionField.php\";s:5:\"%line\";i:133;s:17:\"@backtrace_string\";s:6031:\"#0 /home/sites/mscare/web/core/modules/views/src/Plugin/views/field/FieldPluginBase.php(1155): Drupal\\webform_views\\Plugin\\views\\field\\WebformSubmissionField->render(Object(Drupal\\views\\ResultRow))\n#1 /home/sites/mscare/web/core/modules/rest/src/Plugin/views/row/DataFieldRow.php(147): Drupal\\views\\Plugin\\views\\field\\FieldPluginBase->advancedRender(Object(Drupal\\views\\ResultRow))\n#2 /home/sites/mscare/web/core/modules/rest/src/Plugin/views/style/Serializer.php(130): Drupal\\rest\\Plugin\\views\\row\\DataFieldRow->render(Object(Drupal\\views\\ResultRow))\n#3 /home/sites/mscare/web/core/modules/rest/src/Plugin/views/display/RestExport.php(450): Drupal\\rest\\Plugin\\views\\style\\Serializer->render()\n#4 /home/sites/mscare/web/core/lib/Drupal/Core/Render/Renderer.php(573): Drupal\\rest\\Plugin\\views\\display\\RestExport->Drupal\\rest\\Plugin\\views\\display\\{closure}()\n#5 /home/sites/mscare/web/core/modules/rest/src/Plugin/views/display/RestExport.php(451): Drupal\\Core\\Render\\Renderer->executeInRenderContext(Object(Drupal\\Core\\Render\\RenderContext), Object(Closure))\n#6 /home/sites/mscare/web/core/modules/views/src/ViewExecutable.php(1533): Drupal\\rest\\Plugin\\views\\display\\RestExport->render()\n#7 /home/sites/mscare/web/core/modules/rest/src/Plugin/views/display/RestExport.php(489): Drupal\\views\\ViewExecutable->render()\n#8 /home/sites/mscare/web/core/modules/views/src/ViewExecutable.php(1662): Drupal\\rest\\Plugin\\views\\display\\RestExport->preview()\n#9 /home/sites/mscare/web/core/modules/views_ui/src/ViewUI.php(605): Drupal\\views\\ViewExecutable->preview(\'rest_export_1\', Array)\n#10 /home/sites/mscare/web/core/modules/views_ui/src/ViewPreviewForm.php(62): Drupal\\views_ui\\ViewUI->renderPreview(\'rest_export_1\', Array)\n#11 /home/sites/mscare/web/core/lib/Drupal/Core/Entity/EntityForm.php(149): Drupal\\views_ui\\ViewPreviewForm->form(Array, Object(Drupal\\Core\\Form\\FormState))\n#12 /home/sites/mscare/web/core/modules/views_ui/src/ViewFormBase.php(41): Drupal\\Core\\Entity\\EntityForm->buildForm(Array, Object(Drupal\\Core\\Form\\FormState))\n#13 [internal function]: Drupal\\views_ui\\ViewFormBase->buildForm(Array, Object(Drupal\\Core\\Form\\FormState), \'rest_export_1\')\n#14 /home/sites/mscare/web/core/lib/Drupal/Core/Form/FormBuilder.php(532): call_user_func_array(Array, Array)\n#15 /home/sites/mscare/web/core/lib/Drupal/Core/Form/FormBuilder.php(371): Drupal\\Core\\Form\\FormBuilder->retrieveForm(\'view_preview_fo...\', Object(Drupal\\Core\\Form\\FormState))\n#16 /home/sites/mscare/web/core/lib/Drupal/Core/Form/FormBuilder.php(629): Drupal\\Core\\Form\\FormBuilder->rebuildForm(\'view_preview_fo...\', Object(Drupal\\Core\\Form\\FormState), Array)\n#17 /home/sites/mscare/web/core/lib/Drupal/Core/Form/FormBuilder.php(321): Drupal\\Core\\Form\\FormBuilder->processForm(\'view_preview_fo...\', Array, Object(Drupal\\Core\\Form\\FormState))\n#18 /home/sites/mscare/web/core/lib/Drupal/Core/Controller/FormController.php(91): Drupal\\Core\\Form\\FormBuilder->buildForm(Object(Drupal\\views_ui\\ViewPreviewForm), Object(Drupal\\Core\\Form\\FormState))\n#19 [internal function]: Drupal\\Core\\Controller\\FormController->getContentResult(Object(Symfony\\Component\\HttpFoundation\\Request), Object(Drupal\\Core\\Routing\\RouteMatch))\n#20 /home/sites/mscare/web/core/lib/Drupal/Core/EventSubscriber/EarlyRenderingControllerWrapperSubscriber.php(123): call_user_func_array(Array, Array)\n#21 /home/sites/mscare/web/core/lib/Drupal/Core/Render/Renderer.php(573): Drupal\\Core\\EventSubscriber\\EarlyRenderingControllerWrapperSubscriber->Drupal\\Core\\EventSubscriber\\{closure}()\n#22 /home/sites/mscare/web/core/lib/Drupal/Core/EventSubscriber/EarlyRenderingControllerWrapperSubscriber.php(124): Drupal\\Core\\Render\\Renderer->executeInRenderContext(Object(Drupal\\Core\\Render\\RenderContext), Object(Closure))\n#23 /home/sites/mscare/web/core/lib/Drupal/Core/EventSubscriber/EarlyRenderingControllerWrapperSubscriber.php(97): Drupal\\Core\\EventSubscriber\\EarlyRenderingControllerWrapperSubscriber->wrapControllerExecutionInRenderContext(Array, Array)\n#24 /home/sites/mscare/vendor/symfony/http-kernel/HttpKernel.php(151): Drupal\\Core\\EventSubscriber\\EarlyRenderingControllerWrapperSubscriber->Drupal\\Core\\EventSubscriber\\{closure}()\n#25 /home/sites/mscare/vendor/symfony/http-kernel/HttpKernel.php(68): Symfony\\Component\\HttpKernel\\HttpKernel->handleRaw(Object(Symfony\\Component\\HttpFoundation\\Request), 1)\n#26 /home/sites/mscare/web/core/lib/Drupal/Core/StackMiddleware/Session.php(57): Symfony\\Component\\HttpKernel\\HttpKernel->handle(Object(Symfony\\Component\\HttpFoundation\\Request), 1, true)\n#27 /home/sites/mscare/web/core/lib/Drupal/Core/StackMiddleware/KernelPreHandle.php(47): Drupal\\Core\\StackMiddleware\\Session->handle(Object(Symfony\\Component\\HttpFoundation\\Request), 1, true)\n#28 /home/sites/mscare/web/core/modules/page_cache/src/StackMiddleware/PageCache.php(106): Drupal\\Core\\StackMiddleware\\KernelPreHandle->handle(Object(Symfony\\Component\\HttpFoundation\\Request), 1, true)\n#29 /home/sites/mscare/web/core/modules/page_cache/src/StackMiddleware/PageCache.php(85): Drupal\\page_cache\\StackMiddleware\\PageCache->pass(Object(Symfony\\Component\\HttpFoundation\\Request), 1, true)\n#30 /home/sites/mscare/web/core/lib/Drupal/Core/StackMiddleware/ReverseProxyMiddleware.php(47): Drupal\\page_cache\\StackMiddleware\\PageCache->handle(Object(Symfony\\Component\\HttpFoundation\\Request), 1, true)\n#31 /home/sites/mscare/web/core/lib/Drupal/Core/StackMiddleware/NegotiationMiddleware.php(52): Drupal\\Core\\StackMiddleware\\ReverseProxyMiddleware->handle(Object(Symfony\\Component\\HttpFoundation\\Request), 1, true)\n#32 /home/sites/mscare/vendor/stack/builder/src/Stack/StackedHttpKernel.php(23): Drupal\\Core\\StackMiddleware\\NegotiationMiddleware->handle(Object(Symfony\\Component\\HttpFoundation\\Request), 1, true)\n#33 /home/sites/mscare/web/core/lib/Drupal/Core/DrupalKernel.php(708): Stack\\StackedHttpKernel->handle(Object(Symfony\\Component\\HttpFoundation\\Request), 1, true)\n#34 /home/sites/mscare/web/index.php(19): Drupal\\Core\\DrupalKernel->handle(Object(Symfony\\Component\\HttpFoundation\\Request))\n#35 {main}\";}',3,'','http://mscare.open.gr/admin/structure/views/view/submition_rest_export/preview/rest_export_1?_wrapper_format=drupal_ajax','http://mscare.open.gr/admin/structure/views/view/submition_rest_export/edit/rest_export_1','85.72.53.208',1601372006),