-- Table structure for table `semaphore`
--

CREATE TABLE `semaphore` (
  `name` varchar(255) CHARACTER SET ascii NOT NULL DEFAULT '' COMMENT 'Primary Key: Unique name.',
  `value` varchar(255) CHARACTER SET ascii NOT NULL DEFAULT '' COMMENT 'A value for the semaphore.',
  `expire` double NOT NULL COMMENT 'A Unix timestamp with microseconds indicating when the semaphore should expire.',
  PRIMARY KEY (`name`),
  KEY `value` (`value`),
  KEY `expire` (`expire`)
) ENGINE=InnoDB DEFAULT CHARSET=utf8mb4 COMMENT='Table for holding semaphores, locks, flags, etc. that…';

--
-- Dumping data for table `semaphore`
--


--
-- Table structure for table `sequences`
--

CREATE TABLE `sequences` (
  `value` int(10) unsigned NOT NULL AUTO_INCREMENT COMMENT 'The value of the sequence.',
  PRIMARY KEY (`value`)
) ENGINE=InnoDB AUTO_INCREMENT=94 DEFAULT CHARSET=utf8mb4 COMMENT='Stores IDs.';

--
-- Dumping data for table `sequences`
--

INSERT INTO `sequences` VALUES (93);

--
-- Table structure for table `sessions`
--

CREATE TABLE `sessions` (
  `uid` int(10) unsigned NOT NULL COMMENT 'The users.uid corresponding to a session, or 0 for anonymous user.',
  `sid` varchar(128) CHARACTER SET ascii NOT NULL COMMENT 'A session ID (hashed). The value is generated by Drupal''s session handlers.',
  `hostname` varchar(128) CHARACTER SET ascii NOT NULL DEFAULT '' COMMENT 'The IP address that last used this session ID (sid).',
  `timestamp` int(11) NOT NULL DEFAULT 0 COMMENT 'The Unix timestamp when this session last requested a page. Old records are purged by PHP automatically.',
  `session` longblob DEFAULT NULL COMMENT 'The serialized contents of $_SESSION, an array of name/value pairs that persists across page requests by this session ID. Drupal loads $_SESSION from here at the start of each request and saves it at the end.',
  PRIMARY KEY (`sid`),
  KEY `timestamp` (`timestamp`),
  KEY `uid` (`uid`)
) ENGINE=InnoDB DEFAULT CHARSET=utf8mb4 COMMENT='Drupal''s session handlers read and write into the sessions…';

--
-- Dumping data for table `sessions`
--

INSERT INTO `sessions` VALUES (1,'542akn-r9pBkDja8lVd6jcsyOdMcudjDBvV9oh5LaJI','176.92.134.143',1601570471,'_sf2_attributes|a:1:{s:3:\"uid\";s:1:\"1\";}_sf2_meta|a:4:{s:1:\"u\";i:1601570299;s:1:\"c\";i:1601450324;s:1:\"l\";s:7:\"2000000\";s:1:\"s\";s:43:\"5B2Gi3Ni3Hyow1OiWaIlGjGy3ZrGUKHH1AfsJdyoJZ8\";}'),(88,'E9d0yYad9AUBn0szsAAyD06Lt6Zce541vVhLFChpCaM','85.72.53.208',1601536546,'_sf2_attributes|a:1:{s:3:\"uid\";s:2:\"88\";}_sf2_meta|a:4:{s:1:\"u\";i:1601536550;s:1:\"c\";i:1601368795;s:1:\"l\";s:7:\"2000000\";s:1:\"s\";s:43:\"KHkIIqCttnzfr3ruS_3faBYvuMKUPXh9mM8Pw7M1TW4\";}'),(88,'KqZV_AFq-iCteLdU2oRyJkwcfQAGhfBE_Rfbv63bXvo','2.84.219.159',1601480234,'_sf2_attributes|a:1:{s:3:\"uid\";s:2:\"88\";}_sf2_meta|a:4:{s:1:\"u\";i:1601480235;s:1:\"c\";i:1601471271;s:1:\"l\";s:7:\"2000000\";s:1:\"s\";s:43:\"Vu2kVjuHSIUvADLygXKsd3UZ6aKgfOJVphOx2rha22s\";}'),(1,'zndeF3WQalc01k2jE8JRw0u55inMKta632l2iPWNRoc','85.72.53.208',1601653581,'_sf2_attributes|a:1:{s:3:\"uid\";s:1:\"1\";}_sf2_meta|a:4:{s:1:\"u\";i:1601653569;s:1:\"c\";i:1601626289;s:1:\"l\";s:7:\"2000000\";s:1:\"s\";s:43:\"nUBvW40GyXTDrT5smrbaQwAgpKgYnEmIk5N9WV7nv0w\";}');

--
-- Table structure for table `shortcut`
--

CREATE TABLE `shortcut` (
  `id` int(10) unsigned NOT NULL AUTO_INCREMENT,
  `shortcut_set` varchar(32) CHARACTER SET ascii NOT NULL COMMENT 'The ID of the target entity.',
  `uuid` varchar(128) CHARACTER SET ascii NOT NULL,
  `langcode` varchar(12) CHARACTER SET ascii NOT NULL,
  PRIMARY KEY (`id`),
  UNIQUE KEY `shortcut_field__uuid__value` (`uuid`),
  KEY `shortcut_field__shortcut_set__target_id` (`shortcut_set`)
) ENGINE=InnoDB AUTO_INCREMENT=4 DEFAULT CHARSET=utf8mb4 COMMENT='The base table for shortcut entities.';

--
-- Dumping data for table `shortcut`
--

INSERT INTO `shortcut` VALUES (1,'default','fccfa7d9-e76f-48a5-8a21-887db69a0b49','en'),(2,'default','ba08ca62-7fe8-4f4b-bf92-4d052b9d8328','en'),(3,'default','6c08634e-5882-4243-8efc-1cb108f7bc44','en');

--
-- Table structure for table `shortcut_field_data`
--

CREATE TABLE `shortcut_field_data` (
  `id` int(10) unsigned NOT NULL,
  `shortcut_set` varchar(32) CHARACTER SET ascii NOT NULL COMMENT 'The ID of the target entity.',
  `langcode` varchar(12) CHARACTER SET ascii NOT NULL,
  `title` varchar(255) DEFAULT NULL,
  `weight` int(11) DEFAULT NULL,
  `link__uri` varchar(2048) DEFAULT NULL COMMENT 'The URI of the link.',
  `link__title` varchar(255) DEFAULT NULL COMMENT 'The link text.',
  `link__options` longblob DEFAULT NULL COMMENT 'Serialized array of options for the link.',
  `default_langcode` tinyint(4) NOT NULL,
  PRIMARY KEY (`id`,`langcode`),
  KEY `shortcut__id__default_langcode__langcode` (`id`,`default_langcode`,`langcode`),
  KEY `shortcut_field__shortcut_set__target_id` (`shortcut_set`),
  KEY `shortcut_field__link__uri` (`link__uri`(30))
) ENGINE=InnoDB DEFAULT CHARSET=utf8mb4 COMMENT='The data table for shortcut entities.';

--
-- Dumping data for table `shortcut_field_data`
--

INSERT INTO `shortcut_field_data` VALUES (1,'default','en','Add content',-20,'internal:/node/add',NULL,'a:0:{}',1),(2,'default','en','All content',-19,'internal:/admin/content',NULL,'a:0:{}',1),(3,'default','en','Performance',NULL,'internal:/admin/config/development/performance',NULL,'a:0:{}',1);

--
-- Table structure for table `shortcut_set_users`
--

CREATE TABLE `shortcut_set_users` (
  `uid` int(10) unsigned NOT NULL DEFAULT 0 COMMENT 'The users.uid for this set.',
  `set_name` varchar(32) CHARACTER SET ascii NOT NULL DEFAULT '' COMMENT 'The shortcut_set.set_name that will be displayed for this user.',
  PRIMARY KEY (`uid`),
  KEY `set_name` (`set_name`)
) ENGINE=InnoDB DEFAULT CHARSET=utf8mb4 COMMENT='Maps users to shortcut sets.';

--
-- Dumping data for table `shortcut_set_users`
--


--
-- Table structure for table `taxonomy_index`
--

CREATE TABLE `taxonomy_index` (
  `nid` int(10) unsigned NOT NULL DEFAULT 0 COMMENT 'The node.nid this record tracks.',
  `tid` int(10) unsigned NOT NULL DEFAULT 0 COMMENT 'The term ID.',
  `status` int(11) NOT NULL DEFAULT 1 COMMENT 'Boolean indicating whether the node is published (visible to non-administrators).',
  `sticky` tinyint(4) DEFAULT 0 COMMENT 'Boolean indicating whether the node is sticky.',
  `created` int(11) NOT NULL DEFAULT 0 COMMENT 'The Unix timestamp when the node was created.',
  PRIMARY KEY (`nid`,`tid`),
  KEY `term_node` (`tid`,`status`,`sticky`,`created`)
) ENGINE=InnoDB DEFAULT CHARSET=utf8mb4 COMMENT='Maintains denormalized information about node/term…';

--
-- Dumping data for table `taxonomy_index`
--

INSERT INTO `taxonomy_index` VALUES (1,1,1,0,1570020323),(307,1,1,0,1570714090),(309,1,1,0,1570731504),(310,1,1,0,1570731562),(518,1,1,0,1571311561),(523,1,1,0,1571382803),(525,1,1,0,1571601607),(527,1,1,0,1571645218),(528,1,1,0,1571649858),(531,1,1,0,1572522251),(534,1,1,0,1576248805),(540,1,1,0,1576580107),(541,1,1,0,1576581348),(542,1,1,0,1576581953),(543,1,1,0,1578491088),(555,1,1,0,1580215264),(572,1,1,0,1590583616),(590,1,1,0,1592404739),(593,1,1,0,1598527126),(306,2,1,0,1570714052),(307,2,1,0,1570714090),(522,2,1,0,1571382521),(523,2,1,0,1571382803),(524,2,1,0,1571601530),(529,2,1,0,1572521447),(530,2,1,0,1572521622),(540,2,1,0,1576580107),(541,2,1,0,1576581348),(542,2,1,0,1576581953),(543,2,1,0,1578491088),(546,2,1,0,1578994834),(556,2,1,0,1580308766),(572,2,1,0,1590583616),(592,2,1,0,1598468689),(593,2,1,0,1598527126),(306,3,1,0,1570714052),(520,3,1,0,1571311810),(527,3,1,0,1571645218),(528,3,1,0,1571649858),(531,3,1,0,1572522251),(534,3,1,0,1576248805),(537,3,1,0,1576567352),(538,3,1,0,1576573065),(539,3,1,0,1576574031),(540,3,1,0,1576580107),(542,3,1,0,1576581953),(543,3,1,0,1578491088),(544,3,1,0,1578581875),(589,3,1,0,1592378531),(592,3,1,0,1598468689),(1,4,1,0,1570020323),(518,4,1,0,1571311561),(522,4,1,0,1571382521),(523,4,1,0,1571382803),(524,4,1,0,1571601530),(526,4,1,0,1571601905),(530,4,1,0,1572521622),(534,4,1,0,1576248805),(535,4,1,0,1576248966),(537,4,1,0,1576567352),(538,4,1,0,1576573065),(539,4,1,0,1576574031),(540,4,1,0,1576580107),(541,4,1,0,1576581348),(542,4,1,0,1576581953),(543,4,1,0,1578491088),(545,4,1,0,1578652431),(556,4,1,0,1580308766),(572,4,1,0,1590583616),(592,4,1,0,1598468689),(593,4,1,0,1598527126),(516,5,1,0,1571238571),(519,5,1,0,1571311685),(520,5,1,0,1571311810),(529,5,1,0,1572521447),(536,5,1,0,1576483928),(537,5,1,0,1576567352),(538,5,1,0,1576573065),(540,5,1,0,1576580107),(556,5,1,0,1580308766),(516,6,1,0,1571238571),(519,6,1,0,1571311685),(521,6,1,0,1571311844),(526,6,1,0,1571601905),(536,6,1,0,1576483928),(538,6,1,0,1576573065),(539,6,1,0,1576574031),(540,6,1,0,1576580107),(541,6,1,0,1576581348),(542,6,1,0,1576581953),(544,6,1,0,1578581875),(593,6,1,0,1598527126),(521,7,1,0,1571311844),(525,7,1,0,1571601607),(538,7,1,0,1576573065),(539,7,1,0,1576574031),(540,7,1,0,1576580107),(542,7,1,0,1576581953),(543,7,1,0,1578491088),(544,7,1,0,1578581875),(564,7,1,0,1583423793),(522,8,1,0,1571382521),(523,8,1,0,1571382803),(534,8,1,0,1576248805),(536,8,1,0,1576483928),(537,8,1,0,1576567352),(538,8,1,0,1576573065),(539,8,1,0,1576574031),(540,8,1,0,1576580107),(541,8,1,0,1576581348),(542,8,1,0,1576581953),(543,8,1,0,1578491088),(544,8,1,0,1578581875),(545,8,1,0,1578652431),(557,8,1,0,1581514862),(572,8,1,0,1590583616),(589,8,1,0,1592378531),(592,8,1,0,1598468689),(593,8,1,0,1598527126),(532,10,1,0,1572534481),(533,10,1,0,1572540276),(559,10,1,0,1583060804),(565,10,1,0,1583424254),(576,10,1,0,1591171283),(560,11,1,0,1583422766),(562,11,1,0,1583422969),(568,11,1,0,1588602131),(575,11,1,0,1591170735),(578,11,1,0,1591172374),(580,11,1,0,1591172647),(581,11,1,0,1591172764),(583,11,1,0,1591176537),(584,11,1,0,1591176604),(561,13,1,0,1583422887),(566,13,1,0,1586046172),(574,13,1,0,1591170637),(563,14,1,0,1583423314),(569,14,1,0,1588602237),(577,14,1,0,1591172124),(582,14,1,0,1591172978),(586,14,1,0,1591269692),(587,14,1,0,1591688067),(588,14,1,0,1591688146),(591,14,1,0,1595191833),(532,15,1,0,1572534481),(533,16,1,0,1572540276),(559,17,1,0,1583060804),(565,17,1,0,1583424254),(576,19,1,0,1591171283),(399,24,1,0,1571054778),(532,24,1,0,1572534481),(400,25,1,0,1571054940),(401,25,1,0,1571062887),(533,25,1,0,1572540276),(402,26,1,0,1571062918),(403,26,1,0,1571062935),(404,26,1,0,1571062950),(405,26,1,0,1571062965),(559,26,1,0,1583060804),(565,26,1,0,1583424254),(406,27,1,0,1571062980),(407,28,1,0,1571062995),(408,29,1,0,1571063022),(409,30,1,0,1571063038),(576,30,1,0,1591171283),(410,31,1,0,1571063054),(411,32,1,0,1571063336),(412,33,1,0,1571063352),(413,34,1,0,1571063367),(414,35,1,0,1571063383),(415,36,1,0,1571063398),(416,37,1,0,1571063414),(567,48,1,0,1588601922),(579,48,1,0,1591172509),(560,67,1,0,1583422766),(562,67,1,0,1583422969),(578,67,1,0,1591172374),(581,70,1,0,1591172764),(568,72,1,0,1588602131),(580,73,1,0,1591172647),(583,73,1,0,1591176537),(584,73,1,0,1591176604),(563,74,1,0,1583423314),(582,74,1,0,1591172978),(575,75,1,0,1591170735),(567,79,1,0,1588601922),(579,86,1,0,1591172509),(566,96,1,0,1586046172),(561,97,1,0,1583422887),(574,98,1,0,1591170637),(417,100,1,0,1571063429),(418,100,1,0,1571063444),(419,108,1,0,1571063459),(560,108,1,0,1583422766),(562,108,1,0,1583422969),(578,108,1,0,1591172374),(420,109,1,0,1571063474),(422,112,1,0,1571063505),(423,112,1,0,1571063521),(424,112,1,0,1571063536),(425,113,1,0,1571063552),(427,113,1,0,1571063583),(581,113,1,0,1591172764),(426,114,1,0,1571063567),(428,115,1,0,1571063599),(429,115,1,0,1571063614),(430,115,1,0,1571065009),(431,116,1,0,1571065026),(432,117,1,0,1571065041),(433,118,1,0,1571066849),(434,119,1,0,1571066911),(568,119,1,0,1588602131),(435,120,1,0,1571066926),(436,121,1,0,1571066941),(580,121,1,0,1591172647),(583,121,1,0,1591176537),(437,122,1,0,1571066955),(438,123,1,0,1571066971),(584,123,1,0,1591176604),(563,124,1,0,1583423314),(582,124,1,0,1591172978),(440,125,1,0,1571067000),(575,125,1,0,1591170735),(441,126,1,0,1571067015),(442,127,1,0,1571067029),(443,127,1,0,1571067044),(444,127,1,0,1571067059),(445,128,1,0,1571067073),(446,129,1,0,1571067088),(447,129,1,0,1571067102),(448,129,1,0,1571067117),(449,130,1,0,1571067132),(451,130,1,0,1571067185),(567,130,1,0,1588601922),(450,131,1,0,1571067146),(512,132,1,0,1571068854),(452,133,1,0,1571067204),(453,134,1,0,1571067214),(454,135,1,0,1571067225),(455,135,1,0,1571067235),(456,135,1,0,1571067246),(457,136,1,0,1571067256),(458,136,1,0,1571067266),(459,136,1,0,1571067277),(460,137,1,0,1571067287),(461,137,1,0,1571067296),(462,137,1,0,1571067306),(463,138,1,0,1571067316),(464,139,1,0,1571067327),(465,139,1,0,1571067337),(466,139,1,0,1571067346),(467,140,1,0,1571067357),(579,140,1,0,1591172509),(468,141,1,0,1571067366),(469,142,1,0,1571067376),(470,143,1,0,1571067386),(471,144,1,0,1571067396),(472,145,1,0,1571067406),(473,146,1,0,1571067416),(474,147,1,0,1571067427),(547,147,1,0,1579203755),(475,148,1,0,1571067444),(476,148,1,0,1571067454),(477,148,1,0,1571067464),(478,148,1,0,1571067474),(479,149,1,0,1571067485),(480,149,1,0,1571067495),(481,149,1,0,1571067505),(482,150,1,0,1571067515),(483,151,1,0,1571067525),(484,152,1,0,1571067535),(485,152,1,0,1571067545),(486,153,1,0,1571067555),(487,153,1,0,1571067565),(488,154,1,0,1571067575),(489,155,1,0,1571067584),(490,156,1,0,1571067594),(491,157,1,0,1571067604),(492,158,1,0,1571067615),(493,159,1,0,1571067626),(494,160,1,0,1571067636),(496,160,1,0,1571067656),(495,161,1,0,1571067646),(497,162,1,0,1571067666),(498,163,1,0,1571067675),(566,163,1,0,1586046172),(499,164,1,0,1571067685),(500,165,1,0,1571067695),(501,165,1,0,1571067705),(561,165,1,0,1583422887),(502,166,1,0,1571067714),(503,167,1,0,1571067725),(574,167,1,0,1591170637),(504,168,1,0,1571067735),(505,169,1,0,1571067745),(506,170,1,0,1571067755),(507,171,1,0,1571067765),(548,172,1,0,1579204404),(508,173,1,0,1571067784),(509,174,1,0,1571067795),(510,175,1,0,1571067805),(421,177,1,0,1571063490),(569,180,1,0,1588602237),(586,180,1,0,1591269692),(577,181,1,0,1591172124),(591,182,1,0,1595191833),(549,184,1,0,1579208161),(569,184,1,0,1588602237),(586,184,1,0,1591269692),(551,185,1,0,1579208841),(591,185,1,0,1595191833),(577,186,1,0,1591172124),(552,188,1,0,1579209224),(554,189,1,0,1579209677),(587,262,1,0,1591688067),(588,262,1,0,1591688146),(439,263,1,0,1571066985),(550,263,1,0,1579208579),(553,263,1,0,1579209487),(587,263,1,0,1591688067),(588,263,1,0,1591688146),(585,265,1,0,1591177225),(594,266,1,0,1600088590);

--
-- Table structure for table `taxonomy_term__parent`
--

CREATE TABLE `taxonomy_term__parent` (
  `bundle` varchar(128) CHARACTER SET ascii NOT NULL DEFAULT '' COMMENT 'The field instance bundle to which this row belongs, used when deleting a field instance',
  `deleted` tinyint(4) NOT NULL DEFAULT 0 COMMENT 'A boolean indicating whether this data item has been deleted',
  `entity_id` int(10) unsigned NOT NULL COMMENT 'The entity id this data is attached to',
  `revision_id` int(10) unsigned NOT NULL COMMENT 'The entity revision id this data is attached to',
  `langcode` varchar(32) CHARACTER SET ascii NOT NULL DEFAULT '' COMMENT 'The language code for this data item.',
  `delta` int(10) unsigned NOT NULL COMMENT 'The sequence number for this data item, used for multi-value fields',
  `parent_target_id` int(10) unsigned NOT NULL COMMENT 'The ID of the target entity.',
  PRIMARY KEY (`entity_id`,`deleted`,`delta`,`langcode`),
  KEY `revision_id` (`revision_id`),
  KEY `parent_target_id` (`parent_target_id`),
  KEY `bundle_delta_target_id` (`bundle`,`delta`,`parent_target_id`)
) ENGINE=InnoDB DEFAULT CHARSET=utf8mb4 COMMENT='Data storage for taxonomy_term field parent.';

--
-- Dumping data for table `taxonomy_term__parent`
--

INSERT INTO `taxonomy_term__parent` VALUES ('stakeholder_member_types',0,1,1,'en',0,0),('stakeholder_member_types',0,2,2,'en',0,0),('stakeholder_member_types',0,3,3,'en',0,0),('stakeholder_member_types',0,4,4,'en',0,0),('stakeholder_member_types',0,5,5,'en',0,0),('stakeholder_member_types',0,6,6,'en',0,0),('stakeholder_member_types',0,7,7,'en',0,0),('stakeholder_member_types',0,8,8,'en',0,0),('master_scorecard',0,9,9,'en',0,0),('master_scorecard',0,10,10,'en',0,9),('master_scorecard',0,11,11,'en',0,9),('master_scorecard',0,13,13,'en',0,9),('master_scorecard',0,14,14,'en',0,9),('master_scorecard',0,15,15,'en',0,10),('master_scorecard',0,16,16,'en',0,10),('master_scorecard',0,17,17,'en',0,10),('master_scorecard',0,18,18,'en',0,10),('master_scorecard',0,19,19,'en',0,10),('master_scorecard',0,20,20,'en',0,10),('master_scorecard',0,21,21,'en',0,10),('master_scorecard',0,22,22,'en',0,10),('master_scorecard',0,23,23,'en',0,10),('master_scorecard',0,24,24,'en',0,15),('master_scorecard',0,25,25,'en',0,16),('master_scorecard',0,26,26,'en',0,17),('master_scorecard',0,27,27,'en',0,18),('master_scorecard',0,28,28,'en',0,18),('master_scorecard',0,29,29,'en',0,18),('master_scorecard',0,30,30,'en',0,19),('master_scorecard',0,31,31,'en',0,20),('master_scorecard',0,32,32,'en',0,21),('master_scorecard',0,33,33,'en',0,21),('master_scorecard',0,34,34,'en',0,21),('master_scorecard',0,35,35,'en',0,22),('master_scorecard',0,36,36,'en',0,22),('master_scorecard',0,37,37,'en',0,22),('master_scorecard',0,38,38,'en',0,22),('master_scorecard',0,48,48,'en',0,9),('master_scorecard',0,67,67,'en',0,11),('master_scorecard',0,68,68,'en',0,11),('master_scorecard',0,69,69,'en',0,11),('master_scorecard',0,70,70,'en',0,11),('master_scorecard',0,71,71,'en',0,11),('master_scorecard',0,72,72,'en',0,11),('master_scorecard',0,73,73,'en',0,11),('master_scorecard',0,74,74,'en',0,14),('master_scorecard',0,75,75,'en',0,11),('master_scorecard',0,76,76,'en',0,48),('master_scorecard',0,77,77,'en',0,48),('master_scorecard',0,78,78,'en',0,48),('master_scorecard',0,79,79,'en',0,48),('master_scorecard',0,80,80,'en',0,48),('master_scorecard',0,81,81,'en',0,48),('master_scorecard',0,82,82,'en',0,48),('master_scorecard',0,83,83,'en',0,48),('master_scorecard',0,84,84,'en',0,48),('master_scorecard',0,85,85,'en',0,48),('master_scorecard',0,86,86,'en',0,48),('master_scorecard',0,88,88,'en',0,48),('master_scorecard',0,90,90,'en',0,48),('master_scorecard',0,91,91,'en',0,48),('master_scorecard',0,92,92,'en',0,48),('master_scorecard',0,93,93,'en',0,48),('master_scorecard',0,94,94,'en',0,48),('master_scorecard',0,95,95,'en',0,13),('master_scorecard',0,96,96,'en',0,13),('master_scorecard',0,97,97,'en',0,13),('master_scorecard',0,98,98,'en',0,13),('master_scorecard',0,99,99,'en',0,13),('master_scorecard',0,100,100,'en',0,23),('master_scorecard',0,101,101,'en',0,48),('master_scorecard',0,102,102,'en',0,13),('master_scorecard',0,104,104,'en',0,11),('master_scorecard',0,105,105,'en',0,48),('master_scorecard',0,107,107,'en',0,48),('master_scorecard',0,108,108,'en',0,67),('master_scorecard',0,109,109,'en',0,67),('master_scorecard',0,112,112,'en',0,69),('master_scorecard',0,113,113,'en',0,70),('master_scorecard',0,114,114,'en',0,70),('master_scorecard',0,115,115,'en',0,71),('master_scorecard',0,116,116,'en',0,104),('master_scorecard',0,117,117,'en',0,104),('master_scorecard',0,118,118,'en',0,104),('master_scorecard',0,119,119,'en',0,72),('master_scorecard',0,120,120,'en',0,72),('master_scorecard',0,121,121,'en',0,73),('master_scorecard',0,122,122,'en',0,73),('master_scorecard',0,123,123,'en',0,73),('master_scorecard',0,124,124,'en',0,74),('master_scorecard',0,125,125,'en',0,75),('master_scorecard',0,126,126,'en',0,75),('master_scorecard',0,127,127,'en',0,76),('master_scorecard',0,128,128,'en',0,77),('master_scorecard',0,129,129,'en',0,78),('master_scorecard',0,130,130,'en',0,79),('master_scorecard',0,131,131,'en',0,79),('master_scorecard',0,132,132,'en',0,80),('master_scorecard',0,133,133,'en',0,80),('master_scorecard',0,134,134,'en',0,80),('master_scorecard',0,135,135,'en',0,81),('master_scorecard',0,136,136,'en',0,82),('master_scorecard',0,137,137,'en',0,83),('master_scorecard',0,138,138,'en',0,84),('master_scorecard',0,139,139,'en',0,85),('master_scorecard',0,140,140,'en',0,86),('master_scorecard',0,141,141,'en',0,86),('master_scorecard',0,142,142,'en',0,86),('master_scorecard',0,143,143,'en',0,105),('master_scorecard',0,144,144,'en',0,105),('master_scorecard',0,145,145,'en',0,105),('master_scorecard',0,146,146,'en',0,88),('master_scorecard',0,147,147,'en',0,88),('master_scorecard',0,148,148,'en',0,90),('master_scorecard',0,149,149,'en',0,91),('master_scorecard',0,150,150,'en',0,92),('master_scorecard',0,151,151,'en',0,92),('master_scorecard',0,152,152,'en',0,93),('master_scorecard',0,153,153,'en',0,93),('master_scorecard',0,154,154,'en',0,107),('master_scorecard',0,155,155,'en',0,107),('master_scorecard',0,156,156,'en',0,107),('master_scorecard',0,157,157,'en',0,94),('master_scorecard',0,158,158,'en',0,94),('master_scorecard',0,159,159,'en',0,94),('master_scorecard',0,160,160,'en',0,101),('master_scorecard',0,161,161,'en',0,101),('master_scorecard',0,162,162,'en',0,95),('master_scorecard',0,163,163,'en',0,96),('master_scorecard',0,164,164,'en',0,97),('master_scorecard',0,165,165,'en',0,97),('master_scorecard',0,166,166,'en',0,97),('master_scorecard',0,167,167,'en',0,98),('master_scorecard',0,168,168,'en',0,98),('master_scorecard',0,169,169,'en',0,98),('master_scorecard',0,170,170,'en',0,99),('master_scorecard',0,171,171,'en',0,99),('master_scorecard',0,172,172,'en',0,99),('master_scorecard',0,173,173,'en',0,99),('master_scorecard',0,174,174,'en',0,99),('master_scorecard',0,175,175,'en',0,102),('master_scorecard',0,177,177,'en',0,68),('master_scorecard',0,179,179,'en',0,14),('master_scorecard',0,180,180,'en',0,14),('master_scorecard',0,182,182,'en',0,14),('master_scorecard',0,183,183,'en',0,14),('master_scorecard',0,184,184,'en',0,180),('master_scorecard',0,185,185,'en',0,182),('master_scorecard',0,188,188,'en',0,183),('master_scorecard',0,189,189,'en',0,179),('content_annotation',0,190,190,'en',0,0),('content_annotation',0,191,191,'en',0,0),('content_annotation',0,195,195,'en',0,190),('content_annotation',0,196,196,'en',0,190),('content_annotation',0,197,197,'en',0,190),('content_annotation',0,198,198,'en',0,190),('content_annotation',0,199,199,'en',0,190),('content_annotation',0,200,200,'en',0,190),('content_annotation',0,201,201,'en',0,190),('content_annotation',0,202,202,'en',0,190),('content_annotation',0,203,203,'en',0,190),('content_annotation',0,204,204,'en',0,191),('content_annotation',0,205,205,'en',0,191),('content_annotation',0,206,206,'en',0,191),('content_annotation',0,207,207,'en',0,191),('content_annotation',0,208,208,'en',0,191),('content_annotation',0,209,209,'en',0,191),('content_annotation',0,210,210,'en',0,191),('content_annotation',0,211,211,'en',0,191),('content_annotation',0,212,212,'en',0,0),('content_annotation',0,213,213,'en',0,212),('content_annotation',0,214,214,'en',0,212),('content_annotation',0,215,215,'en',0,212),('content_annotation',0,216,216,'en',0,212),('content_annotation',0,217,217,'en',0,212),('content_annotation',0,218,218,'en',0,212),('content_annotation',0,219,219,'en',0,212),('content_annotation',0,220,220,'en',0,212),('content_annotation',0,221,221,'en',0,212),('content_annotation',0,222,222,'en',0,0),('content_annotation',0,223,223,'en',0,222),('content_annotation',0,224,224,'en',0,222),('content_annotation',0,225,225,'en',0,222),('content_annotation',0,226,226,'en',0,222),('content_annotation',0,227,227,'en',0,222),('content_annotation',0,228,228,'en',0,222),('content_annotation',0,229,229,'en',0,222),('content_annotation',0,230,230,'en',0,222),('content_annotation',0,231,231,'en',0,222),('content_annotation',0,232,232,'en',0,222),('content_annotation',0,233,233,'en',0,222),('content_annotation',0,234,234,'en',0,222),('content_annotation',0,235,235,'en',0,0),('content_annotation',0,236,236,'en',0,235),('content_annotation',0,237,237,'en',0,235),('content_annotation',0,238,238,'en',0,235),('content_annotation',0,239,239,'en',0,235),('content_annotation',0,240,240,'en',0,235),('content_annotation',0,241,241,'en',0,235),('content_annotation',0,242,242,'en',0,235),('content_annotation',0,243,243,'en',0,235),('content_annotation',0,244,244,'en',0,235),('content_annotation',0,245,245,'en',0,235),('content_annotation',0,246,246,'en',0,235),('content_annotation',0,247,247,'en',0,235),('content_annotation',0,248,248,'en',0,235),('content_annotation',0,249,249,'en',0,235),('content_annotation',0,250,250,'en',0,235),('content_annotation',0,251,251,'en',0,235),('content_annotation',0,252,252,'en',0,235),('content_annotation',0,253,253,'en',0,235),('content_annotation',0,254,254,'en',0,235),('content_annotation',0,255,255,'en',0,235),('content_annotation',0,256,256,'en',0,0),('content_annotation',0,257,257,'en',0,256),('content_annotation',0,258,258,'en',0,256),('content_annotation',0,259,259,'en',0,256),('content_annotation',0,260,260,'en',0,256),('content_annotation',0,261,261,'en',0,256),('master_scorecard',0,262,262,'en',0,14),('master_scorecard',0,263,263,'en',0,262),('master_scorecard',0,264,264,'en',0,14),('master_scorecard',0,265,265,'en',0,264),('permissions_tags',0,266,266,'en',0,0);

--
-- Table structure for table `taxonomy_term_data`
--

CREATE TABLE `taxonomy_term_data` (
  `tid` int(10) unsigned NOT NULL AUTO_INCREMENT,
  `revision_id` int(10) unsigned DEFAULT NULL,
  `vid` varchar(32) CHARACTER SET ascii NOT NULL COMMENT 'The ID of the target entity.',
  `uuid` varchar(128) CHARACTER SET ascii NOT NULL,
  `langcode` varchar(12) CHARACTER SET ascii NOT NULL,
  PRIMARY KEY (`tid`),
  UNIQUE KEY `taxonomy_term_field__uuid__value` (`uuid`),
  UNIQUE KEY `taxonomy_term__revision_id` (`revision_id`),
  KEY `taxonomy_term_field__vid__target_id` (`vid`)
) ENGINE=InnoDB AUTO_INCREMENT=267 DEFAULT CHARSET=utf8mb4 COMMENT='The base table for taxonomy_term entities.';

--
-- Dumping data for table `taxonomy_term_data`
--

INSERT INTO `taxonomy_term_data` VALUES (1,1,'stakeholder_member_types','ca3cba72-d4f7-4c40-abde-9d859427da5e','en'),(2,2,'stakeholder_member_types','11c2a13d-06c3-4198-9d99-edf4b4a50c46','en'),(3,3,'stakeholder_member_types','294d9610-fb6c-4f9c-8c44-05ed7ce26c06','en'),(4,4,'stakeholder_member_types','d6ce15bf-2f65-4ca3-8ca7-27f8927e3685','en'),(5,5,'stakeholder_member_types','61467534-7c5a-4d15-94c7-a6bdf5678caa','en'),(6,6,'stakeholder_member_types','5ecaf5a2-435e-4053-9102-ba6c9e8a991b','en'),(7,7,'stakeholder_member_types','f9cde065-2449-4e7a-9af9-3dc471c2835f','en'),(8,8,'stakeholder_member_types','2db568fb-90d2-4489-be43-d1b942b838bc','en'),(9,9,'master_scorecard','fd296c2f-7adf-4b8e-9b76-37e0ee242af5','en'),(10,10,'master_scorecard','15685a87-29de-4db2-8bde-cade5157e9e2','en'),(11,11,'master_scorecard','c9b62f6b-b24f-4672-9aca-271598a290af','en'),(13,13,'master_scorecard','13f9105b-66ac-4056-88d7-ed1776cbb546','en'),(14,14,'master_scorecard','1f9d2699-af64-40a2-8df2-c1641f486825','en'),(15,15,'master_scorecard','bee3f106-0380-498b-b24a-3bc0ecfad794','en'),(16,16,'master_scorecard','ec2d206d-7b60-4ebc-9188-93fd0efd7a4f','en'),(17,17,'master_scorecard','d56ba076-c940-4c41-a300-9f10a87d1edd','en'),(18,18,'master_scorecard','60f58295-3123-4bc9-9f03-48efdb861d65','en'),(19,19,'master_scorecard','3f34634a-356f-49c0-99ba-ef0359ba8764','en'),(20,20,'master_scorecard','11b2b5bd-b9d9-459c-a4fa-4a446fb068bf','en'),(21,21,'master_scorecard','00ccf4e0-615b-4764-a71d-448b917f2353','en'),(22,22,'master_scorecard','c1ebaeef-8291-4679-8152-9d4a39fe6506','en'),(23,23,'master_scorecard','87f2ac7a-0a93-45a3-8826-708a5cabcea7','en'),(24,24,'master_scorecard','04d53c13-3af8-4cdb-be68-e7b47cf33f36','en'),(25,25,'master_scorecard','ffa7e1fc-9112-491f-a6ca-587252ab118a','en'),(26,26,'master_scorecard','a241c8d4-45e0-4876-a9d7-2caa1c113359','en'),(27,27,'master_scorecard','7d4337d8-0158-4fc1-bff9-dfb05427a961','en'),(28,28,'master_scorecard','395689a1-27a9-40a5-bdc2-0b09262d7387','en'),(29,29,'master_scorecard','e8a87575-8935-4c6b-bce5-686a1d2cb599','en'),(30,30,'master_scorecard','08e6667d-d3e6-499c-b5d2-d156f5451574','en'),(31,31,'master_scorecard','2b838c01-3b26-4359-b9e9-86f49007e612','en'),(32,32,'master_scorecard','7210316c-76e0-47b7-9549-38f03bd892d2','en'),(33,33,'master_scorecard','3b9ce6d6-1f8d-4f1d-ba19-49e13baa9b68','en'),(34,34,'master_scorecard','04a224a5-3da3-4e14-97b5-3a096271b49f','en'),(35,35,'master_scorecard','a777bac3-7177-432c-a688-ec09aaa2d331','en'),(36,36,'master_scorecard','77a9665c-0462-4279-b65f-6fb7fafc9241','en'),(37,37,'master_scorecard','2e5e88df-9ab3-4c97-a3a6-e87948e1b9c0','en'),(38,38,'master_scorecard','479ea844-053d-47a1-863b-cb90bf20e414','en'),(48,48,'master_scorecard','fcd0cc6e-d031-418e-bd86-dbcad1657510','en'),(67,67,'master_scorecard','0343fe05-f7d6-4192-92af-834c1c71d449','en'),(68,68,'master_scorecard','bb9311d8-bb6a-4977-9103-33402a4ceee7','en'),(69,69,'master_scorecard','1c4bfbfc-6727-4a2f-acd8-04575a356aa8','en'),(70,70,'master_scorecard','a8dfd9cc-0f8b-46a2-a0b5-823841664a79','en'),(71,71,'master_scorecard','201faecb-5214-4a90-a353-900e24cc7e49','en'),(72,72,'master_scorecard','c69d499c-58c9-46c9-aa48-cbbbaaec50ab','en'),(73,73,'master_scorecard','32169010-4a23-4973-9ba6-e3c1db3cc509','en'),(74,74,'master_scorecard','11a1e1d7-15b4-4311-90b3-734e13e9b0f3','en'),(75,75,'master_scorecard','8416a140-bbf8-438a-a23a-132add0a167e','en'),(76,76,'master_scorecard','81e2ecd2-ae03-448d-adce-6da29e8c6e7e','en'),(77,77,'master_scorecard','d3d1261b-a2f8-474e-b9af-cb69f9287586','en'),(78,78,'master_scorecard','1694deb1-e19a-458a-aa03-94a0b1d7cf7b','en'),(79,79,'master_scorecard','5cd605a8-e7f1-4aef-b458-9e30bbb95d13','en'),(80,80,'master_scorecard','393f8684-cea1-43a7-9b64-cc16a19f1c69','en'),(81,81,'master_scorecard','a45147e5-248e-4e24-8fe6-a58173f1cbde','en'),(82,82,'master_scorecard','54a09313-58d8-4e0c-91aa-af0ad8e31fd2','en'),(83,83,'master_scorecard','e078efad-fc6e-448f-84f5-145294eb9f1c','en'),(84,84,'master_scorecard','62877c94-2979-4ab5-a6f1-14dcc86d23a7','en'),(85,85,'master_scorecard','a1cf03aa-d91f-4003-985f-bf3833aeae7a','en'),(86,86,'master_scorecard','4b95e5ac-0b08-4802-8fc4-431807cecb54','en'),(88,88,'master_scorecard','99ce3fef-e622-4406-950b-947f6b044209','en'),(90,90,'master_scorecard','da9661b6-201e-4b15-91ff-ca4d3061e0b0','en'),(91,91,'master_scorecard','2e90146c-0c4e-4604-a546-682c9ced0c60','en'),(92,92,'master_scorecard','7034b0c2-176d-41d6-9c70-a218fdadbfc9','en'),(93,93,'master_scorecard','9ccdd98e-37e8-4411-b230-a44f95b9f1eb','en'),(94,94,'master_scorecard','430f0837-aad7-4ad2-9320-85706e4f1b0b','en'),(95,95,'master_scorecard','a347dc5b-db47-40b5-9fd3-bc7e5b21b1d5','en'),(96,96,'master_scorecard','508c5bbe-b75f-4af2-97b1-4e1080617070','en'),(97,97,'master_scorecard','5f2b108f-e9be-4ad4-b942-3476548fcaae','en'),(98,98,'master_scorecard','0984cd64-ba91-421a-bd5f-944cc380c963','en'),(99,99,'master_scorecard','9c855f06-526d-4a3f-95cc-c3d1e3368fcb','en'),(100,100,'master_scorecard','187d9a2b-6d6e-4891-a0c7-2f7e51bbc43f','en'),(101,101,'master_scorecard','d0fbcc29-ec4f-4809-bde9-4377ee45393a','en'),(102,102,'master_scorecard','3a747c4d-3421-4d6f-91af-784d9c6a5287','en'),(104,104,'master_scorecard','95e361a5-1032-422a-863c-c28201007b94','en'),(105,105,'master_scorecard','9ace2907-b7a5-443f-8636-a8fb596b98d5','en'),(107,107,'master_scorecard','a2d2b267-851c-4883-8621-0aae24d3612f','en'),(108,108,'master_scorecard','d5ed0812-1c89-410e-8378-549c1240e075','en'),(109,109,'master_scorecard','bef63a2c-8ce6-4293-96aa-9270c5e47e1d','en'),(112,112,'master_scorecard','99589f49-21b3-4e3f-bf96-ca12a4b31795','en'),(113,113,'master_scorecard','72fbec4a-426d-4572-86d5-8429895a0533','en'),(114,114,'master_scorecard','92653713-37fd-457c-9058-2d63b58be57c','en'),(115,115,'master_scorecard','119252be-f9ec-4aa8-b349-02f19aa9a8d7','en'),(116,116,'master_scorecard','7d7e6828-6fd8-453e-8918-b1a1b64932ad','en'),(117,117,'master_scorecard','b5055a9c-ae8c-44aa-8b4a-ed94f2210935','en'),(118,118,'master_scorecard','74dbe216-2713-4310-96a4-1476b2c2c78e','en'),(119,119,'master_scorecard','8f140588-7d7e-4e1a-92c4-6ac8a61d4422','en'),(120,120,'master_scorecard','ae67ca4a-6084-4685-9052-eb659a1707de','en'),(121,121,'master_scorecard','5155e778-a21f-4426-9981-accabb1f894a','en'),(122,122,'master_scorecard','304c548c-9ef2-4c45-8133-b27a3f1d0637','en'),(123,123,'master_scorecard','7d9d25c7-678d-4e27-ac47-6567bdefa67c','en'),(124,124,'master_scorecard','df7b083d-e240-4f62-bd53-5f15b456e9a7','en'),(125,125,'master_scorecard','ba2e7dbc-4b7f-4bc4-a801-2a92a8a079da','en'),(126,126,'master_scorecard','726b3768-adaa-4a47-8459-b16d940a8f8f','en'),(127,127,'master_scorecard','53ec3ee8-d390-41d4-8410-948ce6703be1','en'),(128,128,'master_scorecard','8eb8693a-5a6e-4342-9388-781338faf96a','en'),(129,129,'master_scorecard','aa2ffe04-943e-4bc1-960e-17addfb6bae9','en'),(130,130,'master_scorecard','63bcd51d-f5d8-4dfb-9822-6107a936f299','en'),(131,131,'master_scorecard','7b43b0e3-6c82-40cf-963a-d91d6859d311','en'),(132,132,'master_scorecard','53de3a25-277a-40e2-abb8-2ba17d2231a1','en'),(133,133,'master_scorecard','d1496d9b-8283-4ef3-8685-cc63e3c8ec99','en'),(134,134,'master_scorecard','8a552bbc-363d-43a0-bf49-1c2d52683bba','en'),(135,135,'master_scorecard','00d22e21-af04-44b1-9d01-3759d8b10461','en'),(136,136,'master_scorecard','3bf146a9-9ee0-4a36-8cba-bfa4d9a356a5','en'),(137,137,'master_scorecard','56d9b14b-8333-4c91-9162-56a9560f118e','en'),(138,138,'master_scorecard','d64788b5-9b26-4813-9b9f-c1aac445fe4f','en'),(139,139,'master_scorecard','11aced46-e601-4c6e-a1f6-8c54c1eb9fb8','en'),(140,140,'master_scorecard','dc0707ea-aff5-43e7-9378-88f70ca27881','en'),(141,141,'master_scorecard','7ea846a3-fc5c-418f-9f06-1f581f60c28f','en'),(142,142,'master_scorecard','8c2d85fe-7313-4fae-b0b9-5298319d1ec8','en'),(143,143,'master_scorecard','2e87728e-4a14-4999-a787-2013f5697362','en'),(144,144,'master_scorecard','19f4715d-b06a-4e65-9693-eaf210160c65','en'),(145,145,'master_scorecard','462f33ab-2936-4a56-9f4c-0ed195035253','en'),(146,146,'master_scorecard','8b7471aa-146d-40ba-8fbe-9e103c409556','en'),(147,147,'master_scorecard','5c40d714-3c19-4fd0-af3f-641c1658656d','en'),(148,148,'master_scorecard','a29c97ed-e541-4104-8a1d-b94ca1d74933','en'),(149,149,'master_scorecard','9947cadc-62e7-4923-a440-4f1803b7c35b','en'),(150,150,'master_scorecard','11d65163-b0f0-4091-9ace-fdfb10fe2f1e','en'),(151,151,'master_scorecard','5aea0fc1-f0d0-4138-9097-54eeac6f3300','en'),(152,152,'master_scorecard','99f7fe22-d051-4cb4-880f-0f44c4d3a049','en'),(153,153,'master_scorecard','7055f931-dd59-4fd0-838b-6485af6f88db','en'),(154,154,'master_scorecard','a69e5401-5615-4a8d-a061-cdd1943da925','en'),(155,155,'master_scorecard','b5fd3e5d-c823-4cc2-89ba-f2a554137f3d','en'),(156,156,'master_scorecard','12d017bd-a791-4adf-9b45-df6fccb52bd5','en'),(157,157,'master_scorecard','4fbe8ef7-e8c6-4152-9005-50ef6312e557','en'),(158,158,'master_scorecard','742bddf3-b35a-4d9e-902c-8aa1139aeb74','en'),(159,159,'master_scorecard','b4c1bd5d-e440-4385-a58c-389594477cad','en'),(160,160,'master_scorecard','91b7b4b4-ab74-4ddd-929a-7ab2eef7b862','en'),(161,161,'master_scorecard','dfc05ddc-d2bc-4745-9e2b-60126e30ab28','en'),(162,162,'master_scorecard','57eb811a-f2da-4bd2-bf53-3f61c1828832','en'),(163,163,'master_scorecard','03cd5a4f-2c42-43b5-846c-4711a9e4b16b','en'),(164,164,'master_scorecard','ead556ff-2157-45a2-8a0f-132262030fbf','en'),(165,165,'master_scorecard','8310be26-3752-4577-81a9-90dc1976ba64','en'),(166,166,'master_scorecard','8e8cd462-ca79-4c62-b66f-e493ea01ad7d','en'),(167,167,'master_scorecard','0bc21328-75f3-46a7-a4f4-478dea63f330','en'),(168,168,'master_scorecard','4e452c33-8a8b-4375-b3ad-ae991e5170d3','en'),(169,169,'master_scorecard','50acdc7b-423a-4029-9113-9187bceec1f2','en'),(170,170,'master_scorecard','c72fbcc2-9b2f-4e00-ade1-f2174072e090','en'),(171,171,'master_scorecard','597c6f4e-f8bd-4da8-9589-45353993271b','en'),(172,172,'master_scorecard','aec2d873-588d-420c-b2ff-8847e990e0d4','en'),(173,173,'master_scorecard','dea0e84a-be6d-4da5-a609-88a14b2f4405','en'),(174,174,'master_scorecard','71b1557b-0027-416f-8357-fc130d4426e4','en'),(175,175,'master_scorecard','ee78746e-d06b-474e-a120-d0b6d75b7574','en'),(177,177,'master_scorecard','e512356e-ec07-4375-98a6-1db271effbc9','en'),(179,179,'master_scorecard','8d89c471-b884-4d8f-890e-ad3c97581d64','en'),(180,180,'master_scorecard','37984a67-f2e9-45ff-b016-fd38e3bd9c28','en'),(182,182,'master_scorecard','5420e61b-549e-40b9-b8ad-caaa3e84fdc4','en'),(183,183,'master_scorecard','1f19f795-bda0-4b6c-90be-b0d1052eb7d3','en'),(184,184,'master_scorecard','894898a8-475b-40bb-8850-611340315931','en'),(185,185,'master_scorecard','5bfe59f8-f4f0-4be2-b288-b5b47a36ee05','en'),(188,188,'master_scorecard','22e6972f-0e14-4bd2-8294-27a57070880a','en'),(189,189,'master_scorecard','d3792504-d725-4bed-bc71-55e09c7e8695','en'),(190,190,'content_annotation','1d6ccf2d-68d8-4e98-8b35-2818edf86776','en'),(191,191,'content_annotation','060664e2-ff4f-4e2a-b4b7-1b6557ceb654','en'),(195,195,'content_annotation','94fd4946-5c4a-4007-bcac-c916e6e3cb70','en'),(196,196,'content_annotation','51f9b8dd-29a3-413e-87b3-a34d32978301','en'),(197,197,'content_annotation','6febe7b9-d043-4e4a-9917-69021f6d5fe3','en'),(198,198,'content_annotation','ed25c89f-f651-45d6-bd26-9b8ea0086658','en'),(199,199,'content_annotation','beb7f92f-0eb5-40e9-b037-96ada5df6e3e','en'),(200,200,'content_annotation','809f6ea3-3762-44a5-b259-58422a7f800e','en'),(201,201,'content_annotation','e46127c1-ea3b-4900-8c20-70285ae9be83','en'),(202,202,'content_annotation','44d330ef-87a1-47f6-9058-ecc29cc84a4c','en'),(203,203,'content_annotation','3812c3a6-5946-4fde-a0e0-af22c9ba719a','en'),(204,204,'content_annotation','0d9b8294-3d0c-4e86-93aa-162e46ed2e0a','en'),(205,205,'content_annotation','3ecc6c1e-078a-4d06-905c-4d7d029429e1','en'),(206,206,'content_annotation','4fcfcef2-5b6e-4586-b979-37e973265d98','en'),(207,207,'content_annotation','8461799c-8090-4605-8812-d87b99585980','en'),(208,208,'content_annotation','c32093e5-30ff-483c-80e7-41ae9de227a6','en'),(209,209,'content_annotation','373ed698-7f8a-487e-a297-629e3f865c01','en'),(210,210,'content_annotation','18737cf2-cd00-41c4-b8bc-4d099ef00f73','en'),(211,211,'content_annotation','17334e4f-6a90-4557-bc6b-48c1e6f72eda','en'),(212,212,'content_annotation','c27be9e4-7ceb-4176-8820-7071294d0576','en'),(213,213,'content_annotation','d40d86ad-6763-48c6-a0e7-6b28b9ee1fb4','en'),(214,214,'content_annotation','3aebb278-31ad-450f-8469-bf0acabb28ef','en'),(215,215,'content_annotation','3dab317c-5070-4125-83d4-daa7ee7192af','en'),(216,216,'content_annotation','eab1e27a-67cf-415c-88a5-d4b564f3219a','en'),(217,217,'content_annotation','22dff7a9-cfce-4283-9b45-a594125d8554','en'),(218,218,'content_annotation','153c30b0-c90c-45a9-981d-3e8d76f12c94','en'),(219,219,'content_annotation','9b295418-e968-46f9-bb1e-91564b3c2962','en'),(220,220,'content_annotation','d5f34af3-24cf-4001-93ee-5c13e249b51d','en'),(221,221,'content_annotation','0f2cc0e3-de04-4650-9344-6c9ad22bd729','en'),(222,222,'content_annotation','55eaf226-dce6-44a9-a3e6-10ef6b8f9cc7','en'),(223,223,'content_annotation','9984891e-b6ad-4910-ad3a-9c0f66df2b12','en'),(224,224,'content_annotation','5cc9b5a4-8a17-4182-90b8-44155d7abc2d','en'),(225,225,'content_annotation','0bd4229c-dfa0-4e40-9e4d-d390efedb3d5','en'),(226,226,'content_annotation','5221537c-0364-4325-95f4-598876489c5d','en'),(227,227,'content_annotation','739dea09-4de5-40ff-b74e-e7522c201493','en'),(228,228,'content_annotation','0679a65d-5a3c-4fcd-a6e7-9a59c0e147c8','en'),(229,229,'content_annotation','b25aa24d-585e-41d2-b913-a8caee77dff9','en'),(230,230,'content_annotation','7d29d8b6-bf9f-4728-95dc-19f37440a724','en'),(231,231,'content_annotation','cb0dcea4-3f72-4308-a3c5-a720a3ff4c56','en'),(232,232,'content_annotation','c6ea5947-6061-4f27-89b0-dec161b7672d','en'),(233,233,'content_annotation','c778cec9-7317-4a2e-8002-c9c22b1b76e7','en'),(234,234,'content_annotation','6bc25b0d-c65e-46de-b957-abd42d071354','en'),(235,235,'content_annotation','1ca47753-a28a-4561-8c67-0e7030f631d2','en'),(236,236,'content_annotation','02da5cbb-c5c1-4f53-a403-a74d2b282921','en'),(237,237,'content_annotation','290e84ea-14ff-42db-8ef6-6e2da9c846e9','en'),(238,238,'content_annotation','6df69766-217b-4adb-8dd7-b488a21bd4e0','en'),(239,239,'content_annotation','0ba390f6-d35f-46b2-81e4-af498fa8870e','en'),(240,240,'content_annotation','f46357ac-1104-4c0a-82e3-efb333381d1a','en'),(241,241,'content_annotation','80bf3463-b920-4f61-9045-b7b298c913c8','en'),(242,242,'content_annotation','f8187bae-488d-4dea-a517-3f5618a46add','en'),(243,243,'content_annotation','64a4f4de-c640-468e-a294-9b9a7f794cab','en'),(244,244,'content_annotation','42d8eb23-44fa-4d54-af86-8a5192a80a6a','en'),(245,245,'content_annotation','67423d54-019e-47e0-ad13-189ba177362e','en'),(246,246,'content_annotation','71639a56-e0e0-4ce7-81cc-67c55c101a25','en'),(247,247,'content_annotation','f6fb5567-d226-4b30-80f8-1de7f4337a12','en'),(248,248,'content_annotation','4d3fa05f-bc1e-4d5c-be02-4dc2d4d1b4ae','en'),(249,249,'content_annotation','936072e6-044a-4547-a8f3-3341db69ee93','en'),(250,250,'content_annotation','9d085e99-6100-4497-9160-d282541c32ba','en'),(251,251,'content_annotation','85b6ab64-9999-4798-86e9-f94df6610174','en'),(252,252,'content_annotation','6ba2ff16-3858-4749-9cd3-5ae45d26b06d','en'),(253,253,'content_annotation','4cfc0927-2c3a-42af-a7e6-2187c9b0e93d','en'),(254,254,'content_annotation','419bd077-65ef-4a4f-a842-38c2e4896ac2','en'),(255,255,'content_annotation','c14ad3a4-9efc-4d47-a280-cbe218a37f5d','en'),(256,256,'content_annotation','90d3cad0-ffbf-4d21-8f3c-2c42fcb04360','en'),(257,257,'content_annotation','6ebafac2-d5ac-4d27-a217-fd6f6e8f2360','en'),(258,258,'content_annotation','8491eb0d-f374-4293-a41b-4b26bc4e72af','en'),(259,259,'content_annotation','bd78c3a5-0d46-4f07-a7c0-1f3059dcf04f','en'),(260,260,'content_annotation','396a49a5-035f-4ae6-b7c5-14ae2e80069e','en'),(261,261,'content_annotation','79382234-2d72-4c13-8824-ed879a694e0a','en'),(262,262,'master_scorecard','4961dba9-1cc4-4aaf-973a-9f57bf1e4d12','en'),(263,263,'master_scorecard','2c8a99e6-9c25-4b88-a6fa-59b6bf808dcf','en'),(264,264,'master_scorecard','6c085582-f125-4848-ae26-e62b7748d945','en'),(265,265,'master_scorecard','5f227f80-bcce-46c3-99bb-e1f2357f4f1f','en'),(266,266,'permissions_tags','96459cdb-c534-4888-95a5-7e50b62864e4','en');

--
-- Table structure for table `taxonomy_term_field_data`
--

CREATE TABLE `taxonomy_term_field_data` (
  `tid` int(10) unsigned NOT NULL,
  `revision_id` int(10) unsigned NOT NULL,
  `vid` varchar(32) CHARACTER SET ascii NOT NULL COMMENT 'The ID of the target entity.',
  `langcode` varchar(12) CHARACTER SET ascii NOT NULL,
  `status` tinyint(4) NOT NULL,
  `name` varchar(255) NOT NULL,
  `description__value` longtext DEFAULT NULL,
  `description__format` varchar(255) CHARACTER SET ascii DEFAULT NULL,
  `weight` int(11) NOT NULL,
  `changed` int(11) DEFAULT NULL,
  `default_langcode` tinyint(4) NOT NULL,
  `revision_translation_affected` tinyint(4) DEFAULT NULL,
  PRIMARY KEY (`tid`,`langcode`),
  KEY `taxonomy_term__id__default_langcode__langcode` (`tid`,`default_langcode`,`langcode`),
  KEY `taxonomy_term__revision_id` (`revision_id`),
  KEY `taxonomy_term_field__name` (`name`(191)),
  KEY `taxonomy_term__status_vid` (`status`,`vid`,`tid`),
  KEY `taxonomy_term__tree` (`vid`,`weight`,`name`(191)),
  KEY `taxonomy_term__vid_name` (`vid`,`name`(191))
) ENGINE=InnoDB DEFAULT CHARSET=utf8mb4 COMMENT='The data table for taxonomy_term entities.';

--
-- Dumping data for table `taxonomy_term_field_data`
--

INSERT INTO `taxonomy_term_field_data` VALUES (1,1,'stakeholder_member_types','en',1,'Care providers',NULL,NULL,0,1570019623,1,1),(2,2,'stakeholder_member_types','en',1,'Industry',NULL,NULL,0,1570019649,1,1),(3,3,'stakeholder_member_types','en',1,'Patients',NULL,NULL,0,1570019654,1,1),(4,4,'stakeholder_member_types','en',1,'Patients Organizations',NULL,NULL,0,1570019659,1,1),(5,5,'stakeholder_member_types','en',1,'Payers and Purchasers',NULL,NULL,0,1570019663,1,1),(6,6,'stakeholder_member_types','en',1,'Policy makers',NULL,NULL,0,1570019668,1,1),(7,7,'stakeholder_member_types','en',1,'Public',NULL,NULL,0,1570019674,1,1),(8,8,'stakeholder_member_types','en',1,'Research and Education Organizations',NULL,NULL,0,1570019679,1,1),(9,9,'master_scorecard','en',1,'CRIF Dimensions',NULL,NULL,0,1570101282,1,1),(10,10,'master_scorecard','en',1,'Economic','<p><span><span><span><span><span lang=\"EN-GB\">Economic refers to the assessment of the long-term economic sustainability of health R&amp;I</span></span></span></span></span></p>\r\n','basic_html',0,1570101210,1,1),(11,11,'master_scorecard','en',1,'Efficacy','<p><span><span><span><span><span lang=\"EN-GB\">Efficacy refers to the capacity of a given initiative or programme to achieve its mission, whereas the term mission entails all the strategic priorities settled via the stakeholder engagement process.</span></span></span></span></span></p>\r\n','basic_html',0,1579207652,1,1),(13,13,'master_scorecard','en',1,'Social','<p><span><span><span><span><span lang=\"EN-GB\">Social considers the evaluation of direct and indirect effects of health research to the whole society, beyond the mission related dimension that for health R&amp;I would typically focus on patient needs.</span></span></span></span></span></p>\r\n','basic_html',0,1579207652,1,1),(14,14,'master_scorecard','en',1,'Patient Reported','<p><span><span><span><span><span lang=\"EN-GB\">Patient-reported concerns patients as key stakeholder, whose needs, information and perspectives must be understood and incorporated into the process of health research impact evaluation. Thus, it works as an overarching dimension in which the other four dimensions should be rooted</span></span></span></span></span></p>\r\n','basic_html',0,1579207652,1,1),(15,15,'master_scorecard','en',1,'Anti-competitive behaviour',NULL,NULL,0,1579207652,1,1),(16,16,'master_scorecard','en',1,'Control',NULL,NULL,0,1579207652,1,1),(17,17,'master_scorecard','en',1,'Economic externalities',NULL,NULL,0,1579207652,1,1),(18,18,'master_scorecard','en',1,'Financial performance',NULL,NULL,0,1579207652,1,1),(19,19,'master_scorecard','en',1,'Improvement of health services',NULL,NULL,0,1579207652,1,1),(20,20,'master_scorecard','en',1,'Intellectual property',NULL,NULL,0,1579207652,1,1),(21,21,'master_scorecard','en',1,'Market',NULL,NULL,0,1579207652,1,1),(22,22,'master_scorecard','en',1,'Organizational efficiency',NULL,NULL,0,1579207652,1,1),(23,23,'master_scorecard','en',1,'Resources allocated',NULL,NULL,0,1570103715,1,1),(24,24,'master_scorecard','en',1,'Anti-competitive behaviour',NULL,NULL,0,1570108859,1,1),(25,25,'master_scorecard','en',1,'Control process',NULL,NULL,0,1570108905,1,1),(26,26,'master_scorecard','en',1,'Indirect economic impact',NULL,NULL,0,1570108935,1,1),(27,27,'master_scorecard','en',1,'Profitability',NULL,NULL,0,1579207652,1,1),(28,28,'master_scorecard','en',1,'Financial stability',NULL,NULL,0,1570108980,1,1),(29,29,'master_scorecard','en',1,'Revenue',NULL,NULL,0,1579207652,1,1),(30,30,'master_scorecard','en',1,'Effectiveness in healthcare practice',NULL,NULL,0,1570109014,1,1),(31,31,'master_scorecard','en',1,'Patents',NULL,NULL,0,1570109050,1,1),(32,32,'master_scorecard','en',1,'Strategy',NULL,NULL,0,1579207652,1,1),(33,33,'master_scorecard','en',1,'Market presence',NULL,NULL,0,1579207652,1,1),(34,34,'master_scorecard','en',1,'Perspective of long-term relationships',NULL,NULL,0,1570109104,1,1),(35,35,'master_scorecard','en',1,'Cost',NULL,NULL,0,1579207652,1,1),(36,36,'master_scorecard','en',1,'Cost savings',NULL,NULL,0,1579207652,1,1),(37,37,'master_scorecard','en',1,'Quality',NULL,NULL,0,1570109162,1,1),(38,38,'master_scorecard','en',1,'Employment',NULL,NULL,0,1579207652,1,1),(48,48,'master_scorecard','en',1,'Excellence',NULL,NULL,0,1579207652,1,1),(67,67,'master_scorecard','en',1,'Drug supply to patient',NULL,NULL,0,1579207652,1,1),(68,68,'master_scorecard','en',1,'Governance',NULL,NULL,0,1570438936,1,1),(69,69,'master_scorecard','en',1,'Health service assessment',NULL,NULL,0,1579207652,1,1),(70,70,'master_scorecard','en',1,'Health services and products accessibility',NULL,NULL,0,1579207652,1,1),(71,71,'master_scorecard','en',1,'Healthcare practitioners human capital',NULL,NULL,0,1579207652,1,1),(72,72,'master_scorecard','en',1,'Influence on patient behaviour',NULL,NULL,0,1579207652,1,1),(73,73,'master_scorecard','en',1,'Patient quality of life',NULL,NULL,0,1579207652,1,1),(74,74,'master_scorecard','en',1,'Patient satisfaction',NULL,NULL,0,1579207652,1,1),(75,75,'master_scorecard','en',1,'Stakeholder engagement',NULL,NULL,0,1579207652,1,1),(76,76,'master_scorecard','en',1,'Academic production',NULL,NULL,0,1579207652,1,1),(77,77,'master_scorecard','en',1,'Anticipatory design',NULL,NULL,0,1579207652,1,1),(78,78,'master_scorecard','en',1,'Bibliometric',NULL,NULL,0,1579207652,1,1),(79,79,'master_scorecard','en',1,'Communication',NULL,NULL,0,1579207652,1,1),(80,80,'master_scorecard','en',1,'Compliance',NULL,NULL,0,1579207652,1,1),(81,81,'master_scorecard','en',1,'Ethics and integrity',NULL,NULL,0,1579207652,1,1),(82,82,'master_scorecard','en',1,'Financial resources',NULL,NULL,0,1579207652,1,1),(83,83,'master_scorecard','en',1,'Impact evaluation',NULL,NULL,0,1579207652,1,1),(84,84,'master_scorecard','en',1,'Influence on public behaviour',NULL,NULL,0,1579207652,1,1),(85,85,'master_scorecard','en',1,'Influence on subsequent research',NULL,NULL,0,1579207652,1,1),(86,86,'master_scorecard','en',1,'Informing healthcare practice decision making',NULL,NULL,0,1579207652,1,1),(88,88,'master_scorecard','en',1,'Patient engagement & involvement',NULL,NULL,0,1579207652,1,1),(90,90,'master_scorecard','en',1,'Products generated',NULL,NULL,0,1570440410,1,1),(91,91,'master_scorecard','en',1,'Research partnership',NULL,NULL,0,1579207652,1,1),(92,92,'master_scorecard','en',1,'Research recognition',NULL,NULL,0,1579207652,1,1),(93,93,'master_scorecard','en',1,'Researchers\' human capital',NULL,NULL,0,1579207652,1,1),(94,94,'master_scorecard','en',1,'Scientific input',NULL,NULL,0,1579207652,1,1),(95,95,'master_scorecard','en',1,'Corporate reputation',NULL,NULL,0,1579207652,1,1),(96,96,'master_scorecard','en',1,'Ethical marketing',NULL,NULL,0,1579207652,1,1),(97,97,'master_scorecard','en',1,'Labour',NULL,NULL,0,1570440484,1,1),(98,98,'master_scorecard','en',1,'Political externalities',NULL,NULL,0,1579207652,1,1),(99,99,'master_scorecard','en',1,'Socio-environmental impacts',NULL,NULL,0,1579207652,1,1),(100,100,'master_scorecard','en',1,'Employment',NULL,NULL,0,1570441720,1,1),(101,101,'master_scorecard','en',1,'Stakeholder engagement',NULL,NULL,0,1579207652,1,1),(102,102,'master_scorecard','en',1,'Stakeholder engagement',NULL,NULL,0,1579207652,1,1),(104,104,'master_scorecard','en',1,'Improvement of health services',NULL,NULL,0,1579207652,1,1),(105,105,'master_scorecard','en',1,'Intellectual property',NULL,NULL,0,1579207652,1,1),(107,107,'master_scorecard','en',1,'Resources allocated',NULL,NULL,0,1579207652,1,1),(108,108,'master_scorecard','en',1,'Increase in drug supply',NULL,NULL,0,1570447648,1,1),(109,109,'master_scorecard','en',1,'Improvement in drug supply',NULL,NULL,0,1579207652,1,1),(112,112,'master_scorecard','en',1,'Overall health service',NULL,NULL,0,1570447804,1,1),(113,113,'master_scorecard','en',1,'Health service accessibility',NULL,NULL,0,1570447828,1,1),(114,114,'master_scorecard','en',1,'Transparency',NULL,NULL,0,1579207652,1,1),(115,115,'master_scorecard','en',1,'Healthcare practitioners ability',NULL,NULL,0,1570447857,1,1),(116,116,'master_scorecard','en',1,'Health service quality',NULL,NULL,0,1570447868,1,1),(117,117,'master_scorecard','en',1,'Public health',NULL,NULL,0,1579207652,1,1),(118,118,'master_scorecard','en',1,'Hospitalization',NULL,NULL,0,1579207652,1,1),(119,119,'master_scorecard','en',1,'Safety and security',NULL,NULL,0,1579207652,1,1),(120,120,'master_scorecard','en',1,'Patient guidelines and tools',NULL,NULL,0,1570447910,1,1),(121,121,'master_scorecard','en',1,'Patient wellbeing',NULL,NULL,0,1570447921,1,1),(122,122,'master_scorecard','en',1,'Mortality',NULL,NULL,0,1579207652,1,1),(123,123,'master_scorecard','en',1,'Life expectancy',NULL,NULL,0,1579207652,1,1),(124,124,'master_scorecard','en',1,'Patient satisfaction',NULL,NULL,0,1570447953,1,1),(125,125,'master_scorecard','en',1,'Stakeholder engagement',NULL,NULL,0,1579207652,1,1),(126,126,'master_scorecard','en',1,'Patient engagement',NULL,NULL,0,1570447974,1,1),(127,127,'master_scorecard','en',1,'Publications',NULL,NULL,0,1570447984,1,1),(128,128,'master_scorecard','en',1,'Anticipatory design',NULL,NULL,0,1570447994,1,1),(129,129,'master_scorecard','en',1,'Citations',NULL,NULL,0,1570448004,1,1),(130,130,'master_scorecard','en',1,'Dissemination',NULL,NULL,0,1570448014,1,1),(131,131,'master_scorecard','en',1,'Media coverage',NULL,NULL,0,1579207652,1,1),(132,132,'master_scorecard','en',1,'Compliance',NULL,NULL,0,1579207652,1,1),(133,133,'master_scorecard','en',1,'Clinical guidelines',NULL,NULL,0,1570448044,1,1),(134,134,'master_scorecard','en',1,'Risk',NULL,NULL,0,1579207652,1,1),(135,135,'master_scorecard','en',1,'Ethics',NULL,NULL,0,1570448064,1,1),(136,136,'master_scorecard','en',1,'Research funding',NULL,NULL,0,1570448075,1,1),(137,137,'master_scorecard','en',1,'Overall impact evaluation',NULL,NULL,0,1570448085,1,1),(138,138,'master_scorecard','en',1,'Knowledge & Behaviour',NULL,NULL,0,1570448095,1,1),(139,139,'master_scorecard','en',1,'Influence on and improvements for future research',NULL,NULL,0,1570448106,1,1),(140,140,'master_scorecard','en',1,'Influence on healthcare practice',NULL,NULL,0,1570448116,1,1),(141,141,'master_scorecard','en',1,'Influence on policy-making',NULL,NULL,0,1579207652,1,1),(142,142,'master_scorecard','en',1,'Science awareness',NULL,NULL,0,1579207652,1,1),(143,143,'master_scorecard','en',1,'Patents',NULL,NULL,0,1579207652,1,1),(144,144,'master_scorecard','en',1,'Intellectual property',NULL,NULL,0,1570448158,1,1),(145,145,'master_scorecard','en',1,'Licenses',NULL,NULL,0,1579207652,1,1),(146,146,'master_scorecard','en',1,'Clinical trials',NULL,NULL,0,1579207652,1,1),(147,147,'master_scorecard','en',1,'Potential users involvement',NULL,NULL,0,1570448190,1,1),(148,148,'master_scorecard','en',1,'Product and drug development',NULL,NULL,0,1570448201,1,1),(149,149,'master_scorecard','en',1,'Collaboration',NULL,NULL,0,1570448212,1,1),(150,150,'master_scorecard','en',1,'Reputation',NULL,NULL,0,1570448222,1,1),(151,151,'master_scorecard','en',1,'Prizes',NULL,NULL,0,1579207652,1,1),(152,152,'master_scorecard','en',1,'Researchers\' capacity and career',NULL,NULL,0,1570448243,1,1),(153,153,'master_scorecard','en',1,'Gender equality',NULL,NULL,0,1579207652,1,1),(154,154,'master_scorecard','en',1,'Tangible and intangible resources',NULL,NULL,0,1570448265,1,1),(155,155,'master_scorecard','en',1,'Organisational structure',NULL,NULL,0,1579207652,1,1),(156,156,'master_scorecard','en',1,'Supporting projects',NULL,NULL,0,1579207652,1,1),(157,157,'master_scorecard','en',1,'Research management',NULL,NULL,0,1570448297,1,1),(158,158,'master_scorecard','en',1,'Outreach visits',NULL,NULL,0,1579207652,1,1),(159,159,'master_scorecard','en',1,'Research methodologies',NULL,NULL,0,1579207652,1,1),(160,160,'master_scorecard','en',1,'Participation',NULL,NULL,0,1579207652,1,1),(161,161,'master_scorecard','en',1,'External stakeholder engagement',NULL,NULL,0,1570448340,1,1),(162,162,'master_scorecard','en',1,'Reputation',NULL,NULL,0,1570448352,1,1),(163,163,'master_scorecard','en',1,'Ethical marketing',NULL,NULL,0,1570448364,1,1),(164,164,'master_scorecard','en',1,'Safety and security',NULL,NULL,0,1579207652,1,1),(165,165,'master_scorecard','en',1,'Labour rights',NULL,NULL,0,1579207652,1,1),(166,166,'master_scorecard','en',1,'Training and education',NULL,NULL,0,1570448398,1,1),(167,167,'master_scorecard','en',1,'Political influence',NULL,NULL,0,1570448410,1,1),(168,168,'master_scorecard','en',1,'Improved governance',NULL,NULL,0,1579207652,1,1),(169,169,'master_scorecard','en',1,'Political contributions',NULL,NULL,0,1579207652,1,1),(170,170,'master_scorecard','en',1,'Audits and certification',NULL,NULL,0,1579207652,1,1),(171,171,'master_scorecard','en',1,'Sustainable consumption',NULL,NULL,0,1570448459,1,1),(172,172,'master_scorecard','en',1,'Scope and parameters of information',NULL,NULL,0,1579207652,1,1),(173,173,'master_scorecard','en',1,'Pollution',NULL,NULL,0,1579207652,1,1),(174,174,'master_scorecard','en',1,'Impact on communities',NULL,NULL,0,1579207652,1,1),(175,175,'master_scorecard','en',1,'Stakeholder engagement',NULL,NULL,0,1570448506,1,1),(177,177,'master_scorecard','en',1,'Governance',NULL,NULL,0,1570449496,1,1),(179,179,'master_scorecard','en',1,'Upper-limb dexterity',NULL,NULL,0,1579207652,1,1),(180,180,'master_scorecard','en',1,'Anxiety and depression',NULL,NULL,0,1579207652,1,1),(182,182,'master_scorecard','en',1,'Bladder function',NULL,NULL,0,1591175188,1,1),(183,183,'master_scorecard','en',1,'Fatigue',NULL,NULL,0,1591175213,1,1),(184,184,'master_scorecard','en',1,'Patient Reported Outcomes',NULL,NULL,0,1579207237,1,1),(185,185,'master_scorecard','en',1,'Patient Reported Outcomes',NULL,NULL,0,1579207258,1,1),(188,188,'master_scorecard','en',1,'Patient Reported Outcomes',NULL,NULL,0,1579207318,1,1),(189,189,'master_scorecard','en',1,'Patient Reported Outcomes',NULL,NULL,0,1579207338,1,1),(190,190,'content_annotation','en',1,'Bibliometric',NULL,NULL,0,1582396887,1,1),(191,191,'content_annotation','en',1,'Codes And Guidelines',NULL,NULL,0,1582396887,1,1),(195,195,'content_annotation','en',1,'Academic search databases',NULL,NULL,0,1582396154,1,1),(196,196,'content_annotation','en',1,'Bibliometric datasources',NULL,NULL,0,1582396154,1,1),(197,197,'content_annotation','en',1,'Classification of journals with open access options, such as DOAJ list (Directory of Open Access Journals), PMC (PubMed Central), the ROAD list (Directory of Open Access scholarly Resources), CrossRef, and OpenAIRE',NULL,NULL,0,1582396154,1,1),(198,198,'content_annotation','en',1,'Google analytics or similar web engines.',NULL,NULL,0,1582396154,1,1),(199,199,'content_annotation','en',1,'Google scholar',NULL,NULL,0,1582396154,1,1),(200,200,'content_annotation','en',1,'Rankings of journals (e.g., JCR, SJR)',NULL,NULL,0,1582396154,1,1),(201,201,'content_annotation','en',1,'Scopus',NULL,NULL,0,1582396154,1,1),(202,202,'content_annotation','en',1,'Web of Science (WoS)',NULL,NULL,0,1582396154,1,1),(203,203,'content_annotation','en',1,'World Intellectual Property Organization Database',NULL,NULL,0,1582396154,1,1),(204,204,'content_annotation','en',1,'Code of conduct',NULL,NULL,0,1582396261,1,1),(205,205,'content_annotation','en',1,'Code of ethics',NULL,NULL,0,1582396261,1,1),(206,206,'content_annotation','en',1,'Community development plans',NULL,NULL,0,1582396261,1,1),(207,207,'content_annotation','en',1,'Guidelines',NULL,NULL,0,1582396261,1,1),(208,208,'content_annotation','en',1,'Official document containing evaluative criteria in the research proposal evaluation',NULL,NULL,0,1582396261,1,1),(209,209,'content_annotation','en',1,'Stakeholder engagement plans',NULL,NULL,0,1582396261,1,1),(210,210,'content_annotation','en',1,'Strategy documents',NULL,NULL,0,1582396261,1,1),(211,211,'content_annotation','en',1,'Treatment guidelines',NULL,NULL,0,1582396261,1,1),(212,212,'content_annotation','en',1,'Health Records',NULL,NULL,0,1582396887,1,1),(213,213,'content_annotation','en',1,'Clinical data',NULL,NULL,0,1582396409,1,1),(214,214,'content_annotation','en',1,'Clinical information system',NULL,NULL,0,1582396409,1,1),(215,215,'content_annotation','en',1,'Electronic health record system',NULL,NULL,0,1582396409,1,1),(216,216,'content_annotation','en',1,'Electronic medical records',NULL,NULL,0,1582396409,1,1),(217,217,'content_annotation','en',1,'Health care providers, clinics records',NULL,NULL,0,1582396409,1,1),(218,218,'content_annotation','en',1,'Hospital data',NULL,NULL,0,1582396409,1,1),(219,219,'content_annotation','en',1,'Hospital record information systems',NULL,NULL,0,1582396409,1,1),(220,220,'content_annotation','en',1,'Medical costs',NULL,NULL,0,1582396409,1,1),(221,221,'content_annotation','en',1,'Patient records',NULL,NULL,0,1582396409,1,1),(222,222,'content_annotation','en',1,'Interviews And Surveys',NULL,NULL,0,1582396887,1,1),(223,223,'content_annotation','en',1,'Expert survey',NULL,NULL,0,1582396537,1,1),(224,224,'content_annotation','en',1,'Health surveys',NULL,NULL,0,1582396537,1,1),(225,225,'content_annotation','en',1,'Interviews',NULL,NULL,0,1582396537,1,1),(226,226,'content_annotation','en',1,'Interviews and/or surveys with practitioners/experts',NULL,NULL,0,1582396537,1,1),(227,227,'content_annotation','en',1,'Interviews with practitioners/clinicians',NULL,NULL,0,1582396537,1,1),(228,228,'content_annotation','en',1,'Market surveys',NULL,NULL,0,1582396537,1,1),(229,229,'content_annotation','en',1,'Patient surveys and interviews',NULL,NULL,0,1582396537,1,1),(230,230,'content_annotation','en',1,'Preference surveys',NULL,NULL,0,1582396537,1,1),(231,231,'content_annotation','en',1,'Public consultation',NULL,NULL,0,1582396537,1,1),(232,232,'content_annotation','en',1,'Questionaires used in trials',NULL,NULL,0,1582396537,1,1),(233,233,'content_annotation','en',1,'Questionnaires',NULL,NULL,0,1582396537,1,1),(234,234,'content_annotation','en',1,'Surveys',NULL,NULL,0,1582396537,1,1),(235,235,'content_annotation','en',1,'Reports',NULL,NULL,0,1582396887,1,1),(236,236,'content_annotation','en',1,'Annual reports',NULL,NULL,0,1582396760,1,1),(237,237,'content_annotation','en',1,'Expected duration of life and degree of diability',NULL,NULL,0,1582396760,1,1),(238,238,'content_annotation','en',1,'Financial statement, balance sheet and internal management control systems',NULL,NULL,0,1582396760,1,1),(239,239,'content_annotation','en',1,'Human resource management report',NULL,NULL,0,1582396760,1,1),(240,240,'content_annotation','en',1,'Initiative financial report',NULL,NULL,0,1582396760,1,1),(241,241,'content_annotation','en',1,'Initiative scientific report',NULL,NULL,0,1582396760,1,1),(242,242,'content_annotation','en',1,'Internal report',NULL,NULL,0,1582396760,1,1),(243,243,'content_annotation','en',1,'Internal reports by press office',NULL,NULL,0,1582396760,1,1),(244,244,'content_annotation','en',1,'Local data registries',NULL,NULL,0,1582396760,1,1),(245,245,'content_annotation','en',1,'Local statistics',NULL,NULL,0,1582396760,1,1),(246,246,'content_annotation','en',1,'Meeting reports of works councils',NULL,NULL,0,1582396760,1,1),(247,247,'content_annotation','en',1,'Mission statement',NULL,NULL,0,1582396760,1,1),(248,248,'content_annotation','en',1,'National statistics',NULL,NULL,0,1582396760,1,1),(249,249,'content_annotation','en',1,'Policy report',NULL,NULL,0,1582396760,1,1),(250,250,'content_annotation','en',1,'Records of service delivery',NULL,NULL,0,1582396760,1,1),(251,251,'content_annotation','en',1,'Regional data registries',NULL,NULL,0,1582396760,1,1),(252,252,'content_annotation','en',1,'Regional statistics',NULL,NULL,0,1582396760,1,1),(253,253,'content_annotation','en',1,'Research report',NULL,NULL,0,1582396760,1,1),(254,254,'content_annotation','en',1,'Scientific report',NULL,NULL,0,1582396760,1,1),(255,255,'content_annotation','en',1,'Sustainabitly report',NULL,NULL,0,1582396760,1,1),(256,256,'content_annotation','en',1,'Other',NULL,NULL,0,1582396887,1,1),(257,257,'content_annotation','en',1,'Administrative data',NULL,NULL,0,1582396887,1,1),(258,258,'content_annotation','en',1,'Billing and accounting systems, procurement or supply management department',NULL,NULL,0,1582396887,1,1),(259,259,'content_annotation','en',1,'National registries',NULL,NULL,0,1582396887,1,1),(260,260,'content_annotation','en',1,'Production and research sites of the company',NULL,NULL,0,1582396887,1,1),(261,261,'content_annotation','en',1,'Professional association',NULL,NULL,0,1582396887,1,1),(262,262,'master_scorecard','en',1,'Quality of life',NULL,NULL,0,1591175486,1,1),(263,263,'master_scorecard','en',1,'Patient Reported Outcomes',NULL,NULL,0,1591175603,1,1),(264,264,'master_scorecard','en',1,'Locomotion',NULL,NULL,0,1591177130,1,1),(265,265,'master_scorecard','en',1,'Patient Reported Outcomes',NULL,NULL,0,1591177191,1,1),(266,266,'permissions_tags','en',1,'MSCU – ECF – 2020',NULL,NULL,0,1601380077,1,1);

--
-- Table structure for table `taxonomy_term_field_revision`
--

CREATE TABLE `taxonomy_term_field_revision` (
  `tid` int(10) unsigned NOT NULL,
  `revision_id` int(10) unsigned NOT NULL,
  `langcode` varchar(12) CHARACTER SET ascii NOT NULL,
  `status` tinyint(4) NOT NULL,
  `name` varchar(255) DEFAULT NULL,
  `description__value` longtext DEFAULT NULL,
  `description__format` varchar(255) CHARACTER SET ascii DEFAULT NULL,
  `changed` int(11) DEFAULT NULL,
  `default_langcode` tinyint(4) NOT NULL,
  `revision_translation_affected` tinyint(4) DEFAULT NULL,
  PRIMARY KEY (`revision_id`,`langcode`),
  KEY `taxonomy_term__id__default_langcode__langcode` (`tid`,`default_langcode`,`langcode`),
  KEY `taxonomy_term_field__description__format` (`description__format`)
) ENGINE=InnoDB DEFAULT CHARSET=utf8mb4 COMMENT='The revision data table for taxonomy_term entities.';

--
-- Dumping data for table `taxonomy_term_field_revision`
--

INSERT INTO `taxonomy_term_field_revision` VALUES (1,1,'en',1,'Care providers',NULL,NULL,1570019623,1,1),(2,2,'en',1,'Industry',NULL,NULL,1570019649,1,1),(3,3,'en',1,'Patients',NULL,NULL,1570019654,1,1),(4,4,'en',1,'Patients Organizations',NULL,NULL,1570019659,1,1),(5,5,'en',1,'Payers and Purchasers',NULL,NULL,1570019663,1,1),(6,6,'en',1,'Policy makers',NULL,NULL,1570019668,1,1),(7,7,'en',1,'Public',NULL,NULL,1570019674,1,1),(8,8,'en',1,'Research and Education Organizations',NULL,NULL,1570019679,1,1),(9,9,'en',1,'CRIF Dimensions',NULL,NULL,1570101282,1,1),(10,10,'en',1,'Economic','<p><span><span><span><span><span lang=\"EN-GB\">Economic refers to the assessment of the long-term economic sustainability of health R&amp;I</span></span></span></span></span></p>\r\n','basic_html',1570101210,1,1),(11,11,'en',1,'Efficacy','<p><span><span><span><span><span lang=\"EN-GB\">Efficacy refers to the capacity of a given initiative or programme to achieve its mission, whereas the term mission entails all the strategic priorities settled via the stakeholder engagement process.</span></span></span></span></span></p>\r\n','basic_html',1579207652,1,1),(13,13,'en',1,'Social','<p><span><span><span><span><span lang=\"EN-GB\">Social considers the evaluation of direct and indirect effects of health research to the whole society, beyond the mission related dimension that for health R&amp;I would typically focus on patient needs.</span></span></span></span></span></p>\r\n','basic_html',1579207652,1,1),(14,14,'en',1,'Patient Reported','<p><span><span><span><span><span lang=\"EN-GB\">Patient-reported concerns patients as key stakeholder, whose needs, information and perspectives must be understood and incorporated into the process of health research impact evaluation. Thus, it works as an overarching dimension in which the other four dimensions should be rooted</span></span></span></span></span></p>\r\n','basic_html',1579207652,1,1),(15,15,'en',1,'Anti-competitive behaviour',NULL,NULL,1579207652,1,1),(16,16,'en',1,'Control',NULL,NULL,1579207652,1,1),(17,17,'en',1,'Economic externalities',NULL,NULL,1579207652,1,1),(18,18,'en',1,'Financial performance',NULL,NULL,1579207652,1,1),(19,19,'en',1,'Improvement of health services',NULL,NULL,1579207652,1,1),(20,20,'en',1,'Intellectual property',NULL,NULL,1579207652,1,1),(21,21,'en',1,'Market',NULL,NULL,1579207652,1,1),(22,22,'en',1,'Organizational efficiency',NULL,NULL,1579207652,1,1),(23,23,'en',1,'Resources allocated',NULL,NULL,1570103715,1,1),(24,24,'en',1,'Anti-competitive behaviour',NULL,NULL,1570108859,1,1),(25,25,'en',1,'Control process',NULL,NULL,1570108905,1,1),(26,26,'en',1,'Indirect economic impact',NULL,NULL,1570108935,1,1),(27,27,'en',1,'Profitability',NULL,NULL,1579207652,1,1),(28,28,'en',1,'Financial stability',NULL,NULL,1570108980,1,1),(29,29,'en',1,'Revenue',NULL,NULL,1579207652,1,1),(30,30,'en',1,'Effectiveness in healthcare practice',NULL,NULL,1570109014,1,1),(31,31,'en',1,'Patents',NULL,NULL,1570109050,1,1),(32,32,'en',1,'Strategy',NULL,NULL,1579207652,1,1),(33,33,'en',1,'Market presence',NULL,NULL,1579207652,1,1),(34,34,'en',1,'Perspective of long-term relationships',NULL,NULL,1570109104,1,1),(35,35,'en',1,'Cost',NULL,NULL,1579207652,1,1),(36,36,'en',1,'Cost savings',NULL,NULL,1579207652,1,1),(37,37,'en',1,'Quality',NULL,NULL,1570109162,1,1),(38,38,'en',1,'Employment',NULL,NULL,1579207652,1,1),(48,48,'en',1,'Excellence',NULL,NULL,1579207652,1,1),(67,67,'en',1,'Drug supply to patient',NULL,NULL,1579207652,1,1),(68,68,'en',1,'Governance',NULL,NULL,1570438936,1,1),(69,69,'en',1,'Health service assessment',NULL,NULL,1579207652,1,1),(70,70,'en',1,'Health services and products accessibility',NULL,NULL,1579207652,1,1),(71,71,'en',1,'Healthcare practitioners human capital',NULL,NULL,1579207652,1,1),(72,72,'en',1,'Influence on patient behaviour',NULL,NULL,1579207652,1,1),(73,73,'en',1,'Patient quality of life',NULL,NULL,1579207652,1,1),(74,74,'en',1,'Patient satisfaction',NULL,NULL,1579207652,1,1),(75,75,'en',1,'Stakeholder engagement',NULL,NULL,1579207652,1,1),(76,76,'en',1,'Academic production',NULL,NULL,1579207652,1,1),(77,77,'en',1,'Anticipatory design',NULL,NULL,1579207652,1,1),(78,78,'en',1,'Bibliometric',NULL,NULL,1579207652,1,1),(79,79,'en',1,'Communication',NULL,NULL,1579207652,1,1),(80,80,'en',1,'Compliance',NULL,NULL,1579207652,1,1),(81,81,'en',1,'Ethics and integrity',NULL,NULL,1579207652,1,1),(82,82,'en',1,'Financial resources',NULL,NULL,1579207652,1,1),(83,83,'en',1,'Impact evaluation',NULL,NULL,1579207652,1,1),(84,84,'en',1,'Influence on public behaviour',NULL,NULL,1579207652,1,1),(85,85,'en',1,'Influence on subsequent research',NULL,NULL,1579207652,1,1),(86,86,'en',1,'Informing healthcare practice decision making',NULL,NULL,1579207652,1,1),(88,88,'en',1,'Patient engagement & involvement',NULL,NULL,1579207652,1,1),(90,90,'en',1,'Products generated',NULL,NULL,1570440410,1,1),(91,91,'en',1,'Research partnership',NULL,NULL,1579207652,1,1),(92,92,'en',1,'Research recognition',NULL,NULL,1579207652,1,1),(93,93,'en',1,'Researchers\' human capital',NULL,NULL,1579207652,1,1),(94,94,'en',1,'Scientific input',NULL,NULL,1579207652,1,1),(95,95,'en',1,'Corporate reputation',NULL,NULL,1579207652,1,1),(96,96,'en',1,'Ethical marketing',NULL,NULL,1579207652,1,1),(97,97,'en',1,'Labour',NULL,NULL,1570440484,1,1),(98,98,'en',1,'Political externalities',NULL,NULL,1579207652,1,1),(99,99,'en',1,'Socio-environmental impacts',NULL,NULL,1579207652,1,1),(100,100,'en',1,'Employment',NULL,NULL,1570441720,1,1),(101,101,'en',1,'Stakeholder engagement',NULL,NULL,1579207652,1,1),(102,102,'en',1,'Stakeholder engagement',NULL,NULL,1579207652,1,1),(104,104,'en',1,'Improvement of health services',NULL,NULL,1579207652,1,1),(105,105,'en',1,'Intellectual property',NULL,NULL,1579207652,1,1),(107,107,'en',1,'Resources allocated',NULL,NULL,1579207652,1,1),(108,108,'en',1,'Increase in drug supply',NULL,NULL,1570447648,1,1),(109,109,'en',1,'Improvement in drug supply',NULL,NULL,1579207652,1,1),(112,112,'en',1,'Overall health service',NULL,NULL,1570447804,1,1),(113,113,'en',1,'Health service accessibility',NULL,NULL,1570447828,1,1),(114,114,'en',1,'Transparency',NULL,NULL,1579207652,1,1),(115,115,'en',1,'Healthcare practitioners ability',NULL,NULL,1570447857,1,1),(116,116,'en',1,'Health service quality',NULL,NULL,1570447868,1,1),(117,117,'en',1,'Public health',NULL,NULL,1579207652,1,1),(118,118,'en',1,'Hospitalization',NULL,NULL,1579207652,1,1),(119,119,'en',1,'Safety and security',NULL,NULL,1579207652,1,1),(120,120,'en',1,'Patient guidelines and tools',NULL,NULL,1570447910,1,1),(121,121,'en',1,'Patient wellbeing',NULL,NULL,1570447921,1,1),(122,122,'en',1,'Mortality',NULL,NULL,1579207652,1,1),(123,123,'en',1,'Life expectancy',NULL,NULL,1579207652,1,1),(124,124,'en',1,'Patient satisfaction',NULL,NULL,1570447953,1,1),(125,125,'en',1,'Stakeholder engagement',NULL,NULL,1579207652,1,1),(126,126,'en',1,'Patient engagement',NULL,NULL,1570447974,1,1),(127,127,'en',1,'Publications',NULL,NULL,1570447984,1,1),(128,128,'en',1,'Anticipatory design',NULL,NULL,1570447994,1,1),(129,129,'en',1,'Citations',NULL,NULL,1570448004,1,1),(130,130,'en',1,'Dissemination',NULL,NULL,1570448014,1,1),(131,131,'en',1,'Media coverage',NULL,NULL,1579207652,1,1),(132,132,'en',1,'Compliance',NULL,NULL,1579207652,1,1),(133,133,'en',1,'Clinical guidelines',NULL,NULL,1570448044,1,1),(134,134,'en',1,'Risk',NULL,NULL,1579207652,1,1),(135,135,'en',1,'Ethics',NULL,NULL,1570448064,1,1),(136,136,'en',1,'Research funding',NULL,NULL,1570448075,1,1),(137,137,'en',1,'Overall impact evaluation',NULL,NULL,1570448085,1,1),(138,138,'en',1,'Knowledge & Behaviour',NULL,NULL,1570448095,1,1),(139,139,'en',1,'Influence on and improvements for future research',NULL,NULL,1570448106,1,1),(140,140,'en',1,'Influence on healthcare practice',NULL,NULL,1570448116,1,1),(141,141,'en',1,'Influence on policy-making',NULL,NULL,1579207652,1,1),(142,142,'en',1,'Science awareness',NULL,NULL,1579207652,1,1),(143,143,'en',1,'Patents',NULL,NULL,1579207652,1,1),(144,144,'en',1,'Intellectual property',NULL,NULL,1570448158,1,1),(145,145,'en',1,'Licenses',NULL,NULL,1579207652,1,1),(146,146,'en',1,'Clinical trials',NULL,NULL,1579207652,1,1),(147,147,'en',1,'Potential users involvement',NULL,NULL,1570448190,1,1),(148,148,'en',1,'Product and drug development',NULL,NULL,1570448201,1,1),(149,149,'en',1,'Collaboration',NULL,NULL,1570448212,1,1),(150,150,'en',1,'Reputation',NULL,NULL,1570448222,1,1),(151,151,'en',1,'Prizes',NULL,NULL,1579207652,1,1),(152,152,'en',1,'Researchers\' capacity and career',NULL,NULL,1570448243,1,1),(153,153,'en',1,'Gender equality',NULL,NULL,1579207652,1,1),(154,154,'en',1,'Tangible and intangible resources',NULL,NULL,1570448265,1,1),(155,155,'en',1,'Organisational structure',NULL,NULL,1579207652,1,1),(156,156,'en',1,'Supporting projects',NULL,NULL,1579207652,1,1),(157,157,'en',1,'Research management',NULL,NULL,1570448297,1,1),(158,158,'en',1,'Outreach visits',NULL,NULL,1579207652,1,1),(159,159,'en',1,'Research methodologies',NULL,NULL,1579207652,1,1),(160,160,'en',1,'Participation',NULL,NULL,1579207652,1,1),(161,161,'en',1,'External stakeholder engagement',NULL,NULL,1570448340,1,1),(162,162,'en',1,'Reputation',NULL,NULL,1570448352,1,1),(163,163,'en',1,'Ethical marketing',NULL,NULL,1570448364,1,1),(164,164,'en',1,'Safety and security',NULL,NULL,1579207652,1,1),(165,165,'en',1,'Labour rights',NULL,NULL,1579207652,1,1),(166,166,'en',1,'Training and education',NULL,NULL,1570448398,1,1),(167,167,'en',1,'Political influence',NULL,NULL,1570448410,1,1),(168,168,'en',1,'Improved governance',NULL,NULL,1579207652,1,1),(169,169,'en',1,'Political contributions',NULL,NULL,1579207652,1,1),(170,170,'en',1,'Audits and certification',NULL,NULL,1579207652,1,1),(171,171,'en',1,'Sustainable consumption',NULL,NULL,1570448459,1,1),(172,172,'en',1,'Scope and parameters of information',NULL,NULL,1579207652,1,1),(173,173,'en',1,'Pollution',NULL,NULL,1579207652,1,1),(174,174,'en',1,'Impact on communities',NULL,NULL,1579207652,1,1),(175,175,'en',1,'Stakeholder engagement',NULL,NULL,1570448506,1,1),(177,177,'en',1,'Governance',NULL,NULL,1570449496,1,1),(179,179,'en',1,'Upper-limb dexterity',NULL,NULL,1579207652,1,1),(180,180,'en',1,'Anxiety and depression',NULL,NULL,1579207652,1,1),(182,182,'en',1,'Bladder function',NULL,NULL,1591175188,1,1),(183,183,'en',1,'Fatigue',NULL,NULL,1591175213,1,1),(184,184,'en',1,'Patient Reported Outcomes',NULL,NULL,1579207237,1,1),(185,185,'en',1,'Patient Reported Outcomes',NULL,NULL,1579207258,1,1),(188,188,'en',1,'Patient Reported Outcomes',NULL,NULL,1579207318,1,1),(189,189,'en',1,'Patient Reported Outcomes',NULL,NULL,1579207338,1,1),(190,190,'en',1,'Bibliometric',NULL,NULL,1582396887,1,1),(191,191,'en',1,'Codes And Guidelines',NULL,NULL,1582396887,1,1),(195,195,'en',1,'Academic search databases',NULL,NULL,1582396154,1,1),(196,196,'en',1,'Bibliometric datasources',NULL,NULL,1582396154,1,1),(197,197,'en',1,'Classification of journals with open access options, such as DOAJ list (Directory of Open Access Journals), PMC (PubMed Central), the ROAD list (Directory of Open Access scholarly Resources), CrossRef, and OpenAIRE',NULL,NULL,1582396154,1,1),(198,198,'en',1,'Google analytics or similar web engines.',NULL,NULL,1582396154,1,1),(199,199,'en',1,'Google scholar',NULL,NULL,1582396154,1,1),(200,200,'en',1,'Rankings of journals (e.g., JCR, SJR)',NULL,NULL,1582396154,1,1),(201,201,'en',1,'Scopus',NULL,NULL,1582396154,1,1),(202,202,'en',1,'Web of Science (WoS)',NULL,NULL,1582396154,1,1),(203,203,'en',1,'World Intellectual Property Organization Database',NULL,NULL,1582396154,1,1),(204,204,'en',1,'Code of conduct',NULL,NULL,1582396261,1,1),(205,205,'en',1,'Code of ethics',NULL,NULL,1582396261,1,1),(206,206,'en',1,'Community development plans',NULL,NULL,1582396261,1,1),(207,207,'en',1,'Guidelines',NULL,NULL,1582396261,1,1),(208,208,'en',1,'Official document containing evaluative criteria in the research proposal evaluation',NULL,NULL,1582396261,1,1),(209,209,'en',1,'Stakeholder engagement plans',NULL,NULL,1582396261,1,1),(210,210,'en',1,'Strategy documents',NULL,NULL,1582396261,1,1),(211,211,'en',1,'Treatment guidelines',NULL,NULL,1582396261,1,1),(212,212,'en',1,'Health Records',NULL,NULL,1582396887,1,1),(213,213,'en',1,'Clinical data',NULL,NULL,1582396409,1,1),(214,214,'en',1,'Clinical information system',NULL,NULL,1582396409,1,1),(215,215,'en',1,'Electronic health record system',NULL,NULL,1582396409,1,1),(216,216,'en',1,'Electronic medical records',NULL,NULL,1582396409,1,1),(217,217,'en',1,'Health care providers, clinics records',NULL,NULL,1582396409,1,1),(218,218,'en',1,'Hospital data',NULL,NULL,1582396409,1,1),(219,219,'en',1,'Hospital record information systems',NULL,NULL,1582396409,1,1),(220,220,'en',1,'Medical costs',NULL,NULL,1582396409,1,1),(221,221,'en',1,'Patient records',NULL,NULL,1582396409,1,1),(222,222,'en',1,'Interviews And Surveys',NULL,NULL,1582396887,1,1),(223,223,'en',1,'Expert survey',NULL,NULL,1582396537,1,1),(224,224,'en',1,'Health surveys',NULL,NULL,1582396537,1,1),(225,225,'en',1,'Interviews',NULL,NULL,1582396537,1,1),(226,226,'en',1,'Interviews and/or surveys with practitioners/experts',NULL,NULL,1582396537,1,1),(227,227,'en',1,'Interviews with practitioners/clinicians',NULL,NULL,1582396537,1,1),(228,228,'en',1,'Market surveys',NULL,NULL,1582396537,1,1),(229,229,'en',1,'Patient surveys and interviews',NULL,NULL,1582396537,1,1),(230,230,'en',1,'Preference surveys',NULL,NULL,1582396537,1,1),(231,231,'en',1,'Public consultation',NULL,NULL,1582396537,1,1),(232,232,'en',1,'Questionaires used in trials',NULL,NULL,1582396537,1,1),(233,233,'en',1,'Questionnaires',NULL,NULL,1582396537,1,1),(234,234,'en',1,'Surveys',NULL,NULL,1582396537,1,1),(235,235,'en',1,'Reports',NULL,NULL,1582396887,1,1),(236,236,'en',1,'Annual reports',NULL,NULL,1582396760,1,1),(237,237,'en',1,'Expected duration of life and degree of diability',NULL,NULL,1582396760,1,1),(238,238,'en',1,'Financial statement, balance sheet and internal management control systems',NULL,NULL,1582396760,1,1),(239,239,'en',1,'Human resource management report',NULL,NULL,1582396760,1,1),(240,240,'en',1,'Initiative financial report',NULL,NULL,1582396760,1,1),(241,241,'en',1,'Initiative scientific report',NULL,NULL,1582396760,1,1),(242,242,'en',1,'Internal report',NULL,NULL,1582396760,1,1),(243,243,'en',1,'Internal reports by press office',NULL,NULL,1582396760,1,1),(244,244,'en',1,'Local data registries',NULL,NULL,1582396760,1,1),(245,245,'en',1,'Local statistics',NULL,NULL,1582396760,1,1),(246,246,'en',1,'Meeting reports of works councils',NULL,NULL,1582396760,1,1),(247,247,'en',1,'Mission statement',NULL,NULL,1582396760,1,1),(248,248,'en',1,'National statistics',NULL,NULL,1582396760,1,1),(249,249,'en',1,'Policy report',NULL,NULL,1582396760,1,1),(250,250,'en',1,'Records of service delivery',NULL,NULL,1582396760,1,1),(251,251,'en',1,'Regional data registries',NULL,NULL,1582396760,1,1),(252,252,'en',1,'Regional statistics',NULL,NULL,1582396760,1,1),(253,253,'en',1,'Research report',NULL,NULL,1582396760,1,1),(254,254,'en',1,'Scientific report',NULL,NULL,1582396760,1,1),(255,255,'en',1,'Sustainabitly report',NULL,NULL,1582396760,1,1),(256,256,'en',1,'Other',NULL,NULL,1582396887,1,1),(257,257,'en',1,'Administrative data',NULL,NULL,1582396887,1,1),(258,258,'en',1,'Billing and accounting systems, procurement or supply management department',NULL,NULL,1582396887,1,1),(259,259,'en',1,'National registries',NULL,NULL,1582396887,1,1),(260,260,'en',1,'Production and research sites of the company',NULL,NULL,1582396887,1,1),(261,261,'en',1,'Professional association',NULL,NULL,1582396887,1,1),(262,262,'en',1,'Quality of life',NULL,NULL,1591175486,1,1),(263,263,'en',1,'Patient Reported Outcomes',NULL,NULL,1591175603,1,1),(264,264,'en',1,'Locomotion',NULL,NULL,1591177130,1,1),(265,265,'en',1,'Patient Reported Outcomes',NULL,NULL,1591177191,1,1),(266,266,'en',1,'MSCU – ECF – 2020',NULL,NULL,1601380077,1,1);

--
-- Table structure for table `taxonomy_term_revision`
--

CREATE TABLE `taxonomy_term_revision` (
  `tid` int(10) unsigned NOT NULL,
  `revision_id` int(10) unsigned NOT NULL AUTO_INCREMENT,
  `langcode` varchar(12) CHARACTER SET ascii NOT NULL,
  `revision_user` int(10) unsigned DEFAULT NULL COMMENT 'The ID of the target entity.',
  `revision_created` int(11) DEFAULT NULL,
  `revision_log_message` longtext DEFAULT NULL,
  `revision_default` tinyint(4) DEFAULT NULL,
  PRIMARY KEY (`revision_id`),
  KEY `taxonomy_term__tid` (`tid`),
  KEY `taxonomy_term_field__revision_user__target_id` (`revision_user`)
) ENGINE=InnoDB AUTO_INCREMENT=267 DEFAULT CHARSET=utf8mb4 COMMENT='The revision table for taxonomy_term entities.';

--
-- Dumping data for table `taxonomy_term_revision`
--

INSERT INTO `taxonomy_term_revision` VALUES (1,1,'en',NULL,1570019623,NULL,1),(2,2,'en',NULL,1570019649,NULL,1),(3,3,'en',NULL,1570019654,NULL,1),(4,4,'en',NULL,1570019659,NULL,1),(5,5,'en',NULL,1570019663,NULL,1),(6,6,'en',NULL,1570019668,NULL,1),(7,7,'en',NULL,1570019674,NULL,1),(8,8,'en',NULL,1570019679,NULL,1),(9,9,'en',NULL,1570100873,NULL,1),(10,10,'en',NULL,1570101000,NULL,1),(11,11,'en',NULL,1570101185,NULL,1),(13,13,'en',NULL,1570101314,NULL,1),(14,14,'en',NULL,1570101342,NULL,1),(15,15,'en',NULL,1570103233,NULL,1),(16,16,'en',NULL,1570103251,NULL,1),(17,17,'en',NULL,1570103294,NULL,1),(18,18,'en',NULL,1570103310,NULL,1),(19,19,'en',NULL,1570103321,NULL,1),(20,20,'en',NULL,1570103333,NULL,1),(21,21,'en',NULL,1570103345,NULL,1),(22,22,'en',NULL,1570103353,NULL,1),(23,23,'en',NULL,1570103360,NULL,1),(24,24,'en',NULL,1570108859,NULL,1),(25,25,'en',NULL,1570108905,NULL,1),(26,26,'en',NULL,1570108935,NULL,1),(27,27,'en',NULL,1570108953,NULL,1),(28,28,'en',NULL,1570108980,NULL,1),(29,29,'en',NULL,1570108998,NULL,1),(30,30,'en',NULL,1570109014,NULL,1),(31,31,'en',NULL,1570109050,NULL,1),(32,32,'en',NULL,1570109075,NULL,1),(33,33,'en',NULL,1570109087,NULL,1),(34,34,'en',NULL,1570109104,NULL,1),(35,35,'en',NULL,1570109133,NULL,1),(36,36,'en',NULL,1570109148,NULL,1),(37,37,'en',NULL,1570109162,NULL,1),(38,38,'en',NULL,1570109176,NULL,1),(48,48,'en',NULL,1570191806,NULL,1),(67,67,'en',NULL,1570438461,NULL,1),(68,68,'en',NULL,1570438936,NULL,1),(69,69,'en',NULL,1570440122,NULL,1),(70,70,'en',NULL,1570440154,NULL,1),(71,71,'en',NULL,1570440219,NULL,1),(72,72,'en',NULL,1570440229,NULL,1),(73,73,'en',NULL,1570440239,NULL,1),(74,74,'en',NULL,1570440249,NULL,1),(75,75,'en',NULL,1570440259,NULL,1),(76,76,'en',NULL,1570440269,NULL,1),(77,77,'en',NULL,1570440279,NULL,1),(78,78,'en',NULL,1570440289,NULL,1),(79,79,'en',NULL,1570440299,NULL,1),(80,80,'en',NULL,1570440309,NULL,1),(81,81,'en',NULL,1570440319,NULL,1),(82,82,'en',NULL,1570440329,NULL,1),(83,83,'en',NULL,1570440339,NULL,1),(84,84,'en',NULL,1570440349,NULL,1),(85,85,'en',NULL,1570440359,NULL,1),(86,86,'en',NULL,1570440370,NULL,1),(88,88,'en',NULL,1570440390,NULL,1),(90,90,'en',NULL,1570440410,NULL,1),(91,91,'en',NULL,1570440420,NULL,1),(92,92,'en',NULL,1570440431,NULL,1),(93,93,'en',NULL,1570440441,NULL,1),(94,94,'en',NULL,1570440451,NULL,1),(95,95,'en',NULL,1570440462,NULL,1),(96,96,'en',NULL,1570440473,NULL,1),(97,97,'en',NULL,1570440484,NULL,1),(98,98,'en',NULL,1570440495,NULL,1),(99,99,'en',NULL,1570440506,NULL,1),(100,100,'en',NULL,1570441720,NULL,1),(101,101,'en',NULL,1570441851,NULL,1),(102,102,'en',NULL,1570441937,NULL,1),(104,104,'en',NULL,1570446852,NULL,1),(105,105,'en',NULL,1570446861,NULL,1),(107,107,'en',NULL,1570447250,NULL,1),(108,108,'en',NULL,1570447648,NULL,1),(109,109,'en',NULL,1570447657,NULL,1),(112,112,'en',NULL,1570447804,NULL,1),(113,113,'en',NULL,1570447828,NULL,1),(114,114,'en',NULL,1570447847,NULL,1),(115,115,'en',NULL,1570447857,NULL,1),(116,116,'en',NULL,1570447868,NULL,1),(117,117,'en',NULL,1570447878,NULL,1),(118,118,'en',NULL,1570447889,NULL,1),(119,119,'en',NULL,1570447899,NULL,1),(120,120,'en',NULL,1570447910,NULL,1),(121,121,'en',NULL,1570447921,NULL,1),(122,122,'en',NULL,1570447931,NULL,1),(123,123,'en',NULL,1570447942,NULL,1),(124,124,'en',NULL,1570447953,NULL,1),(125,125,'en',NULL,1570447963,NULL,1),(126,126,'en',NULL,1570447974,NULL,1),(127,127,'en',NULL,1570447984,NULL,1),(128,128,'en',NULL,1570447994,NULL,1),(129,129,'en',NULL,1570448004,NULL,1),(130,130,'en',NULL,1570448014,NULL,1),(131,131,'en',NULL,1570448024,NULL,1),(132,132,'en',NULL,1570448034,NULL,1),(133,133,'en',NULL,1570448044,NULL,1),(134,134,'en',NULL,1570448054,NULL,1),(135,135,'en',NULL,1570448064,NULL,1),(136,136,'en',NULL,1570448075,NULL,1),(137,137,'en',NULL,1570448085,NULL,1),(138,138,'en',NULL,1570448095,NULL,1),(139,139,'en',NULL,1570448106,NULL,1),(140,140,'en',NULL,1570448116,NULL,1),(141,141,'en',NULL,1570448126,NULL,1),(142,142,'en',NULL,1570448138,NULL,1),(143,143,'en',NULL,1570448148,NULL,1),(144,144,'en',NULL,1570448158,NULL,1),(145,145,'en',NULL,1570448169,NULL,1),(146,146,'en',NULL,1570448180,NULL,1),(147,147,'en',NULL,1570448190,NULL,1),(148,148,'en',NULL,1570448201,NULL,1),(149,149,'en',NULL,1570448212,NULL,1),(150,150,'en',NULL,1570448222,NULL,1),(151,151,'en',NULL,1570448233,NULL,1),(152,152,'en',NULL,1570448243,NULL,1),(153,153,'en',NULL,1570448254,NULL,1),(154,154,'en',NULL,1570448265,NULL,1),(155,155,'en',NULL,1570448276,NULL,1),(156,156,'en',NULL,1570448286,NULL,1),(157,157,'en',NULL,1570448297,NULL,1),(158,158,'en',NULL,1570448308,NULL,1),(159,159,'en',NULL,1570448319,NULL,1),(160,160,'en',NULL,1570448329,NULL,1),(161,161,'en',NULL,1570448340,NULL,1),(162,162,'en',NULL,1570448352,NULL,1),(163,163,'en',NULL,1570448364,NULL,1),(164,164,'en',NULL,1570448375,NULL,1),(165,165,'en',NULL,1570448387,NULL,1),(166,166,'en',NULL,1570448398,NULL,1),(167,167,'en',NULL,1570448410,NULL,1),(168,168,'en',NULL,1570448422,NULL,1),(169,169,'en',NULL,1570448435,NULL,1),(170,170,'en',NULL,1570448447,NULL,1),(171,171,'en',NULL,1570448459,NULL,1),(172,172,'en',NULL,1570448471,NULL,1),(173,173,'en',NULL,1570448483,NULL,1),(174,174,'en',NULL,1570448494,NULL,1),(175,175,'en',NULL,1570448506,NULL,1),(177,177,'en',NULL,1570449496,NULL,1),(179,179,'en',NULL,1579206946,NULL,1),(180,180,'en',NULL,1579207050,NULL,1),(182,182,'en',NULL,1579207130,NULL,1),(183,183,'en',NULL,1579207162,NULL,1),(184,184,'en',NULL,1579207237,NULL,1),(185,185,'en',NULL,1579207258,NULL,1),(188,188,'en',NULL,1579207318,NULL,1),(189,189,'en',NULL,1579207338,NULL,1),(190,190,'en',NULL,1582395957,NULL,1),(191,191,'en',NULL,1582395996,NULL,1),(195,195,'en',NULL,1582396063,NULL,1),(196,196,'en',NULL,1582396071,NULL,1),(197,197,'en',NULL,1582396075,NULL,1),(198,198,'en',NULL,1582396079,NULL,1),(199,199,'en',NULL,1582396082,NULL,1),(200,200,'en',NULL,1582396085,NULL,1),(201,201,'en',NULL,1582396089,NULL,1),(202,202,'en',NULL,1582396092,NULL,1),(203,203,'en',NULL,1582396095,NULL,1),(204,204,'en',NULL,1582396200,NULL,1),(205,205,'en',NULL,1582396204,NULL,1),(206,206,'en',NULL,1582396207,NULL,1),(207,207,'en',NULL,1582396213,NULL,1),(208,208,'en',NULL,1582396217,NULL,1),(209,209,'en',NULL,1582396220,NULL,1),(210,210,'en',NULL,1582396224,NULL,1),(211,211,'en',NULL,1582396227,NULL,1),(212,212,'en',NULL,1582396301,NULL,1),(213,213,'en',NULL,1582396326,NULL,1),(214,214,'en',NULL,1582396329,NULL,1),(215,215,'en',NULL,1582396332,NULL,1),(216,216,'en',NULL,1582396335,NULL,1),(217,217,'en',NULL,1582396338,NULL,1),(218,218,'en',NULL,1582396342,NULL,1),(219,219,'en',NULL,1582396345,NULL,1),(220,220,'en',NULL,1582396348,NULL,1),(221,221,'en',NULL,1582396351,NULL,1),(222,222,'en',NULL,1582396433,NULL,1),(223,223,'en',NULL,1582396451,NULL,1),(224,224,'en',NULL,1582396454,NULL,1),(225,225,'en',NULL,1582396457,NULL,1),(226,226,'en',NULL,1582396460,NULL,1),(227,227,'en',NULL,1582396464,NULL,1),(228,228,'en',NULL,1582396467,NULL,1),(229,229,'en',NULL,1582396470,NULL,1),(230,230,'en',NULL,1582396473,NULL,1),(231,231,'en',NULL,1582396478,NULL,1),(232,232,'en',NULL,1582396482,NULL,1),(233,233,'en',NULL,1582396485,NULL,1),(234,234,'en',NULL,1582396489,NULL,1),(235,235,'en',NULL,1582396553,NULL,1),(236,236,'en',NULL,1582396585,NULL,1),(237,237,'en',NULL,1582396591,NULL,1),(238,238,'en',NULL,1582396596,NULL,1),(239,239,'en',NULL,1582396599,NULL,1),(240,240,'en',NULL,1582396602,NULL,1),(241,241,'en',NULL,1582396605,NULL,1),(242,242,'en',NULL,1582396609,NULL,1),(243,243,'en',NULL,1582396612,NULL,1),(244,244,'en',NULL,1582396615,NULL,1),(245,245,'en',NULL,1582396619,NULL,1),(246,246,'en',NULL,1582396622,NULL,1),(247,247,'en',NULL,1582396625,NULL,1),(248,248,'en',NULL,1582396628,NULL,1),(249,249,'en',NULL,1582396632,NULL,1),(250,250,'en',NULL,1582396635,NULL,1),(251,251,'en',NULL,1582396639,NULL,1),(252,252,'en',NULL,1582396642,NULL,1),(253,253,'en',NULL,1582396646,NULL,1),(254,254,'en',NULL,1582396649,NULL,1),(255,255,'en',NULL,1582396652,NULL,1),(256,256,'en',NULL,1582396787,NULL,1),(257,257,'en',NULL,1582396810,NULL,1),(258,258,'en',NULL,1582396814,NULL,1),(259,259,'en',NULL,1582396818,NULL,1),(260,260,'en',NULL,1582396821,NULL,1),(261,261,'en',NULL,1582396825,NULL,1),(262,262,'en',NULL,1591175486,NULL,1),(263,263,'en',NULL,1591175603,NULL,1),(264,264,'en',NULL,1591177130,NULL,1),(265,265,'en',NULL,1591177191,NULL,1),(266,266,'en',NULL,1601044878,NULL,1);

--
-- Table structure for table `taxonomy_term_revision__parent`
--

CREATE TABLE `taxonomy_term_revision__parent` (
  `bundle` varchar(128) CHARACTER SET ascii NOT NULL DEFAULT '' COMMENT 'The field instance bundle to which this row belongs, used when deleting a field instance',
  `deleted` tinyint(4) NOT NULL DEFAULT 0 COMMENT 'A boolean indicating whether this data item has been deleted',
  `entity_id` int(10) unsigned NOT NULL COMMENT 'The entity id this data is attached to',
  `revision_id` int(10) unsigned NOT NULL COMMENT 'The entity revision id this data is attached to',
  `langcode` varchar(32) CHARACTER SET ascii NOT NULL DEFAULT '' COMMENT 'The language code for this data item.',
  `delta` int(10) unsigned NOT NULL COMMENT 'The sequence number for this data item, used for multi-value fields',
  `parent_target_id` int(10) unsigned NOT NULL COMMENT 'The ID of the target entity.',
  PRIMARY KEY (`entity_id`,`revision_id`,`deleted`,`delta`,`langcode`),
  KEY `bundle` (`bundle`),
  KEY `revision_id` (`revision_id`),
  KEY `parent_target_id` (`parent_target_id`)
) ENGINE=InnoDB DEFAULT CHARSET=utf8mb4 COMMENT='Revision archive storage for taxonomy_term field parent.';

--
-- Dumping data for table `taxonomy_term_revision__parent`
--

INSERT INTO `taxonomy_term_revision__parent` VALUES ('stakeholder_member_types',0,1,1,'en',0,0),('stakeholder_member_types',0,2,2,'en',0,0),('stakeholder_member_types',0,3,3,'en',0,0),('stakeholder_member_types',0,4,4,'en',0,0),('stakeholder_member_types',0,5,5,'en',0,0),('stakeholder_member_types',0,6,6,'en',0,0),('stakeholder_member_types',0,7,7,'en',0,0),('stakeholder_member_types',0,8,8,'en',0,0),('master_scorecard',0,9,9,'en',0,0),('master_scorecard',0,10,10,'en',0,9),('master_scorecard',0,11,11,'en',0,9),('master_scorecard',0,13,13,'en',0,9),('master_scorecard',0,14,14,'en',0,9),('master_scorecard',0,15,15,'en',0,10),('master_scorecard',0,16,16,'en',0,10),('master_scorecard',0,17,17,'en',0,10),('master_scorecard',0,18,18,'en',0,10),('master_scorecard',0,19,19,'en',0,10),('master_scorecard',0,20,20,'en',0,10),('master_scorecard',0,21,21,'en',0,10),('master_scorecard',0,22,22,'en',0,10),('master_scorecard',0,23,23,'en',0,10),('master_scorecard',0,24,24,'en',0,15),('master_scorecard',0,25,25,'en',0,16),('master_scorecard',0,26,26,'en',0,17),('master_scorecard',0,27,27,'en',0,18),('master_scorecard',0,28,28,'en',0,18),('master_scorecard',0,29,29,'en',0,18),('master_scorecard',0,30,30,'en',0,19),('master_scorecard',0,31,31,'en',0,20),('master_scorecard',0,32,32,'en',0,21),('master_scorecard',0,33,33,'en',0,21),('master_scorecard',0,34,34,'en',0,21),('master_scorecard',0,35,35,'en',0,22),('master_scorecard',0,36,36,'en',0,22),('master_scorecard',0,37,37,'en',0,22),('master_scorecard',0,38,38,'en',0,22),('master_scorecard',0,48,48,'en',0,9),('master_scorecard',0,67,67,'en',0,11),('master_scorecard',0,68,68,'en',0,11),('master_scorecard',0,69,69,'en',0,11),('master_scorecard',0,70,70,'en',0,11),('master_scorecard',0,71,71,'en',0,11),('master_scorecard',0,72,72,'en',0,11),('master_scorecard',0,73,73,'en',0,11),('master_scorecard',0,74,74,'en',0,14),('master_scorecard',0,75,75,'en',0,11),('master_scorecard',0,76,76,'en',0,48),('master_scorecard',0,77,77,'en',0,48),('master_scorecard',0,78,78,'en',0,48),('master_scorecard',0,79,79,'en',0,48),('master_scorecard',0,80,80,'en',0,48),('master_scorecard',0,81,81,'en',0,48),('master_scorecard',0,82,82,'en',0,48),('master_scorecard',0,83,83,'en',0,48),('master_scorecard',0,84,84,'en',0,48),('master_scorecard',0,85,85,'en',0,48),('master_scorecard',0,86,86,'en',0,48),('master_scorecard',0,88,88,'en',0,48),('master_scorecard',0,90,90,'en',0,48),('master_scorecard',0,91,91,'en',0,48),('master_scorecard',0,92,92,'en',0,48),('master_scorecard',0,93,93,'en',0,48),('master_scorecard',0,94,94,'en',0,48),('master_scorecard',0,95,95,'en',0,13),('master_scorecard',0,96,96,'en',0,13),('master_scorecard',0,97,97,'en',0,13),('master_scorecard',0,98,98,'en',0,13),('master_scorecard',0,99,99,'en',0,13),('master_scorecard',0,100,100,'en',0,23),('master_scorecard',0,101,101,'en',0,48),('master_scorecard',0,102,102,'en',0,13),('master_scorecard',0,104,104,'en',0,11),('master_scorecard',0,105,105,'en',0,48),('master_scorecard',0,107,107,'en',0,48),('master_scorecard',0,108,108,'en',0,67),('master_scorecard',0,109,109,'en',0,67),('master_scorecard',0,112,112,'en',0,69),('master_scorecard',0,113,113,'en',0,70),('master_scorecard',0,114,114,'en',0,70),('master_scorecard',0,115,115,'en',0,71),('master_scorecard',0,116,116,'en',0,104),('master_scorecard',0,117,117,'en',0,104),('master_scorecard',0,118,118,'en',0,104),('master_scorecard',0,119,119,'en',0,72),('master_scorecard',0,120,120,'en',0,72),('master_scorecard',0,121,121,'en',0,73),('master_scorecard',0,122,122,'en',0,73),('master_scorecard',0,123,123,'en',0,73),('master_scorecard',0,124,124,'en',0,74),('master_scorecard',0,125,125,'en',0,75),('master_scorecard',0,126,126,'en',0,75),('master_scorecard',0,127,127,'en',0,76),('master_scorecard',0,128,128,'en',0,77),('master_scorecard',0,129,129,'en',0,78),('master_scorecard',0,130,130,'en',0,79),('master_scorecard',0,131,131,'en',0,79),('master_scorecard',0,132,132,'en',0,80),('master_scorecard',0,133,133,'en',0,80),('master_scorecard',0,134,134,'en',0,80),('master_scorecard',0,135,135,'en',0,81),('master_scorecard',0,136,136,'en',0,82),('master_scorecard',0,137,137,'en',0,83),('master_scorecard',0,138,138,'en',0,84),('master_scorecard',0,139,139,'en',0,85),('master_scorecard',0,140,140,'en',0,86),('master_scorecard',0,141,141,'en',0,86),('master_scorecard',0,142,142,'en',0,86),('master_scorecard',0,143,143,'en',0,105),('master_scorecard',0,144,144,'en',0,105),('master_scorecard',0,145,145,'en',0,105),('master_scorecard',0,146,146,'en',0,88),('master_scorecard',0,147,147,'en',0,88),('master_scorecard',0,148,148,'en',0,90),('master_scorecard',0,149,149,'en',0,91),('master_scorecard',0,150,150,'en',0,92),('master_scorecard',0,151,151,'en',0,92),('master_scorecard',0,152,152,'en',0,93),('master_scorecard',0,153,153,'en',0,93),('master_scorecard',0,154,154,'en',0,107),('master_scorecard',0,155,155,'en',0,107),('master_scorecard',0,156,156,'en',0,107),('master_scorecard',0,157,157,'en',0,94),('master_scorecard',0,158,158,'en',0,94),('master_scorecard',0,159,159,'en',0,94),('master_scorecard',0,160,160,'en',0,101),('master_scorecard',0,161,161,'en',0,101),('master_scorecard',0,162,162,'en',0,95),('master_scorecard',0,163,163,'en',0,96),('master_scorecard',0,164,164,'en',0,97),('master_scorecard',0,165,165,'en',0,97),('master_scorecard',0,166,166,'en',0,97),('master_scorecard',0,167,167,'en',0,98),('master_scorecard',0,168,168,'en',0,98),('master_scorecard',0,169,169,'en',0,98),('master_scorecard',0,170,170,'en',0,99),('master_scorecard',0,171,171,'en',0,99),('master_scorecard',0,172,172,'en',0,99),('master_scorecard',0,173,173,'en',0,99),('master_scorecard',0,174,174,'en',0,99),('master_scorecard',0,175,175,'en',0,102),('master_scorecard',0,177,177,'en',0,68),('master_scorecard',0,179,179,'en',0,14),('master_scorecard',0,180,180,'en',0,14),('master_scorecard',0,182,182,'en',0,14),('master_scorecard',0,183,183,'en',0,14),('master_scorecard',0,184,184,'en',0,180),('master_scorecard',0,185,185,'en',0,182),('master_scorecard',0,188,188,'en',0,183),('master_scorecard',0,189,189,'en',0,179),('content_annotation',0,190,190,'en',0,0),('content_annotation',0,191,191,'en',0,0),('content_annotation',0,195,195,'en',0,190),('content_annotation',0,196,196,'en',0,190),('content_annotation',0,197,197,'en',0,190),('content_annotation',0,198,198,'en',0,190),('content_annotation',0,199,199,'en',0,190),('content_annotation',0,200,200,'en',0,190),('content_annotation',0,201,201,'en',0,190),('content_annotation',0,202,202,'en',0,190),('content_annotation',0,203,203,'en',0,190),('content_annotation',0,204,204,'en',0,191),('content_annotation',0,205,205,'en',0,191),('content_annotation',0,206,206,'en',0,191),('content_annotation',0,207,207,'en',0,191),('content_annotation',0,208,208,'en',0,191),('content_annotation',0,209,209,'en',0,191),('content_annotation',0,210,210,'en',0,191),('content_annotation',0,211,211,'en',0,191),('content_annotation',0,212,212,'en',0,0),('content_annotation',0,213,213,'en',0,212),('content_annotation',0,214,214,'en',0,212),('content_annotation',0,215,215,'en',0,212),('content_annotation',0,216,216,'en',0,212),('content_annotation',0,217,217,'en',0,212),('content_annotation',0,218,218,'en',0,212),('content_annotation',0,219,219,'en',0,212),('content_annotation',0,220,220,'en',0,212),('content_annotation',0,221,221,'en',0,212),('content_annotation',0,222,222,'en',0,0),('content_annotation',0,223,223,'en',0,222),('content_annotation',0,224,224,'en',0,222),('content_annotation',0,225,225,'en',0,222),('content_annotation',0,226,226,'en',0,222),('content_annotation',0,227,227,'en',0,222),('content_annotation',0,228,228,'en',0,222),('content_annotation',0,229,229,'en',0,222),('content_annotation',0,230,230,'en',0,222),('content_annotation',0,231,231,'en',0,222),('content_annotation',0,232,232,'en',0,222),('content_annotation',0,233,233,'en',0,222),('content_annotation',0,234,234,'en',0,222),('content_annotation',0,235,235,'en',0,0),('content_annotation',0,236,236,'en',0,235),('content_annotation',0,237,237,'en',0,235),('content_annotation',0,238,238,'en',0,235),('content_annotation',0,239,239,'en',0,235),('content_annotation',0,240,240,'en',0,235),('content_annotation',0,241,241,'en',0,235),('content_annotation',0,242,242,'en',0,235),('content_annotation',0,243,243,'en',0,235),('content_annotation',0,244,244,'en',0,235),('content_annotation',0,245,245,'en',0,235),('content_annotation',0,246,246,'en',0,235),('content_annotation',0,247,247,'en',0,235),('content_annotation',0,248,248,'en',0,235),('content_annotation',0,249,249,'en',0,235),('content_annotation',0,250,250,'en',0,235),('content_annotation',0,251,251,'en',0,235),('content_annotation',0,252,252,'en',0,235),('content_annotation',0,253,253,'en',0,235),('content_annotation',0,254,254,'en',0,235),('content_annotation',0,255,255,'en',0,235),('content_annotation',0,256,256,'en',0,0),('content_annotation',0,257,257,'en',0,256),('content_annotation',0,258,258,'en',0,256),('content_annotation',0,259,259,'en',0,256),('content_annotation',0,260,260,'en',0,256),('content_annotation',0,261,261,'en',0,256),('master_scorecard',0,262,262,'en',0,14),('master_scorecard',0,263,263,'en',0,262),('master_scorecard',0,264,264,'en',0,14),('master_scorecard',0,265,265,'en',0,264),('permissions_tags',0,266,266,'en',0,0);

--
-- Table structure for table `user__field_first_name`
--

CREATE TABLE `user__field_first_name` (
  `bundle` varchar(128) CHARACTER SET ascii NOT NULL DEFAULT '' COMMENT 'The field instance bundle to which this row belongs, used when deleting a field instance',
  `deleted` tinyint(4) NOT NULL DEFAULT 0 COMMENT 'A boolean indicating whether this data item has been deleted',
  `entity_id` int(10) unsigned NOT NULL COMMENT 'The entity id this data is attached to',
  `revision_id` int(10) unsigned NOT NULL COMMENT 'The entity revision id this data is attached to, which for an unversioned entity type is the same as the entity id',
  `langcode` varchar(32) CHARACTER SET ascii NOT NULL DEFAULT '' COMMENT 'The language code for this data item.',
  `delta` int(10) unsigned NOT NULL COMMENT 'The sequence number for this data item, used for multi-value fields',
  `field_first_name_value` varchar(255) NOT NULL,
  PRIMARY KEY (`entity_id`,`deleted`,`delta`,`langcode`),
  KEY `bundle` (`bundle`),
  KEY `revision_id` (`revision_id`)
) ENGINE=InnoDB DEFAULT CHARSET=utf8mb4 COMMENT='Data storage for user field field_first_name.';

--
-- Dumping data for table `user__field_first_name`
--

INSERT INTO `user__field_first_name` VALUES ('user',0,3,3,'en',0,'Firstname'),('user',0,12,12,'en',0,'G'),('user',0,13,13,'en',0,'George'),('user',0,14,14,'en',0,'Sofia'),('user',0,16,16,'en',0,'g'),('user',0,17,17,'en',0,'Stephanie'),('user',0,18,18,'en',0,'Stephanie'),('user',0,19,19,'en',0,'John'),('user',0,21,21,'en',0,'Dane'),('user',0,22,22,'en',0,'Carlos'),('user',0,23,23,'en',0,'Deborah'),('user',0,24,24,'en',0,'Francoise'),('user',0,25,25,'en',0,'Anna'),('user',0,26,26,'en',0,'Nicolas'),('user',0,27,27,'en',0,'Carla'),('user',0,28,28,'en',0,'Juliette'),('user',0,29,29,'en',0,'Andrea'),('user',0,30,30,'en',0,'Valentina'),('user',0,31,31,'en',0,'Danilo'),('user',0,32,32,'en',0,'Elke'),('user',0,33,33,'en',0,'Michele'),('user',0,35,35,'en',0,'gabriele'),('user',0,36,36,'en',0,'Paola'),('user',0,37,37,'en',0,'Elisa'),('user',0,38,38,'en',0,'Ericka'),('user',0,39,39,'en',0,'Molinero'),('user',0,40,40,'en',0,'Luca'),('user',0,41,41,'en',0,'Giampaolo'),('user',0,45,45,'en',0,'MS Care '),('user',0,47,47,'en',0,'Angelo'),('user',0,48,48,'en',0,'Angelo'),('user',0,49,49,'en',0,'Sabrina'),('user',0,56,56,'en',0,'Florence'),('user',0,57,57,'en',0,'Florence'),('user',0,59,59,'en',0,'Graham'),('user',0,61,61,'en',0,'g'),('user',0,85,85,'en',0,'Costas'),('user',0,88,88,'en',0,'Anna');

--
-- Table structure for table `user__field_last_name`
--

CREATE TABLE `user__field_last_name` (
  `bundle` varchar(128) CHARACTER SET ascii NOT NULL DEFAULT '' COMMENT 'The field instance bundle to which this row belongs, used when deleting a field instance',
  `deleted` tinyint(4) NOT NULL DEFAULT 0 COMMENT 'A boolean indicating whether this data item has been deleted',
  `entity_id` int(10) unsigned NOT NULL COMMENT 'The entity id this data is attached to',
  `revision_id` int(10) unsigned NOT NULL COMMENT 'The entity revision id this data is attached to, which for an unversioned entity type is the same as the entity id',
  `langcode` varchar(32) CHARACTER SET ascii NOT NULL DEFAULT '' COMMENT 'The language code for this data item.',
  `delta` int(10) unsigned NOT NULL COMMENT 'The sequence number for this data item, used for multi-value fields',
  `field_last_name_value` varchar(255) NOT NULL,
  PRIMARY KEY (`entity_id`,`deleted`,`delta`,`langcode`),
  KEY `bundle` (`bundle`),
  KEY `revision_id` (`revision_id`)
) ENGINE=InnoDB DEFAULT CHARSET=utf8mb4 COMMENT='Data storage for user field field_last_name.';

--
-- Dumping data for table `user__field_last_name`
--

INSERT INTO `user__field_last_name` VALUES ('user',0,3,3,'en',0,'Lastname'),('user',0,12,12,'en',0,'S'),('user',0,13,13,'en',0,'Tsakirakis'),('user',0,14,14,'en',0,'Tsekeridou'),('user',0,16,16,'en',0,'g'),('user',0,17,17,'en',0,'Kramer'),('user',0,18,18,'en',0,'kramer'),('user',0,19,19,'en',0,'Smith'),('user',0,21,21,'en',0,'Analizy'),('user',0,22,22,'en',0,'Larrinaga'),('user',0,23,23,'en',0,'Bertorello'),('user',0,24,24,'en',0,'Van Hemelryck'),('user',0,25,25,'en',0,'Kork'),('user',0,26,26,'en',0,'Garcia'),('user',0,27,27,'en',0,'Antonini'),('user',0,28,28,'en',0,'Senn'),('user',0,29,29,'en',0,'Gavazzi'),('user',0,30,30,'en',0,'Tageo'),('user',0,31,31,'en',0,'Devigili'),('user',0,32,32,'en',0,'De Witte'),('user',0,33,33,'en',0,'Andreaus'),('user',0,35,35,'en',0,'dati'),('user',0,36,36,'en',0,'Zaratin'),('user',0,37,37,'en',0,'Maninfior'),('user',0,38,38,'en',0,'Costa'),('user',0,39,39,'en',0,'Sara'),('user',0,40,40,'en',0,'Molinari'),('user',0,41,41,'en',0,'Brichetto'),('user',0,45,45,'en',0,'Unit'),('user',0,47,47,'en',0,'Ghezzi'),('user',0,48,48,'en',0,'Ghezzi'),('user',0,49,49,'en',0,'Liberalato'),('user',0,56,56,'en',0,'van Steenbrugghe'),('user',0,57,57,'en',0,'van Steenbrugghe'),('user',0,59,59,'en',0,'McReynolds'),('user',0,61,61,'en',0,'r'),('user',0,85,85,'en',0,'Vassilakis'),('user',0,88,88,'en',0,'Mimi');

--
-- Table structure for table `user__roles`
--

CREATE TABLE `user__roles` (
  `bundle` varchar(128) CHARACTER SET ascii NOT NULL DEFAULT '' COMMENT 'The field instance bundle to which this row belongs, used when deleting a field instance',
  `deleted` tinyint(4) NOT NULL DEFAULT 0 COMMENT 'A boolean indicating whether this data item has been deleted',
  `entity_id` int(10) unsigned NOT NULL COMMENT 'The entity id this data is attached to',
  `revision_id` int(10) unsigned NOT NULL COMMENT 'The entity revision id this data is attached to, which for an unversioned entity type is the same as the entity id',
  `langcode` varchar(32) CHARACTER SET ascii NOT NULL DEFAULT '' COMMENT 'The language code for this data item.',
  `delta` int(10) unsigned NOT NULL COMMENT 'The sequence number for this data item, used for multi-value fields',
  `roles_target_id` varchar(255) CHARACTER SET ascii NOT NULL COMMENT 'The ID of the target entity.',
  PRIMARY KEY (`entity_id`,`deleted`,`delta`,`langcode`),
  KEY `bundle` (`bundle`),
  KEY `revision_id` (`revision_id`),
  KEY `roles_target_id` (`roles_target_id`)
) ENGINE=InnoDB DEFAULT CHARSET=utf8mb4 COMMENT='Data storage for user field roles.';

--
-- Dumping data for table `user__roles`
--

INSERT INTO `user__roles` VALUES ('user',0,1,1,'en',0,'administrator'),('user',0,3,3,'en',0,'author'),('user',0,19,19,'en',0,'author'),('user',0,26,26,'en',0,'author'),('user',0,30,30,'en',0,'author'),('user',0,33,33,'en',0,'author'),('user',0,85,85,'en',0,'webform_admin'),('user',0,88,88,'en',0,'webform_admin');

--
-- Table structure for table `users`
--

CREATE TABLE `users` (
  `uid` int(10) unsigned NOT NULL,
  `uuid` varchar(128) CHARACTER SET ascii NOT NULL,
  `langcode` varchar(12) CHARACTER SET ascii NOT NULL,
  PRIMARY KEY (`uid`),
  UNIQUE KEY `user_field__uuid__value` (`uuid`)
) ENGINE=InnoDB DEFAULT CHARSET=utf8mb4 COMMENT='The base table for user entities.';

--
-- Dumping data for table `users`
--

INSERT INTO `users` VALUES (0,'e4ea0109-2b9c-4fce-81e6-bc1cca8f1bbe','en'),(1,'1fb8845c-f29d-440a-85e4-c95239ed7228','en'),(3,'a76cacef-c8c0-45b7-b048-7a23a6ff1380','en'),(12,'42a73c9a-6fe6-4744-ae3c-df658f0525bf','en'),(13,'4bfd52e6-de2e-4989-851b-c1956e59691c','en'),(14,'fb5262fc-50ad-4bb4-bf7c-8467f6c3ea5e','en'),(16,'164eb190-081d-480e-9f3f-e1f09a7c3faf','en'),(17,'22eef1ac-4d06-47c0-9901-48a95cf283e0','en'),(18,'47190dce-17c5-485b-943c-a1805e141286','en'),(19,'6bdb7d5a-e922-4377-abdd-3bdb3aec1e3d','en'),(21,'00b4a47d-61ab-471a-ac25-4c17e16cef91','en'),(22,'4b916cb9-f253-4478-a327-392d3532aa1c','en'),(23,'2bfdedb9-5803-47cf-b9ff-c9689a2c9308','en'),(24,'42604682-4417-4f1b-83b7-b05aa2499bdc','en'),(25,'097da748-7a1f-4b4d-b0b3-6551ffb6995f','en'),(26,'dce1ab03-092c-4a9a-9e2c-3c031bc2ca95','en'),(27,'a91b727c-80a7-4f1e-8005-936840c93ebe','en'),(28,'46f94291-ccae-4704-9924-7bfe38cb78b2','en'),(29,'036f2739-d644-4681-9ae2-16fcf3f5b39f','en'),(30,'25ebd04e-4370-41ea-9e85-8bdecb223f3f','en'),(31,'faa76599-bdfe-418b-b245-c31c39d84d4a','en'),(32,'342d136d-eea5-4854-abce-82450a36f88b','en'),(33,'235b2d50-5bb7-4105-87a5-08e829f2c3ba','en'),(35,'6a7a9d20-38fe-4dd6-9cee-89efb914e777','en'),(36,'f4aa571f-c51f-48a1-8a1f-0afd0c9f939c','en'),(37,'f4067fd3-ed27-4d13-84c5-62b534debfd5','en'),(38,'28085c84-679c-4d39-b571-0b29eb36b8a3','en'),(39,'fc44df54-d424-4c59-811d-c910b9777c25','en'),(40,'bbf7589d-10c0-4700-b43d-ff58343f00b1','en'),(41,'4d706005-f3ca-4651-a06e-e9479d2202af','en'),(45,'ced7d118-4717-47fb-ad1d-4f7fc30f6486','en'),(47,'925fc10e-cd24-4889-a2dc-f26527e62867','en'),(48,'ade71b5c-2d21-468c-ac4c-1b26bdd88892','en'),(49,'d0b6a906-65db-4625-951d-5200f6eb974d','en'),(56,'56a11386-142c-404f-8be3-da5bc874077e','en'),(57,'8f00ac47-45db-4812-b97a-b3d94f6617ba','en'),(59,'c10d334d-5d99-49f9-9b0f-573d30dbbcaa','en'),(61,'a02b7083-fb0b-46eb-accf-84c29f9d973a','en'),(85,'893f3c7b-9841-45cb-a1f4-42bb682b53de','en'),(88,'436705cd-ab69-406a-9574-36cd1d154847','en');

--
-- Table structure for table `users_data`
--

CREATE TABLE `users_data` (
  `uid` int(10) unsigned NOT NULL DEFAULT 0 COMMENT 'The users.uid this record affects.',
  `module` varchar(50) CHARACTER SET ascii NOT NULL DEFAULT '' COMMENT 'The name of the module declaring the variable.',
  `name` varchar(128) CHARACTER SET ascii NOT NULL DEFAULT '' COMMENT 'The identifier of the data.',
  `value` longblob DEFAULT NULL COMMENT 'The value.',
  `serialized` tinyint(3) unsigned DEFAULT 0 COMMENT 'Whether value is serialized.',
  PRIMARY KEY (`uid`,`module`,`name`),
  KEY `module` (`module`),
  KEY `name` (`name`)
) ENGINE=InnoDB DEFAULT CHARSET=utf8mb4 COMMENT='Stores module data as key/value pairs per user.';

--
-- Dumping data for table `users_data`
--

INSERT INTO `users_data` VALUES (1,'contact','enabled','1',0),(1,'webform_ui','element_type_preview','1',0),(3,'contact','enabled','1',0),(12,'contact','enabled','1',0),(13,'contact','enabled','1',0),(14,'contact','enabled','1',0),(16,'contact','enabled','1',0),(17,'contact','enabled','1',0),(18,'contact','enabled','1',0),(19,'contact','enabled','1',0),(21,'contact','enabled','1',0),(22,'contact','enabled','1',0),(23,'contact','enabled','1',0),(24,'contact','enabled','1',0),(25,'contact','enabled','1',0),(26,'contact','enabled','1',0),(27,'contact','enabled','1',0),(28,'contact','enabled','1',0),(29,'contact','enabled','1',0),(30,'contact','enabled','1',0),(31,'contact','enabled','1',0),(32,'contact','enabled','1',0),(33,'contact','enabled','1',0),(35,'contact','enabled','1',0),(36,'contact','enabled','1',0),(37,'contact','enabled','1',0),(38,'contact','enabled','1',0),(39,'contact','enabled','1',0),(40,'contact','enabled','1',0),(41,'contact','enabled','1',0),(45,'contact','enabled','1',0),(47,'contact','enabled','1',0),(48,'contact','enabled','1',0),(49,'contact','enabled','1',0),(56,'contact','enabled','1',0),(57,'contact','enabled','1',0),(59,'contact','enabled','1',0),(61,'contact','enabled','1',0),(85,'contact','enabled','1',0),(88,'contact','enabled','1',0);

--
-- Table structure for table `watchdog`
--

CREATE TABLE `watchdog` (
  `wid` int(11) NOT NULL AUTO_INCREMENT COMMENT 'Primary Key: Unique watchdog event ID.',
  `uid` int(10) unsigned NOT NULL DEFAULT 0 COMMENT 'The users.uid of the user who triggered the event.',
  `type` varchar(64) CHARACTER SET ascii NOT NULL DEFAULT '' COMMENT 'Type of log message, for example "user" or "page not found."',
  `message` longtext NOT NULL COMMENT 'Text of log message to be passed into the t() function.',
  `variables` longblob NOT NULL COMMENT 'Serialized array of variables that match the message string and that is passed into the t() function.',
  `severity` tinyint(3) unsigned NOT NULL DEFAULT 0 COMMENT 'The severity level of the event. ranges from 0 (Emergency) to 7 (Debug)',
  `link` text DEFAULT NULL COMMENT 'Link to view the result of the event.',
  `location` text NOT NULL COMMENT 'URL of the origin of the event.',
  `referer` text DEFAULT NULL COMMENT 'URL of referring page.',
  `hostname` varchar(128) CHARACTER SET ascii NOT NULL DEFAULT '' COMMENT 'Hostname of the user who triggered the event.',
  `timestamp` int(11) NOT NULL DEFAULT 0 COMMENT 'Unix timestamp of when event occurred.',
  PRIMARY KEY (`wid`),
  KEY `type` (`type`),
  KEY `uid` (`uid`),
  KEY `severity` (`severity`)
) ENGINE=InnoDB AUTO_INCREMENT=29570 DEFAULT CHARSET=utf8mb4 COMMENT='Table that contains logs of all system events.';

--
-- Dumping data for table `watchdog`
--





--
-- Table structure for table `webform`
--

CREATE TABLE `webform` (
  `webform_id` varchar(32) NOT NULL COMMENT 'The webform id.',
  `next_serial` int(10) unsigned NOT NULL DEFAULT 1 COMMENT 'The serial number to give to the next submission to this webform.',
  PRIMARY KEY (`webform_id`,`next_serial`)
) ENGINE=InnoDB DEFAULT CHARSET=utf8mb4 COMMENT='Stores all webform data.';

--
-- Dumping data for table `webform`
--

INSERT INTO `webform` VALUES ('adherence_questionnaire',44),('contact',1),('demo_application',1),('demo_application_evaluation',1),('email_reminder',56),('mail_invitation',48),('materiality_analysis',3),('mscu_ecf_2018_academic_mscu',1),('mscu_ecf_2018_academic_mscu_init',7),('mscu_ecf_2018_non_academic_mscu',1),('mscu_ecf_2018_practising_neurolo',3),('mscu_ecf_2020',14),('mscu_ecf_2020_for_check_',2),('multi_act_framework_baseline_ana',1),('open',1),('submission_list',16),('variables_to_be_included_in_the_',1);

--
-- Table structure for table `webform_access_group_admin`
--

CREATE TABLE `webform_access_group_admin` (
  `group_id` varchar(32) NOT NULL COMMENT 'The webform access group id.',
  `uid` int(10) unsigned NOT NULL DEFAULT 0 COMMENT 'The admin user id.',
  PRIMARY KEY (`group_id`,`uid`),
  KEY `indexing` (`group_id`,`uid`)
) ENGINE=InnoDB DEFAULT CHARSET=utf8mb4 COMMENT='Stores admin associated with a webform access group.';

--
-- Dumping data for table `webform_access_group_admin`
--


--
-- Table structure for table `webform_access_group_entity`
--

CREATE TABLE `webform_access_group_entity` (
  `group_id` varchar(32) NOT NULL COMMENT 'The webform access group id.',
  `entity_type` varchar(32) NOT NULL COMMENT 'The source entity type.',
  `entity_id` varchar(32) NOT NULL COMMENT 'The source entity id.',
  `field_name` varchar(32) NOT NULL COMMENT 'The webform field name.',
  `webform_id` varchar(32) NOT NULL COMMENT 'The webform id.',
  PRIMARY KEY (`group_id`,`webform_id`,`entity_type`,`entity_id`,`field_name`),
  KEY `source_entity` (`entity_type`,`entity_id`,`field_name`,`webform_id`)
) ENGINE=InnoDB DEFAULT CHARSET=utf8mb4 COMMENT='Stores users associated with a webform access group.';

--
-- Dumping data for table `webform_access_group_entity`
--


--
-- Table structure for table `webform_access_group_user`
--

CREATE TABLE `webform_access_group_user` (
  `group_id` varchar(32) NOT NULL COMMENT 'The webform access group id.',
  `uid` int(10) unsigned NOT NULL DEFAULT 0 COMMENT 'The user id.',
  PRIMARY KEY (`group_id`,`uid`),
  KEY `indexing` (`group_id`,`uid`)
) ENGINE=InnoDB DEFAULT CHARSET=utf8mb4 COMMENT='Stores users associated with a webform access group.';

--
-- Dumping data for table `webform_access_group_user`
--


--
-- Table structure for table `webform_submission_data`
--

CREATE TABLE `webform_submission_data` (
  `webform_id` varchar(32) NOT NULL COMMENT 'The webform id.',
  `sid` int(10) unsigned NOT NULL COMMENT 'The unique identifier for this submission.',
  `name` varchar(128) NOT NULL COMMENT 'The name of the element.',
  `property` varchar(128) NOT NULL DEFAULT '' COMMENT 'The property of the element''s value.',
  `delta` int(10) unsigned NOT NULL DEFAULT 0 COMMENT 'The delta of the element''s value.',
  `value` mediumtext NOT NULL COMMENT 'The element''s value.',
  PRIMARY KEY (`sid`,`name`,`property`,`delta`),
  KEY `webform_id` (`webform_id`),
  KEY `sid_webform_id` (`sid`,`webform_id`)
) ENGINE=InnoDB DEFAULT CHARSET=utf8mb4 COMMENT='Stores all submitted data for webform submissions.';

--
-- Dumping data for table `webform_submission_data`
--

INSERT INTO `webform_submission_data` VALUES ('adherence_questionnaire',7,'11_could_you_please_describe_the_different_bodies_in_your_govern','',0,'Test for node 306'),('adherence_questionnaire',7,'12_do_you_have_a_procedure_that_describes_the_roles_and_responsi','',0,'Yes'),('adherence_questionnaire',7,'15_please_describe','',0,'Test for node 306'),('adherence_questionnaire',7,'16_when_establishing_the_governance_boards_do_you_take_into_acco','',0,'Yes'),('adherence_questionnaire',7,'17_please_describe_the_mechanisms_by_which_you_ensure_a_balance_','',0,'Test for node 306'),('adherence_questionnaire',7,'18_when_establishing_the_governance_boards_do_you_ensure_the_par','',0,'Yes'),('adherence_questionnaire',7,'19_please_describe_the_mechanisms_by_which_you_ensure_a_balance_','',0,'Test for node 306'),('adherence_questionnaire',7,'20_when_establishing_the_governance_boards_do_you_protect_the_in','',0,'Yes'),('adherence_questionnaire',7,'21_please_describe_the_mechanisms_by_which_you_ensure_a_balance_','',0,'Test for node 306'),('adherence_questionnaire',7,'22_when_establishing_the_governance_boards_do_you_maintain_commi','',0,'Yes'),('adherence_questionnaire',7,'23_please_describe_the_mechanisms_by_which_you_ensure_a_balance_','',0,'Test for node 306'),('adherence_questionnaire',7,'27_did_you_differentiate_the_level_of_engagement_of_these_stakeh','',0,'Yes'),('adherence_questionnaire',7,'28_do_you_have_a_stakeholder_engagement_strategy_in_place_both_w','',0,'Yes'),('adherence_questionnaire',7,'29_describe_the_methodology_that_is_adopted_in_order_to_put_in_p','',0,'Test for node 306'),('adherence_questionnaire',7,'30_did_you_perform_a_consultation_process_in_order_to_understand','',0,'Yes'),('adherence_questionnaire',7,'31_did_you_carry_out_an_analysis_to_identify_stakeholders_challe','',0,'Yes'),('adherence_questionnaire',7,'33_with_regard_to_stakeholder_engagement_do_you_have_a_process_t','',0,'Yes'),('adherence_questionnaire',7,'34_please_describe','',0,'Test for node 306'),('adherence_questionnaire',7,'35_do_you_have_a_process_in_place_to_train_stakeholders_in_order','',0,'Yes'),('adherence_questionnaire',7,'36_please_describe_the_process_of_training_stakeholders_e_g_the_','',0,'Test for node 306'),('adherence_questionnaire',7,'38_in_which_of_the_7_steps_research_innovation_r_i_path_do_you_e','',0,'4. Design & plan'),('adherence_questionnaire',7,'38_in_which_of_the_7_steps_research_innovation_r_i_path_do_you_e','',1,'5. Research execution'),('adherence_questionnaire',7,'39_do_you_have_a_team_manager_dedicated_to_coordinate_the_patien','',0,'Yes'),('adherence_questionnaire',7,'40_do_you_have_indicators_to_measure_the_return_on_patient_engag','',0,'Yes'),('adherence_questionnaire',7,'41_do_you_plan_ad_hoc_training_programs_related_to_the_patient_e','',0,'Yes'),('adherence_questionnaire',7,'42_do_you_have_mechanism_in_place_to_recognize_and_reward_patien','',0,'Yes'),('adherence_questionnaire',7,'43_do_you_have_dedicated_resources_budget_for_patient_engagement','',0,'Yes'),('adherence_questionnaire',7,'44_do_you_perform_an_ethical_assessment_of_your_patient_engageme','',0,'Yes'),('adherence_questionnaire',7,'48_if_yes_do_you_have_a_plan_that_defines_the_following_please_t','',0,'Definition and composition of Working Groups, which might practically deal with the implementation of such actions; '),('adherence_questionnaire',7,'48_if_yes_do_you_have_a_plan_that_defines_the_following_please_t','',1,' Definition of clear and measurable targets; '),('adherence_questionnaire',7,'49_do_you_have_a_cost_management_process_in_place_e_g_a_defined_','',0,'Yes'),('adherence_questionnaire',7,'50_do_you_ensure_that_the_internal_team_has_solid_skills_to_carr','',0,'Yes'),('adherence_questionnaire',7,'51_do_you_maintain_accountability_over_time_keeping_track_of_exp','',0,'Yes'),('adherence_questionnaire',7,'52_please_describe_or_provide_documentation_','',0,'Test for node 306'),('adherence_questionnaire',7,'53_do_you_have_a_process_in_place_to_ensure_that_there_is_a_righ','',0,'Yes'),('adherence_questionnaire',7,'54_please_explain_','',0,'Test for node 306'),('adherence_questionnaire',7,'55_have_you_developed_a_contingency_plan_risk_management_approac','',0,'Yes'),('adherence_questionnaire',7,'7_please_indicate_which_of_the_following_stakeholders_are_the_in','',0,'Patients'),('adherence_questionnaire',7,'7_please_indicate_which_of_the_following_stakeholders_are_the_in','',1,'Patients organizations, patient associations, advocacy organizations, etc.'),('adherence_questionnaire',7,'beyond_the_stakeholders_involved_in_the_governance_structure_hav','',0,'Yes'),('adherence_questionnaire',7,'could_you_please_describe_how_you_have_defined_the_common_object','',0,'Test for node 306'),('adherence_questionnaire',7,'do_you_have_an_agenda_defining_the_priority_areas_mid_term_and_l','',0,'Yes'),('adherence_questionnaire',7,'have_you_developed_a_shared_vision_mission_for_your_initiative_','',0,'Yes'),('adherence_questionnaire',7,'have_you_established_a_governance_structure_for_the_ms_care_unit','',0,'Yes'),('adherence_questionnaire',7,'initiativeid','',0,''),('adherence_questionnaire',7,'nodeid','',0,'306'),('adherence_questionnaire',7,'which_of_the_following_stakeholders_took_part_in_defining_the_ob','',0,'Society individual citizens, civil society organizations and networks'),('adherence_questionnaire',7,'which_of_the_following_stakeholders_took_part_in_defining_the_ob','',1,'Payers and purchasers, public or private entities responsible for underwriting the costs of health care'),('adherence_questionnaire',7,'_10_which_of_the_following_stakeholders_are_involved_in_the_gove','',0,'Patients organizations, patient associations, advocacy organizations, etc.'),('adherence_questionnaire',7,'_10_which_of_the_following_stakeholders_are_involved_in_the_gove','',1,'Society individual citizens, civil society organizations and networks'),('adherence_questionnaire',7,'_have_you_identified_the_intended_beneficiaries_of_your_research','',0,'Yes'),('adherence_questionnaire',8,'11_could_you_please_describe_the_different_bodies_in_your_govern','',0,''),('adherence_questionnaire',8,'12_do_you_have_a_procedure_that_describes_the_roles_and_responsi','',0,''),('adherence_questionnaire',8,'15_please_describe','',0,''),('adherence_questionnaire',8,'16_when_establishing_the_governance_boards_do_you_take_into_acco','',0,''),('adherence_questionnaire',8,'17_please_describe_the_mechanisms_by_which_you_ensure_a_balance_','',0,''),('adherence_questionnaire',8,'18_when_establishing_the_governance_boards_do_you_ensure_the_par','',0,''),('adherence_questionnaire',8,'19_please_describe_the_mechanisms_by_which_you_ensure_a_balance_','',0,''),('adherence_questionnaire',8,'20_when_establishing_the_governance_boards_do_you_protect_the_in','',0,''),('adherence_questionnaire',8,'21_please_describe_the_mechanisms_by_which_you_ensure_a_balance_','',0,''),('adherence_questionnaire',8,'22_when_establishing_the_governance_boards_do_you_maintain_commi','',0,''),('adherence_questionnaire',8,'23_please_describe_the_mechanisms_by_which_you_ensure_a_balance_','',0,''),('adherence_questionnaire',8,'27_did_you_differentiate_the_level_of_engagement_of_these_stakeh','',0,''),('adherence_questionnaire',8,'28_do_you_have_a_stakeholder_engagement_strategy_in_place_both_w','',0,''),('adherence_questionnaire',8,'29_describe_the_methodology_that_is_adopted_in_order_to_put_in_p','',0,''),('adherence_questionnaire',8,'30_did_you_perform_a_consultation_process_in_order_to_understand','',0,''),('adherence_questionnaire',8,'31_did_you_carry_out_an_analysis_to_identify_stakeholders_challe','',0,''),('adherence_questionnaire',8,'33_with_regard_to_stakeholder_engagement_do_you_have_a_process_t','',0,''),('adherence_questionnaire',8,'34_please_describe','',0,''),('adherence_questionnaire',8,'35_do_you_have_a_process_in_place_to_train_stakeholders_in_order','',0,''),('adherence_questionnaire',8,'36_please_describe_the_process_of_training_stakeholders_e_g_the_','',0,''),('adherence_questionnaire',8,'39_do_you_have_a_team_manager_dedicated_to_coordinate_the_patien','',0,''),('adherence_questionnaire',8,'40_do_you_have_indicators_to_measure_the_return_on_patient_engag','',0,''),('adherence_questionnaire',8,'41_do_you_plan_ad_hoc_training_programs_related_to_the_patient_e','',0,''),('adherence_questionnaire',8,'42_do_you_have_mechanism_in_place_to_recognize_and_reward_patien','',0,''),('adherence_questionnaire',8,'43_do_you_have_dedicated_resources_budget_for_patient_engagement','',0,''),('adherence_questionnaire',8,'44_do_you_perform_an_ethical_assessment_of_your_patient_engageme','',0,''),('adherence_questionnaire',8,'49_do_you_have_a_cost_management_process_in_place_e_g_a_defined_','',0,''),('adherence_questionnaire',8,'50_do_you_ensure_that_the_internal_team_has_solid_skills_to_carr','',0,''),('adherence_questionnaire',8,'51_do_you_maintain_accountability_over_time_keeping_track_of_exp','',0,''),('adherence_questionnaire',8,'52_please_describe_or_provide_documentation_','',0,''),('adherence_questionnaire',8,'53_do_you_have_a_process_in_place_to_ensure_that_there_is_a_righ','',0,''),('adherence_questionnaire',8,'54_please_explain_','',0,''),('adherence_questionnaire',8,'55_have_you_developed_a_contingency_plan_risk_management_approac','',0,'Yes'),('adherence_questionnaire',8,'beyond_the_stakeholders_involved_in_the_governance_structure_hav','',0,''),('adherence_questionnaire',8,'could_you_please_describe_how_you_have_defined_the_common_object','',0,'Test for node 516'),('adherence_questionnaire',8,'do_you_have_an_agenda_defining_the_priority_areas_mid_term_and_l','',0,'No'),('adherence_questionnaire',8,'have_you_developed_a_shared_vision_mission_for_your_initiative_','',0,'Yes'),('adherence_questionnaire',8,'have_you_established_a_governance_structure_for_the_ms_care_unit','',0,''),('adherence_questionnaire',8,'initiativeid','',0,''),('adherence_questionnaire',8,'nodeid','',0,'516'),('adherence_questionnaire',8,'_have_you_identified_the_intended_beneficiaries_of_your_research','',0,''),('adherence_questionnaire',9,'11_could_you_please_describe_the_different_bodies_in_your_govern','',0,''),('adherence_questionnaire',9,'12_do_you_have_a_procedure_that_describes_the_roles_and_responsi','',0,''),('adherence_questionnaire',9,'15_please_describe','',0,''),('adherence_questionnaire',9,'16_when_establishing_the_governance_boards_do_you_take_into_acco','',0,''),('adherence_questionnaire',9,'17_please_describe_the_mechanisms_by_which_you_ensure_a_balance_','',0,''),('adherence_questionnaire',9,'18_when_establishing_the_governance_boards_do_you_ensure_the_par','',0,''),('adherence_questionnaire',9,'19_please_describe_the_mechanisms_by_which_you_ensure_a_balance_','',0,''),('adherence_questionnaire',9,'20_when_establishing_the_governance_boards_do_you_protect_the_in','',0,''),('adherence_questionnaire',9,'21_please_describe_the_mechanisms_by_which_you_ensure_a_balance_','',0,''),('adherence_questionnaire',9,'22_when_establishing_the_governance_boards_do_you_maintain_commi','',0,''),('adherence_questionnaire',9,'23_please_describe_the_mechanisms_by_which_you_ensure_a_balance_','',0,''),('adherence_questionnaire',9,'27_did_you_differentiate_the_level_of_engagement_of_these_stakeh','',0,''),('adherence_questionnaire',9,'28_do_you_have_a_stakeholder_engagement_strategy_in_place_both_w','',0,''),('adherence_questionnaire',9,'29_describe_the_methodology_that_is_adopted_in_order_to_put_in_p','',0,''),('adherence_questionnaire',9,'30_did_you_perform_a_consultation_process_in_order_to_understand','',0,''),('adherence_questionnaire',9,'31_did_you_carry_out_an_analysis_to_identify_stakeholders_challe','',0,''),('adherence_questionnaire',9,'33_with_regard_to_stakeholder_engagement_do_you_have_a_process_t','',0,''),('adherence_questionnaire',9,'34_please_describe','',0,''),('adherence_questionnaire',9,'35_do_you_have_a_process_in_place_to_train_stakeholders_in_order','',0,'No'),('adherence_questionnaire',9,'36_please_describe_the_process_of_training_stakeholders_e_g_the_','',0,''),('adherence_questionnaire',9,'38_in_which_of_the_7_steps_research_innovation_r_i_path_do_you_e','',0,'2. Research priorities'),('adherence_questionnaire',9,'38_in_which_of_the_7_steps_research_innovation_r_i_path_do_you_e','',1,'3. Steering institutions'),('adherence_questionnaire',9,'39_do_you_have_a_team_manager_dedicated_to_coordinate_the_patien','',0,''),('adherence_questionnaire',9,'40_do_you_have_indicators_to_measure_the_return_on_patient_engag','',0,''),('adherence_questionnaire',9,'41_do_you_plan_ad_hoc_training_programs_related_to_the_patient_e','',0,''),('adherence_questionnaire',9,'42_do_you_have_mechanism_in_place_to_recognize_and_reward_patien','',0,''),('adherence_questionnaire',9,'43_do_you_have_dedicated_resources_budget_for_patient_engagement','',0,''),('adherence_questionnaire',9,'44_do_you_perform_an_ethical_assessment_of_your_patient_engageme','',0,''),('adherence_questionnaire',9,'49_do_you_have_a_cost_management_process_in_place_e_g_a_defined_','',0,''),('adherence_questionnaire',9,'50_do_you_ensure_that_the_internal_team_has_solid_skills_to_carr','',0,''),('adherence_questionnaire',9,'51_do_you_maintain_accountability_over_time_keeping_track_of_exp','',0,''),('adherence_questionnaire',9,'52_please_describe_or_provide_documentation_','',0,''),('adherence_questionnaire',9,'53_do_you_have_a_process_in_place_to_ensure_that_there_is_a_righ','',0,''),('adherence_questionnaire',9,'54_please_explain_','',0,''),('adherence_questionnaire',9,'55_have_you_developed_a_contingency_plan_risk_management_approac','',0,'Yes'),('adherence_questionnaire',9,'7_please_indicate_which_of_the_following_stakeholders_are_the_in','',0,'Industry companies developing and selling health products (drugs, devices, applications, etc.) and services sector'),('adherence_questionnaire',9,'7_please_indicate_which_of_the_following_stakeholders_are_the_in','',1,'Research and education organizations Research organizations; Universities; Education providers; Foundations; Other research projects'),('adherence_questionnaire',9,'beyond_the_stakeholders_involved_in_the_governance_structure_hav','',0,''),('adherence_questionnaire',9,'could_you_please_describe_how_you_have_defined_the_common_object','',0,''),('adherence_questionnaire',9,'do_you_have_an_agenda_defining_the_priority_areas_mid_term_and_l','',0,''),('adherence_questionnaire',9,'have_you_developed_a_shared_vision_mission_for_your_initiative_','',0,'Yes'),('adherence_questionnaire',9,'have_you_established_a_governance_structure_for_the_ms_care_unit','',0,'No'),('adherence_questionnaire',9,'initiativeid','',0,''),('adherence_questionnaire',9,'nodeid','',0,'526'),('adherence_questionnaire',9,'_have_you_identified_the_intended_beneficiaries_of_your_research','',0,'Yes'),('adherence_questionnaire',10,'11_could_you_please_describe_the_different_bodies_in_your_govern','',0,''),('adherence_questionnaire',10,'12_do_you_have_a_procedure_that_describes_the_roles_and_responsi','',0,''),('adherence_questionnaire',10,'15_please_describe','',0,''),('adherence_questionnaire',10,'16_when_establishing_the_governance_boards_do_you_take_into_acco','',0,''),('adherence_questionnaire',10,'17_please_describe_the_mechanisms_by_which_you_ensure_a_balance_','',0,''),('adherence_questionnaire',10,'18_when_establishing_the_governance_boards_do_you_ensure_the_par','',0,''),('adherence_questionnaire',10,'19_please_describe_the_mechanisms_by_which_you_ensure_a_balance_','',0,''),('adherence_questionnaire',10,'20_when_establishing_the_governance_boards_do_you_protect_the_in','',0,''),('adherence_questionnaire',10,'21_please_describe_the_mechanisms_by_which_you_ensure_a_balance_','',0,''),('adherence_questionnaire',10,'22_when_establishing_the_governance_boards_do_you_maintain_commi','',0,''),('adherence_questionnaire',10,'23_please_describe_the_mechanisms_by_which_you_ensure_a_balance_','',0,''),('adherence_questionnaire',10,'27_did_you_differentiate_the_level_of_engagement_of_these_stakeh','',0,''),('adherence_questionnaire',10,'28_do_you_have_a_stakeholder_engagement_strategy_in_place_both_w','',0,''),('adherence_questionnaire',10,'29_describe_the_methodology_that_is_adopted_in_order_to_put_in_p','',0,''),('adherence_questionnaire',10,'30_did_you_perform_a_consultation_process_in_order_to_understand','',0,''),('adherence_questionnaire',10,'31_did_you_carry_out_an_analysis_to_identify_stakeholders_challe','',0,''),('adherence_questionnaire',10,'33_with_regard_to_stakeholder_engagement_do_you_have_a_process_t','',0,''),('adherence_questionnaire',10,'34_please_describe','',0,''),('adherence_questionnaire',10,'35_do_you_have_a_process_in_place_to_train_stakeholders_in_order','',0,''),('adherence_questionnaire',10,'36_please_describe_the_process_of_training_stakeholders_e_g_the_','',0,''),('adherence_questionnaire',10,'38_in_which_of_the_7_steps_research_innovation_r_i_path_do_you_e','',0,'3. Steering institutions'),('adherence_questionnaire',10,'38_in_which_of_the_7_steps_research_innovation_r_i_path_do_you_e','',1,'4. Design & plan'),('adherence_questionnaire',10,'39_do_you_have_a_team_manager_dedicated_to_coordinate_the_patien','',0,''),('adherence_questionnaire',10,'40_do_you_have_indicators_to_measure_the_return_on_patient_engag','',0,''),('adherence_questionnaire',10,'41_do_you_plan_ad_hoc_training_programs_related_to_the_patient_e','',0,'Yes'),('adherence_questionnaire',10,'42_do_you_have_mechanism_in_place_to_recognize_and_reward_patien','',0,''),('adherence_questionnaire',10,'43_do_you_have_dedicated_resources_budget_for_patient_engagement','',0,''),('adherence_questionnaire',10,'44_do_you_perform_an_ethical_assessment_of_your_patient_engageme','',0,''),('adherence_questionnaire',10,'49_do_you_have_a_cost_management_process_in_place_e_g_a_defined_','',0,''),('adherence_questionnaire',10,'50_do_you_ensure_that_the_internal_team_has_solid_skills_to_carr','',0,''),('adherence_questionnaire',10,'51_do_you_maintain_accountability_over_time_keeping_track_of_exp','',0,''),('adherence_questionnaire',10,'52_please_describe_or_provide_documentation_','',0,''),('adherence_questionnaire',10,'53_do_you_have_a_process_in_place_to_ensure_that_there_is_a_righ','',0,''),('adherence_questionnaire',10,'54_please_explain_','',0,''),('adherence_questionnaire',10,'55_have_you_developed_a_contingency_plan_risk_management_approac','',0,'Yes'),('adherence_questionnaire',10,'beyond_the_stakeholders_involved_in_the_governance_structure_hav','',0,''),('adherence_questionnaire',10,'could_you_please_describe_how_you_have_defined_the_common_object','',0,''),('adherence_questionnaire',10,'do_you_have_an_agenda_defining_the_priority_areas_mid_term_and_l','',0,''),('adherence_questionnaire',10,'have_you_developed_a_shared_vision_mission_for_your_initiative_','',0,'Yes'),('adherence_questionnaire',10,'have_you_established_a_governance_structure_for_the_ms_care_unit','',0,''),('adherence_questionnaire',10,'initiativeid','',0,''),('adherence_questionnaire',10,'nodeid','',0,'518'),('adherence_questionnaire',10,'_have_you_identified_the_intended_beneficiaries_of_your_research','',0,''),('adherence_questionnaire',16,'11_could_you_please_describe_the_different_bodies_in_your_govern','',0,'test'),('adherence_questionnaire',16,'12_do_you_have_a_procedure_that_describes_the_roles_and_responsi','',0,'Yes'),('adherence_questionnaire',16,'15_please_describe','',0,'test'),('adherence_questionnaire',16,'16_when_establishing_the_governance_boards_do_you_take_into_acco','',0,'Yes'),('adherence_questionnaire',16,'17_please_describe_the_mechanisms_by_which_you_ensure_a_balance_','',0,'test'),('adherence_questionnaire',16,'18_when_establishing_the_governance_boards_do_you_ensure_the_par','',0,'Yes'),('adherence_questionnaire',16,'19_please_describe_the_mechanisms_by_which_you_ensure_a_balance_','',0,'test'),('adherence_questionnaire',16,'20_when_establishing_the_governance_boards_do_you_protect_the_in','',0,'Yes'),('adherence_questionnaire',16,'21_please_describe_the_mechanisms_by_which_you_ensure_a_balance_','',0,'test'),('adherence_questionnaire',16,'22_when_establishing_the_governance_boards_do_you_maintain_commi','',0,'No'),('adherence_questionnaire',16,'23_please_describe_the_mechanisms_by_which_you_ensure_a_balance_','',0,''),('adherence_questionnaire',16,'27_did_you_differentiate_the_level_of_engagement_of_these_stakeh','',0,'Yes'),('adherence_questionnaire',16,'28_do_you_have_a_stakeholder_engagement_strategy_in_place_both_w','',0,'Yes'),('adherence_questionnaire',16,'29_describe_the_methodology_that_is_adopted_in_order_to_put_in_p','',0,'test'),('adherence_questionnaire',16,'30_did_you_perform_a_consultation_process_in_order_to_understand','',0,'Yes'),('adherence_questionnaire',16,'31_did_you_carry_out_an_analysis_to_identify_stakeholders_challe','',0,'Yes'),('adherence_questionnaire',16,'33_with_regard_to_stakeholder_engagement_do_you_have_a_process_t','',0,'Yes'),('adherence_questionnaire',16,'34_please_describe','',0,'test'),('adherence_questionnaire',16,'35_do_you_have_a_process_in_place_to_train_stakeholders_in_order','',0,'No'),('adherence_questionnaire',16,'36_please_describe_the_process_of_training_stakeholders_e_g_the_','',0,''),('adherence_questionnaire',16,'38_in_which_of_the_7_steps_research_innovation_r_i_path_do_you_e','',0,'1. Breaking down boundaries '),('adherence_questionnaire',16,'38_in_which_of_the_7_steps_research_innovation_r_i_path_do_you_e','',1,'2. Research priorities'),('adherence_questionnaire',16,'38_in_which_of_the_7_steps_research_innovation_r_i_path_do_you_e','',2,'3. Steering institutions'),('adherence_questionnaire',16,'38_in_which_of_the_7_steps_research_innovation_r_i_path_do_you_e','',3,'4. Design & plan'),('adherence_questionnaire',16,'39_do_you_have_a_team_manager_dedicated_to_coordinate_the_patien','',0,'Yes'),('adherence_questionnaire',16,'40_do_you_have_indicators_to_measure_the_return_on_patient_engag','',0,'Yes'),('adherence_questionnaire',16,'41_do_you_plan_ad_hoc_training_programs_related_to_the_patient_e','',0,'Yes'),('adherence_questionnaire',16,'42_do_you_have_mechanism_in_place_to_recognize_and_reward_patien','',0,'No'),('adherence_questionnaire',16,'43_do_you_have_dedicated_resources_budget_for_patient_engagement','',0,'No'),('adherence_questionnaire',16,'44_do_you_perform_an_ethical_assessment_of_your_patient_engageme','',0,''),('adherence_questionnaire',16,'49_do_you_have_a_cost_management_process_in_place_e_g_a_defined_','',0,'No'),('adherence_questionnaire',16,'50_do_you_ensure_that_the_internal_team_has_solid_skills_to_carr','',0,'Yes'),('adherence_questionnaire',16,'51_do_you_maintain_accountability_over_time_keeping_track_of_exp','',0,'No'),('adherence_questionnaire',16,'52_please_describe_or_provide_documentation_','',0,''),('adherence_questionnaire',16,'53_do_you_have_a_process_in_place_to_ensure_that_there_is_a_righ','',0,'Yes'),('adherence_questionnaire',16,'54_please_explain_','',0,'test'),('adherence_questionnaire',16,'55_have_you_developed_a_contingency_plan_risk_management_approac','',0,'No'),('adherence_questionnaire',16,'7_please_indicate_which_of_the_following_stakeholders_are_the_in','',0,'Patients'),('adherence_questionnaire',16,'7_please_indicate_which_of_the_following_stakeholders_are_the_in','',1,'Care providers, health and social care organizations and professionals (doctors, nurses, etc.)'),('adherence_questionnaire',16,'beyond_the_stakeholders_involved_in_the_governance_structure_hav','',0,'Yes'),('adherence_questionnaire',16,'could_you_please_describe_how_you_have_defined_the_common_object','',0,'test'),('adherence_questionnaire',16,'do_you_have_an_agenda_defining_the_priority_areas_mid_term_and_l','',0,'Yes'),('adherence_questionnaire',16,'have_you_developed_a_shared_vision_mission_for_your_initiative_','',0,'Yes'),('adherence_questionnaire',16,'have_you_established_a_governance_structure_for_the_ms_care_unit','',0,'Yes'),('adherence_questionnaire',16,'initiativeid','',0,''),('adherence_questionnaire',16,'nodeid','',0,'538'),('adherence_questionnaire',16,'which_of_the_following_stakeholders_took_part_in_defining_the_ob','',0,'Patients organizations, patient associations, advocacy organizations, etc.'),('adherence_questionnaire',16,'which_of_the_following_stakeholders_took_part_in_defining_the_ob','',1,'Society individual citizens, civil society organizations and networks'),('adherence_questionnaire',16,'which_of_the_following_stakeholders_took_part_in_defining_the_ob','',2,'Payers and purchasers, public or private entities responsible for underwriting the costs of health care'),('adherence_questionnaire',16,'_10_which_of_the_following_stakeholders_are_involved_in_the_gove','',0,'Patients'),('adherence_questionnaire',16,'_10_which_of_the_following_stakeholders_are_involved_in_the_gove','',1,'Patients organizations, patient associations, advocacy organizations, etc.'),('adherence_questionnaire',16,'_10_which_of_the_following_stakeholders_are_involved_in_the_gove','',2,'Payers and purchasers, public or private entities responsible for underwriting the costs of health care'),('adherence_questionnaire',16,'_10_which_of_the_following_stakeholders_are_involved_in_the_gove','',3,'Policy makers EU institutions; national, regional and local policy makers'),('adherence_questionnaire',16,'_have_you_identified_the_intended_beneficiaries_of_your_research','',0,'Yes'),('adherence_questionnaire',17,'11_could_you_please_describe_the_different_bodies_in_your_govern','',0,''),('adherence_questionnaire',17,'12_do_you_have_a_procedure_that_describes_the_roles_and_responsi','',0,'Yes'),('adherence_questionnaire',17,'15_please_describe','',0,'The boss is always right.'),('adherence_questionnaire',17,'16_when_establishing_the_governance_boards_do_you_take_into_acco','',0,'Yes'),('adherence_questionnaire',17,'17_please_describe_the_mechanisms_by_which_you_ensure_a_balance_','',0,'You cannot catch hold of it, nor can you get rid of it. \r\nWhen you speak, it is silent. When you are silent, it speaks.'),('adherence_questionnaire',17,'18_when_establishing_the_governance_boards_do_you_ensure_the_par','',0,'Yes'),('adherence_questionnaire',17,'19_please_describe_the_mechanisms_by_which_you_ensure_a_balance_','',0,'What will you do with the relevant documentation? Who will analyse it? What about my very secret corporate data?'),('adherence_questionnaire',17,'20_when_establishing_the_governance_boards_do_you_protect_the_in','',0,'No'),('adherence_questionnaire',17,'21_please_describe_the_mechanisms_by_which_you_ensure_a_balance_','',0,''),('adherence_questionnaire',17,'22_when_establishing_the_governance_boards_do_you_maintain_commi','',0,'No'),('adherence_questionnaire',17,'23_please_describe_the_mechanisms_by_which_you_ensure_a_balance_','',0,''),('adherence_questionnaire',17,'27_did_you_differentiate_the_level_of_engagement_of_these_stakeh','',0,'No'),('adherence_questionnaire',17,'28_do_you_have_a_stakeholder_engagement_strategy_in_place_both_w','',0,'Yes'),('adherence_questionnaire',17,'29_describe_the_methodology_that_is_adopted_in_order_to_put_in_p','',0,'\r\n“Through our eyes, the universe is perceiving itself. Through our ears, the universe is listening to its harmonies. We are the witnesses through which the universe becomes conscious of its glory, of its magnificence.” '),('adherence_questionnaire',17,'30_did_you_perform_a_consultation_process_in_order_to_understand','',0,'No'),('adherence_questionnaire',17,'31_did_you_carry_out_an_analysis_to_identify_stakeholders_challe','',0,''),('adherence_questionnaire',17,'33_with_regard_to_stakeholder_engagement_do_you_have_a_process_t','',0,'No'),('adherence_questionnaire',17,'34_please_describe','',0,''),('adherence_questionnaire',17,'35_do_you_have_a_process_in_place_to_train_stakeholders_in_order','',0,'No'),('adherence_questionnaire',17,'36_please_describe_the_process_of_training_stakeholders_e_g_the_','',0,''),('adherence_questionnaire',17,'38_in_which_of_the_7_steps_research_innovation_r_i_path_do_you_e','',0,'2. Research priorities'),('adherence_questionnaire',17,'38_in_which_of_the_7_steps_research_innovation_r_i_path_do_you_e','',1,'5. Research execution'),('adherence_questionnaire',17,'39_do_you_have_a_team_manager_dedicated_to_coordinate_the_patien','',0,'Yes'),('adherence_questionnaire',17,'40_do_you_have_indicators_to_measure_the_return_on_patient_engag','',0,'No'),('adherence_questionnaire',17,'41_do_you_plan_ad_hoc_training_programs_related_to_the_patient_e','',0,'No'),('adherence_questionnaire',17,'42_do_you_have_mechanism_in_place_to_recognize_and_reward_patien','',0,'Yes'),('adherence_questionnaire',17,'43_do_you_have_dedicated_resources_budget_for_patient_engagement','',0,'No'),('adherence_questionnaire',17,'44_do_you_perform_an_ethical_assessment_of_your_patient_engageme','',0,'Yes'),('adherence_questionnaire',17,'48_if_yes_do_you_have_a_plan_that_defines_the_following_please_t','',0,' Presentation of clear project timeline,including deadlines in order to allow participants to '),('adherence_questionnaire',17,'48_if_yes_do_you_have_a_plan_that_defines_the_following_please_t','',1,' Definition of a clear internal review process, carried out on a periodical basis in order to keep '),('adherence_questionnaire',17,'49_do_you_have_a_cost_management_process_in_place_e_g_a_defined_','',0,'Yes'),('adherence_questionnaire',17,'50_do_you_ensure_that_the_internal_team_has_solid_skills_to_carr','',0,'No'),('adherence_questionnaire',17,'51_do_you_maintain_accountability_over_time_keeping_track_of_exp','',0,'No'),('adherence_questionnaire',17,'52_please_describe_or_provide_documentation_','',0,''),('adherence_questionnaire',17,'53_do_you_have_a_process_in_place_to_ensure_that_there_is_a_righ','',0,'Yes'),('adherence_questionnaire',17,'54_please_explain_','',0,'\r\n“Problems that remain persistently insoluble should always be suspected as questions asked in the wrong way.” '),('adherence_questionnaire',17,'55_have_you_developed_a_contingency_plan_risk_management_approac','',0,'No'),('adherence_questionnaire',17,'7_please_indicate_which_of_the_following_stakeholders_are_the_in','',0,'Patients'),('adherence_questionnaire',17,'7_please_indicate_which_of_the_following_stakeholders_are_the_in','',1,'Patients organizations, patient associations, advocacy organizations, etc.'),('adherence_questionnaire',17,'7_please_indicate_which_of_the_following_stakeholders_are_the_in','',2,'Society individual citizens, civil society organizations and networks'),('adherence_questionnaire',17,'beyond_the_stakeholders_involved_in_the_governance_structure_hav','',0,'Yes'),('adherence_questionnaire',17,'could_you_please_describe_how_you_have_defined_the_common_object','',0,'We tossed a coin, normal.'),('adherence_questionnaire',17,'do_you_have_an_agenda_defining_the_priority_areas_mid_term_and_l','',0,'Yes'),('adherence_questionnaire',17,'have_you_developed_a_shared_vision_mission_for_your_initiative_','',0,'No'),('adherence_questionnaire',17,'have_you_established_a_governance_structure_for_the_ms_care_unit','',0,'No'),('adherence_questionnaire',17,'initiativeid','',0,''),('adherence_questionnaire',17,'nodeid','',0,'540'),('adherence_questionnaire',17,'which_of_the_following_stakeholders_took_part_in_defining_the_ob','',0,'Patients'),('adherence_questionnaire',17,'which_of_the_following_stakeholders_took_part_in_defining_the_ob','',1,'Patients organizations, patient associations, advocacy organizations, etc.'),('adherence_questionnaire',17,'which_of_the_following_stakeholders_took_part_in_defining_the_ob','',2,'Payers and purchasers, public or private entities responsible for underwriting the costs of health care'),('adherence_questionnaire',17,'_10_which_of_the_following_stakeholders_are_involved_in_the_gove','',0,'Patients'),('adherence_questionnaire',17,'_10_which_of_the_following_stakeholders_are_involved_in_the_gove','',1,'Patients organizations, patient associations, advocacy organizations, etc.'),('adherence_questionnaire',17,'_10_which_of_the_following_stakeholders_are_involved_in_the_gove','',2,'Society individual citizens, civil society organizations and networks'),('adherence_questionnaire',17,'_have_you_identified_the_intended_beneficiaries_of_your_research','',0,'Yes'),('adherence_questionnaire',18,'11_could_you_please_describe_the_different_bodies_in_your_govern','',0,''),('adherence_questionnaire',18,'12_do_you_have_a_procedure_that_describes_the_roles_and_responsi','',0,'Yes'),('adherence_questionnaire',18,'15_please_describe','',0,'There are differentials of power and responsibilities.'),('adherence_questionnaire',18,'16_when_establishing_the_governance_boards_do_you_take_into_acco','',0,'No'),('adherence_questionnaire',18,'17_please_describe_the_mechanisms_by_which_you_ensure_a_balance_','',0,''),('adherence_questionnaire',18,'18_when_establishing_the_governance_boards_do_you_ensure_the_par','',0,''),('adherence_questionnaire',18,'19_please_describe_the_mechanisms_by_which_you_ensure_a_balance_','',0,''),('adherence_questionnaire',18,'20_when_establishing_the_governance_boards_do_you_protect_the_in','',0,''),('adherence_questionnaire',18,'21_please_describe_the_mechanisms_by_which_you_ensure_a_balance_','',0,''),('adherence_questionnaire',18,'22_when_establishing_the_governance_boards_do_you_maintain_commi','',0,''),('adherence_questionnaire',18,'23_please_describe_the_mechanisms_by_which_you_ensure_a_balance_','',0,''),('adherence_questionnaire',18,'27_did_you_differentiate_the_level_of_engagement_of_these_stakeh','',0,''),('adherence_questionnaire',18,'28_do_you_have_a_stakeholder_engagement_strategy_in_place_both_w','',0,''),('adherence_questionnaire',18,'29_describe_the_methodology_that_is_adopted_in_order_to_put_in_p','',0,''),('adherence_questionnaire',18,'30_did_you_perform_a_consultation_process_in_order_to_understand','',0,''),('adherence_questionnaire',18,'31_did_you_carry_out_an_analysis_to_identify_stakeholders_challe','',0,''),('adherence_questionnaire',18,'33_with_regard_to_stakeholder_engagement_do_you_have_a_process_t','',0,''),('adherence_questionnaire',18,'34_please_describe','',0,''),('adherence_questionnaire',18,'35_do_you_have_a_process_in_place_to_train_stakeholders_in_order','',0,''),('adherence_questionnaire',18,'36_please_describe_the_process_of_training_stakeholders_e_g_the_','',0,''),('adherence_questionnaire',18,'38_in_which_of_the_7_steps_research_innovation_r_i_path_do_you_e','',0,'2. Research priorities'),('adherence_questionnaire',18,'38_in_which_of_the_7_steps_research_innovation_r_i_path_do_you_e','',1,'4. Design & plan'),('adherence_questionnaire',18,'38_in_which_of_the_7_steps_research_innovation_r_i_path_do_you_e','',2,'7. Translation to community'),('adherence_questionnaire',18,'39_do_you_have_a_team_manager_dedicated_to_coordinate_the_patien','',0,''),('adherence_questionnaire',18,'40_do_you_have_indicators_to_measure_the_return_on_patient_engag','',0,''),('adherence_questionnaire',18,'41_do_you_plan_ad_hoc_training_programs_related_to_the_patient_e','',0,''),('adherence_questionnaire',18,'42_do_you_have_mechanism_in_place_to_recognize_and_reward_patien','',0,''),('adherence_questionnaire',18,'43_do_you_have_dedicated_resources_budget_for_patient_engagement','',0,''),('adherence_questionnaire',18,'44_do_you_perform_an_ethical_assessment_of_your_patient_engageme','',0,''),('adherence_questionnaire',18,'49_do_you_have_a_cost_management_process_in_place_e_g_a_defined_','',0,''),('adherence_questionnaire',18,'50_do_you_ensure_that_the_internal_team_has_solid_skills_to_carr','',0,''),('adherence_questionnaire',18,'51_do_you_maintain_accountability_over_time_keeping_track_of_exp','',0,''),('adherence_questionnaire',18,'52_please_describe_or_provide_documentation_','',0,''),('adherence_questionnaire',18,'53_do_you_have_a_process_in_place_to_ensure_that_there_is_a_righ','',0,''),('adherence_questionnaire',18,'54_please_explain_','',0,''),('adherence_questionnaire',18,'55_have_you_developed_a_contingency_plan_risk_management_approac','',0,''),('adherence_questionnaire',18,'7_please_indicate_which_of_the_following_stakeholders_are_the_in','',0,'Patients'),('adherence_questionnaire',18,'7_please_indicate_which_of_the_following_stakeholders_are_the_in','',1,'Patients organizations, patient associations, advocacy organizations, etc.'),('adherence_questionnaire',18,'7_please_indicate_which_of_the_following_stakeholders_are_the_in','',2,'Policy makers EU institutions; national, regional and local policy makers'),('adherence_questionnaire',18,'7_please_indicate_which_of_the_following_stakeholders_are_the_in','',3,'Research and education organizations Research organizations; Universities; Education providers; Foundations; Other research projects'),('adherence_questionnaire',18,'beyond_the_stakeholders_involved_in_the_governance_structure_hav','',0,'No'),('adherence_questionnaire',18,'could_you_please_describe_how_you_have_defined_the_common_object','',0,'Through a multi-stakeholder engagement process.'),('adherence_questionnaire',18,'do_you_have_an_agenda_defining_the_priority_areas_mid_term_and_l','',0,'No'),('adherence_questionnaire',18,'have_you_developed_a_shared_vision_mission_for_your_initiative_','',0,'No'),('adherence_questionnaire',18,'have_you_established_a_governance_structure_for_the_ms_care_unit','',0,'No'),('adherence_questionnaire',18,'initiativeid','',0,''),('adherence_questionnaire',18,'nodeid','',0,'539'),('adherence_questionnaire',18,'which_of_the_following_stakeholders_took_part_in_defining_the_ob','',0,'Patients'),('adherence_questionnaire',18,'which_of_the_following_stakeholders_took_part_in_defining_the_ob','',1,'Patients organizations, patient associations, advocacy organizations, etc.'),('adherence_questionnaire',18,'which_of_the_following_stakeholders_took_part_in_defining_the_ob','',2,'Policy makers EU institutions; national, regional and local policy makers'),('adherence_questionnaire',18,'which_of_the_following_stakeholders_took_part_in_defining_the_ob','',3,'Research and education organizations Research organizations; Universities; Education providers; Foundations; Other research projects'),('adherence_questionnaire',18,'_10_which_of_the_following_stakeholders_are_involved_in_the_gove','',0,'Patients'),('adherence_questionnaire',18,'_10_which_of_the_following_stakeholders_are_involved_in_the_gove','',1,'Patients organizations, patient associations, advocacy organizations, etc.'),('adherence_questionnaire',18,'_10_which_of_the_following_stakeholders_are_involved_in_the_gove','',2,'Policy makers EU institutions; national, regional and local policy makers'),('adherence_questionnaire',18,'_10_which_of_the_following_stakeholders_are_involved_in_the_gove','',3,'Research and education organizations Research organizations; Universities; Education providers; Foundations; Other research projects'),('adherence_questionnaire',18,'_have_you_identified_the_intended_beneficiaries_of_your_research','',0,'Yes'),('adherence_questionnaire',20,'11_could_you_please_describe_the_different_bodies_in_your_govern','',0,'The Executive Committee, composed by members of the managing MS Societes, is the decision making body for the Progressive MS Alliance and has the authority to act on its behalf. It leads all aspects of the Alliance including planning and budgeting, scientific review, research funding, communications and fundraising.\r\n\r\nhe Scientific Steering Committee consists of staff and volunteers (scientific experts and people with MS) appointed by Alliance members. It guides the scientific direction and research activities of the Alliance and oversees the work of the Scientific Review Committees and the Scientific Operations Work Group.\r\n\r\nInvolvement of the pharmaceutical and biotechnology industry is fundamental in achieving the mission of the Alliance. This sector has the capacity to contribute knowledge and resources needed to drive drug discovery and development in progressive MS. Industry participates in the work of the Alliance through the Industry Forum, the venue for industry to provide advice and recommendations to the Alliance Scientific Steering Committee and contribute financial support towards the ongoing research initiatives of the Alliance.'),('adherence_questionnaire',20,'12_do_you_have_a_procedure_that_describes_the_roles_and_responsi','',0,'No'),('adherence_questionnaire',20,'15_please_describe','',0,'In the Executive Committee only one stakeholder, patient organization, have voting rights'),('adherence_questionnaire',20,'16_when_establishing_the_governance_boards_do_you_take_into_acco','',0,'Yes'),('adherence_questionnaire',20,'17_please_describe_the_mechanisms_by_which_you_ensure_a_balance_','',0,'The main factor met is the geographical coverage'),('adherence_questionnaire',20,'18_when_establishing_the_governance_boards_do_you_ensure_the_par','',0,'Yes'),('adherence_questionnaire',20,'19_please_describe_the_mechanisms_by_which_you_ensure_a_balance_','',0,'Call was opened Worldwide to recruit disadvantaged stakeholders (people with progressive MS)'),('adherence_questionnaire',20,'20_when_establishing_the_governance_boards_do_you_protect_the_in','',0,'No'),('adherence_questionnaire',20,'21_please_describe_the_mechanisms_by_which_you_ensure_a_balance_','',0,''),('adherence_questionnaire',20,'22_when_establishing_the_governance_boards_do_you_maintain_commi','',0,'No'),('adherence_questionnaire',20,'23_please_describe_the_mechanisms_by_which_you_ensure_a_balance_','',0,''),('adherence_questionnaire',20,'27_did_you_differentiate_the_level_of_engagement_of_these_stakeh','',0,'No'),('adherence_questionnaire',20,'28_do_you_have_a_stakeholder_engagement_strategy_in_place_both_w','',0,'No'),('adherence_questionnaire',20,'29_describe_the_methodology_that_is_adopted_in_order_to_put_in_p','',0,''),('adherence_questionnaire',20,'30_did_you_perform_a_consultation_process_in_order_to_understand','',0,'No'),('adherence_questionnaire',20,'31_did_you_carry_out_an_analysis_to_identify_stakeholders_challe','',0,'No'),('adherence_questionnaire',20,'33_with_regard_to_stakeholder_engagement_do_you_have_a_process_t','',0,'No'),('adherence_questionnaire',20,'34_please_describe','',0,''),('adherence_questionnaire',20,'35_do_you_have_a_process_in_place_to_train_stakeholders_in_order','',0,'No'),('adherence_questionnaire',20,'36_please_describe_the_process_of_training_stakeholders_e_g_the_','',0,''),('adherence_questionnaire',20,'38_in_which_of_the_7_steps_research_innovation_r_i_path_do_you_e','',0,'1. Breaking down boundaries '),('adherence_questionnaire',20,'38_in_which_of_the_7_steps_research_innovation_r_i_path_do_you_e','',1,'3. Steering institutions'),('adherence_questionnaire',20,'38_in_which_of_the_7_steps_research_innovation_r_i_path_do_you_e','',2,'6. Evaluation'),('adherence_questionnaire',20,'39_do_you_have_a_team_manager_dedicated_to_coordinate_the_patien','',0,'No'),('adherence_questionnaire',20,'40_do_you_have_indicators_to_measure_the_return_on_patient_engag','',0,'No'),('adherence_questionnaire',20,'41_do_you_plan_ad_hoc_training_programs_related_to_the_patient_e','',0,'Yes'),('adherence_questionnaire',20,'42_do_you_have_mechanism_in_place_to_recognize_and_reward_patien','',0,'No'),('adherence_questionnaire',20,'43_do_you_have_dedicated_resources_budget_for_patient_engagement','',0,'No'),('adherence_questionnaire',20,'44_do_you_perform_an_ethical_assessment_of_your_patient_engageme','',0,'No'),('adherence_questionnaire',20,'48_if_yes_do_you_have_a_plan_that_defines_the_following_please_t','',0,'Specific actions that different stakeholders commit to implement in order to achieve the objectives of the initiative; '),('adherence_questionnaire',20,'48_if_yes_do_you_have_a_plan_that_defines_the_following_please_t','',1,'Definition and composition of Working Groups, which might practically deal with the implementation of such actions; '),('adherence_questionnaire',20,'48_if_yes_do_you_have_a_plan_that_defines_the_following_please_t','',2,' Presentation of clear project timeline,including deadlines in order to allow participants to '),('adherence_questionnaire',20,'48_if_yes_do_you_have_a_plan_that_defines_the_following_please_t','',3,' Definition of a clear internal review process, carried out on a periodical basis in order to keep '),('adherence_questionnaire',20,'48_if_yes_do_you_have_a_plan_that_defines_the_following_please_t','',4,' track of the achieved targets; '),('adherence_questionnaire',20,'48_if_yes_do_you_have_a_plan_that_defines_the_following_please_t','',5,' Information regarding the organization \"touch points meetings\" (such as periodic events or webinars) '),('adherence_questionnaire',20,'49_do_you_have_a_cost_management_process_in_place_e_g_a_defined_','',0,'Yes'),('adherence_questionnaire',20,'50_do_you_ensure_that_the_internal_team_has_solid_skills_to_carr','',0,'Yes'),('adherence_questionnaire',20,'51_do_you_maintain_accountability_over_time_keeping_track_of_exp','',0,'Yes'),('adherence_questionnaire',20,'52_please_describe_or_provide_documentation_','',0,'see e.g. https://www.progressivemsalliance.org/about-us/2019-progress-report/'),('adherence_questionnaire',20,'53_do_you_have_a_process_in_place_to_ensure_that_there_is_a_righ','',0,'No'),('adherence_questionnaire',20,'54_please_explain_','',0,''),('adherence_questionnaire',20,'55_have_you_developed_a_contingency_plan_risk_management_approac','',0,'No'),('adherence_questionnaire',20,'7_please_indicate_which_of_the_following_stakeholders_are_the_in','',0,'Patients'),('adherence_questionnaire',20,'7_please_indicate_which_of_the_following_stakeholders_are_the_in','',1,'Policy makers EU institutions; national, regional and local policy makers'),('adherence_questionnaire',20,'7_please_indicate_which_of_the_following_stakeholders_are_the_in','',2,'Industry companies developing and selling health products (drugs, devices, applications, etc.) and services sector'),('adherence_questionnaire',20,'beyond_the_stakeholders_involved_in_the_governance_structure_hav','',0,'Yes'),('adherence_questionnaire',20,'could_you_please_describe_how_you_have_defined_the_common_object','',0,' A collaborative was convened by volunteer and staff leaders from several MS societies with the mission to expedite the development of effective disease-modifying and symptom management therapies for progressive forms of multiple sclerosis. Through a series of scientific and strategic planning meetings, the collaborative identified and developed new perspectives on five key priority areas for research: experimental models, identification and validation of targets and repurposing opportunities, proof-of-concept clinical trial strategies, clinical outcome measures, and symptom management and rehabilitation. '),('adherence_questionnaire',20,'do_you_have_an_agenda_defining_the_priority_areas_mid_term_and_l','',0,'Yes'),('adherence_questionnaire',20,'have_you_developed_a_shared_vision_mission_for_your_initiative_','',0,'Yes'),('adherence_questionnaire',20,'have_you_established_a_governance_structure_for_the_ms_care_unit','',0,'Yes'),('adherence_questionnaire',20,'initiativeid','',0,''),('adherence_questionnaire',20,'nodeid','',0,'543'),('adherence_questionnaire',20,'which_of_the_following_stakeholders_took_part_in_defining_the_ob','',0,'Patients organizations, patient associations, advocacy organizations, etc.'),('adherence_questionnaire',20,'which_of_the_following_stakeholders_took_part_in_defining_the_ob','',1,'Care providers, health and social care organizations and professionals (doctors, nurses, etc.)'),('adherence_questionnaire',20,'which_of_the_following_stakeholders_took_part_in_defining_the_ob','',2,'Research and education organizations Research organizations; Universities; Education providers; Foundations; Other research projects'),('adherence_questionnaire',20,'_10_which_of_the_following_stakeholders_are_involved_in_the_gove','',0,'Patients organizations, patient associations, advocacy organizations, etc.'),('adherence_questionnaire',20,'_have_you_identified_the_intended_beneficiaries_of_your_research','',0,'Yes'),('adherence_questionnaire',21,'11_could_you_please_describe_the_different_bodies_in_your_govern','',0,''),('adherence_questionnaire',21,'12_do_you_have_a_procedure_that_describes_the_roles_and_responsi','',0,'Yes'),('adherence_questionnaire',21,'14_do_you_have_a_collective_action_plan_in_place_in_order_to_ach','',0,'Yes'),('adherence_questionnaire',21,'15_please_describe','',0,''),('adherence_questionnaire',21,'16_when_establishing_the_governance_boards_do_you_take_into_acco','',0,'No'),('adherence_questionnaire',21,'17_please_describe_the_mechanisms_by_which_you_ensure_a_balance_','',0,''),('adherence_questionnaire',21,'18_when_establishing_the_governance_boards_do_you_ensure_the_par','',0,'Yes'),('adherence_questionnaire',21,'19_please_describe_the_mechanisms_by_which_you_ensure_a_balance_','',0,''),('adherence_questionnaire',21,'20_when_establishing_the_governance_boards_do_you_protect_the_in','',0,'Yes'),('adherence_questionnaire',21,'21_please_describe_the_mechanisms_by_which_you_ensure_a_balance_','',0,''),('adherence_questionnaire',21,'22_when_establishing_the_governance_boards_do_you_maintain_commi','',0,'Yes'),('adherence_questionnaire',21,'23_please_describe_the_mechanisms_by_which_you_ensure_a_balance_','',0,''),('adherence_questionnaire',21,'27_did_you_differentiate_the_level_of_engagement_of_these_stakeh','',0,''),('adherence_questionnaire',21,'28_do_you_have_a_stakeholder_engagement_strategy_in_place_both_w','',0,''),('adherence_questionnaire',21,'29_describe_the_methodology_that_is_adopted_in_order_to_put_in_p','',0,''),('adherence_questionnaire',21,'30_did_you_perform_a_consultation_process_in_order_to_understand','',0,''),('adherence_questionnaire',21,'31_did_you_carry_out_an_analysis_to_identify_stakeholders_challe','',0,''),('adherence_questionnaire',21,'33_with_regard_to_stakeholder_engagement_do_you_have_a_process_t','',0,''),('adherence_questionnaire',21,'34_please_describe','',0,''),('adherence_questionnaire',21,'35_do_you_have_a_process_in_place_to_train_stakeholders_in_order','',0,''),('adherence_questionnaire',21,'36_please_describe_the_process_of_training_stakeholders_e_g_the_','',0,''),('adherence_questionnaire',21,'39_do_you_have_a_team_manager_dedicated_to_coordinate_the_patien','',0,''),('adherence_questionnaire',21,'40_do_you_have_indicators_to_measure_the_return_on_patient_engag','',0,''),('adherence_questionnaire',21,'41_do_you_plan_ad_hoc_training_programs_related_to_the_patient_e','',0,''),('adherence_questionnaire',21,'42_do_you_have_mechanism_in_place_to_recognize_and_reward_patien','',0,''),('adherence_questionnaire',21,'43_do_you_have_dedicated_resources_budget_for_patient_engagement','',0,''),('adherence_questionnaire',21,'44_do_you_perform_an_ethical_assessment_of_your_patient_engageme','',0,'Yes'),('adherence_questionnaire',21,'49_do_you_have_a_cost_management_process_in_place_e_g_a_defined_','',0,''),('adherence_questionnaire',21,'50_do_you_ensure_that_the_internal_team_has_solid_skills_to_carr','',0,''),('adherence_questionnaire',21,'51_do_you_maintain_accountability_over_time_keeping_track_of_exp','',0,''),('adherence_questionnaire',21,'52_please_describe_or_provide_documentation_','',0,''),('adherence_questionnaire',21,'53_do_you_have_a_process_in_place_to_ensure_that_there_is_a_righ','',0,''),('adherence_questionnaire',21,'54_please_explain_','',0,''),('adherence_questionnaire',21,'55_have_you_developed_a_contingency_plan_risk_management_approac','',0,''),('adherence_questionnaire',21,'5_3_1_please_describe_that_procedure','',0,''),('adherence_questionnaire',21,'5_4_do_the_stakeholder_participating_in_the_governance_of_the_in','',0,'Yes'),('adherence_questionnaire',21,'5_8_1b_or_provide_us_with_the_relevant_documentation_','',0,''),('adherence_questionnaire',21,'6_5_1_could_you_please_provide_the_report_of_this_analysis_','',0,''),('adherence_questionnaire',21,'7_do_you_engage_patients_in_your_research_innovation_r_i_in_one_','',0,''),('adherence_questionnaire',21,'7_please_indicate_which_of_the_following_stakeholders_are_the_in','',0,'Society individual citizens, civil society organizations and networks'),('adherence_questionnaire',21,'7_please_indicate_which_of_the_following_stakeholders_are_the_in','',1,'Policy makers EU institutions; national, regional and local policy makers'),('adherence_questionnaire',21,'are_the_monitoring_and_the_assessment_systems_and_the_related_in','',0,''),('adherence_questionnaire',21,'beyond_the_stakeholders_involved_in_the_governance_structure_hav','',0,''),('adherence_questionnaire',21,'can_you_provide_any_of_those_reports_','',0,''),('adherence_questionnaire',21,'could_you_please_describe_how_you_have_defined_the_common_object','',0,''),('adherence_questionnaire',21,'does_this_assessment_include_indicators_related_to_the_patient_d','',0,''),('adherence_questionnaire',21,'does_this_assessment_involve_stakeholders_in_the_gathering_of_da','',0,''),('adherence_questionnaire',21,'do_you_communicate_with_stakeholders_about_the_progress_of_the_i','',0,''),('adherence_questionnaire',21,'do_you_have_an_agenda_defining_the_priority_areas_mid_term_and_l','',0,'Yes'),('adherence_questionnaire',21,'do_you_have_a_monitoring_system_for_the_implementation_of_the_ac','',0,''),('adherence_questionnaire',21,'do_you_have_a_process_in_place_to_gather_feedback_from_external_','',0,'Yes'),('adherence_questionnaire',21,'do_you_have_a_review_process_in_place_to_improve_the_initiative_','',0,'Yes'),('adherence_questionnaire',21,'do_you_publish_a_progress_report_','',0,''),('adherence_questionnaire',21,'have_you_defined_an_assessment_system_that_allow_to_measure_init','',0,'Yes'),('adherence_questionnaire',21,'have_you_developed_a_shared_vision_mission_for_your_initiative_','',0,'No'),('adherence_questionnaire',21,'have_you_established_a_governance_structure_for_the_ms_care_unit','',0,'Yes'),('adherence_questionnaire',21,'initiativeid','',0,''),('adherence_questionnaire',21,'is_this_review_process_strictly_internal_or_is_there_a_third_par','',0,''),('adherence_questionnaire',21,'nodeid','',0,'0'),('adherence_questionnaire',21,'or_provide_a_copy_of_that_procedure','',0,''),('adherence_questionnaire',21,'or_provide_us_with_the_relevant_documentation_','',0,''),('adherence_questionnaire',21,'or_provide_us_with_the_relevant_documentation_2','',0,''),('adherence_questionnaire',21,'please_describe3','',0,''),('adherence_questionnaire',21,'please_describe_how_the_measurement_is_linked_to_the_objectives_','',0,''),('adherence_questionnaire',21,'please_describe_how_you_communicate_with_the_stakeholders_on_pro','',0,''),('adherence_questionnaire',21,'please_provide_relevant_documents_if_any','',0,''),('adherence_questionnaire',21,'pleas_describe_the_process_provide_documentation_that_allows_the','',0,''),('adherence_questionnaire',21,'ror_provide_us_with_the_relevant_documentation_','',0,''),('adherence_questionnaire',21,'what_is_the_frequency_of_publishing_progress_reports_','',0,''),('adherence_questionnaire',21,'_have_you_identified_the_intended_beneficiaries_of_your_research','',0,'Yes'),('adherence_questionnaire',22,'11_could_you_please_describe_the_different_bodies_in_your_govern','',0,'xxxxxx'),('adherence_questionnaire',22,'12_do_you_have_a_procedure_that_describes_the_roles_and_responsi','',0,'No'),('adherence_questionnaire',22,'15_please_describe','',0,''),('adherence_questionnaire',22,'16_when_establishing_the_governance_boards_do_you_take_into_acco','',0,'Yes'),('adherence_questionnaire',22,'17_please_describe_the_mechanisms_by_which_you_ensure_a_balance_','',0,'xxxxx'),('adherence_questionnaire',22,'18_when_establishing_the_governance_boards_do_you_ensure_the_par','',0,'No'),('adherence_questionnaire',22,'19_please_describe_the_mechanisms_by_which_you_ensure_a_balance_','',0,''),('adherence_questionnaire',22,'20_when_establishing_the_governance_boards_do_you_protect_the_in','',0,''),('adherence_questionnaire',22,'21_please_describe_the_mechanisms_by_which_you_ensure_a_balance_','',0,''),('adherence_questionnaire',22,'22_when_establishing_the_governance_boards_do_you_maintain_commi','',0,''),('adherence_questionnaire',22,'23_please_describe_the_mechanisms_by_which_you_ensure_a_balance_','',0,''),('adherence_questionnaire',22,'27_did_you_differentiate_the_level_of_engagement_of_these_stakeh','',0,''),('adherence_questionnaire',22,'28_do_you_have_a_stakeholder_engagement_strategy_in_place_both_w','',0,''),('adherence_questionnaire',22,'29_describe_the_methodology_that_is_adopted_in_order_to_put_in_p','',0,''),('adherence_questionnaire',22,'30_did_you_perform_a_consultation_process_in_order_to_understand','',0,''),('adherence_questionnaire',22,'31_did_you_carry_out_an_analysis_to_identify_stakeholders_challe','',0,''),('adherence_questionnaire',22,'33_with_regard_to_stakeholder_engagement_do_you_have_a_process_t','',0,''),('adherence_questionnaire',22,'34_please_describe','',0,''),('adherence_questionnaire',22,'35_do_you_have_a_process_in_place_to_train_stakeholders_in_order','',0,''),('adherence_questionnaire',22,'36_please_describe_the_process_of_training_stakeholders_e_g_the_','',0,''),('adherence_questionnaire',22,'39_do_you_have_a_team_manager_dedicated_to_coordinate_the_patien','',0,''),('adherence_questionnaire',22,'40_do_you_have_indicators_to_measure_the_return_on_patient_engag','',0,''),('adherence_questionnaire',22,'41_do_you_plan_ad_hoc_training_programs_related_to_the_patient_e','',0,''),('adherence_questionnaire',22,'42_do_you_have_mechanism_in_place_to_recognize_and_reward_patien','',0,''),('adherence_questionnaire',22,'43_do_you_have_dedicated_resources_budget_for_patient_engagement','',0,''),('adherence_questionnaire',22,'44_do_you_perform_an_ethical_assessment_of_your_patient_engageme','',0,''),('adherence_questionnaire',22,'49_do_you_have_a_cost_management_process_in_place_e_g_a_defined_','',0,''),('adherence_questionnaire',22,'50_do_you_ensure_that_the_internal_team_has_solid_skills_to_carr','',0,''),('adherence_questionnaire',22,'51_do_you_maintain_accountability_over_time_keeping_track_of_exp','',0,''),('adherence_questionnaire',22,'52_please_describe_or_provide_documentation_','',0,''),('adherence_questionnaire',22,'53_do_you_have_a_process_in_place_to_ensure_that_there_is_a_righ','',0,''),('adherence_questionnaire',22,'54_please_explain_','',0,''),('adherence_questionnaire',22,'55_have_you_developed_a_contingency_plan_risk_management_approac','',0,''),('adherence_questionnaire',22,'7_please_indicate_which_of_the_following_stakeholders_are_the_in','',0,'Society individual citizens, civil society organizations and networks'),('adherence_questionnaire',22,'7_please_indicate_which_of_the_following_stakeholders_are_the_in','',1,'Care providers, health and social care organizations and professionals (doctors, nurses, etc.)'),('adherence_questionnaire',22,'beyond_the_stakeholders_involved_in_the_governance_structure_hav','',0,'Yes'),('adherence_questionnaire',22,'could_you_please_describe_how_you_have_defined_the_common_object','',0,'xxxxxxxxxxxxxxxx'),('adherence_questionnaire',22,'do_you_have_an_agenda_defining_the_priority_areas_mid_term_and_l','',0,'Yes'),('adherence_questionnaire',22,'have_you_developed_a_shared_vision_mission_for_your_initiative_','',0,'Yes'),('adherence_questionnaire',22,'have_you_established_a_governance_structure_for_the_ms_care_unit','',0,'Yes'),('adherence_questionnaire',22,'initiativeid','',0,''),('adherence_questionnaire',22,'nodeid','',0,'545'),('adherence_questionnaire',22,'which_of_the_following_stakeholders_took_part_in_defining_the_ob','',0,'Patients'),('adherence_questionnaire',22,'which_of_the_following_stakeholders_took_part_in_defining_the_ob','',1,'Patients organizations, patient associations, advocacy organizations, etc.'),('adherence_questionnaire',22,'which_of_the_following_stakeholders_took_part_in_defining_the_ob','',2,'Policy makers EU institutions; national, regional and local policy makers'),('adherence_questionnaire',22,'which_of_the_following_stakeholders_took_part_in_defining_the_ob','',3,'Research and education organizations Research organizations; Universities; Education providers; Foundations; Other research projects'),('adherence_questionnaire',22,'_10_which_of_the_following_stakeholders_are_involved_in_the_gove','',0,'Patients'),('adherence_questionnaire',22,'_10_which_of_the_following_stakeholders_are_involved_in_the_gove','',1,'Care providers, health and social care organizations and professionals (doctors, nurses, etc.)'),('adherence_questionnaire',22,'_10_which_of_the_following_stakeholders_are_involved_in_the_gove','',2,'Industry companies developing and selling health products (drugs, devices, applications, etc.) and services sector'),('adherence_questionnaire',22,'_have_you_identified_the_intended_beneficiaries_of_your_research','',0,'Yes'),('adherence_questionnaire',23,'11_could_you_please_describe_the_different_bodies_in_your_govern','',0,''),('adherence_questionnaire',23,'12_do_you_have_a_procedure_that_describes_the_roles_and_responsi','',0,'No'),('adherence_questionnaire',23,'15_please_describe','',0,''),('adherence_questionnaire',23,'16_when_establishing_the_governance_boards_do_you_take_into_acco','',0,'Yes'),('adherence_questionnaire',23,'17_please_describe_the_mechanisms_by_which_you_ensure_a_balance_','',0,''),('adherence_questionnaire',23,'18_when_establishing_the_governance_boards_do_you_ensure_the_par','',0,'No'),('adherence_questionnaire',23,'19_please_describe_the_mechanisms_by_which_you_ensure_a_balance_','',0,''),('adherence_questionnaire',23,'20_when_establishing_the_governance_boards_do_you_protect_the_in','',0,'No'),('adherence_questionnaire',23,'21_please_describe_the_mechanisms_by_which_you_ensure_a_balance_','',0,''),('adherence_questionnaire',23,'22_when_establishing_the_governance_boards_do_you_maintain_commi','',0,'No'),('adherence_questionnaire',23,'23_please_describe_the_mechanisms_by_which_you_ensure_a_balance_','',0,''),('adherence_questionnaire',23,'27_did_you_differentiate_the_level_of_engagement_of_these_stakeh','',0,'No'),('adherence_questionnaire',23,'28_do_you_have_a_stakeholder_engagement_strategy_in_place_both_w','',0,'No'),('adherence_questionnaire',23,'29_describe_the_methodology_that_is_adopted_in_order_to_put_in_p','',0,''),('adherence_questionnaire',23,'30_did_you_perform_a_consultation_process_in_order_to_understand','',0,'No'),('adherence_questionnaire',23,'31_did_you_carry_out_an_analysis_to_identify_stakeholders_challe','',0,'No'),('adherence_questionnaire',23,'33_with_regard_to_stakeholder_engagement_do_you_have_a_process_t','',0,'No'),('adherence_questionnaire',23,'34_please_describe','',0,''),('adherence_questionnaire',23,'35_do_you_have_a_process_in_place_to_train_stakeholders_in_order','',0,'Yes'),('adherence_questionnaire',23,'36_please_describe_the_process_of_training_stakeholders_e_g_the_','',0,''),('adherence_questionnaire',23,'38_in_which_of_the_7_steps_research_innovation_r_i_path_do_you_e','',0,'2. Research priorities'),('adherence_questionnaire',23,'38_in_which_of_the_7_steps_research_innovation_r_i_path_do_you_e','',1,'4. Design & plan'),('adherence_questionnaire',23,'38_in_which_of_the_7_steps_research_innovation_r_i_path_do_you_e','',2,'5. Research execution'),('adherence_questionnaire',23,'39_do_you_have_a_team_manager_dedicated_to_coordinate_the_patien','',0,'No'),('adherence_questionnaire',23,'40_do_you_have_indicators_to_measure_the_return_on_patient_engag','',0,'No'),('adherence_questionnaire',23,'41_do_you_plan_ad_hoc_training_programs_related_to_the_patient_e','',0,'No'),('adherence_questionnaire',23,'42_do_you_have_mechanism_in_place_to_recognize_and_reward_patien','',0,'No'),('adherence_questionnaire',23,'43_do_you_have_dedicated_resources_budget_for_patient_engagement','',0,'Yes'),('adherence_questionnaire',23,'44_do_you_perform_an_ethical_assessment_of_your_patient_engageme','',0,'No'),('adherence_questionnaire',23,'49_do_you_have_a_cost_management_process_in_place_e_g_a_defined_','',0,'No'),('adherence_questionnaire',23,'50_do_you_ensure_that_the_internal_team_has_solid_skills_to_carr','',0,'Yes'),('adherence_questionnaire',23,'51_do_you_maintain_accountability_over_time_keeping_track_of_exp','',0,'Yes'),('adherence_questionnaire',23,'52_please_describe_or_provide_documentation_','',0,''),('adherence_questionnaire',23,'53_do_you_have_a_process_in_place_to_ensure_that_there_is_a_righ','',0,'No'),('adherence_questionnaire',23,'54_please_explain_','',0,''),('adherence_questionnaire',23,'55_have_you_developed_a_contingency_plan_risk_management_approac','',0,'No'),('adherence_questionnaire',23,'beyond_the_stakeholders_involved_in_the_governance_structure_hav','',0,'Yes'),('adherence_questionnaire',23,'could_you_please_describe_how_you_have_defined_the_common_object','',0,''),('adherence_questionnaire',23,'do_you_have_an_agenda_defining_the_priority_areas_mid_term_and_l','',0,'No'),('adherence_questionnaire',23,'have_you_developed_a_shared_vision_mission_for_your_initiative_','',0,'Yes'),('adherence_questionnaire',23,'have_you_established_a_governance_structure_for_the_ms_care_unit','',0,'No'),('adherence_questionnaire',23,'initiativeid','',0,''),('adherence_questionnaire',23,'nodeid','',0,'544'),('adherence_questionnaire',23,'which_of_the_following_stakeholders_took_part_in_defining_the_ob','',0,'Patients'),('adherence_questionnaire',23,'which_of_the_following_stakeholders_took_part_in_defining_the_ob','',1,'Society individual citizens, civil society organizations and networks'),('adherence_questionnaire',23,'which_of_the_following_stakeholders_took_part_in_defining_the_ob','',2,'Policy makers EU institutions; national, regional and local policy makers'),('adherence_questionnaire',23,'_10_which_of_the_following_stakeholders_are_involved_in_the_gove','',0,'Care providers, health and social care organizations and professionals (doctors, nurses, etc.)'),('adherence_questionnaire',23,'_10_which_of_the_following_stakeholders_are_involved_in_the_gove','',1,'Policy makers EU institutions; national, regional and local policy makers'),('adherence_questionnaire',23,'_have_you_identified_the_intended_beneficiaries_of_your_research','',0,'No'),('adherence_questionnaire',24,'11_could_you_please_describe_the_different_bodies_in_your_govern','',0,''),('adherence_questionnaire',24,'12_do_you_have_a_procedure_that_describes_the_roles_and_responsi','',0,'Yes'),('adherence_questionnaire',24,'15_please_describe','',0,''),('adherence_questionnaire',24,'16_when_establishing_the_governance_boards_do_you_take_into_acco','',0,'Yes'),('adherence_questionnaire',24,'17_please_describe_the_mechanisms_by_which_you_ensure_a_balance_','',0,''),('adherence_questionnaire',24,'18_when_establishing_the_governance_boards_do_you_ensure_the_par','',0,'Yes'),('adherence_questionnaire',24,'19_please_describe_the_mechanisms_by_which_you_ensure_a_balance_','',0,''),('adherence_questionnaire',24,'20_when_establishing_the_governance_boards_do_you_protect_the_in','',0,'No'),('adherence_questionnaire',24,'21_please_describe_the_mechanisms_by_which_you_ensure_a_balance_','',0,''),('adherence_questionnaire',24,'22_when_establishing_the_governance_boards_do_you_maintain_commi','',0,'No'),('adherence_questionnaire',24,'23_please_describe_the_mechanisms_by_which_you_ensure_a_balance_','',0,''),('adherence_questionnaire',24,'27_did_you_differentiate_the_level_of_engagement_of_these_stakeh','',0,'No'),('adherence_questionnaire',24,'28_do_you_have_a_stakeholder_engagement_strategy_in_place_both_w','',0,'No'),('adherence_questionnaire',24,'29_describe_the_methodology_that_is_adopted_in_order_to_put_in_p','',0,''),('adherence_questionnaire',24,'30_did_you_perform_a_consultation_process_in_order_to_understand','',0,'No'),('adherence_questionnaire',24,'31_did_you_carry_out_an_analysis_to_identify_stakeholders_challe','',0,'No'),('adherence_questionnaire',24,'33_with_regard_to_stakeholder_engagement_do_you_have_a_process_t','',0,'No'),('adherence_questionnaire',24,'34_please_describe','',0,''),('adherence_questionnaire',24,'35_do_you_have_a_process_in_place_to_train_stakeholders_in_order','',0,'No'),('adherence_questionnaire',24,'36_please_describe_the_process_of_training_stakeholders_e_g_the_','',0,''),('adherence_questionnaire',24,'38_in_which_of_the_7_steps_research_innovation_r_i_path_do_you_e','',0,'2. Research priorities'),('adherence_questionnaire',24,'39_do_you_have_a_team_manager_dedicated_to_coordinate_the_patien','',0,'Yes'),('adherence_questionnaire',24,'40_do_you_have_indicators_to_measure_the_return_on_patient_engag','',0,'Yes'),('adherence_questionnaire',24,'41_do_you_plan_ad_hoc_training_programs_related_to_the_patient_e','',0,'Yes'),('adherence_questionnaire',24,'42_do_you_have_mechanism_in_place_to_recognize_and_reward_patien','',0,'Yes'),('adherence_questionnaire',24,'43_do_you_have_dedicated_resources_budget_for_patient_engagement','',0,'Yes'),('adherence_questionnaire',24,'44_do_you_perform_an_ethical_assessment_of_your_patient_engageme','',0,'Yes'),('adherence_questionnaire',24,'48_if_yes_do_you_have_a_plan_that_defines_the_following_please_t','',0,'Definition and composition of Working Groups, which might practically deal with the implementation of such actions; '),('adherence_questionnaire',24,'49_do_you_have_a_cost_management_process_in_place_e_g_a_defined_','',0,'Yes'),('adherence_questionnaire',24,'50_do_you_ensure_that_the_internal_team_has_solid_skills_to_carr','',0,'Yes'),('adherence_questionnaire',24,'51_do_you_maintain_accountability_over_time_keeping_track_of_exp','',0,'No'),('adherence_questionnaire',24,'52_please_describe_or_provide_documentation_','',0,''),('adherence_questionnaire',24,'53_do_you_have_a_process_in_place_to_ensure_that_there_is_a_righ','',0,'No'),('adherence_questionnaire',24,'54_please_explain_','',0,''),('adherence_questionnaire',24,'55_have_you_developed_a_contingency_plan_risk_management_approac','',0,'No'),('adherence_questionnaire',24,'7_please_indicate_which_of_the_following_stakeholders_are_the_in','',0,'Industry companies developing and selling health products (drugs, devices, applications, etc.) and services sector'),('adherence_questionnaire',24,'beyond_the_stakeholders_involved_in_the_governance_structure_hav','',0,'No'),('adherence_questionnaire',24,'could_you_please_describe_how_you_have_defined_the_common_object','',0,''),('adherence_questionnaire',24,'do_you_have_an_agenda_defining_the_priority_areas_mid_term_and_l','',0,'Yes'),('adherence_questionnaire',24,'have_you_developed_a_shared_vision_mission_for_your_initiative_','',0,'Yes'),('adherence_questionnaire',24,'have_you_established_a_governance_structure_for_the_ms_care_unit','',0,'Yes'),('adherence_questionnaire',24,'initiativeid','',0,''),('adherence_questionnaire',24,'nodeid','',0,'546'),('adherence_questionnaire',24,'which_of_the_following_stakeholders_took_part_in_defining_the_ob','',0,'Industry companies developing and selling health products (drugs, devices, applications, etc.) and services sector'),('adherence_questionnaire',24,'_10_which_of_the_following_stakeholders_are_involved_in_the_gove','',0,'Industry companies developing and selling health products (drugs, devices, applications, etc.) and services sector'),('adherence_questionnaire',24,'_have_you_identified_the_intended_beneficiaries_of_your_research','',0,'Yes'),('adherence_questionnaire',26,'11_could_you_please_describe_the_different_bodies_in_your_govern','',0,''),('adherence_questionnaire',26,'12_do_you_have_a_procedure_that_describes_the_roles_and_responsi','',0,'No'),('adherence_questionnaire',26,'14_do_you_have_a_collective_action_plan_in_place_in_order_to_ach','',0,'Yes'),('adherence_questionnaire',26,'15_please_describe','',0,''),('adherence_questionnaire',26,'16_when_establishing_the_governance_boards_do_you_take_into_acco','',0,'Yes'),('adherence_questionnaire',26,'17_please_describe_the_mechanisms_by_which_you_ensure_a_balance_','',0,''),('adherence_questionnaire',26,'18_when_establishing_the_governance_boards_do_you_ensure_the_par','',0,'Yes'),('adherence_questionnaire',26,'19_please_describe_the_mechanisms_by_which_you_ensure_a_balance_','',0,'asd'),('adherence_questionnaire',26,'20_when_establishing_the_governance_boards_do_you_protect_the_in','',0,'Yes'),('adherence_questionnaire',26,'21_please_describe_the_mechanisms_by_which_you_ensure_a_balance_','',0,''),('adherence_questionnaire',26,'22_when_establishing_the_governance_boards_do_you_maintain_commi','',0,''),('adherence_questionnaire',26,'23_please_describe_the_mechanisms_by_which_you_ensure_a_balance_','',0,''),('adherence_questionnaire',26,'27_did_you_differentiate_the_level_of_engagement_of_these_stakeh','',0,'Yes'),('adherence_questionnaire',26,'28_do_you_have_a_stakeholder_engagement_strategy_in_place_both_w','',0,'Yes'),('adherence_questionnaire',26,'29_describe_the_methodology_that_is_adopted_in_order_to_put_in_p','',0,''),('adherence_questionnaire',26,'30_did_you_perform_a_consultation_process_in_order_to_understand','',0,'Yes'),('adherence_questionnaire',26,'31_did_you_carry_out_an_analysis_to_identify_stakeholders_challe','',0,'Yes'),('adherence_questionnaire',26,'33_with_regard_to_stakeholder_engagement_do_you_have_a_process_t','',0,'Yes'),('adherence_questionnaire',26,'34_please_describe','',0,''),('adherence_questionnaire',26,'35_do_you_have_a_process_in_place_to_train_stakeholders_in_order','',0,'Yes'),('adherence_questionnaire',26,'36_please_describe_the_process_of_training_stakeholders_e_g_the_','',0,''),('adherence_questionnaire',26,'38_in_which_of_the_7_steps_research_innovation_r_i_path_do_you_e','',0,'8. None of the above '),('adherence_questionnaire',26,'39_do_you_have_a_team_manager_dedicated_to_coordinate_the_patien','',0,''),('adherence_questionnaire',26,'40_do_you_have_indicators_to_measure_the_return_on_patient_engag','',0,''),('adherence_questionnaire',26,'41_do_you_plan_ad_hoc_training_programs_related_to_the_patient_e','',0,''),('adherence_questionnaire',26,'42_do_you_have_mechanism_in_place_to_recognize_and_reward_patien','',0,''),('adherence_questionnaire',26,'43_do_you_have_dedicated_resources_budget_for_patient_engagement','',0,''),('adherence_questionnaire',26,'44_do_you_perform_an_ethical_assessment_of_your_patient_engageme','',0,''),('adherence_questionnaire',26,'48_if_yes_do_you_have_a_plan_that_defines_the_following_please_t','',0,'Definition and composition of Working Groups, which might practically deal with the implementation of such actions; '),('adherence_questionnaire',26,'49_do_you_have_a_cost_management_process_in_place_e_g_a_defined_','',0,''),('adherence_questionnaire',26,'50_do_you_ensure_that_the_internal_team_has_solid_skills_to_carr','',0,''),('adherence_questionnaire',26,'51_do_you_maintain_accountability_over_time_keeping_track_of_exp','',0,''),('adherence_questionnaire',26,'52_please_describe_or_provide_documentation_','',0,''),('adherence_questionnaire',26,'53_do_you_have_a_process_in_place_to_ensure_that_there_is_a_righ','',0,''),('adherence_questionnaire',26,'54_please_explain_','',0,''),('adherence_questionnaire',26,'55_have_you_developed_a_contingency_plan_risk_management_approac','',0,''),('adherence_questionnaire',26,'5_3_1_please_describe_that_procedure','',0,''),('adherence_questionnaire',26,'5_4_do_the_stakeholder_participating_in_the_governance_of_the_in','',0,'Yes'),('adherence_questionnaire',26,'5_8_1b_or_provide_us_with_the_relevant_documentation_','',0,''),('adherence_questionnaire',26,'6_5_1_could_you_please_provide_the_report_of_this_analysis_','',0,''),('adherence_questionnaire',26,'7_do_you_engage_patients_in_your_research_innovation_r_i_in_one_','',0,'Yes'),('adherence_questionnaire',26,'7_please_indicate_which_of_the_following_stakeholders_are_the_in','',0,'Society individual citizens, civil society organizations and networks'),('adherence_questionnaire',26,'7_please_indicate_which_of_the_following_stakeholders_are_the_in','',1,'others'),('adherence_questionnaire',26,'are_the_monitoring_and_the_assessment_systems_and_the_related_in','',0,''),('adherence_questionnaire',26,'beyond_the_stakeholders_involved_in_the_governance_structure_hav','',0,'Yes'),('adherence_questionnaire',26,'can_you_provide_any_of_those_reports_','',0,''),('adherence_questionnaire',26,'could_you_please_describe_how_you_have_defined_the_common_object','',0,'asd'),('adherence_questionnaire',26,'does_this_assessment_include_indicators_related_to_the_patient_d','',0,''),('adherence_questionnaire',26,'does_this_assessment_involve_stakeholders_in_the_gathering_of_da','',0,''),('adherence_questionnaire',26,'do_you_communicate_with_stakeholders_about_the_progress_of_the_i','',0,''),('adherence_questionnaire',26,'do_you_have_an_agenda_defining_the_priority_areas_mid_term_and_l','',0,'Yes'),('adherence_questionnaire',26,'do_you_have_a_monitoring_system_for_the_implementation_of_the_ac','',0,''),('adherence_questionnaire',26,'do_you_have_a_process_in_place_to_gather_feedback_from_external_','',0,''),('adherence_questionnaire',26,'do_you_have_a_review_process_in_place_to_improve_the_initiative_','',0,''),('adherence_questionnaire',26,'do_you_publish_a_progress_report_','',0,''),('adherence_questionnaire',26,'have_you_defined_an_assessment_system_that_allow_to_measure_init','',0,''),('adherence_questionnaire',26,'have_you_developed_a_shared_vision_mission_for_your_initiative_','',0,'Yes'),('adherence_questionnaire',26,'have_you_established_a_governance_structure_for_the_ms_care_unit','',0,'Yes'),('adherence_questionnaire',26,'initiativeid','',0,''),('adherence_questionnaire',26,'is_this_review_process_strictly_internal_or_is_there_a_third_par','',0,''),('adherence_questionnaire',26,'nodeid','',0,'531'),('adherence_questionnaire',26,'or_provide_a_copy_of_that_procedure','',0,''),('adherence_questionnaire',26,'or_provide_us_with_the_relevant_documentation_','',0,''),('adherence_questionnaire',26,'or_provide_us_with_the_relevant_documentation_2','',0,''),('adherence_questionnaire',26,'please_describe3','',0,''),('adherence_questionnaire',26,'please_describe_how_the_measurement_is_linked_to_the_objectives_','',0,''),('adherence_questionnaire',26,'please_describe_how_you_communicate_with_the_stakeholders_on_pro','',0,''),('adherence_questionnaire',26,'please_provide_relevant_documents_if_any','',0,''),('adherence_questionnaire',26,'please_provide_the_mission_statment_and_related_documents_to_the','',0,'91'),('adherence_questionnaire',26,'pleas_describe_the_process_provide_documentation_that_allows_the','',0,''),('adherence_questionnaire',26,'ror_provide_us_with_the_relevant_documentation_','',0,''),('adherence_questionnaire',26,'what_is_the_frequency_of_publishing_progress_reports_','',0,''),('adherence_questionnaire',26,'which_of_the_following_stakeholders_took_part_in_defining_the_ob','',0,'Patients organizations, patient associations, advocacy organizations, etc.'),('adherence_questionnaire',26,'which_of_the_following_stakeholders_took_part_in_defining_the_ob','',1,'Payers and purchasers, public or private entities responsible for underwriting the costs of health care'),('adherence_questionnaire',26,'_10_which_of_the_following_stakeholders_are_involved_in_the_gove','',0,'Patients'),('adherence_questionnaire',26,'_have_you_identified_the_intended_beneficiaries_of_your_research','',0,'Yes'),('adherence_questionnaire',27,'11_could_you_please_describe_the_different_bodies_in_your_govern','',0,''),('adherence_questionnaire',27,'12_do_you_have_a_procedure_that_describes_the_roles_and_responsi','',0,'Yes'),('adherence_questionnaire',27,'14_do_you_have_a_collective_action_plan_in_place_in_order_to_ach','',0,'Yes'),('adherence_questionnaire',27,'15_please_describe','',0,''),('adherence_questionnaire',27,'16_when_establishing_the_governance_boards_do_you_take_into_acco','',0,'Yes'),('adherence_questionnaire',27,'17_please_describe_the_mechanisms_by_which_you_ensure_a_balance_','',0,''),('adherence_questionnaire',27,'18_when_establishing_the_governance_boards_do_you_ensure_the_par','',0,'Yes'),('adherence_questionnaire',27,'19_please_describe_the_mechanisms_by_which_you_ensure_a_balance_','',0,''),('adherence_questionnaire',27,'20_when_establishing_the_governance_boards_do_you_protect_the_in','',0,'Yes'),('adherence_questionnaire',27,'21_please_describe_the_mechanisms_by_which_you_ensure_a_balance_','',0,''),('adherence_questionnaire',27,'22_when_establishing_the_governance_boards_do_you_maintain_commi','',0,'Yes'),('adherence_questionnaire',27,'23_please_describe_the_mechanisms_by_which_you_ensure_a_balance_','',0,''),('adherence_questionnaire',27,'27_did_you_differentiate_the_level_of_engagement_of_these_stakeh','',0,'Yes'),('adherence_questionnaire',27,'28_do_you_have_a_stakeholder_engagement_strategy_in_place_both_w','',0,'Yes'),('adherence_questionnaire',27,'29_describe_the_methodology_that_is_adopted_in_order_to_put_in_p','',0,''),('adherence_questionnaire',27,'30_did_you_perform_a_consultation_process_in_order_to_understand','',0,''),('adherence_questionnaire',27,'31_did_you_carry_out_an_analysis_to_identify_stakeholders_challe','',0,'Yes'),('adherence_questionnaire',27,'33_with_regard_to_stakeholder_engagement_do_you_have_a_process_t','',0,''),('adherence_questionnaire',27,'34_please_describe','',0,''),('adherence_questionnaire',27,'35_do_you_have_a_process_in_place_to_train_stakeholders_in_order','',0,''),('adherence_questionnaire',27,'36_please_describe_the_process_of_training_stakeholders_e_g_the_','',0,''),('adherence_questionnaire',27,'39_do_you_have_a_team_manager_dedicated_to_coordinate_the_patien','',0,''),('adherence_questionnaire',27,'40_do_you_have_indicators_to_measure_the_return_on_patient_engag','',0,''),('adherence_questionnaire',27,'41_do_you_plan_ad_hoc_training_programs_related_to_the_patient_e','',0,''),('adherence_questionnaire',27,'42_do_you_have_mechanism_in_place_to_recognize_and_reward_patien','',0,''),('adherence_questionnaire',27,'43_do_you_have_dedicated_resources_budget_for_patient_engagement','',0,''),('adherence_questionnaire',27,'44_do_you_perform_an_ethical_assessment_of_your_patient_engageme','',0,''),('adherence_questionnaire',27,'49_do_you_have_a_cost_management_process_in_place_e_g_a_defined_','',0,'Yes'),('adherence_questionnaire',27,'50_do_you_ensure_that_the_internal_team_has_solid_skills_to_carr','',0,''),('adherence_questionnaire',27,'51_do_you_maintain_accountability_over_time_keeping_track_of_exp','',0,'Yes'),('adherence_questionnaire',27,'52_please_describe_or_provide_documentation_','',0,''),('adherence_questionnaire',27,'53_do_you_have_a_process_in_place_to_ensure_that_there_is_a_righ','',0,''),('adherence_questionnaire',27,'54_please_explain_','',0,''),('adherence_questionnaire',27,'55_have_you_developed_a_contingency_plan_risk_management_approac','',0,''),('adherence_questionnaire',27,'5_3_1_please_describe_that_procedure','',0,''),('adherence_questionnaire',27,'5_4_do_the_stakeholder_participating_in_the_governance_of_the_in','',0,'Yes'),('adherence_questionnaire',27,'5_8_1b_or_provide_us_with_the_relevant_documentation_','',0,''),('adherence_questionnaire',27,'6_5_1_could_you_please_provide_the_report_of_this_analysis_','',0,''),('adherence_questionnaire',27,'7_do_you_engage_patients_in_your_research_innovation_r_i_in_one_','',0,''),('adherence_questionnaire',27,'7_please_indicate_which_of_the_following_stakeholders_are_the_in','',0,'Patients organizations, patient associations, advocacy organizations, etc.'),('adherence_questionnaire',27,'are_the_monitoring_and_the_assessment_systems_and_the_related_in','',0,''),('adherence_questionnaire',27,'beyond_the_stakeholders_involved_in_the_governance_structure_hav','',0,'Yes'),('adherence_questionnaire',27,'can_you_provide_any_of_those_reports_','',0,''),('adherence_questionnaire',27,'could_you_please_describe_how_you_have_defined_the_common_object','',0,''),('adherence_questionnaire',27,'does_this_assessment_include_indicators_related_to_the_patient_d','',0,'Yes'),('adherence_questionnaire',27,'does_this_assessment_involve_stakeholders_in_the_gathering_of_da','',0,''),('adherence_questionnaire',27,'do_you_communicate_with_stakeholders_about_the_progress_of_the_i','',0,'Yes'),('adherence_questionnaire',27,'do_you_have_an_agenda_defining_the_priority_areas_mid_term_and_l','',0,'Yes'),('adherence_questionnaire',27,'do_you_have_a_monitoring_system_for_the_implementation_of_the_ac','',0,'Yes'),('adherence_questionnaire',27,'do_you_have_a_process_in_place_to_gather_feedback_from_external_','',0,''),('adherence_questionnaire',27,'do_you_have_a_review_process_in_place_to_improve_the_initiative_','',0,''),('adherence_questionnaire',27,'do_you_publish_a_progress_report_','',0,''),('adherence_questionnaire',27,'have_you_defined_an_assessment_system_that_allow_to_measure_init','',0,'Yes'),('adherence_questionnaire',27,'have_you_developed_a_shared_vision_mission_for_your_initiative_','',0,'Yes'),('adherence_questionnaire',27,'have_you_established_a_governance_structure_for_the_ms_care_unit','',0,'Yes'),('adherence_questionnaire',27,'initiativeid','',0,''),('adherence_questionnaire',27,'is_this_review_process_strictly_internal_or_is_there_a_third_par','',0,''),('adherence_questionnaire',27,'nodeid','',0,'556'),('adherence_questionnaire',27,'or_provide_a_copy_of_that_procedure','',0,''),('adherence_questionnaire',27,'or_provide_us_with_the_relevant_documentation_','',0,''),('adherence_questionnaire',27,'or_provide_us_with_the_relevant_documentation_2','',0,''),('adherence_questionnaire',27,'please_describe3','',0,''),('adherence_questionnaire',27,'please_describe_how_the_measurement_is_linked_to_the_objectives_','',0,''),('adherence_questionnaire',27,'please_describe_how_you_communicate_with_the_stakeholders_on_pro','',0,''),('adherence_questionnaire',27,'please_provide_relevant_documents_if_any','',0,''),('adherence_questionnaire',27,'pleas_describe_the_process_provide_documentation_that_allows_the','',0,''),('adherence_questionnaire',27,'ror_provide_us_with_the_relevant_documentation_','',0,''),('adherence_questionnaire',27,'what_is_the_frequency_of_publishing_progress_reports_','',0,''),('adherence_questionnaire',27,'_10_which_of_the_following_stakeholders_are_involved_in_the_gove','',0,'Patients'),('adherence_questionnaire',27,'_have_you_identified_the_intended_beneficiaries_of_your_research','',0,'Yes'),('adherence_questionnaire',28,'11_could_you_please_describe_the_different_bodies_in_your_govern','',0,''),('adherence_questionnaire',28,'12_do_you_have_a_procedure_that_describes_the_roles_and_responsi','',0,''),('adherence_questionnaire',28,'14_do_you_have_a_collective_action_plan_in_place_in_order_to_ach','',0,'Yes'),('adherence_questionnaire',28,'15_please_describe','',0,''),('adherence_questionnaire',28,'16_when_establishing_the_governance_boards_do_you_take_into_acco','',0,''),('adherence_questionnaire',28,'17_please_describe_the_mechanisms_by_which_you_ensure_a_balance_','',0,''),('adherence_questionnaire',28,'18_when_establishing_the_governance_boards_do_you_ensure_the_par','',0,''),('adherence_questionnaire',28,'19_please_describe_the_mechanisms_by_which_you_ensure_a_balance_','',0,''),('adherence_questionnaire',28,'20_when_establishing_the_governance_boards_do_you_protect_the_in','',0,''),('adherence_questionnaire',28,'21_please_describe_the_mechanisms_by_which_you_ensure_a_balance_','',0,''),('adherence_questionnaire',28,'22_when_establishing_the_governance_boards_do_you_maintain_commi','',0,''),('adherence_questionnaire',28,'23_please_describe_the_mechanisms_by_which_you_ensure_a_balance_','',0,''),('adherence_questionnaire',28,'27_did_you_differentiate_the_level_of_engagement_of_these_stakeh','',0,'Yes'),('adherence_questionnaire',28,'28_do_you_have_a_stakeholder_engagement_strategy_in_place_both_w','',0,'Yes'),('adherence_questionnaire',28,'29_describe_the_methodology_that_is_adopted_in_order_to_put_in_p','',0,''),('adherence_questionnaire',28,'30_did_you_perform_a_consultation_process_in_order_to_understand','',0,'Yes'),('adherence_questionnaire',28,'31_did_you_carry_out_an_analysis_to_identify_stakeholders_challe','',0,'Yes'),('adherence_questionnaire',28,'33_with_regard_to_stakeholder_engagement_do_you_have_a_process_t','',0,'Yes'),('adherence_questionnaire',28,'34_please_describe','',0,''),('adherence_questionnaire',28,'35_do_you_have_a_process_in_place_to_train_stakeholders_in_order','',0,'Yes'),('adherence_questionnaire',28,'36_please_describe_the_process_of_training_stakeholders_e_g_the_','',0,''),('adherence_questionnaire',28,'38_in_which_of_the_7_steps_research_innovation_r_i_path_do_you_e','',0,'2. Research priorities'),('adherence_questionnaire',28,'38_in_which_of_the_7_steps_research_innovation_r_i_path_do_you_e','',1,'4. Design & plan'),('adherence_questionnaire',28,'38_in_which_of_the_7_steps_research_innovation_r_i_path_do_you_e','',2,'5. Research execution'),('adherence_questionnaire',28,'38_in_which_of_the_7_steps_research_innovation_r_i_path_do_you_e','',3,'6. Evaluation'),('adherence_questionnaire',28,'39_do_you_have_a_team_manager_dedicated_to_coordinate_the_patien','',0,'Yes'),('adherence_questionnaire',28,'40_do_you_have_indicators_to_measure_the_return_on_patient_engag','',0,'Yes'),('adherence_questionnaire',28,'41_do_you_plan_ad_hoc_training_programs_related_to_the_patient_e','',0,'Yes'),('adherence_questionnaire',28,'42_do_you_have_mechanism_in_place_to_recognize_and_reward_patien','',0,'Yes'),('adherence_questionnaire',28,'43_do_you_have_dedicated_resources_budget_for_patient_engagement','',0,'Yes'),('adherence_questionnaire',28,'44_do_you_perform_an_ethical_assessment_of_your_patient_engageme','',0,'Yes'),('adherence_questionnaire',28,'48_if_yes_do_you_have_a_plan_that_defines_the_following_please_t','',0,'Definition and composition of Working Groups, which might practically deal with the implementation of such actions; '),('adherence_questionnaire',28,'48_if_yes_do_you_have_a_plan_that_defines_the_following_please_t','',1,' Definition of clear and measurable targets; '),('adherence_questionnaire',28,'48_if_yes_do_you_have_a_plan_that_defines_the_following_please_t','',2,' Presentation of clear project timeline,including deadlines in order to allow participants to '),('adherence_questionnaire',28,'49_do_you_have_a_cost_management_process_in_place_e_g_a_defined_','',0,'Yes'),('adherence_questionnaire',28,'50_do_you_ensure_that_the_internal_team_has_solid_skills_to_carr','',0,'Yes'),('adherence_questionnaire',28,'51_do_you_maintain_accountability_over_time_keeping_track_of_exp','',0,'Yes'),('adherence_questionnaire',28,'52_please_describe_or_provide_documentation_','',0,''),('adherence_questionnaire',28,'53_do_you_have_a_process_in_place_to_ensure_that_there_is_a_righ','',0,'Yes'),('adherence_questionnaire',28,'54_please_explain_','',0,''),('adherence_questionnaire',28,'55_have_you_developed_a_contingency_plan_risk_management_approac','',0,'Yes'),('adherence_questionnaire',28,'5_3_1_please_describe_that_procedure','',0,''),('adherence_questionnaire',28,'5_4_do_the_stakeholder_participating_in_the_governance_of_the_in','',0,''),('adherence_questionnaire',28,'5_8_1b_or_provide_us_with_the_relevant_documentation_','',0,''),('adherence_questionnaire',28,'6_5_1_could_you_please_provide_the_report_of_this_analysis_','',0,''),('adherence_questionnaire',28,'7_do_you_engage_patients_in_your_research_innovation_r_i_in_one_','',0,'Yes'),('adherence_questionnaire',28,'7_please_indicate_which_of_the_following_stakeholders_are_the_in','',0,'Patients'),('adherence_questionnaire',28,'7_please_indicate_which_of_the_following_stakeholders_are_the_in','',1,'Care providers, health and social care organizations and professionals (doctors, nurses, etc.)'),('adherence_questionnaire',28,'are_the_monitoring_and_the_assessment_systems_and_the_related_in','',0,'Yes'),('adherence_questionnaire',28,'beyond_the_stakeholders_involved_in_the_governance_structure_hav','',0,'Yes'),('adherence_questionnaire',28,'can_you_provide_any_of_those_reports_','',0,''),('adherence_questionnaire',28,'could_you_please_describe_how_you_have_defined_the_common_object','',0,''),('adherence_questionnaire',28,'does_this_assessment_include_indicators_related_to_the_patient_d','',0,'Yes'),('adherence_questionnaire',28,'does_this_assessment_involve_stakeholders_in_the_gathering_of_da','',0,'Yes'),('adherence_questionnaire',28,'do_you_communicate_with_stakeholders_about_the_progress_of_the_i','',0,'Yes'),('adherence_questionnaire',28,'do_you_have_an_agenda_defining_the_priority_areas_mid_term_and_l','',0,'Yes'),('adherence_questionnaire',28,'do_you_have_a_monitoring_system_for_the_implementation_of_the_ac','',0,'Yes'),('adherence_questionnaire',28,'do_you_have_a_process_in_place_to_gather_feedback_from_external_','',0,'Yes'),('adherence_questionnaire',28,'do_you_have_a_review_process_in_place_to_improve_the_initiative_','',0,'Yes'),('adherence_questionnaire',28,'do_you_publish_a_progress_report_','',0,'Yes'),('adherence_questionnaire',28,'have_you_defined_an_assessment_system_that_allow_to_measure_init','',0,'Yes'),('adherence_questionnaire',28,'have_you_developed_a_shared_vision_mission_for_your_initiative_','',0,'Yes'),('adherence_questionnaire',28,'have_you_established_a_governance_structure_for_the_ms_care_unit','',0,'No'),('adherence_questionnaire',28,'initiativeid','',0,''),('adherence_questionnaire',28,'is_this_review_process_strictly_internal_or_is_there_a_third_par','',0,''),('adherence_questionnaire',28,'nodeid','',0,'536'),('adherence_questionnaire',28,'or_provide_a_copy_of_that_procedure','',0,''),('adherence_questionnaire',28,'or_provide_us_with_the_relevant_documentation_','',0,''),('adherence_questionnaire',28,'or_provide_us_with_the_relevant_documentation_2','',0,''),('adherence_questionnaire',28,'please_describe3','',0,''),('adherence_questionnaire',28,'please_describe_how_the_measurement_is_linked_to_the_objectives_','',0,''),('adherence_questionnaire',28,'please_describe_how_you_communicate_with_the_stakeholders_on_pro','',0,''),('adherence_questionnaire',28,'please_provide_relevant_documents_if_any','',0,''),('adherence_questionnaire',28,'pleas_describe_the_process_provide_documentation_that_allows_the','',0,''),('adherence_questionnaire',28,'ror_provide_us_with_the_relevant_documentation_','',0,''),('adherence_questionnaire',28,'what_is_the_frequency_of_publishing_progress_reports_','',0,''),('adherence_questionnaire',28,'_have_you_identified_the_intended_beneficiaries_of_your_research','',0,'Yes'),('adherence_questionnaire',29,'11_could_you_please_describe_the_different_bodies_in_your_govern','',0,''),('adherence_questionnaire',29,'12_do_you_have_a_procedure_that_describes_the_roles_and_responsi','',0,''),('adherence_questionnaire',29,'14_do_you_have_a_collective_action_plan_in_place_in_order_to_ach','',0,'No'),('adherence_questionnaire',29,'15_please_describe','',0,''),('adherence_questionnaire',29,'16_when_establishing_the_governance_boards_do_you_take_into_acco','',0,''),('adherence_questionnaire',29,'17_please_describe_the_mechanisms_by_which_you_ensure_a_balance_','',0,''),('adherence_questionnaire',29,'18_when_establishing_the_governance_boards_do_you_ensure_the_par','',0,''),('adherence_questionnaire',29,'19_please_describe_the_mechanisms_by_which_you_ensure_a_balance_','',0,''),('adherence_questionnaire',29,'20_when_establishing_the_governance_boards_do_you_protect_the_in','',0,''),('adherence_questionnaire',29,'21_please_describe_the_mechanisms_by_which_you_ensure_a_balance_','',0,''),('adherence_questionnaire',29,'22_when_establishing_the_governance_boards_do_you_maintain_commi','',0,''),('adherence_questionnaire',29,'23_please_describe_the_mechanisms_by_which_you_ensure_a_balance_','',0,''),('adherence_questionnaire',29,'27_did_you_differentiate_the_level_of_engagement_of_these_stakeh','',0,''),('adherence_questionnaire',29,'28_do_you_have_a_stakeholder_engagement_strategy_in_place_both_w','',0,''),('adherence_questionnaire',29,'29_describe_the_methodology_that_is_adopted_in_order_to_put_in_p','',0,''),('adherence_questionnaire',29,'30_did_you_perform_a_consultation_process_in_order_to_understand','',0,''),('adherence_questionnaire',29,'31_did_you_carry_out_an_analysis_to_identify_stakeholders_challe','',0,''),('adherence_questionnaire',29,'33_with_regard_to_stakeholder_engagement_do_you_have_a_process_t','',0,''),('adherence_questionnaire',29,'34_please_describe','',0,''),('adherence_questionnaire',29,'35_do_you_have_a_process_in_place_to_train_stakeholders_in_order','',0,''),('adherence_questionnaire',29,'36_please_describe_the_process_of_training_stakeholders_e_g_the_','',0,''),('adherence_questionnaire',29,'39_do_you_have_a_team_manager_dedicated_to_coordinate_the_patien','',0,'No'),('adherence_questionnaire',29,'40_do_you_have_indicators_to_measure_the_return_on_patient_engag','',0,'No'),('adherence_questionnaire',29,'41_do_you_plan_ad_hoc_training_programs_related_to_the_patient_e','',0,'No'),('adherence_questionnaire',29,'42_do_you_have_mechanism_in_place_to_recognize_and_reward_patien','',0,'No'),('adherence_questionnaire',29,'43_do_you_have_dedicated_resources_budget_for_patient_engagement','',0,'No'),('adherence_questionnaire',29,'44_do_you_perform_an_ethical_assessment_of_your_patient_engageme','',0,'No'),('adherence_questionnaire',29,'49_do_you_have_a_cost_management_process_in_place_e_g_a_defined_','',0,'No'),('adherence_questionnaire',29,'50_do_you_ensure_that_the_internal_team_has_solid_skills_to_carr','',0,'No'),('adherence_questionnaire',29,'51_do_you_maintain_accountability_over_time_keeping_track_of_exp','',0,'No'),('adherence_questionnaire',29,'52_please_describe_or_provide_documentation_','',0,''),('adherence_questionnaire',29,'53_do_you_have_a_process_in_place_to_ensure_that_there_is_a_righ','',0,'No'),('adherence_questionnaire',29,'54_please_explain_','',0,''),('adherence_questionnaire',29,'55_have_you_developed_a_contingency_plan_risk_management_approac','',0,'No'),('adherence_questionnaire',29,'5_3_1_please_describe_that_procedure','',0,''),('adherence_questionnaire',29,'5_4_do_the_stakeholder_participating_in_the_governance_of_the_in','',0,''),('adherence_questionnaire',29,'5_8_1b_or_provide_us_with_the_relevant_documentation_','',0,''),('adherence_questionnaire',29,'6_5_1_could_you_please_provide_the_report_of_this_analysis_','',0,''),('adherence_questionnaire',29,'7_do_you_engage_patients_in_your_research_innovation_r_i_in_one_','',0,'No'),('adherence_questionnaire',29,'are_the_monitoring_and_the_assessment_systems_and_the_related_in','',0,''),('adherence_questionnaire',29,'beyond_the_stakeholders_involved_in_the_governance_structure_hav','',0,'No'),('adherence_questionnaire',29,'can_you_provide_any_of_those_reports_','',0,''),('adherence_questionnaire',29,'could_you_please_describe_how_you_have_defined_the_common_object','',0,''),('adherence_questionnaire',29,'does_this_assessment_include_indicators_related_to_the_patient_d','',0,''),('adherence_questionnaire',29,'does_this_assessment_involve_stakeholders_in_the_gathering_of_da','',0,''),('adherence_questionnaire',29,'do_you_communicate_with_stakeholders_about_the_progress_of_the_i','',0,'No'),('adherence_questionnaire',29,'do_you_have_an_agenda_defining_the_priority_areas_mid_term_and_l','',0,'No'),('adherence_questionnaire',29,'do_you_have_a_monitoring_system_for_the_implementation_of_the_ac','',0,'No'),('adherence_questionnaire',29,'do_you_have_a_process_in_place_to_gather_feedback_from_external_','',0,'No'),('adherence_questionnaire',29,'do_you_have_a_review_process_in_place_to_improve_the_initiative_','',0,'No'),('adherence_questionnaire',29,'do_you_publish_a_progress_report_','',0,'No'),('adherence_questionnaire',29,'have_you_defined_an_assessment_system_that_allow_to_measure_init','',0,'No'),('adherence_questionnaire',29,'have_you_developed_a_shared_vision_mission_for_your_initiative_','',0,'No'),('adherence_questionnaire',29,'have_you_established_a_governance_structure_for_the_ms_care_unit','',0,'No'),('adherence_questionnaire',29,'initiativeid','',0,''),('adherence_questionnaire',29,'is_this_review_process_strictly_internal_or_is_there_a_third_par','',0,''),('adherence_questionnaire',29,'nodeid','',0,'536'),('adherence_questionnaire',29,'or_provide_a_copy_of_that_procedure','',0,''),('adherence_questionnaire',29,'or_provide_us_with_the_relevant_documentation_','',0,''),('adherence_questionnaire',29,'or_provide_us_with_the_relevant_documentation_2','',0,''),('adherence_questionnaire',29,'please_describe3','',0,''),('adherence_questionnaire',29,'please_describe_how_the_measurement_is_linked_to_the_objectives_','',0,''),('adherence_questionnaire',29,'please_describe_how_you_communicate_with_the_stakeholders_on_pro','',0,''),('adherence_questionnaire',29,'please_provide_relevant_documents_if_any','',0,''),('adherence_questionnaire',29,'pleas_describe_the_process_provide_documentation_that_allows_the','',0,''),('adherence_questionnaire',29,'ror_provide_us_with_the_relevant_documentation_','',0,''),('adherence_questionnaire',29,'what_is_the_frequency_of_publishing_progress_reports_','',0,''),('adherence_questionnaire',29,'_have_you_identified_the_intended_beneficiaries_of_your_research','',0,'No'),('adherence_questionnaire',30,'11_could_you_please_describe_the_different_bodies_in_your_govern','',0,''),('adherence_questionnaire',30,'12_do_you_have_a_procedure_that_describes_the_roles_and_responsi','',0,''),('adherence_questionnaire',30,'14_do_you_have_a_collective_action_plan_in_place_in_order_to_ach','',0,'No'),('adherence_questionnaire',30,'15_please_describe','',0,''),('adherence_questionnaire',30,'16_when_establishing_the_governance_boards_do_you_take_into_acco','',0,''),('adherence_questionnaire',30,'17_please_describe_the_mechanisms_by_which_you_ensure_a_balance_','',0,''),('adherence_questionnaire',30,'18_when_establishing_the_governance_boards_do_you_ensure_the_par','',0,''),('adherence_questionnaire',30,'19_please_describe_the_mechanisms_by_which_you_ensure_a_balance_','',0,''),('adherence_questionnaire',30,'20_when_establishing_the_governance_boards_do_you_protect_the_in','',0,''),('adherence_questionnaire',30,'21_please_describe_the_mechanisms_by_which_you_ensure_a_balance_','',0,''),('adherence_questionnaire',30,'22_when_establishing_the_governance_boards_do_you_maintain_commi','',0,''),('adherence_questionnaire',30,'23_please_describe_the_mechanisms_by_which_you_ensure_a_balance_','',0,''),('adherence_questionnaire',30,'27_did_you_differentiate_the_level_of_engagement_of_these_stakeh','',0,''),('adherence_questionnaire',30,'28_do_you_have_a_stakeholder_engagement_strategy_in_place_both_w','',0,''),('adherence_questionnaire',30,'29_describe_the_methodology_that_is_adopted_in_order_to_put_in_p','',0,''),('adherence_questionnaire',30,'30_did_you_perform_a_consultation_process_in_order_to_understand','',0,''),('adherence_questionnaire',30,'31_did_you_carry_out_an_analysis_to_identify_stakeholders_challe','',0,''),('adherence_questionnaire',30,'33_with_regard_to_stakeholder_engagement_do_you_have_a_process_t','',0,''),('adherence_questionnaire',30,'34_please_describe','',0,''),('adherence_questionnaire',30,'35_do_you_have_a_process_in_place_to_train_stakeholders_in_order','',0,''),('adherence_questionnaire',30,'36_please_describe_the_process_of_training_stakeholders_e_g_the_','',0,''),('adherence_questionnaire',30,'39_do_you_have_a_team_manager_dedicated_to_coordinate_the_patien','',0,'No'),('adherence_questionnaire',30,'40_do_you_have_indicators_to_measure_the_return_on_patient_engag','',0,'No'),('adherence_questionnaire',30,'41_do_you_plan_ad_hoc_training_programs_related_to_the_patient_e','',0,'No'),('adherence_questionnaire',30,'42_do_you_have_mechanism_in_place_to_recognize_and_reward_patien','',0,'No'),('adherence_questionnaire',30,'43_do_you_have_dedicated_resources_budget_for_patient_engagement','',0,'No'),('adherence_questionnaire',30,'44_do_you_perform_an_ethical_assessment_of_your_patient_engageme','',0,'No'),('adherence_questionnaire',30,'49_do_you_have_a_cost_management_process_in_place_e_g_a_defined_','',0,'No'),('adherence_questionnaire',30,'50_do_you_ensure_that_the_internal_team_has_solid_skills_to_carr','',0,'No'),('adherence_questionnaire',30,'51_do_you_maintain_accountability_over_time_keeping_track_of_exp','',0,'No'),('adherence_questionnaire',30,'52_please_describe_or_provide_documentation_','',0,''),('adherence_questionnaire',30,'53_do_you_have_a_process_in_place_to_ensure_that_there_is_a_righ','',0,'No'),('adherence_questionnaire',30,'54_please_explain_','',0,''),('adherence_questionnaire',30,'55_have_you_developed_a_contingency_plan_risk_management_approac','',0,'No'),('adherence_questionnaire',30,'5_3_1_please_describe_that_procedure','',0,''),('adherence_questionnaire',30,'5_4_do_the_stakeholder_participating_in_the_governance_of_the_in','',0,''),('adherence_questionnaire',30,'5_8_1b_or_provide_us_with_the_relevant_documentation_','',0,''),('adherence_questionnaire',30,'6_5_1_could_you_please_provide_the_report_of_this_analysis_','',0,''),('adherence_questionnaire',30,'7_do_you_engage_patients_in_your_research_innovation_r_i_in_one_','',0,'No'),('adherence_questionnaire',30,'are_the_monitoring_and_the_assessment_systems_and_the_related_in','',0,''),('adherence_questionnaire',30,'beyond_the_stakeholders_involved_in_the_governance_structure_hav','',0,'No'),('adherence_questionnaire',30,'can_you_provide_any_of_those_reports_','',0,''),('adherence_questionnaire',30,'could_you_please_describe_how_you_have_defined_the_common_object','',0,''),('adherence_questionnaire',30,'does_this_assessment_include_indicators_related_to_the_patient_d','',0,''),('adherence_questionnaire',30,'does_this_assessment_involve_stakeholders_in_the_gathering_of_da','',0,''),('adherence_questionnaire',30,'do_you_communicate_with_stakeholders_about_the_progress_of_the_i','',0,'No'),('adherence_questionnaire',30,'do_you_have_an_agenda_defining_the_priority_areas_mid_term_and_l','',0,'No'),('adherence_questionnaire',30,'do_you_have_a_monitoring_system_for_the_implementation_of_the_ac','',0,'No'),('adherence_questionnaire',30,'do_you_have_a_process_in_place_to_gather_feedback_from_external_','',0,'No'),('adherence_questionnaire',30,'do_you_have_a_review_process_in_place_to_improve_the_initiative_','',0,'No'),('adherence_questionnaire',30,'do_you_publish_a_progress_report_','',0,'No'),('adherence_questionnaire',30,'have_you_defined_an_assessment_system_that_allow_to_measure_init','',0,'No'),('adherence_questionnaire',30,'have_you_developed_a_shared_vision_mission_for_your_initiative_','',0,'No'),('adherence_questionnaire',30,'have_you_established_a_governance_structure_for_the_ms_care_unit','',0,'No'),('adherence_questionnaire',30,'initiativeid','',0,''),('adherence_questionnaire',30,'is_this_review_process_strictly_internal_or_is_there_a_third_par','',0,''),('adherence_questionnaire',30,'nodeid','',0,'535'),('adherence_questionnaire',30,'or_provide_a_copy_of_that_procedure','',0,''),('adherence_questionnaire',30,'or_provide_us_with_the_relevant_documentation_','',0,''),('adherence_questionnaire',30,'or_provide_us_with_the_relevant_documentation_2','',0,''),('adherence_questionnaire',30,'please_describe3','',0,''),('adherence_questionnaire',30,'please_describe_how_the_measurement_is_linked_to_the_objectives_','',0,''),('adherence_questionnaire',30,'please_describe_how_you_communicate_with_the_stakeholders_on_pro','',0,''),('adherence_questionnaire',30,'please_provide_relevant_documents_if_any','',0,''),('adherence_questionnaire',30,'pleas_describe_the_process_provide_documentation_that_allows_the','',0,''),('adherence_questionnaire',30,'ror_provide_us_with_the_relevant_documentation_','',0,''),('adherence_questionnaire',30,'what_is_the_frequency_of_publishing_progress_reports_','',0,''),('adherence_questionnaire',30,'_have_you_identified_the_intended_beneficiaries_of_your_research','',0,'No'),('mscu_ecf_2018_practising_neurolo',31,'country','',0,''),('mscu_ecf_2018_practising_neurolo',31,'hospital_university_centre','',0,''),('mscu_ecf_2018_practising_neurolo',31,'number_of_patients_of_ms_attended_in_one_year','',0,''),('mscu_ecf_2018_practising_neurolo',31,'province_state','',0,''),('mscu_ecf_2018_practising_neurolo',31,'treatments_available','',0,'Immunomodulator treatment'),('mscu_ecf_2018_practising_neurolo',31,'year','',0,''),('adherence_questionnaire',32,'11_could_you_please_describe_the_different_bodies_in_your_govern','',0,''),('adherence_questionnaire',32,'12_do_you_have_a_procedure_that_describes_the_roles_and_responsi','',0,''),('adherence_questionnaire',32,'14_do_you_have_a_collective_action_plan_in_place_in_order_to_ach','',0,''),('adherence_questionnaire',32,'15_please_describe','',0,''),('adherence_questionnaire',32,'16_when_establishing_the_governance_boards_do_you_take_into_acco','',0,''),('adherence_questionnaire',32,'17_please_describe_the_mechanisms_by_which_you_ensure_a_balance_','',0,''),('adherence_questionnaire',32,'18_when_establishing_the_governance_boards_do_you_ensure_the_par','',0,''),('adherence_questionnaire',32,'19_please_describe_the_mechanisms_by_which_you_ensure_a_balance_','',0,''),('adherence_questionnaire',32,'20_when_establishing_the_governance_boards_do_you_protect_the_in','',0,''),('adherence_questionnaire',32,'21_please_describe_the_mechanisms_by_which_you_ensure_a_balance_','',0,''),('adherence_questionnaire',32,'22_when_establishing_the_governance_boards_do_you_maintain_commi','',0,''),('adherence_questionnaire',32,'23_please_describe_the_mechanisms_by_which_you_ensure_a_balance_','',0,''),('adherence_questionnaire',32,'27_did_you_differentiate_the_level_of_engagement_of_these_stakeh','',0,''),('adherence_questionnaire',32,'28_do_you_have_a_stakeholder_engagement_strategy_in_place_both_w','',0,''),('adherence_questionnaire',32,'29_describe_the_methodology_that_is_adopted_in_order_to_put_in_p','',0,''),('adherence_questionnaire',32,'30_did_you_perform_a_consultation_process_in_order_to_understand','',0,''),('adherence_questionnaire',32,'31_did_you_carry_out_an_analysis_to_identify_stakeholders_challe','',0,''),('adherence_questionnaire',32,'33_with_regard_to_stakeholder_engagement_do_you_have_a_process_t','',0,''),('adherence_questionnaire',32,'34_please_describe','',0,''),('adherence_questionnaire',32,'35_do_you_have_a_process_in_place_to_train_stakeholders_in_order','',0,''),('adherence_questionnaire',32,'36_please_describe_the_process_of_training_stakeholders_e_g_the_','',0,''),('adherence_questionnaire',32,'39_do_you_have_a_team_manager_dedicated_to_coordinate_the_patien','',0,''),('adherence_questionnaire',32,'40_do_you_have_indicators_to_measure_the_return_on_patient_engag','',0,''),('adherence_questionnaire',32,'41_do_you_plan_ad_hoc_training_programs_related_to_the_patient_e','',0,''),('adherence_questionnaire',32,'42_do_you_have_mechanism_in_place_to_recognize_and_reward_patien','',0,''),('adherence_questionnaire',32,'43_do_you_have_dedicated_resources_budget_for_patient_engagement','',0,''),('adherence_questionnaire',32,'44_do_you_perform_an_ethical_assessment_of_your_patient_engageme','',0,''),('adherence_questionnaire',32,'49_do_you_have_a_cost_management_process_in_place_e_g_a_defined_','',0,''),('adherence_questionnaire',32,'50_do_you_ensure_that_the_internal_team_has_solid_skills_to_carr','',0,''),('adherence_questionnaire',32,'51_do_you_maintain_accountability_over_time_keeping_track_of_exp','',0,''),('adherence_questionnaire',32,'52_please_describe_or_provide_documentation_','',0,''),('adherence_questionnaire',32,'53_do_you_have_a_process_in_place_to_ensure_that_there_is_a_righ','',0,''),('adherence_questionnaire',32,'54_please_explain_','',0,''),('adherence_questionnaire',32,'55_have_you_developed_a_contingency_plan_risk_management_approac','',0,''),('adherence_questionnaire',32,'5_3_1_please_describe_that_procedure','',0,''),('adherence_questionnaire',32,'5_4_do_the_stakeholder_participating_in_the_governance_of_the_in','',0,''),('adherence_questionnaire',32,'5_8_1b_or_provide_us_with_the_relevant_documentation_','',0,''),('adherence_questionnaire',32,'6_5_1_could_you_please_provide_the_report_of_this_analysis_','',0,''),('adherence_questionnaire',32,'7_do_you_engage_patients_in_your_research_innovation_r_i_in_one_','',0,''),('adherence_questionnaire',32,'are_the_monitoring_and_the_assessment_systems_and_the_related_in','',0,''),('adherence_questionnaire',32,'beyond_the_stakeholders_involved_in_the_governance_structure_hav','',0,''),('adherence_questionnaire',32,'can_you_provide_any_of_those_reports_','',0,''),('adherence_questionnaire',32,'could_you_please_describe_how_you_have_defined_the_common_object','',0,''),('adherence_questionnaire',32,'does_this_assessment_include_indicators_related_to_the_patient_d','',0,''),('adherence_questionnaire',32,'does_this_assessment_involve_stakeholders_in_the_gathering_of_da','',0,''),('adherence_questionnaire',32,'do_you_communicate_with_stakeholders_about_the_progress_of_the_i','',0,''),('adherence_questionnaire',32,'do_you_have_an_agenda_defining_the_priority_areas_mid_term_and_l','',0,''),('adherence_questionnaire',32,'do_you_have_a_monitoring_system_for_the_implementation_of_the_ac','',0,''),('adherence_questionnaire',32,'do_you_have_a_process_in_place_to_gather_feedback_from_external_','',0,''),('adherence_questionnaire',32,'do_you_have_a_review_process_in_place_to_improve_the_initiative_','',0,''),('adherence_questionnaire',32,'do_you_publish_a_progress_report_','',0,''),('adherence_questionnaire',32,'have_you_defined_an_assessment_system_that_allow_to_measure_init','',0,''),('adherence_questionnaire',32,'have_you_developed_a_shared_vision_mission_for_your_initiative_','',0,''),('adherence_questionnaire',32,'have_you_established_a_governance_structure_for_the_ms_care_unit','',0,''),('adherence_questionnaire',32,'initiativeid','',0,''),('adherence_questionnaire',32,'is_this_review_process_strictly_internal_or_is_there_a_third_par','',0,''),('adherence_questionnaire',32,'nodeid','',0,''),('adherence_questionnaire',32,'or_provide_a_copy_of_that_procedure','',0,''),('adherence_questionnaire',32,'or_provide_us_with_the_relevant_documentation_','',0,''),('adherence_questionnaire',32,'or_provide_us_with_the_relevant_documentation_2','',0,''),('adherence_questionnaire',32,'please_describe3','',0,''),('adherence_questionnaire',32,'please_describe_how_the_measurement_is_linked_to_the_objectives_','',0,''),('adherence_questionnaire',32,'please_describe_how_you_communicate_with_the_stakeholders_on_pro','',0,''),('adherence_questionnaire',32,'please_provide_relevant_documents_if_any','',0,''),('adherence_questionnaire',32,'pleas_describe_the_process_provide_documentation_that_allows_the','',0,''),('adherence_questionnaire',32,'ror_provide_us_with_the_relevant_documentation_','',0,''),('adherence_questionnaire',32,'what_is_the_frequency_of_publishing_progress_reports_','',0,''),('adherence_questionnaire',32,'_have_you_identified_the_intended_beneficiaries_of_your_research','',0,''),('adherence_questionnaire',33,'11_could_you_please_describe_the_different_bodies_in_your_govern','',0,''),('adherence_questionnaire',33,'12_do_you_have_a_procedure_that_describes_the_roles_and_responsi','',0,''),('adherence_questionnaire',33,'14_do_you_have_a_collective_action_plan_in_place_in_order_to_ach','',0,''),('adherence_questionnaire',33,'15_please_describe','',0,''),('adherence_questionnaire',33,'16_when_establishing_the_governance_boards_do_you_take_into_acco','',0,''),('adherence_questionnaire',33,'17_please_describe_the_mechanisms_by_which_you_ensure_a_balance_','',0,''),('adherence_questionnaire',33,'18_when_establishing_the_governance_boards_do_you_ensure_the_par','',0,''),('adherence_questionnaire',33,'19_please_describe_the_mechanisms_by_which_you_ensure_a_balance_','',0,''),('adherence_questionnaire',33,'20_when_establishing_the_governance_boards_do_you_protect_the_in','',0,''),('adherence_questionnaire',33,'21_please_describe_the_mechanisms_by_which_you_ensure_a_balance_','',0,''),('adherence_questionnaire',33,'22_when_establishing_the_governance_boards_do_you_maintain_commi','',0,''),('adherence_questionnaire',33,'23_please_describe_the_mechanisms_by_which_you_ensure_a_balance_','',0,''),('adherence_questionnaire',33,'27_did_you_differentiate_the_level_of_engagement_of_these_stakeh','',0,''),('adherence_questionnaire',33,'28_do_you_have_a_stakeholder_engagement_strategy_in_place_both_w','',0,''),('adherence_questionnaire',33,'29_describe_the_methodology_that_is_adopted_in_order_to_put_in_p','',0,''),('adherence_questionnaire',33,'30_did_you_perform_a_consultation_process_in_order_to_understand','',0,''),('adherence_questionnaire',33,'31_did_you_carry_out_an_analysis_to_identify_stakeholders_challe','',0,''),('adherence_questionnaire',33,'33_with_regard_to_stakeholder_engagement_do_you_have_a_process_t','',0,''),('adherence_questionnaire',33,'34_please_describe','',0,''),('adherence_questionnaire',33,'35_do_you_have_a_process_in_place_to_train_stakeholders_in_order','',0,''),('adherence_questionnaire',33,'36_please_describe_the_process_of_training_stakeholders_e_g_the_','',0,''),('adherence_questionnaire',33,'39_do_you_have_a_team_manager_dedicated_to_coordinate_the_patien','',0,''),('adherence_questionnaire',33,'40_do_you_have_indicators_to_measure_the_return_on_patient_engag','',0,''),('adherence_questionnaire',33,'41_do_you_plan_ad_hoc_training_programs_related_to_the_patient_e','',0,''),('adherence_questionnaire',33,'42_do_you_have_mechanism_in_place_to_recognize_and_reward_patien','',0,''),('adherence_questionnaire',33,'43_do_you_have_dedicated_resources_budget_for_patient_engagement','',0,''),('adherence_questionnaire',33,'44_do_you_perform_an_ethical_assessment_of_your_patient_engageme','',0,''),('adherence_questionnaire',33,'49_do_you_have_a_cost_management_process_in_place_e_g_a_defined_','',0,''),('adherence_questionnaire',33,'50_do_you_ensure_that_the_internal_team_has_solid_skills_to_carr','',0,''),('adherence_questionnaire',33,'51_do_you_maintain_accountability_over_time_keeping_track_of_exp','',0,''),('adherence_questionnaire',33,'52_please_describe_or_provide_documentation_','',0,''),('adherence_questionnaire',33,'53_do_you_have_a_process_in_place_to_ensure_that_there_is_a_righ','',0,''),('adherence_questionnaire',33,'54_please_explain_','',0,''),('adherence_questionnaire',33,'55_have_you_developed_a_contingency_plan_risk_management_approac','',0,''),('adherence_questionnaire',33,'5_3_1_please_describe_that_procedure','',0,''),('adherence_questionnaire',33,'5_4_do_the_stakeholder_participating_in_the_governance_of_the_in','',0,''),('adherence_questionnaire',33,'5_8_1b_or_provide_us_with_the_relevant_documentation_','',0,''),('adherence_questionnaire',33,'6_5_1_could_you_please_provide_the_report_of_this_analysis_','',0,''),('adherence_questionnaire',33,'7_do_you_engage_patients_in_your_research_innovation_r_i_in_one_','',0,''),('adherence_questionnaire',33,'are_the_monitoring_and_the_assessment_systems_and_the_related_in','',0,''),('adherence_questionnaire',33,'beyond_the_stakeholders_involved_in_the_governance_structure_hav','',0,''),('adherence_questionnaire',33,'can_you_provide_any_of_those_reports_','',0,''),('adherence_questionnaire',33,'could_you_please_describe_how_you_have_defined_the_common_object','',0,''),('adherence_questionnaire',33,'does_this_assessment_include_indicators_related_to_the_patient_d','',0,''),('adherence_questionnaire',33,'does_this_assessment_involve_stakeholders_in_the_gathering_of_da','',0,''),('adherence_questionnaire',33,'do_you_communicate_with_stakeholders_about_the_progress_of_the_i','',0,''),('adherence_questionnaire',33,'do_you_have_an_agenda_defining_the_priority_areas_mid_term_and_l','',0,''),('adherence_questionnaire',33,'do_you_have_a_monitoring_system_for_the_implementation_of_the_ac','',0,''),('adherence_questionnaire',33,'do_you_have_a_process_in_place_to_gather_feedback_from_external_','',0,''),('adherence_questionnaire',33,'do_you_have_a_review_process_in_place_to_improve_the_initiative_','',0,''),('adherence_questionnaire',33,'do_you_publish_a_progress_report_','',0,''),('adherence_questionnaire',33,'have_you_defined_an_assessment_system_that_allow_to_measure_init','',0,''),('adherence_questionnaire',33,'have_you_developed_a_shared_vision_mission_for_your_initiative_','',0,''),('adherence_questionnaire',33,'have_you_established_a_governance_structure_for_the_ms_care_unit','',0,''),('adherence_questionnaire',33,'initiativeid','',0,''),('adherence_questionnaire',33,'is_this_review_process_strictly_internal_or_is_there_a_third_par','',0,''),('adherence_questionnaire',33,'nodeid','',0,'529'),('adherence_questionnaire',33,'or_provide_a_copy_of_that_procedure','',0,''),('adherence_questionnaire',33,'or_provide_us_with_the_relevant_documentation_','',0,''),('adherence_questionnaire',33,'or_provide_us_with_the_relevant_documentation_2','',0,''),('adherence_questionnaire',33,'please_describe3','',0,''),('adherence_questionnaire',33,'please_describe_how_the_measurement_is_linked_to_the_objectives_','',0,''),('adherence_questionnaire',33,'please_describe_how_you_communicate_with_the_stakeholders_on_pro','',0,''),('adherence_questionnaire',33,'please_provide_relevant_documents_if_any','',0,''),('adherence_questionnaire',33,'pleas_describe_the_process_provide_documentation_that_allows_the','',0,''),('adherence_questionnaire',33,'ror_provide_us_with_the_relevant_documentation_','',0,''),('adherence_questionnaire',33,'what_is_the_frequency_of_publishing_progress_reports_','',0,''),('adherence_questionnaire',33,'_have_you_identified_the_intended_beneficiaries_of_your_research','',0,''),('adherence_questionnaire',34,'11_could_you_please_describe_the_different_bodies_in_your_govern','',0,'There is a Governance structure established.\r\n• 2 coordinators (co-chairs)\r\n• A working group which defined the characteristics of a MS Care Unit.\r\n• The general assembly = all partners of the multi stakeholder initiative\r\n• The executive Board'),('adherence_questionnaire',34,'12_do_you_have_a_procedure_that_describes_the_roles_and_responsi','',0,'No'),('adherence_questionnaire',34,'14_2_could_you_provide_some_documentation_in_that_context_','',0,'108'),('adherence_questionnaire',34,'14_do_you_have_a_collective_action_plan_in_place_in_order_to_ach','',0,'Yes'),('adherence_questionnaire',34,'15_please_describe','',0,'Stakeholders have different decision power. The ECF Board has decision making power. There is an ECF MS initiative Advisory Board.'),('adherence_questionnaire',34,'16_when_establishing_the_governance_boards_do_you_take_into_acco','',0,'No'),('adherence_questionnaire',34,'17_please_describe_the_mechanisms_by_which_you_ensure_a_balance_','',0,''),('adherence_questionnaire',34,'18_when_establishing_the_governance_boards_do_you_ensure_the_par','',0,'No'),('adherence_questionnaire',34,'19_please_describe_the_mechanisms_by_which_you_ensure_a_balance_','',0,''),('adherence_questionnaire',34,'20_when_establishing_the_governance_boards_do_you_protect_the_in','',0,'No'),('adherence_questionnaire',34,'21_please_describe_the_mechanisms_by_which_you_ensure_a_balance_','',0,''),('adherence_questionnaire',34,'22_when_establishing_the_governance_boards_do_you_maintain_commi','',0,'No'),('adherence_questionnaire',34,'23_please_describe_the_mechanisms_by_which_you_ensure_a_balance_','',0,''),('adherence_questionnaire',34,'27_did_you_differentiate_the_level_of_engagement_of_these_stakeh','',0,'No'),('adherence_questionnaire',34,'28_do_you_have_a_stakeholder_engagement_strategy_in_place_both_w','',0,'No'),('adherence_questionnaire',34,'29_describe_the_methodology_that_is_adopted_in_order_to_put_in_p','',0,''),('adherence_questionnaire',34,'2_1_please_provide_the_documents_related_to_the_agenda','',0,'107'),('adherence_questionnaire',34,'30_did_you_perform_a_consultation_process_in_order_to_understand','',0,'No'),('adherence_questionnaire',34,'31_did_you_carry_out_an_analysis_to_identify_stakeholders_challe','',0,'No'),('adherence_questionnaire',34,'33_with_regard_to_stakeholder_engagement_do_you_have_a_process_t','',0,'No'),('adherence_questionnaire',34,'34_please_describe','',0,''),('adherence_questionnaire',34,'35_do_you_have_a_process_in_place_to_train_stakeholders_in_order','',0,'No'),('adherence_questionnaire',34,'36_please_describe_the_process_of_training_stakeholders_e_g_the_','',0,''),('adherence_questionnaire',34,'38_in_which_of_the_7_steps_research_innovation_r_i_path_do_you_e','',0,'4. Design & plan'),('adherence_questionnaire',34,'38_in_which_of_the_7_steps_research_innovation_r_i_path_do_you_e','',1,'5. Research execution'),('adherence_questionnaire',34,'38_in_which_of_the_7_steps_research_innovation_r_i_path_do_you_e','',2,'7. Translation to community'),('adherence_questionnaire',34,'39_do_you_have_a_team_manager_dedicated_to_coordinate_the_patien','',0,'No'),('adherence_questionnaire',34,'40_do_you_have_indicators_to_measure_the_return_on_patient_engag','',0,'No'),('adherence_questionnaire',34,'41_do_you_plan_ad_hoc_training_programs_related_to_the_patient_e','',0,'Yes'),('adherence_questionnaire',34,'42_do_you_have_mechanism_in_place_to_recognize_and_reward_patien','',0,'No'),('adherence_questionnaire',34,'43_do_you_have_dedicated_resources_budget_for_patient_engagement','',0,'No'),('adherence_questionnaire',34,'44_do_you_perform_an_ethical_assessment_of_your_patient_engageme','',0,'No'),('adherence_questionnaire',34,'48_if_yes_do_you_have_a_plan_that_defines_the_following_please_t','',0,'Specific actions that different stakeholders commit to implement in order to achieve the objectives of the initiative; '),('adherence_questionnaire',34,'48_if_yes_do_you_have_a_plan_that_defines_the_following_please_t','',1,'Definition of clear and measurable targets'),('adherence_questionnaire',34,'48_if_yes_do_you_have_a_plan_that_defines_the_following_please_t','',2,'Presentation of clear project timeline,including deadlines in order to allow participants to hold each other accountable'),('adherence_questionnaire',34,'49_do_you_have_a_cost_management_process_in_place_e_g_a_defined_','',0,'No'),('adherence_questionnaire',34,'50_do_you_ensure_that_the_internal_team_has_solid_skills_to_carr','',0,'Yes'),('adherence_questionnaire',34,'51_do_you_maintain_accountability_over_time_keeping_track_of_exp','',0,'No'),('adherence_questionnaire',34,'52_please_describe_or_provide_documentation_','',0,''),('adherence_questionnaire',34,'53_do_you_have_a_process_in_place_to_ensure_that_there_is_a_righ','',0,'No'),('adherence_questionnaire',34,'54_please_explain_','',0,''),('adherence_questionnaire',34,'55_have_you_developed_a_contingency_plan_risk_management_approac','',0,'No'),('adherence_questionnaire',34,'5_1_could_you_please_describe_the_different_bodies_in_your_gover','',0,'Patients'),('adherence_questionnaire',34,'5_1_could_you_please_describe_the_different_bodies_in_your_gover','',1,'Patients organizations, patient associations, advocacy organizations, etc.'),('adherence_questionnaire',34,'5_1_could_you_please_describe_the_different_bodies_in_your_gover','',2,'Payers and purchasers, public or private entities responsible for underwriting the costs of health care'),('adherence_questionnaire',34,'5_1_could_you_please_describe_the_different_bodies_in_your_gover','',3,'Industry companies developing and selling health products (drugs, devices, applications, etc.) and services sector'),('adherence_questionnaire',34,'5_1_could_you_please_describe_the_different_bodies_in_your_gover','',4,'stakeholders dedicated to create a culture to effect and sustain change (e.g. training and development of the needed competencies)'),('adherence_questionnaire',34,'5_3_1_please_describe_that_procedure','',0,''),('adherence_questionnaire',34,'5_4_do_the_stakeholder_participating_in_the_governance_of_the_in','',0,'Yes'),('adherence_questionnaire',34,'5_8_1b_or_provide_us_with_the_relevant_documentation_','',0,''),('adherence_questionnaire',34,'6_5_1_could_you_please_provide_the_report_of_this_analysis_','',0,''),('adherence_questionnaire',34,'7_do_you_engage_patients_in_your_research_innovation_r_i_in_one_','',0,'Yes'),('adherence_questionnaire',34,'7_please_indicate_which_of_the_following_stakeholders_are_the_in','',0,'Patients'),('adherence_questionnaire',34,'7_please_indicate_which_of_the_following_stakeholders_are_the_in','',1,'Patients organizations, patient associations, advocacy organizations, etc.'),('adherence_questionnaire',34,'7_please_indicate_which_of_the_following_stakeholders_are_the_in','',2,'Society individual citizens, civil society organizations and networks'),('adherence_questionnaire',34,'7_please_indicate_which_of_the_following_stakeholders_are_the_in','',3,'Payers and purchasers, public or private entities responsible for underwriting the costs of health care'),('adherence_questionnaire',34,'7_please_indicate_which_of_the_following_stakeholders_are_the_in','',4,'Care providers, health and social care organizations and professionals (doctors, nurses, etc.)'),('adherence_questionnaire',34,'7_please_indicate_which_of_the_following_stakeholders_are_the_in','',5,'Industry companies developing and selling health products (drugs, devices, applications, etc.) and services sector'),('adherence_questionnaire',34,'are_the_monitoring_and_the_assessment_systems_and_the_related_in','',0,'No'),('adherence_questionnaire',34,'beyond_the_stakeholders_involved_in_the_governance_structure_hav','',0,'Yes'),('adherence_questionnaire',34,'can_you_provide_any_of_those_reports_','',0,''),('adherence_questionnaire',34,'could_you_please_describe_how_you_have_defined_the_common_object','',0,''),('adherence_questionnaire',34,'does_this_assessment_include_indicators_related_to_the_patient_d','',0,'Yes'),('adherence_questionnaire',34,'does_this_assessment_involve_stakeholders_in_the_gathering_of_da','',0,''),('adherence_questionnaire',34,'do_you_communicate_with_stakeholders_about_the_progress_of_the_i','',0,'No'),('adherence_questionnaire',34,'do_you_have_an_agenda_defining_the_priority_areas_mid_term_and_l','',0,'Yes'),('adherence_questionnaire',34,'do_you_have_a_monitoring_system_for_the_implementation_of_the_ac','',0,'No'),('adherence_questionnaire',34,'do_you_have_a_process_in_place_to_gather_feedback_from_external_','',0,'No'),('adherence_questionnaire',34,'do_you_have_a_review_process_in_place_to_improve_the_initiative_','',0,'No'),('adherence_questionnaire',34,'do_you_publish_a_progress_report_','',0,'No'),('adherence_questionnaire',34,'have_you_defined_an_assessment_system_that_allow_to_measure_init','',0,'Yes'),('adherence_questionnaire',34,'have_you_developed_a_shared_vision_mission_for_your_initiative_','',0,'Yes'),('adherence_questionnaire',34,'have_you_established_a_governance_structure_for_the_ms_care_unit','',0,'Yes'),('adherence_questionnaire',34,'initiativeid','',0,''),('adherence_questionnaire',34,'is_this_review_process_strictly_internal_or_is_there_a_third_par','',0,''),('adherence_questionnaire',34,'nodeid','',0,'557'),('adherence_questionnaire',34,'or_provide_a_copy_of_that_procedure','',0,''),('adherence_questionnaire',34,'or_provide_us_with_the_relevant_documentation_','',0,''),('adherence_questionnaire',34,'or_provide_us_with_the_relevant_documentation_2','',0,''),('adherence_questionnaire',34,'please_describe3','',0,''),('adherence_questionnaire',34,'please_describe_how_the_measurement_is_linked_to_the_objectives_','',0,''),('adherence_questionnaire',34,'please_describe_how_you_communicate_with_the_stakeholders_on_pro','',0,''),('adherence_questionnaire',34,'please_provide_relevant_documents_if_any','',0,''),('adherence_questionnaire',34,'pleas_describe_the_process_provide_documentation_that_allows_the','',0,''),('adherence_questionnaire',34,'ror_provide_us_with_the_relevant_documentation_','',0,''),('adherence_questionnaire',34,'what_is_the_frequency_of_publishing_progress_reports_','',0,''),('adherence_questionnaire',34,'_10_which_of_the_following_stakeholders_are_involved_in_the_gove','',0,'Patients'),('adherence_questionnaire',34,'_10_which_of_the_following_stakeholders_are_involved_in_the_gove','',1,'Care providers, health and social care organizations and professionals (doctors, nurses, etc.)'),('adherence_questionnaire',34,'_10_which_of_the_following_stakeholders_are_involved_in_the_gove','',2,'Policy makers EU institutions; national, regional and local policy makers'),('adherence_questionnaire',34,'_10_which_of_the_following_stakeholders_are_involved_in_the_gove','',3,'Industry companies developing and selling health products (drugs, devices, applications, etc.) and services sector'),('adherence_questionnaire',34,'_10_which_of_the_following_stakeholders_are_involved_in_the_gove','',4,'Research and education organizations Research organizations; Universities; Education providers; Foundations; Other research projects'),('adherence_questionnaire',34,'_have_you_identified_the_intended_beneficiaries_of_your_research','',0,'Yes'),('adherence_questionnaire',35,'11_could_you_please_describe_the_different_bodies_in_your_govern','',0,''),('adherence_questionnaire',35,'12_do_you_have_a_procedure_that_describes_the_roles_and_responsi','',0,''),('adherence_questionnaire',35,'14_do_you_have_a_collective_action_plan_in_place_in_order_to_ach','',0,'Yes'),('adherence_questionnaire',35,'15_please_describe','',0,''),('adherence_questionnaire',35,'16_when_establishing_the_governance_boards_do_you_take_into_acco','',0,''),('adherence_questionnaire',35,'17_please_describe_the_mechanisms_by_which_you_ensure_a_balance_','',0,''),('adherence_questionnaire',35,'18_when_establishing_the_governance_boards_do_you_ensure_the_par','',0,''),('adherence_questionnaire',35,'19_please_describe_the_mechanisms_by_which_you_ensure_a_balance_','',0,''),('adherence_questionnaire',35,'20_when_establishing_the_governance_boards_do_you_protect_the_in','',0,''),('adherence_questionnaire',35,'21_please_describe_the_mechanisms_by_which_you_ensure_a_balance_','',0,''),('adherence_questionnaire',35,'22_when_establishing_the_governance_boards_do_you_maintain_commi','',0,''),('adherence_questionnaire',35,'23_please_describe_the_mechanisms_by_which_you_ensure_a_balance_','',0,''),('adherence_questionnaire',35,'27_did_you_differentiate_the_level_of_engagement_of_these_stakeh','',0,''),('adherence_questionnaire',35,'28_do_you_have_a_stakeholder_engagement_strategy_in_place_both_w','',0,''),('adherence_questionnaire',35,'29_describe_the_methodology_that_is_adopted_in_order_to_put_in_p','',0,''),('adherence_questionnaire',35,'30_did_you_perform_a_consultation_process_in_order_to_understand','',0,''),('adherence_questionnaire',35,'31_did_you_carry_out_an_analysis_to_identify_stakeholders_challe','',0,''),('adherence_questionnaire',35,'33_with_regard_to_stakeholder_engagement_do_you_have_a_process_t','',0,''),('adherence_questionnaire',35,'34_please_describe','',0,''),('adherence_questionnaire',35,'35_do_you_have_a_process_in_place_to_train_stakeholders_in_order','',0,''),('adherence_questionnaire',35,'36_please_describe_the_process_of_training_stakeholders_e_g_the_','',0,''),('adherence_questionnaire',35,'39_do_you_have_a_team_manager_dedicated_to_coordinate_the_patien','',0,''),('adherence_questionnaire',35,'40_do_you_have_indicators_to_measure_the_return_on_patient_engag','',0,''),('adherence_questionnaire',35,'41_do_you_plan_ad_hoc_training_programs_related_to_the_patient_e','',0,''),('adherence_questionnaire',35,'42_do_you_have_mechanism_in_place_to_recognize_and_reward_patien','',0,''),('adherence_questionnaire',35,'43_do_you_have_dedicated_resources_budget_for_patient_engagement','',0,''),('adherence_questionnaire',35,'44_do_you_perform_an_ethical_assessment_of_your_patient_engageme','',0,''),('adherence_questionnaire',35,'48_if_yes_do_you_have_a_plan_that_defines_the_following_please_t','',0,'Specific actions that different stakeholders commit to implement in order to achieve the objectives of the initiative; '),('adherence_questionnaire',35,'48_if_yes_do_you_have_a_plan_that_defines_the_following_please_t','',1,'Definition of clear and measurable targets'),('adherence_questionnaire',35,'49_do_you_have_a_cost_management_process_in_place_e_g_a_defined_','',0,''),('adherence_questionnaire',35,'50_do_you_ensure_that_the_internal_team_has_solid_skills_to_carr','',0,''),('adherence_questionnaire',35,'51_do_you_maintain_accountability_over_time_keeping_track_of_exp','',0,''),('adherence_questionnaire',35,'52_please_describe_or_provide_documentation_','',0,''),('adherence_questionnaire',35,'53_do_you_have_a_process_in_place_to_ensure_that_there_is_a_righ','',0,''),('adherence_questionnaire',35,'54_please_explain_','',0,''),('adherence_questionnaire',35,'55_have_you_developed_a_contingency_plan_risk_management_approac','',0,''),('adherence_questionnaire',35,'5_3_1_please_describe_that_procedure','',0,''),('adherence_questionnaire',35,'5_4_do_the_stakeholder_participating_in_the_governance_of_the_in','',0,''),('adherence_questionnaire',35,'5_8_1b_or_provide_us_with_the_relevant_documentation_','',0,''),('adherence_questionnaire',35,'6_5_1_could_you_please_provide_the_report_of_this_analysis_','',0,''),('adherence_questionnaire',35,'7_do_you_engage_patients_in_your_research_innovation_r_i_in_one_','',0,''),('adherence_questionnaire',35,'are_the_monitoring_and_the_assessment_systems_and_the_related_in','',0,''),('adherence_questionnaire',35,'beyond_the_stakeholders_involved_in_the_governance_structure_hav','',0,''),('adherence_questionnaire',35,'can_you_provide_any_of_those_reports_','',0,''),('adherence_questionnaire',35,'could_you_please_describe_how_you_have_defined_the_common_object','',0,''),('adherence_questionnaire',35,'does_this_assessment_include_indicators_related_to_the_patient_d','',0,''),('adherence_questionnaire',35,'does_this_assessment_involve_stakeholders_in_the_gathering_of_da','',0,''),('adherence_questionnaire',35,'do_you_communicate_with_stakeholders_about_the_progress_of_the_i','',0,''),('adherence_questionnaire',35,'do_you_have_an_agenda_defining_the_priority_areas_mid_term_and_l','',0,''),('adherence_questionnaire',35,'do_you_have_a_monitoring_system_for_the_implementation_of_the_ac','',0,''),('adherence_questionnaire',35,'do_you_have_a_process_in_place_to_gather_feedback_from_external_','',0,''),('adherence_questionnaire',35,'do_you_have_a_review_process_in_place_to_improve_the_initiative_','',0,''),('adherence_questionnaire',35,'do_you_publish_a_progress_report_','',0,''),('adherence_questionnaire',35,'have_you_defined_an_assessment_system_that_allow_to_measure_init','',0,''),('adherence_questionnaire',35,'have_you_developed_a_shared_vision_mission_for_your_initiative_','',0,''),('adherence_questionnaire',35,'have_you_established_a_governance_structure_for_the_ms_care_unit','',0,''),('adherence_questionnaire',35,'initiativeid','',0,''),('adherence_questionnaire',35,'is_this_review_process_strictly_internal_or_is_there_a_third_par','',0,''),('adherence_questionnaire',35,'nodeid','',0,'0'),('adherence_questionnaire',35,'or_provide_a_copy_of_that_procedure','',0,''),('adherence_questionnaire',35,'or_provide_us_with_the_relevant_documentation_','',0,''),('adherence_questionnaire',35,'or_provide_us_with_the_relevant_documentation_2','',0,''),('adherence_questionnaire',35,'please_describe3','',0,''),('adherence_questionnaire',35,'please_describe_how_the_measurement_is_linked_to_the_objectives_','',0,''),('adherence_questionnaire',35,'please_describe_how_you_communicate_with_the_stakeholders_on_pro','',0,''),('adherence_questionnaire',35,'please_provide_relevant_documents_if_any','',0,''),('adherence_questionnaire',35,'pleas_describe_the_process_provide_documentation_that_allows_the','',0,''),('adherence_questionnaire',35,'ror_provide_us_with_the_relevant_documentation_','',0,''),('adherence_questionnaire',35,'what_is_the_frequency_of_publishing_progress_reports_','',0,''),('adherence_questionnaire',35,'_have_you_identified_the_intended_beneficiaries_of_your_research','',0,''),('adherence_questionnaire',36,'11_could_you_please_describe_the_different_bodies_in_your_govern','',0,''),('adherence_questionnaire',36,'12_do_you_have_a_procedure_that_describes_the_roles_and_responsi','',0,''),('adherence_questionnaire',36,'14_do_you_have_a_collective_action_plan_in_place_in_order_to_ach','',0,''),('adherence_questionnaire',36,'15_please_describe','',0,''),('adherence_questionnaire',36,'16_when_establishing_the_governance_boards_do_you_take_into_acco','',0,''),('adherence_questionnaire',36,'17_please_describe_the_mechanisms_by_which_you_ensure_a_balance_','',0,''),('adherence_questionnaire',36,'18_when_establishing_the_governance_boards_do_you_ensure_the_par','',0,''),('adherence_questionnaire',36,'19_please_describe_the_mechanisms_by_which_you_ensure_a_balance_','',0,''),('adherence_questionnaire',36,'20_when_establishing_the_governance_boards_do_you_protect_the_in','',0,''),('adherence_questionnaire',36,'21_please_describe_the_mechanisms_by_which_you_ensure_a_balance_','',0,''),('adherence_questionnaire',36,'22_when_establishing_the_governance_boards_do_you_maintain_commi','',0,''),('adherence_questionnaire',36,'23_please_describe_the_mechanisms_by_which_you_ensure_a_balance_','',0,''),('adherence_questionnaire',36,'27_did_you_differentiate_the_level_of_engagement_of_these_stakeh','',0,''),('adherence_questionnaire',36,'28_do_you_have_a_stakeholder_engagement_strategy_in_place_both_w','',0,''),('adherence_questionnaire',36,'29_describe_the_methodology_that_is_adopted_in_order_to_put_in_p','',0,''),('adherence_questionnaire',36,'30_did_you_perform_a_consultation_process_in_order_to_understand','',0,''),('adherence_questionnaire',36,'31_did_you_carry_out_an_analysis_to_identify_stakeholders_challe','',0,''),('adherence_questionnaire',36,'33_with_regard_to_stakeholder_engagement_do_you_have_a_process_t','',0,''),('adherence_questionnaire',36,'34_please_describe','',0,''),('adherence_questionnaire',36,'35_do_you_have_a_process_in_place_to_train_stakeholders_in_order','',0,''),('adherence_questionnaire',36,'36_please_describe_the_process_of_training_stakeholders_e_g_the_','',0,''),('adherence_questionnaire',36,'39_do_you_have_a_team_manager_dedicated_to_coordinate_the_patien','',0,''),('adherence_questionnaire',36,'40_do_you_have_indicators_to_measure_the_return_on_patient_engag','',0,''),('adherence_questionnaire',36,'41_do_you_plan_ad_hoc_training_programs_related_to_the_patient_e','',0,''),('adherence_questionnaire',36,'42_do_you_have_mechanism_in_place_to_recognize_and_reward_patien','',0,''),('adherence_questionnaire',36,'43_do_you_have_dedicated_resources_budget_for_patient_engagement','',0,''),('adherence_questionnaire',36,'44_do_you_perform_an_ethical_assessment_of_your_patient_engageme','',0,''),('adherence_questionnaire',36,'49_do_you_have_a_cost_management_process_in_place_e_g_a_defined_','',0,''),('adherence_questionnaire',36,'50_do_you_ensure_that_the_internal_team_has_solid_skills_to_carr','',0,''),('adherence_questionnaire',36,'51_do_you_maintain_accountability_over_time_keeping_track_of_exp','',0,''),('adherence_questionnaire',36,'52_please_describe_or_provide_documentation_','',0,''),('adherence_questionnaire',36,'53_do_you_have_a_process_in_place_to_ensure_that_there_is_a_righ','',0,''),('adherence_questionnaire',36,'54_please_explain_','',0,''),('adherence_questionnaire',36,'55_have_you_developed_a_contingency_plan_risk_management_approac','',0,''),('adherence_questionnaire',36,'5_3_1_please_describe_that_procedure','',0,''),('adherence_questionnaire',36,'5_4_do_the_stakeholder_participating_in_the_governance_of_the_in','',0,''),('adherence_questionnaire',36,'5_8_1b_or_provide_us_with_the_relevant_documentation_','',0,''),('adherence_questionnaire',36,'6_5_1_could_you_please_provide_the_report_of_this_analysis_','',0,''),('adherence_questionnaire',36,'7_do_you_engage_patients_in_your_research_innovation_r_i_in_one_','',0,''),('adherence_questionnaire',36,'are_the_monitoring_and_the_assessment_systems_and_the_related_in','',0,''),('adherence_questionnaire',36,'beyond_the_stakeholders_involved_in_the_governance_structure_hav','',0,''),('adherence_questionnaire',36,'can_you_provide_any_of_those_reports_','',0,''),('adherence_questionnaire',36,'could_you_please_describe_how_you_have_defined_the_common_object','',0,''),('adherence_questionnaire',36,'does_this_assessment_include_indicators_related_to_the_patient_d','',0,''),('adherence_questionnaire',36,'does_this_assessment_involve_stakeholders_in_the_gathering_of_da','',0,''),('adherence_questionnaire',36,'do_you_communicate_with_stakeholders_about_the_progress_of_the_i','',0,''),('adherence_questionnaire',36,'do_you_have_an_agenda_defining_the_priority_areas_mid_term_and_l','',0,''),('adherence_questionnaire',36,'do_you_have_a_monitoring_system_for_the_implementation_of_the_ac','',0,''),('adherence_questionnaire',36,'do_you_have_a_process_in_place_to_gather_feedback_from_external_','',0,''),('adherence_questionnaire',36,'do_you_have_a_review_process_in_place_to_improve_the_initiative_','',0,''),('adherence_questionnaire',36,'do_you_publish_a_progress_report_','',0,''),('adherence_questionnaire',36,'have_you_defined_an_assessment_system_that_allow_to_measure_init','',0,''),('adherence_questionnaire',36,'have_you_developed_a_shared_vision_mission_for_your_initiative_','',0,''),('adherence_questionnaire',36,'have_you_established_a_governance_structure_for_the_ms_care_unit','',0,''),('adherence_questionnaire',36,'initiativeid','',0,''),('adherence_questionnaire',36,'is_this_review_process_strictly_internal_or_is_there_a_third_par','',0,''),('adherence_questionnaire',36,'nodeid','',0,'0'),('adherence_questionnaire',36,'or_provide_a_copy_of_that_procedure','',0,''),('adherence_questionnaire',36,'or_provide_us_with_the_relevant_documentation_','',0,''),('adherence_questionnaire',36,'or_provide_us_with_the_relevant_documentation_2','',0,''),('adherence_questionnaire',36,'please_describe3','',0,''),('adherence_questionnaire',36,'please_describe_how_the_measurement_is_linked_to_the_objectives_','',0,''),('adherence_questionnaire',36,'please_describe_how_you_communicate_with_the_stakeholders_on_pro','',0,''),('adherence_questionnaire',36,'please_provide_relevant_documents_if_any','',0,''),('adherence_questionnaire',36,'pleas_describe_the_process_provide_documentation_that_allows_the','',0,''),('adherence_questionnaire',36,'ror_provide_us_with_the_relevant_documentation_','',0,''),('adherence_questionnaire',36,'what_is_the_frequency_of_publishing_progress_reports_','',0,''),('adherence_questionnaire',36,'_have_you_identified_the_intended_beneficiaries_of_your_research','',0,''),('adherence_questionnaire',37,'11_could_you_please_describe_the_different_bodies_in_your_govern','',0,''),('adherence_questionnaire',37,'12_do_you_have_a_procedure_that_describes_the_roles_and_responsi','',0,''),('adherence_questionnaire',37,'14_do_you_have_a_collective_action_plan_in_place_in_order_to_ach','',0,''),('adherence_questionnaire',37,'15_please_describe','',0,''),('adherence_questionnaire',37,'16_when_establishing_the_governance_boards_do_you_take_into_acco','',0,''),('adherence_questionnaire',37,'17_please_describe_the_mechanisms_by_which_you_ensure_a_balance_','',0,''),('adherence_questionnaire',37,'18_when_establishing_the_governance_boards_do_you_ensure_the_par','',0,''),('adherence_questionnaire',37,'19_please_describe_the_mechanisms_by_which_you_ensure_a_balance_','',0,''),('adherence_questionnaire',37,'20_when_establishing_the_governance_boards_do_you_protect_the_in','',0,''),('adherence_questionnaire',37,'21_please_describe_the_mechanisms_by_which_you_ensure_a_balance_','',0,''),('adherence_questionnaire',37,'22_when_establishing_the_governance_boards_do_you_maintain_commi','',0,''),('adherence_questionnaire',37,'23_please_describe_the_mechanisms_by_which_you_ensure_a_balance_','',0,''),('adherence_questionnaire',37,'27_did_you_differentiate_the_level_of_engagement_of_these_stakeh','',0,''),('adherence_questionnaire',37,'28_do_you_have_a_stakeholder_engagement_strategy_in_place_both_w','',0,''),('adherence_questionnaire',37,'29_describe_the_methodology_that_is_adopted_in_order_to_put_in_p','',0,''),('adherence_questionnaire',37,'30_did_you_perform_a_consultation_process_in_order_to_understand','',0,''),('adherence_questionnaire',37,'31_did_you_carry_out_an_analysis_to_identify_stakeholders_challe','',0,''),('adherence_questionnaire',37,'33_with_regard_to_stakeholder_engagement_do_you_have_a_process_t','',0,''),('adherence_questionnaire',37,'34_please_describe','',0,''),('adherence_questionnaire',37,'35_do_you_have_a_process_in_place_to_train_stakeholders_in_order','',0,''),('adherence_questionnaire',37,'36_please_describe_the_process_of_training_stakeholders_e_g_the_','',0,''),('adherence_questionnaire',37,'39_do_you_have_a_team_manager_dedicated_to_coordinate_the_patien','',0,''),('adherence_questionnaire',37,'40_do_you_have_indicators_to_measure_the_return_on_patient_engag','',0,''),('adherence_questionnaire',37,'41_do_you_plan_ad_hoc_training_programs_related_to_the_patient_e','',0,''),('adherence_questionnaire',37,'42_do_you_have_mechanism_in_place_to_recognize_and_reward_patien','',0,''),('adherence_questionnaire',37,'43_do_you_have_dedicated_resources_budget_for_patient_engagement','',0,''),('adherence_questionnaire',37,'44_do_you_perform_an_ethical_assessment_of_your_patient_engageme','',0,''),('adherence_questionnaire',37,'49_do_you_have_a_cost_management_process_in_place_e_g_a_defined_','',0,''),('adherence_questionnaire',37,'50_do_you_ensure_that_the_internal_team_has_solid_skills_to_carr','',0,''),('adherence_questionnaire',37,'51_do_you_maintain_accountability_over_time_keeping_track_of_exp','',0,''),('adherence_questionnaire',37,'52_please_describe_or_provide_documentation_','',0,''),('adherence_questionnaire',37,'53_do_you_have_a_process_in_place_to_ensure_that_there_is_a_righ','',0,''),('adherence_questionnaire',37,'54_please_explain_','',0,''),('adherence_questionnaire',37,'55_have_you_developed_a_contingency_plan_risk_management_approac','',0,''),('adherence_questionnaire',37,'5_3_1_please_describe_that_procedure','',0,''),('adherence_questionnaire',37,'5_4_do_the_stakeholder_participating_in_the_governance_of_the_in','',0,''),('adherence_questionnaire',37,'5_8_1b_or_provide_us_with_the_relevant_documentation_','',0,''),('adherence_questionnaire',37,'6_5_1_could_you_please_provide_the_report_of_this_analysis_','',0,''),('adherence_questionnaire',37,'7_do_you_engage_patients_in_your_research_innovation_r_i_in_one_','',0,''),('adherence_questionnaire',37,'are_the_monitoring_and_the_assessment_systems_and_the_related_in','',0,''),('adherence_questionnaire',37,'beyond_the_stakeholders_involved_in_the_governance_structure_hav','',0,''),('adherence_questionnaire',37,'can_you_provide_any_of_those_reports_','',0,''),('adherence_questionnaire',37,'could_you_please_describe_how_you_have_defined_the_common_object','',0,''),('adherence_questionnaire',37,'does_this_assessment_include_indicators_related_to_the_patient_d','',0,''),('adherence_questionnaire',37,'does_this_assessment_involve_stakeholders_in_the_gathering_of_da','',0,''),('adherence_questionnaire',37,'do_you_communicate_with_stakeholders_about_the_progress_of_the_i','',0,''),('adherence_questionnaire',37,'do_you_have_an_agenda_defining_the_priority_areas_mid_term_and_l','',0,''),('adherence_questionnaire',37,'do_you_have_a_monitoring_system_for_the_implementation_of_the_ac','',0,''),('adherence_questionnaire',37,'do_you_have_a_process_in_place_to_gather_feedback_from_external_','',0,''),('adherence_questionnaire',37,'do_you_have_a_review_process_in_place_to_improve_the_initiative_','',0,'No'),('adherence_questionnaire',37,'do_you_publish_a_progress_report_','',0,''),('adherence_questionnaire',37,'have_you_defined_an_assessment_system_that_allow_to_measure_init','',0,''),('adherence_questionnaire',37,'have_you_developed_a_shared_vision_mission_for_your_initiative_','',0,''),('adherence_questionnaire',37,'have_you_established_a_governance_structure_for_the_ms_care_unit','',0,''),('adherence_questionnaire',37,'initiativeid','',0,''),('adherence_questionnaire',37,'is_this_review_process_strictly_internal_or_is_there_a_third_par','',0,''),('adherence_questionnaire',37,'nodeid','',0,'520'),('adherence_questionnaire',37,'or_provide_a_copy_of_that_procedure','',0,''),('adherence_questionnaire',37,'or_provide_us_with_the_relevant_documentation_','',0,''),('adherence_questionnaire',37,'or_provide_us_with_the_relevant_documentation_2','',0,''),('adherence_questionnaire',37,'please_describe3','',0,''),('adherence_questionnaire',37,'please_describe_how_the_measurement_is_linked_to_the_objectives_','',0,''),('adherence_questionnaire',37,'please_describe_how_you_communicate_with_the_stakeholders_on_pro','',0,''),('adherence_questionnaire',37,'please_provide_relevant_documents_if_any','',0,''),('adherence_questionnaire',37,'pleas_describe_the_process_provide_documentation_that_allows_the','',0,''),('adherence_questionnaire',37,'ror_provide_us_with_the_relevant_documentation_','',0,''),('adherence_questionnaire',37,'what_is_the_frequency_of_publishing_progress_reports_','',0,''),('adherence_questionnaire',37,'_have_you_identified_the_intended_beneficiaries_of_your_research','',0,''),('adherence_questionnaire',38,'11_could_you_please_describe_the_different_bodies_in_your_govern','',0,''),('adherence_questionnaire',38,'12_do_you_have_a_procedure_that_describes_the_roles_and_responsi','',0,''),('adherence_questionnaire',38,'14_do_you_have_a_collective_action_plan_in_place_in_order_to_ach','',0,''),('adherence_questionnaire',38,'15_please_describe','',0,''),('adherence_questionnaire',38,'16_when_establishing_the_governance_boards_do_you_take_into_acco','',0,''),('adherence_questionnaire',38,'17_please_describe_the_mechanisms_by_which_you_ensure_a_balance_','',0,''),('adherence_questionnaire',38,'18_when_establishing_the_governance_boards_do_you_ensure_the_par','',0,''),('adherence_questionnaire',38,'19_please_describe_the_mechanisms_by_which_you_ensure_a_balance_','',0,''),('adherence_questionnaire',38,'20_when_establishing_the_governance_boards_do_you_protect_the_in','',0,''),('adherence_questionnaire',38,'21_please_describe_the_mechanisms_by_which_you_ensure_a_balance_','',0,''),('adherence_questionnaire',38,'22_when_establishing_the_governance_boards_do_you_maintain_commi','',0,''),('adherence_questionnaire',38,'23_please_describe_the_mechanisms_by_which_you_ensure_a_balance_','',0,''),('adherence_questionnaire',38,'27_did_you_differentiate_the_level_of_engagement_of_these_stakeh','',0,''),('adherence_questionnaire',38,'28_do_you_have_a_stakeholder_engagement_strategy_in_place_both_w','',0,''),('adherence_questionnaire',38,'29_describe_the_methodology_that_is_adopted_in_order_to_put_in_p','',0,''),('adherence_questionnaire',38,'30_did_you_perform_a_consultation_process_in_order_to_understand','',0,''),('adherence_questionnaire',38,'31_did_you_carry_out_an_analysis_to_identify_stakeholders_challe','',0,''),('adherence_questionnaire',38,'33_with_regard_to_stakeholder_engagement_do_you_have_a_process_t','',0,''),('adherence_questionnaire',38,'34_please_describe','',0,''),('adherence_questionnaire',38,'35_do_you_have_a_process_in_place_to_train_stakeholders_in_order','',0,''),('adherence_questionnaire',38,'36_please_describe_the_process_of_training_stakeholders_e_g_the_','',0,''),('adherence_questionnaire',38,'39_do_you_have_a_team_manager_dedicated_to_coordinate_the_patien','',0,''),('adherence_questionnaire',38,'40_do_you_have_indicators_to_measure_the_return_on_patient_engag','',0,''),('adherence_questionnaire',38,'41_do_you_plan_ad_hoc_training_programs_related_to_the_patient_e','',0,''),('adherence_questionnaire',38,'42_do_you_have_mechanism_in_place_to_recognize_and_reward_patien','',0,''),('adherence_questionnaire',38,'43_do_you_have_dedicated_resources_budget_for_patient_engagement','',0,''),('adherence_questionnaire',38,'44_do_you_perform_an_ethical_assessment_of_your_patient_engageme','',0,''),('adherence_questionnaire',38,'49_do_you_have_a_cost_management_process_in_place_e_g_a_defined_','',0,''),('adherence_questionnaire',38,'50_do_you_ensure_that_the_internal_team_has_solid_skills_to_carr','',0,''),('adherence_questionnaire',38,'51_do_you_maintain_accountability_over_time_keeping_track_of_exp','',0,''),('adherence_questionnaire',38,'52_please_describe_or_provide_documentation_','',0,''),('adherence_questionnaire',38,'53_do_you_have_a_process_in_place_to_ensure_that_there_is_a_righ','',0,''),('adherence_questionnaire',38,'54_please_explain_','',0,''),('adherence_questionnaire',38,'55_have_you_developed_a_contingency_plan_risk_management_approac','',0,''),('adherence_questionnaire',38,'5_3_1_please_describe_that_procedure','',0,''),('adherence_questionnaire',38,'5_4_do_the_stakeholder_participating_in_the_governance_of_the_in','',0,''),('adherence_questionnaire',38,'5_8_1b_or_provide_us_with_the_relevant_documentation_','',0,''),('adherence_questionnaire',38,'6_5_1_could_you_please_provide_the_report_of_this_analysis_','',0,''),('adherence_questionnaire',38,'7_do_you_engage_patients_in_your_research_innovation_r_i_in_one_','',0,''),('adherence_questionnaire',38,'are_the_monitoring_and_the_assessment_systems_and_the_related_in','',0,''),('adherence_questionnaire',38,'beyond_the_stakeholders_involved_in_the_governance_structure_hav','',0,''),('adherence_questionnaire',38,'can_you_provide_any_of_those_reports_','',0,''),('adherence_questionnaire',38,'could_you_please_describe_how_you_have_defined_the_common_object','',0,''),('adherence_questionnaire',38,'does_this_assessment_include_indicators_related_to_the_patient_d','',0,''),('adherence_questionnaire',38,'does_this_assessment_involve_stakeholders_in_the_gathering_of_da','',0,''),('adherence_questionnaire',38,'do_you_communicate_with_stakeholders_about_the_progress_of_the_i','',0,''),('adherence_questionnaire',38,'do_you_have_an_agenda_defining_the_priority_areas_mid_term_and_l','',0,''),('adherence_questionnaire',38,'do_you_have_a_monitoring_system_for_the_implementation_of_the_ac','',0,''),('adherence_questionnaire',38,'do_you_have_a_process_in_place_to_gather_feedback_from_external_','',0,''),('adherence_questionnaire',38,'do_you_have_a_review_process_in_place_to_improve_the_initiative_','',0,''),('adherence_questionnaire',38,'do_you_publish_a_progress_report_','',0,''),('adherence_questionnaire',38,'have_you_defined_an_assessment_system_that_allow_to_measure_init','',0,''),('adherence_questionnaire',38,'have_you_developed_a_shared_vision_mission_for_your_initiative_','',0,'No'),('adherence_questionnaire',38,'have_you_established_a_governance_structure_for_the_ms_care_unit','',0,''),('adherence_questionnaire',38,'initiativeid','',0,''),('adherence_questionnaire',38,'is_this_review_process_strictly_internal_or_is_there_a_third_par','',0,''),('adherence_questionnaire',38,'nodeid','',0,'521'),('adherence_questionnaire',38,'or_provide_a_copy_of_that_procedure','',0,''),('adherence_questionnaire',38,'or_provide_us_with_the_relevant_documentation_','',0,''),('adherence_questionnaire',38,'or_provide_us_with_the_relevant_documentation_2','',0,''),('adherence_questionnaire',38,'please_describe3','',0,''),('adherence_questionnaire',38,'please_describe_how_the_measurement_is_linked_to_the_objectives_','',0,''),('adherence_questionnaire',38,'please_describe_how_you_communicate_with_the_stakeholders_on_pro','',0,''),('adherence_questionnaire',38,'please_provide_relevant_documents_if_any','',0,''),('adherence_questionnaire',38,'pleas_describe_the_process_provide_documentation_that_allows_the','',0,''),('adherence_questionnaire',38,'ror_provide_us_with_the_relevant_documentation_','',0,''),('adherence_questionnaire',38,'what_is_the_frequency_of_publishing_progress_reports_','',0,''),('adherence_questionnaire',38,'_have_you_identified_the_intended_beneficiaries_of_your_research','',0,''),('mscu_ecf_2018_academic_mscu_init',39,'amministrative_data','',0,'0'),('mscu_ecf_2018_academic_mscu_init',39,'area_for_extraction_and_manipulation_of_body_fluids_blood_csf_','',0,''),('mscu_ecf_2018_academic_mscu_init',39,'area_of_outpatient_assistance','',0,''),('mscu_ecf_2018_academic_mscu_init',39,'assessment_of_degree_of_satisfaction_of_users','',0,'0'),('mscu_ecf_2018_academic_mscu_init',39,'autologous_hematopoietic_stem_cell_transplantation_asct_','',0,''),('mscu_ecf_2018_academic_mscu_init',39,'continuous_medical_education','',0,'0'),('mscu_ecf_2018_academic_mscu_init',39,'cost_questionnaire','',0,'0'),('mscu_ecf_2018_academic_mscu_init',39,'day_hospital_integrated_in_the_mscu_or_available_at_the_centre','',0,''),('mscu_ecf_2018_academic_mscu_init',39,'does_mscu_have_a_registry_of_patients_with_multiple_sclerosis_','',0,'Yes'),('mscu_ecf_2018_academic_mscu_init',39,'hours_years','',0,''),('mscu_ecf_2018_academic_mscu_init',39,'incidence_rates_per_100_000','',0,''),('mscu_ecf_2018_academic_mscu_init',39,'indicate_the_type_of_organization','',0,''),('mscu_ecf_2018_academic_mscu_init',39,'mri','',0,'0'),('mscu_ecf_2018_academic_mscu_init',39,'ms_clinics_in_non_academic_hospitals','',0,''),('mscu_ecf_2018_academic_mscu_init',39,'ms_clinics_in_university_hospitals1','',0,''),('mscu_ecf_2018_academic_mscu_init',39,'name_of_the_organization','',0,'PAOLA'),('mscu_ecf_2018_academic_mscu_init',39,'neurologists','',0,'1'),('mscu_ecf_2018_academic_mscu_init',39,'neurologists_1','',0,''),('mscu_ecf_2018_academic_mscu_init',39,'non_academic_hospitals_without_specific_ms_clinic','',0,''),('mscu_ecf_2018_academic_mscu_init',39,'number_and_severity_of_adverse_events_who_scale_qualitative_vari','',0,''),('mscu_ecf_2018_academic_mscu_init',39,'number_of_patients_of_ms_attended_in_one_yearn','',0,''),('mscu_ecf_2018_academic_mscu_init',39,'number_of_publications_year','',0,''),('mscu_ecf_2018_academic_mscu_init',39,'number_of_specialty','',0,''),('mscu_ecf_2018_academic_mscu_init',39,'number_of_treated_exacerbations_relapses_','',0,''),('mscu_ecf_2018_academic_mscu_init',39,'number_of_treatments_administered_in_the_day_hospital_outpatient','',0,''),('mscu_ecf_2018_academic_mscu_init',39,'nurses','',0,''),('mscu_ecf_2018_academic_mscu_init',39,'nurses1','',0,'0'),('mscu_ecf_2018_academic_mscu_init',39,'oct_optic_coherence_tomography_','',0,'0'),('mscu_ecf_2018_academic_mscu_init',39,'others','',0,'0'),('mscu_ecf_2018_academic_mscu_init',39,'other_therapeutic_procedures','',0,'0'),('mscu_ecf_2018_academic_mscu_init',39,'physiotherapists','',0,''),('mscu_ecf_2018_academic_mscu_init',39,'physiotherapists11','',0,'0'),('mscu_ecf_2018_academic_mscu_init',39,'please_specify','',0,''),('mscu_ecf_2018_academic_mscu_init',39,'practising_neurologists','',0,''),('mscu_ecf_2018_academic_mscu_init',39,'prevalence_per_100_000_population','',0,''),('mscu_ecf_2018_academic_mscu_init',39,'publications','',0,'0'),('mscu_ecf_2018_academic_mscu_init',39,'research','',0,'0'),('mscu_ecf_2018_academic_mscu_init',39,'specialty','',0,''),('mscu_ecf_2018_academic_mscu_init',39,'teaching1','',0,'0'),('mscu_ecf_2018_academic_mscu_init',39,'umber_and_severity_of_adverse','',0,''),('mscu_ecf_2018_academic_mscu_init',39,'use_of_disability_progression_expanded_disability_status_scale_e','',0,'0'),('mscu_ecf_2018_academic_mscu_init',39,'x_ray','',0,'0'),('mscu_ecf_2018_academic_mscu_init',39,'year','',0,''),('mscu_ecf_2018_academic_mscu_init',39,'_of_overall_working_activity','',0,''),('mscu_ecf_2018_academic_mscu_init',39,'_of_overall_working_activity2','',0,''),('mscu_ecf_2018_academic_mscu_init',40,'amministrative_data','',0,'0'),('mscu_ecf_2018_academic_mscu_init',40,'area_for_extraction_and_manipulation_of_body_fluids_blood_csf_','',0,''),('mscu_ecf_2018_academic_mscu_init',40,'area_of_outpatient_assistance','',0,''),('mscu_ecf_2018_academic_mscu_init',40,'assessment_of_degree_of_satisfaction_of_users','',0,'0'),('mscu_ecf_2018_academic_mscu_init',40,'autologous_hematopoietic_stem_cell_transplantation_asct_','',0,''),('mscu_ecf_2018_academic_mscu_init',40,'continuous_medical_education','',0,'0'),('mscu_ecf_2018_academic_mscu_init',40,'cost_questionnaire','',0,'0'),('mscu_ecf_2018_academic_mscu_init',40,'day_hospital_integrated_in_the_mscu_or_available_at_the_centre','',0,''),('mscu_ecf_2018_academic_mscu_init',40,'does_mscu_have_a_registry_of_patients_with_multiple_sclerosis_','',0,'Yes'),('mscu_ecf_2018_academic_mscu_init',40,'hours_years','',0,''),('mscu_ecf_2018_academic_mscu_init',40,'incidence_rates_per_100_000','',0,''),('mscu_ecf_2018_academic_mscu_init',40,'indicate_the_type_of_organization','',0,'RESEARCH CENTRE'),('mscu_ecf_2018_academic_mscu_init',40,'mri','',0,'0'),('mscu_ecf_2018_academic_mscu_init',40,'ms_clinics_in_non_academic_hospitals','',0,''),('mscu_ecf_2018_academic_mscu_init',40,'ms_clinics_in_university_hospitals1','',0,''),('mscu_ecf_2018_academic_mscu_init',40,'name_of_the_organization','',0,'giampaolo'),('mscu_ecf_2018_academic_mscu_init',40,'neurologists','',0,'1'),('mscu_ecf_2018_academic_mscu_init',40,'neurologists_1','',0,''),('mscu_ecf_2018_academic_mscu_init',40,'non_academic_hospitals_without_specific_ms_clinic','',0,''),('mscu_ecf_2018_academic_mscu_init',40,'number_and_severity_of_adverse_events_who_scale_qualitative_vari','',0,''),('mscu_ecf_2018_academic_mscu_init',40,'number_of_patients_of_ms_attended_in_one_yearn','',0,''),('mscu_ecf_2018_academic_mscu_init',40,'number_of_publications_year','',0,''),('mscu_ecf_2018_academic_mscu_init',40,'number_of_specialty','',0,''),('mscu_ecf_2018_academic_mscu_init',40,'number_of_treated_exacerbations_relapses_','',0,''),('mscu_ecf_2018_academic_mscu_init',40,'number_of_treatments_administered_in_the_day_hospital_outpatient','',0,''),('mscu_ecf_2018_academic_mscu_init',40,'nurses','',0,''),('mscu_ecf_2018_academic_mscu_init',40,'nurses1','',0,'0'),('mscu_ecf_2018_academic_mscu_init',40,'oct_optic_coherence_tomography_','',0,'0'),('mscu_ecf_2018_academic_mscu_init',40,'others','',0,'0'),('mscu_ecf_2018_academic_mscu_init',40,'other_therapeutic_procedures','',0,'0'),('mscu_ecf_2018_academic_mscu_init',40,'physiotherapists','',0,''),('mscu_ecf_2018_academic_mscu_init',40,'physiotherapists11','',0,'0'),('mscu_ecf_2018_academic_mscu_init',40,'please_specify','',0,''),('mscu_ecf_2018_academic_mscu_init',40,'practising_neurologists','',0,''),('mscu_ecf_2018_academic_mscu_init',40,'prevalence_per_100_000_population','',0,''),('mscu_ecf_2018_academic_mscu_init',40,'publications','',0,'0'),('mscu_ecf_2018_academic_mscu_init',40,'research','',0,'0'),('mscu_ecf_2018_academic_mscu_init',40,'specialty','',0,''),('mscu_ecf_2018_academic_mscu_init',40,'teaching1','',0,'0'),('mscu_ecf_2018_academic_mscu_init',40,'umber_and_severity_of_adverse','',0,''),('mscu_ecf_2018_academic_mscu_init',40,'use_of_disability_progression_expanded_disability_status_scale_e','',0,'0'),('mscu_ecf_2018_academic_mscu_init',40,'x_ray','',0,'0'),('mscu_ecf_2018_academic_mscu_init',40,'year','',0,''),('mscu_ecf_2018_academic_mscu_init',40,'_of_overall_working_activity','',0,''),('mscu_ecf_2018_academic_mscu_init',40,'_of_overall_working_activity2','',0,''),('adherence_questionnaire',41,'11_could_you_please_describe_the_different_bodies_in_your_govern','',0,''),('adherence_questionnaire',41,'12_do_you_have_a_procedure_that_describes_the_roles_and_responsi','',0,''),('adherence_questionnaire',41,'14_do_you_have_a_collective_action_plan_in_place_in_order_to_ach','',0,''),('adherence_questionnaire',41,'15_please_describe','',0,''),('adherence_questionnaire',41,'16_when_establishing_the_governance_boards_do_you_take_into_acco','',0,''),('adherence_questionnaire',41,'17_please_describe_the_mechanisms_by_which_you_ensure_a_balance_','',0,''),('adherence_questionnaire',41,'18_when_establishing_the_governance_boards_do_you_ensure_the_par','',0,''),('adherence_questionnaire',41,'19_please_describe_the_mechanisms_by_which_you_ensure_a_balance_','',0,''),('adherence_questionnaire',41,'20_when_establishing_the_governance_boards_do_you_protect_the_in','',0,''),('adherence_questionnaire',41,'21_please_describe_the_mechanisms_by_which_you_ensure_a_balance_','',0,''),('adherence_questionnaire',41,'22_when_establishing_the_governance_boards_do_you_maintain_commi','',0,''),('adherence_questionnaire',41,'23_please_describe_the_mechanisms_by_which_you_ensure_a_balance_','',0,''),('adherence_questionnaire',41,'27_did_you_differentiate_the_level_of_engagement_of_these_stakeh','',0,''),('adherence_questionnaire',41,'28_do_you_have_a_stakeholder_engagement_strategy_in_place_both_w','',0,''),('adherence_questionnaire',41,'29_describe_the_methodology_that_is_adopted_in_order_to_put_in_p','',0,''),('adherence_questionnaire',41,'30_did_you_perform_a_consultation_process_in_order_to_understand','',0,''),('adherence_questionnaire',41,'31_did_you_carry_out_an_analysis_to_identify_stakeholders_challe','',0,''),('adherence_questionnaire',41,'33_with_regard_to_stakeholder_engagement_do_you_have_a_process_t','',0,''),('adherence_questionnaire',41,'34_please_describe','',0,''),('adherence_questionnaire',41,'35_do_you_have_a_process_in_place_to_train_stakeholders_in_order','',0,''),('adherence_questionnaire',41,'36_please_describe_the_process_of_training_stakeholders_e_g_the_','',0,''),('adherence_questionnaire',41,'39_do_you_have_a_team_manager_dedicated_to_coordinate_the_patien','',0,''),('adherence_questionnaire',41,'40_do_you_have_indicators_to_measure_the_return_on_patient_engag','',0,''),('adherence_questionnaire',41,'41_do_you_plan_ad_hoc_training_programs_related_to_the_patient_e','',0,''),('adherence_questionnaire',41,'42_do_you_have_mechanism_in_place_to_recognize_and_reward_patien','',0,''),('adherence_questionnaire',41,'43_do_you_have_dedicated_resources_budget_for_patient_engagement','',0,''),('adherence_questionnaire',41,'44_do_you_perform_an_ethical_assessment_of_your_patient_engageme','',0,''),('adherence_questionnaire',41,'49_do_you_have_a_cost_management_process_in_place_e_g_a_defined_','',0,''),('adherence_questionnaire',41,'50_do_you_ensure_that_the_internal_team_has_solid_skills_to_carr','',0,''),('adherence_questionnaire',41,'51_do_you_maintain_accountability_over_time_keeping_track_of_exp','',0,''),('adherence_questionnaire',41,'52_please_describe_or_provide_documentation_','',0,''),('adherence_questionnaire',41,'53_do_you_have_a_process_in_place_to_ensure_that_there_is_a_righ','',0,''),('adherence_questionnaire',41,'54_please_explain_','',0,''),('adherence_questionnaire',41,'55_have_you_developed_a_contingency_plan_risk_management_approac','',0,''),('adherence_questionnaire',41,'5_3_1_please_describe_that_procedure','',0,''),('adherence_questionnaire',41,'5_4_do_the_stakeholder_participating_in_the_governance_of_the_in','',0,''),('adherence_questionnaire',41,'5_8_1b_or_provide_us_with_the_relevant_documentation_','',0,''),('adherence_questionnaire',41,'6_5_1_could_you_please_provide_the_report_of_this_analysis_','',0,''),('adherence_questionnaire',41,'7_do_you_engage_patients_in_your_research_innovation_r_i_in_one_','',0,''),('adherence_questionnaire',41,'are_the_monitoring_and_the_assessment_systems_and_the_related_in','',0,''),('adherence_questionnaire',41,'beyond_the_stakeholders_involved_in_the_governance_structure_hav','',0,''),('adherence_questionnaire',41,'can_you_provide_any_of_those_reports_','',0,''),('adherence_questionnaire',41,'could_you_please_describe_how_you_have_defined_the_common_object','',0,''),('adherence_questionnaire',41,'does_this_assessment_include_indicators_related_to_the_patient_d','',0,''),('adherence_questionnaire',41,'does_this_assessment_involve_stakeholders_in_the_gathering_of_da','',0,''),('adherence_questionnaire',41,'do_you_communicate_with_stakeholders_about_the_progress_of_the_i','',0,''),('adherence_questionnaire',41,'do_you_have_an_agenda_defining_the_priority_areas_mid_term_and_l','',0,'Yes'),('adherence_questionnaire',41,'do_you_have_a_monitoring_system_for_the_implementation_of_the_ac','',0,''),('adherence_questionnaire',41,'do_you_have_a_process_in_place_to_gather_feedback_from_external_','',0,''),('adherence_questionnaire',41,'do_you_have_a_review_process_in_place_to_improve_the_initiative_','',0,''),('adherence_questionnaire',41,'do_you_publish_a_progress_report_','',0,''),('adherence_questionnaire',41,'have_you_defined_an_assessment_system_that_allow_to_measure_init','',0,''),('adherence_questionnaire',41,'have_you_developed_a_shared_vision_mission_for_your_initiative_','',0,'Yes'),('adherence_questionnaire',41,'have_you_established_a_governance_structure_for_the_ms_care_unit','',0,''),('adherence_questionnaire',41,'initiativeid','',0,''),('adherence_questionnaire',41,'is_this_review_process_strictly_internal_or_is_there_a_third_par','',0,''),('adherence_questionnaire',41,'nodeid','',0,'530'),('adherence_questionnaire',41,'or_provide_a_copy_of_that_procedure','',0,''),('adherence_questionnaire',41,'or_provide_us_with_the_relevant_documentation_','',0,''),('adherence_questionnaire',41,'or_provide_us_with_the_relevant_documentation_2','',0,''),('adherence_questionnaire',41,'please_describe3','',0,''),('adherence_questionnaire',41,'please_describe_how_the_measurement_is_linked_to_the_objectives_','',0,''),('adherence_questionnaire',41,'please_describe_how_you_communicate_with_the_stakeholders_on_pro','',0,''),('adherence_questionnaire',41,'please_provide_relevant_documents_if_any','',0,''),('adherence_questionnaire',41,'pleas_describe_the_process_provide_documentation_that_allows_the','',0,''),('adherence_questionnaire',41,'ror_provide_us_with_the_relevant_documentation_','',0,''),('adherence_questionnaire',41,'what_is_the_frequency_of_publishing_progress_reports_','',0,''),('adherence_questionnaire',41,'which_of_the_following_stakeholders_took_part_in_defining_the_ob','',0,'Patients'),('adherence_questionnaire',41,'which_of_the_following_stakeholders_took_part_in_defining_the_ob','',1,'Patients organizations, patient associations, advocacy organizations, etc.'),('adherence_questionnaire',41,'which_of_the_following_stakeholders_took_part_in_defining_the_ob','',2,'Society individual citizens, civil society organizations and networks'),('adherence_questionnaire',41,'which_of_the_following_stakeholders_took_part_in_defining_the_ob','',3,'Payers and purchasers, public or private entities responsible for underwriting the costs of health care'),('adherence_questionnaire',41,'_have_you_identified_the_intended_beneficiaries_of_your_research','',0,''),('adherence_questionnaire',42,'11_could_you_please_describe_the_different_bodies_in_your_govern','',0,''),('adherence_questionnaire',42,'12_do_you_have_a_procedure_that_describes_the_roles_and_responsi','',0,'Yes'),('adherence_questionnaire',42,'14_do_you_have_a_collective_action_plan_in_place_in_order_to_ach','',0,'Yes'),('adherence_questionnaire',42,'15_please_describe','',0,''),('adherence_questionnaire',42,'16_when_establishing_the_governance_boards_do_you_take_into_acco','',0,'Yes'),('adherence_questionnaire',42,'17_please_describe_the_mechanisms_by_which_you_ensure_a_balance_','',0,''),('adherence_questionnaire',42,'18_when_establishing_the_governance_boards_do_you_ensure_the_par','',0,'Yes'),('adherence_questionnaire',42,'19_please_describe_the_mechanisms_by_which_you_ensure_a_balance_','',0,''),('adherence_questionnaire',42,'20_when_establishing_the_governance_boards_do_you_protect_the_in','',0,'Yes'),('adherence_questionnaire',42,'21_please_describe_the_mechanisms_by_which_you_ensure_a_balance_','',0,''),('adherence_questionnaire',42,'22_when_establishing_the_governance_boards_do_you_maintain_commi','',0,'Yes'),('adherence_questionnaire',42,'23_please_describe_the_mechanisms_by_which_you_ensure_a_balance_','',0,''),('adherence_questionnaire',42,'27_did_you_differentiate_the_level_of_engagement_of_these_stakeh','',0,'Yes'),('adherence_questionnaire',42,'28_do_you_have_a_stakeholder_engagement_strategy_in_place_both_w','',0,'Yes'),('adherence_questionnaire',42,'29_describe_the_methodology_that_is_adopted_in_order_to_put_in_p','',0,''),('adherence_questionnaire',42,'30_did_you_perform_a_consultation_process_in_order_to_understand','',0,'Yes'),('adherence_questionnaire',42,'31_did_you_carry_out_an_analysis_to_identify_stakeholders_challe','',0,'Yes'),('adherence_questionnaire',42,'33_with_regard_to_stakeholder_engagement_do_you_have_a_process_t','',0,'Yes'),('adherence_questionnaire',42,'34_please_describe','',0,''),('adherence_questionnaire',42,'35_do_you_have_a_process_in_place_to_train_stakeholders_in_order','',0,'Yes'),('adherence_questionnaire',42,'36_please_describe_the_process_of_training_stakeholders_e_g_the_','',0,''),('adherence_questionnaire',42,'38_in_which_of_the_7_steps_research_innovation_r_i_path_do_you_e','',0,'1. Breaking down boundaries '),('adherence_questionnaire',42,'38_in_which_of_the_7_steps_research_innovation_r_i_path_do_you_e','',1,'2. Research priorities'),('adherence_questionnaire',42,'38_in_which_of_the_7_steps_research_innovation_r_i_path_do_you_e','',2,'3. Steering institutions'),('adherence_questionnaire',42,'38_in_which_of_the_7_steps_research_innovation_r_i_path_do_you_e','',3,'4. Design & plan'),('adherence_questionnaire',42,'38_in_which_of_the_7_steps_research_innovation_r_i_path_do_you_e','',4,'5. Research execution'),('adherence_questionnaire',42,'38_in_which_of_the_7_steps_research_innovation_r_i_path_do_you_e','',5,'6. Evaluation'),('adherence_questionnaire',42,'38_in_which_of_the_7_steps_research_innovation_r_i_path_do_you_e','',6,'7. Translation to community'),('adherence_questionnaire',42,'39_do_you_have_a_team_manager_dedicated_to_coordinate_the_patien','',0,'Yes'),('adherence_questionnaire',42,'40_do_you_have_indicators_to_measure_the_return_on_patient_engag','',0,'Yes'),('adherence_questionnaire',42,'41_do_you_plan_ad_hoc_training_programs_related_to_the_patient_e','',0,'Yes'),('adherence_questionnaire',42,'42_do_you_have_mechanism_in_place_to_recognize_and_reward_patien','',0,'Yes'),('adherence_questionnaire',42,'43_do_you_have_dedicated_resources_budget_for_patient_engagement','',0,'Yes'),('adherence_questionnaire',42,'44_do_you_perform_an_ethical_assessment_of_your_patient_engageme','',0,'Yes'),('adherence_questionnaire',42,'48_if_yes_do_you_have_a_plan_that_defines_the_following_please_t','',0,'Specific actions that different stakeholders commit to implement in order to achieve the objectives of the initiative; '),('adherence_questionnaire',42,'48_if_yes_do_you_have_a_plan_that_defines_the_following_please_t','',1,'Definition and composition of Working Groups, which might practically deal with the implementation of such actions'),('adherence_questionnaire',42,'48_if_yes_do_you_have_a_plan_that_defines_the_following_please_t','',2,'Definition of clear and measurable targets'),('adherence_questionnaire',42,'48_if_yes_do_you_have_a_plan_that_defines_the_following_please_t','',3,'Presentation of clear project timeline,including deadlines in order to allow participants to hold each other accountable'),('adherence_questionnaire',42,'48_if_yes_do_you_have_a_plan_that_defines_the_following_please_t','',4,'Definition of a clear internal review process, carried out on a periodical basis in order to keep  track of the achieved targets'),('adherence_questionnaire',42,'48_if_yes_do_you_have_a_plan_that_defines_the_following_please_t','',5,'Information regarding the organization \"touch points meetings\" (such as periodic events or webinars) '),('adherence_questionnaire',42,'49_do_you_have_a_cost_management_process_in_place_e_g_a_defined_','',0,'Yes'),('adherence_questionnaire',42,'50_do_you_ensure_that_the_internal_team_has_solid_skills_to_carr','',0,'Yes'),('adherence_questionnaire',42,'51_do_you_maintain_accountability_over_time_keeping_track_of_exp','',0,'Yes'),('adherence_questionnaire',42,'52_please_describe_or_provide_documentation_','',0,''),('adherence_questionnaire',42,'53_do_you_have_a_process_in_place_to_ensure_that_there_is_a_righ','',0,'Yes'),('adherence_questionnaire',42,'54_please_explain_','',0,''),('adherence_questionnaire',42,'55_have_you_developed_a_contingency_plan_risk_management_approac','',0,'Yes'),('adherence_questionnaire',42,'5_1_could_you_please_describe_the_different_bodies_in_your_gover','',0,'Patients'),('adherence_questionnaire',42,'5_1_could_you_please_describe_the_different_bodies_in_your_gover','',1,'Patients organizations, patient associations, advocacy organizations, etc.'),('adherence_questionnaire',42,'5_1_could_you_please_describe_the_different_bodies_in_your_gover','',2,'Society individual citizens, civil society organizations and networks'),('adherence_questionnaire',42,'5_1_could_you_please_describe_the_different_bodies_in_your_gover','',3,'Payers and purchasers, public or private entities responsible for underwriting the costs of health care'),('adherence_questionnaire',42,'5_1_could_you_please_describe_the_different_bodies_in_your_gover','',4,'Care providers, health and social care organizations and professionals (doctors, nurses, etc.)'),('adherence_questionnaire',42,'5_1_could_you_please_describe_the_different_bodies_in_your_gover','',5,'Policy makers EU institutions; national, regional and local policy makers'),('adherence_questionnaire',42,'5_1_could_you_please_describe_the_different_bodies_in_your_gover','',6,'Industry companies developing and selling health products (drugs, devices, applications, etc.) and services sector'),('adherence_questionnaire',42,'5_1_could_you_please_describe_the_different_bodies_in_your_gover','',7,'Research and education organizations Research organizations; Universities; Education providers; Foundations; Other research projects'),('adherence_questionnaire',42,'5_1_could_you_please_describe_the_different_bodies_in_your_gover','',8,'Test 4.1'),('adherence_questionnaire',42,'5_3_1_please_describe_that_procedure','',0,''),('adherence_questionnaire',42,'5_4_do_the_stakeholder_participating_in_the_governance_of_the_in','',0,'Yes'),('adherence_questionnaire',42,'5_8_1b_or_provide_us_with_the_relevant_documentation_','',0,''),('adherence_questionnaire',42,'6_5_1_could_you_please_provide_the_report_of_this_analysis_','',0,''),('adherence_questionnaire',42,'7_do_you_engage_patients_in_your_research_innovation_r_i_in_one_','',0,'Yes'),('adherence_questionnaire',42,'7_please_indicate_which_of_the_following_stakeholders_are_the_in','',0,'Patients'),('adherence_questionnaire',42,'7_please_indicate_which_of_the_following_stakeholders_are_the_in','',1,'Patients organizations, patient associations, advocacy organizations, etc.'),('adherence_questionnaire',42,'7_please_indicate_which_of_the_following_stakeholders_are_the_in','',2,'Society individual citizens, civil society organizations and networks'),('adherence_questionnaire',42,'7_please_indicate_which_of_the_following_stakeholders_are_the_in','',3,'Payers and purchasers, public or private entities responsible for underwriting the costs of health care'),('adherence_questionnaire',42,'7_please_indicate_which_of_the_following_stakeholders_are_the_in','',4,'Care providers, health and social care organizations and professionals (doctors, nurses, etc.)'),('adherence_questionnaire',42,'7_please_indicate_which_of_the_following_stakeholders_are_the_in','',5,'Policy makers EU institutions; national, regional and local policy makers'),('adherence_questionnaire',42,'7_please_indicate_which_of_the_following_stakeholders_are_the_in','',6,'Industry companies developing and selling health products (drugs, devices, applications, etc.) and services sector'),('adherence_questionnaire',42,'7_please_indicate_which_of_the_following_stakeholders_are_the_in','',7,'Research and education organizations Research organizations; Universities; Education providers; Foundations; Other research projects'),('adherence_questionnaire',42,'7_please_indicate_which_of_the_following_stakeholders_are_the_in','',8,'Test 1.2'),('adherence_questionnaire',42,'are_the_monitoring_and_the_assessment_systems_and_the_related_in','',0,'Yes'),('adherence_questionnaire',42,'beyond_the_stakeholders_involved_in_the_governance_structure_hav','',0,'Yes'),('adherence_questionnaire',42,'can_you_provide_any_of_those_reports_','',0,''),('adherence_questionnaire',42,'could_you_please_describe_how_you_have_defined_the_common_object','',0,''),('adherence_questionnaire',42,'does_this_assessment_include_indicators_related_to_the_patient_d','',0,'Yes'),('adherence_questionnaire',42,'does_this_assessment_involve_stakeholders_in_the_gathering_of_da','',0,'Yes'),('adherence_questionnaire',42,'do_you_communicate_with_stakeholders_about_the_progress_of_the_i','',0,'Yes'),('adherence_questionnaire',42,'do_you_have_an_agenda_defining_the_priority_areas_mid_term_and_l','',0,'Yes'),('adherence_questionnaire',42,'do_you_have_a_monitoring_system_for_the_implementation_of_the_ac','',0,'Yes'),('adherence_questionnaire',42,'do_you_have_a_process_in_place_to_gather_feedback_from_external_','',0,'Yes'),('adherence_questionnaire',42,'do_you_have_a_review_process_in_place_to_improve_the_initiative_','',0,'Yes'),('adherence_questionnaire',42,'do_you_publish_a_progress_report_','',0,'Yes'),('adherence_questionnaire',42,'have_you_defined_an_assessment_system_that_allow_to_measure_init','',0,'Yes'),('adherence_questionnaire',42,'have_you_developed_a_shared_vision_mission_for_your_initiative_','',0,'Yes'),('adherence_questionnaire',42,'have_you_established_a_governance_structure_for_the_ms_care_unit','',0,'Yes'),('adherence_questionnaire',42,'initiativeid','',0,''),('adherence_questionnaire',42,'is_this_review_process_strictly_internal_or_is_there_a_third_par','',0,''),('adherence_questionnaire',42,'nodeid','',0,'1'),('adherence_questionnaire',42,'or_provide_a_copy_of_that_procedure','',0,''),('adherence_questionnaire',42,'or_provide_us_with_the_relevant_documentation_','',0,''),('adherence_questionnaire',42,'or_provide_us_with_the_relevant_documentation_2','',0,''),('adherence_questionnaire',42,'please_describe3','',0,''),('adherence_questionnaire',42,'please_describe_how_the_measurement_is_linked_to_the_objectives_','',0,''),('adherence_questionnaire',42,'please_describe_how_you_communicate_with_the_stakeholders_on_pro','',0,''),('adherence_questionnaire',42,'please_provide_relevant_documents_if_any','',0,''),('adherence_questionnaire',42,'pleas_describe_the_process_provide_documentation_that_allows_the','',0,''),('adherence_questionnaire',42,'ror_provide_us_with_the_relevant_documentation_','',0,''),('adherence_questionnaire',42,'what_is_the_frequency_of_publishing_progress_reports_','',0,''),('adherence_questionnaire',42,'which_of_the_following_stakeholders_took_part_in_defining_the_ob','',0,'Patients'),('adherence_questionnaire',42,'which_of_the_following_stakeholders_took_part_in_defining_the_ob','',1,'Patients organizations, patient associations, advocacy organizations, etc.'),('adherence_questionnaire',42,'which_of_the_following_stakeholders_took_part_in_defining_the_ob','',2,'Society individual citizens, civil society organizations and networks'),('adherence_questionnaire',42,'which_of_the_following_stakeholders_took_part_in_defining_the_ob','',3,'Payers and purchasers, public or private entities responsible for underwriting the costs of health care'),('adherence_questionnaire',42,'which_of_the_following_stakeholders_took_part_in_defining_the_ob','',4,'Care providers, health and social care organizations and professionals (doctors, nurses, etc.)'),('adherence_questionnaire',42,'which_of_the_following_stakeholders_took_part_in_defining_the_ob','',5,'Policy makers EU institutions; national, regional and local policy makers'),('adherence_questionnaire',42,'which_of_the_following_stakeholders_took_part_in_defining_the_ob','',6,'Industry companies developing and selling health products (drugs, devices, applications, etc.) and services sector'),('adherence_questionnaire',42,'which_of_the_following_stakeholders_took_part_in_defining_the_ob','',7,'Research and education organizations Research organizations; Universities; Education providers; Foundations; Other research projects'),('adherence_questionnaire',42,'which_of_the_following_stakeholders_took_part_in_defining_the_ob','',8,'Test 1.1'),('adherence_questionnaire',42,'_10_which_of_the_following_stakeholders_are_involved_in_the_gove','',0,'Patients'),('adherence_questionnaire',42,'_10_which_of_the_following_stakeholders_are_involved_in_the_gove','',1,'Patients organizations, patient associations, advocacy organizations, etc.'),('adherence_questionnaire',42,'_10_which_of_the_following_stakeholders_are_involved_in_the_gove','',2,'Society individual citizens, civil society organizations and networks'),('adherence_questionnaire',42,'_10_which_of_the_following_stakeholders_are_involved_in_the_gove','',3,'Payers and purchasers, public or private entities responsible for underwriting the costs of health care'),('adherence_questionnaire',42,'_10_which_of_the_following_stakeholders_are_involved_in_the_gove','',4,'Care providers, health and social care organizations and professionals (doctors, nurses, etc.)'),('adherence_questionnaire',42,'_10_which_of_the_following_stakeholders_are_involved_in_the_gove','',5,'Policy makers EU institutions; national, regional and local policy makers'),('adherence_questionnaire',42,'_10_which_of_the_following_stakeholders_are_involved_in_the_gove','',6,'Industry companies developing and selling health products (drugs, devices, applications, etc.) and services sector'),('adherence_questionnaire',42,'_10_which_of_the_following_stakeholders_are_involved_in_the_gove','',7,'Research and education organizations Research organizations; Universities; Education providers; Foundations; Other research projects'),('adherence_questionnaire',42,'_10_which_of_the_following_stakeholders_are_involved_in_the_gove','',8,'Test 2.1'),('adherence_questionnaire',42,'_have_you_identified_the_intended_beneficiaries_of_your_research','',0,'Yes'),('adherence_questionnaire',43,'11_could_you_please_describe_the_different_bodies_in_your_govern','',0,''),('adherence_questionnaire',43,'12_do_you_have_a_procedure_that_describes_the_roles_and_responsi','',0,''),('adherence_questionnaire',43,'14_do_you_have_a_collective_action_plan_in_place_in_order_to_ach','',0,'No'),('adherence_questionnaire',43,'15_please_describe','',0,''),('adherence_questionnaire',43,'16_when_establishing_the_governance_boards_do_you_take_into_acco','',0,''),('adherence_questionnaire',43,'17_please_describe_the_mechanisms_by_which_you_ensure_a_balance_','',0,''),('adherence_questionnaire',43,'18_when_establishing_the_governance_boards_do_you_ensure_the_par','',0,''),('adherence_questionnaire',43,'19_please_describe_the_mechanisms_by_which_you_ensure_a_balance_','',0,''),('adherence_questionnaire',43,'20_when_establishing_the_governance_boards_do_you_protect_the_in','',0,''),('adherence_questionnaire',43,'21_please_describe_the_mechanisms_by_which_you_ensure_a_balance_','',0,''),('adherence_questionnaire',43,'22_when_establishing_the_governance_boards_do_you_maintain_commi','',0,''),('adherence_questionnaire',43,'23_please_describe_the_mechanisms_by_which_you_ensure_a_balance_','',0,''),('adherence_questionnaire',43,'27_did_you_differentiate_the_level_of_engagement_of_these_stakeh','',0,'No'),('adherence_questionnaire',43,'28_do_you_have_a_stakeholder_engagement_strategy_in_place_both_w','',0,'Yes'),('adherence_questionnaire',43,'29_describe_the_methodology_that_is_adopted_in_order_to_put_in_p','',0,'dsvcdf'),('adherence_questionnaire',43,'30_did_you_perform_a_consultation_process_in_order_to_understand','',0,'Yes'),('adherence_questionnaire',43,'31_did_you_carry_out_an_analysis_to_identify_stakeholders_challe','',0,'Yes'),('adherence_questionnaire',43,'33_with_regard_to_stakeholder_engagement_do_you_have_a_process_t','',0,'No'),('adherence_questionnaire',43,'34_please_describe','',0,''),('adherence_questionnaire',43,'35_do_you_have_a_process_in_place_to_train_stakeholders_in_order','',0,'No'),('adherence_questionnaire',43,'36_please_describe_the_process_of_training_stakeholders_e_g_the_','',0,''),('adherence_questionnaire',43,'39_do_you_have_a_team_manager_dedicated_to_coordinate_the_patien','',0,'No'),('adherence_questionnaire',43,'40_do_you_have_indicators_to_measure_the_return_on_patient_engag','',0,'Yes'),('adherence_questionnaire',43,'41_do_you_plan_ad_hoc_training_programs_related_to_the_patient_e','',0,'Yes'),('adherence_questionnaire',43,'42_do_you_have_mechanism_in_place_to_recognize_and_reward_patien','',0,'Yes'),('adherence_questionnaire',43,'43_do_you_have_dedicated_resources_budget_for_patient_engagement','',0,'No'),('adherence_questionnaire',43,'44_do_you_perform_an_ethical_assessment_of_your_patient_engageme','',0,'Yes'),('adherence_questionnaire',43,'49_do_you_have_a_cost_management_process_in_place_e_g_a_defined_','',0,'Yes'),('adherence_questionnaire',43,'50_do_you_ensure_that_the_internal_team_has_solid_skills_to_carr','',0,'No'),('adherence_questionnaire',43,'51_do_you_maintain_accountability_over_time_keeping_track_of_exp','',0,'Yes'),('adherence_questionnaire',43,'52_please_describe_or_provide_documentation_','',0,'dwfw'),('adherence_questionnaire',43,'53_do_you_have_a_process_in_place_to_ensure_that_there_is_a_righ','',0,'No'),('adherence_questionnaire',43,'54_please_explain_','',0,''),('adherence_questionnaire',43,'55_have_you_developed_a_contingency_plan_risk_management_approac','',0,'Yes'),('adherence_questionnaire',43,'5_3_1_please_describe_that_procedure','',0,''),('adherence_questionnaire',43,'5_4_do_the_stakeholder_participating_in_the_governance_of_the_in','',0,''),('adherence_questionnaire',43,'5_8_1b_or_provide_us_with_the_relevant_documentation_','',0,''),('adherence_questionnaire',43,'6_5_1_could_you_please_provide_the_report_of_this_analysis_','',0,''),('adherence_questionnaire',43,'7_do_you_engage_patients_in_your_research_innovation_r_i_in_one_','',0,'No'),('adherence_questionnaire',43,'are_the_monitoring_and_the_assessment_systems_and_the_related_in','',0,'Yes'),('adherence_questionnaire',43,'beyond_the_stakeholders_involved_in_the_governance_structure_hav','',0,'Yes'),('adherence_questionnaire',43,'can_you_provide_any_of_those_reports_','',0,''),('adherence_questionnaire',43,'could_you_please_describe_how_you_have_defined_the_common_object','',0,''),('adherence_questionnaire',43,'does_this_assessment_include_indicators_related_to_the_patient_d','',0,'No'),('adherence_questionnaire',43,'does_this_assessment_involve_stakeholders_in_the_gathering_of_da','',0,''),('adherence_questionnaire',43,'do_you_communicate_with_stakeholders_about_the_progress_of_the_i','',0,'Yes'),('adherence_questionnaire',43,'do_you_have_an_agenda_defining_the_priority_areas_mid_term_and_l','',0,''),('adherence_questionnaire',43,'do_you_have_a_monitoring_system_for_the_implementation_of_the_ac','',0,'No'),('adherence_questionnaire',43,'do_you_have_a_process_in_place_to_gather_feedback_from_external_','',0,'No'),('adherence_questionnaire',43,'do_you_have_a_review_process_in_place_to_improve_the_initiative_','',0,'No'),('adherence_questionnaire',43,'do_you_publish_a_progress_report_','',0,'Yes'),('adherence_questionnaire',43,'have_you_defined_an_assessment_system_that_allow_to_measure_init','',0,'Yes'),('adherence_questionnaire',43,'have_you_developed_a_shared_vision_mission_for_your_initiative_','',0,'Yes'),('adherence_questionnaire',43,'have_you_established_a_governance_structure_for_the_ms_care_unit','',0,'No'),('adherence_questionnaire',43,'initiativeid','',0,''),('adherence_questionnaire',43,'is_this_review_process_strictly_internal_or_is_there_a_third_par','',0,''),('adherence_questionnaire',43,'nodeid','',0,'537'),('adherence_questionnaire',43,'or_provide_a_copy_of_that_procedure','',0,''),('adherence_questionnaire',43,'or_provide_us_with_the_relevant_documentation_','',0,''),('adherence_questionnaire',43,'or_provide_us_with_the_relevant_documentation_2','',0,''),('adherence_questionnaire',43,'please_describe3','',0,''),('adherence_questionnaire',43,'please_describe_how_the_measurement_is_linked_to_the_objectives_','',0,'dsfsdf'),('adherence_questionnaire',43,'please_describe_how_you_communicate_with_the_stakeholders_on_pro','',0,''),('adherence_questionnaire',43,'please_provide_relevant_documents_if_any','',0,''),('adherence_questionnaire',43,'pleas_describe_the_process_provide_documentation_that_allows_the','',0,''),('adherence_questionnaire',43,'ror_provide_us_with_the_relevant_documentation_','',0,''),('adherence_questionnaire',43,'what_is_the_frequency_of_publishing_progress_reports_','',0,''),('adherence_questionnaire',43,'_have_you_identified_the_intended_beneficiaries_of_your_research','',0,'No'),('adherence_questionnaire',44,'11_could_you_please_describe_the_different_bodies_in_your_govern','',0,''),('adherence_questionnaire',44,'12_do_you_have_a_procedure_that_describes_the_roles_and_responsi','',0,''),('adherence_questionnaire',44,'14_do_you_have_a_collective_action_plan_in_place_in_order_to_ach','',0,'Yes'),('adherence_questionnaire',44,'15_please_describe','',0,''),('adherence_questionnaire',44,'16_when_establishing_the_governance_boards_do_you_take_into_acco','',0,''),('adherence_questionnaire',44,'17_please_describe_the_mechanisms_by_which_you_ensure_a_balance_','',0,''),('adherence_questionnaire',44,'18_when_establishing_the_governance_boards_do_you_ensure_the_par','',0,''),('adherence_questionnaire',44,'19_please_describe_the_mechanisms_by_which_you_ensure_a_balance_','',0,''),('adherence_questionnaire',44,'20_when_establishing_the_governance_boards_do_you_protect_the_in','',0,''),('adherence_questionnaire',44,'21_please_describe_the_mechanisms_by_which_you_ensure_a_balance_','',0,''),('adherence_questionnaire',44,'22_when_establishing_the_governance_boards_do_you_maintain_commi','',0,''),('adherence_questionnaire',44,'23_please_describe_the_mechanisms_by_which_you_ensure_a_balance_','',0,''),('adherence_questionnaire',44,'27_did_you_differentiate_the_level_of_engagement_of_these_stakeh','',0,''),('adherence_questionnaire',44,'28_do_you_have_a_stakeholder_engagement_strategy_in_place_both_w','',0,''),('adherence_questionnaire',44,'29_describe_the_methodology_that_is_adopted_in_order_to_put_in_p','',0,''),('adherence_questionnaire',44,'30_did_you_perform_a_consultation_process_in_order_to_understand','',0,''),('adherence_questionnaire',44,'31_did_you_carry_out_an_analysis_to_identify_stakeholders_challe','',0,''),('adherence_questionnaire',44,'33_with_regard_to_stakeholder_engagement_do_you_have_a_process_t','',0,''),('adherence_questionnaire',44,'34_please_describe','',0,''),('adherence_questionnaire',44,'35_do_you_have_a_process_in_place_to_train_stakeholders_in_order','',0,''),('adherence_questionnaire',44,'36_please_describe_the_process_of_training_stakeholders_e_g_the_','',0,''),('adherence_questionnaire',44,'38_in_which_of_the_7_steps_research_innovation_r_i_path_do_you_e','',0,'1. Breaking down boundaries '),('adherence_questionnaire',44,'38_in_which_of_the_7_steps_research_innovation_r_i_path_do_you_e','',1,'4. Design & plan'),('adherence_questionnaire',44,'38_in_which_of_the_7_steps_research_innovation_r_i_path_do_you_e','',2,'5. Research execution'),('adherence_questionnaire',44,'38_in_which_of_the_7_steps_research_innovation_r_i_path_do_you_e','',3,'6. Evaluation'),('adherence_questionnaire',44,'38_in_which_of_the_7_steps_research_innovation_r_i_path_do_you_e','',4,'7. Translation to community'),('adherence_questionnaire',44,'39_do_you_have_a_team_manager_dedicated_to_coordinate_the_patien','',0,'Yes'),('adherence_questionnaire',44,'40_do_you_have_indicators_to_measure_the_return_on_patient_engag','',0,'No'),('adherence_questionnaire',44,'41_do_you_plan_ad_hoc_training_programs_related_to_the_patient_e','',0,'Yes'),('adherence_questionnaire',44,'42_do_you_have_mechanism_in_place_to_recognize_and_reward_patien','',0,'No'),('adherence_questionnaire',44,'43_do_you_have_dedicated_resources_budget_for_patient_engagement','',0,'Yes'),('adherence_questionnaire',44,'44_do_you_perform_an_ethical_assessment_of_your_patient_engageme','',0,'Yes'),('adherence_questionnaire',44,'48_if_yes_do_you_have_a_plan_that_defines_the_following_please_t','',0,'Specific actions that different stakeholders commit to implement in order to achieve the objectives of the initiative; '),('adherence_questionnaire',44,'48_if_yes_do_you_have_a_plan_that_defines_the_following_please_t','',1,'Definition and composition of Working Groups, which might practically deal with the implementation of such actions'),('adherence_questionnaire',44,'48_if_yes_do_you_have_a_plan_that_defines_the_following_please_t','',2,'Definition of clear and measurable targets'),('adherence_questionnaire',44,'48_if_yes_do_you_have_a_plan_that_defines_the_following_please_t','',3,'Information regarding the organization \"touch points meetings\" (such as periodic events or webinars) '),('adherence_questionnaire',44,'49_do_you_have_a_cost_management_process_in_place_e_g_a_defined_','',0,'No'),('adherence_questionnaire',44,'50_do_you_ensure_that_the_internal_team_has_solid_skills_to_carr','',0,'Yes'),('adherence_questionnaire',44,'51_do_you_maintain_accountability_over_time_keeping_track_of_exp','',0,'No'),('adherence_questionnaire',44,'52_please_describe_or_provide_documentation_','',0,''),('adherence_questionnaire',44,'53_do_you_have_a_process_in_place_to_ensure_that_there_is_a_righ','',0,'Yes'),('adherence_questionnaire',44,'54_please_explain_','',0,''),('adherence_questionnaire',44,'55_have_you_developed_a_contingency_plan_risk_management_approac','',0,'No'),('adherence_questionnaire',44,'5_3_1_please_describe_that_procedure','',0,''),('adherence_questionnaire',44,'5_4_do_the_stakeholder_participating_in_the_governance_of_the_in','',0,''),('adherence_questionnaire',44,'5_8_1b_or_provide_us_with_the_relevant_documentation_','',0,''),('adherence_questionnaire',44,'6_5_1_could_you_please_provide_the_report_of_this_analysis_','',0,''),('adherence_questionnaire',44,'7_do_you_engage_patients_in_your_research_innovation_r_i_in_one_','',0,'Yes'),('adherence_questionnaire',44,'7_please_indicate_which_of_the_following_stakeholders_are_the_in','',0,'Patients'),('adherence_questionnaire',44,'7_please_indicate_which_of_the_following_stakeholders_are_the_in','',1,'Patients organizations, patient associations, advocacy organizations, etc.'),('adherence_questionnaire',44,'7_please_indicate_which_of_the_following_stakeholders_are_the_in','',2,'Care providers, health and social care organizations and professionals (doctors, nurses, etc.)'),('adherence_questionnaire',44,'7_please_indicate_which_of_the_following_stakeholders_are_the_in','',3,'Policy makers EU institutions; national, regional and local policy makers'),('adherence_questionnaire',44,'7_please_indicate_which_of_the_following_stakeholders_are_the_in','',4,'Industry companies developing and selling health products (drugs, devices, applications, etc.) and services sector'),('adherence_questionnaire',44,'7_please_indicate_which_of_the_following_stakeholders_are_the_in','',5,'Research and education organizations Research organizations; Universities; Education providers; Foundations; Other research projects'),('adherence_questionnaire',44,'7_please_indicate_which_of_the_following_stakeholders_are_the_in','',6,'Other Stakeholders'),('adherence_questionnaire',44,'are_the_monitoring_and_the_assessment_systems_and_the_related_in','',0,'No'),('adherence_questionnaire',44,'beyond_the_stakeholders_involved_in_the_governance_structure_hav','',0,'No'),('adherence_questionnaire',44,'can_you_provide_any_of_those_reports_','',0,''),('adherence_questionnaire',44,'could_you_please_describe_how_you_have_defined_the_common_object','',0,''),('adherence_questionnaire',44,'does_this_assessment_include_indicators_related_to_the_patient_d','',0,'Yes'),('adherence_questionnaire',44,'does_this_assessment_involve_stakeholders_in_the_gathering_of_da','',0,'Yes'),('adherence_questionnaire',44,'do_you_communicate_with_stakeholders_about_the_progress_of_the_i','',0,'Yes'),('adherence_questionnaire',44,'do_you_have_an_agenda_defining_the_priority_areas_mid_term_and_l','',0,'No'),('adherence_questionnaire',44,'do_you_have_a_monitoring_system_for_the_implementation_of_the_ac','',0,'No'),('adherence_questionnaire',44,'do_you_have_a_process_in_place_to_gather_feedback_from_external_','',0,'Yes'),('adherence_questionnaire',44,'do_you_have_a_review_process_in_place_to_improve_the_initiative_','',0,'Yes'),('adherence_questionnaire',44,'do_you_publish_a_progress_report_','',0,'No'),('adherence_questionnaire',44,'have_you_defined_an_assessment_system_that_allow_to_measure_init','',0,'Yes'),('adherence_questionnaire',44,'have_you_developed_a_shared_vision_mission_for_your_initiative_','',0,'No'),('adherence_questionnaire',44,'have_you_established_a_governance_structure_for_the_ms_care_unit','',0,'No'),('adherence_questionnaire',44,'initiativeid','',0,''),('adherence_questionnaire',44,'is_this_review_process_strictly_internal_or_is_there_a_third_par','',0,''),('adherence_questionnaire',44,'nodeid','',0,'307'),('adherence_questionnaire',44,'or_provide_a_copy_of_that_procedure','',0,''),('adherence_questionnaire',44,'or_provide_us_with_the_relevant_documentation_','',0,''),('adherence_questionnaire',44,'or_provide_us_with_the_relevant_documentation_2','',0,''),('adherence_questionnaire',44,'please_describe3','',0,''),('adherence_questionnaire',44,'please_describe_how_the_measurement_is_linked_to_the_objectives_','',0,''),('adherence_questionnaire',44,'please_describe_how_you_communicate_with_the_stakeholders_on_pro','',0,''),('adherence_questionnaire',44,'please_provide_relevant_documents_if_any','',0,''),('adherence_questionnaire',44,'pleas_describe_the_process_provide_documentation_that_allows_the','',0,''),('adherence_questionnaire',44,'ror_provide_us_with_the_relevant_documentation_','',0,''),('adherence_questionnaire',44,'what_is_the_frequency_of_publishing_progress_reports_','',0,''),('adherence_questionnaire',44,'_have_you_identified_the_intended_beneficiaries_of_your_research','',0,'Yes'),('mscu_ecf_2018_academic_mscu_init',45,'amministrative_data','',0,'0'),('mscu_ecf_2018_academic_mscu_init',45,'area_for_extraction_and_manipulation_of_body_fluids_blood_csf_','',0,''),('mscu_ecf_2018_academic_mscu_init',45,'area_of_outpatient_assistance','',0,''),('mscu_ecf_2018_academic_mscu_init',45,'assessment_of_degree_of_satisfaction_of_users','',0,'0'),('mscu_ecf_2018_academic_mscu_init',45,'autologous_hematopoietic_stem_cell_transplantation_asct_','',0,''),('mscu_ecf_2018_academic_mscu_init',45,'continuous_medical_education','',0,'0'),('mscu_ecf_2018_academic_mscu_init',45,'cost_questionnaire','',0,'0'),('mscu_ecf_2018_academic_mscu_init',45,'country','',0,''),('mscu_ecf_2018_academic_mscu_init',45,'date_of_visit','',0,''),('mscu_ecf_2018_academic_mscu_init',45,'day_hospital_integrated_in_the_mscu_or_available_at_the_centre','',0,''),('mscu_ecf_2018_academic_mscu_init',45,'does_mscu_have_a_registry_of_patients_with_multiple_sclerosis_','',0,''),('mscu_ecf_2018_academic_mscu_init',45,'hours_years','',0,''),('mscu_ecf_2018_academic_mscu_init',45,'incidence_rates_per_100_000','',0,''),('mscu_ecf_2018_academic_mscu_init',45,'indicate_the_type_of_organization','',0,''),('mscu_ecf_2018_academic_mscu_init',45,'mri','',0,''),('mscu_ecf_2018_academic_mscu_init',45,'mri2','',0,''),('mscu_ecf_2018_academic_mscu_init',45,'ms_clinics_in_non_academic_hospitals','',0,''),('mscu_ecf_2018_academic_mscu_init',45,'ms_clinics_in_university_hospitals1','',0,''),('mscu_ecf_2018_academic_mscu_init',45,'name_of_the_organization','',0,''),('mscu_ecf_2018_academic_mscu_init',45,'neurologists','',0,'0'),('mscu_ecf_2018_academic_mscu_init',45,'neurologists_1','',0,''),('mscu_ecf_2018_academic_mscu_init',45,'non_academic_hospitals_without_specific_ms_clinic','',0,''),('mscu_ecf_2018_academic_mscu_init',45,'number_and_severity_of_adverse_events_who_scale_qualitative_vari','',0,''),('mscu_ecf_2018_academic_mscu_init',45,'number_of_patients_of_ms_attended_in_one_yearn','',0,''),('mscu_ecf_2018_academic_mscu_init',45,'number_of_publications_year','',0,''),('mscu_ecf_2018_academic_mscu_init',45,'number_of_specialty','',0,''),('mscu_ecf_2018_academic_mscu_init',45,'number_of_treated_exacerbations_relapses_','',0,''),('mscu_ecf_2018_academic_mscu_init',45,'number_of_treatments_administered_in_the_day_hospital_outpatient','',0,''),('mscu_ecf_2018_academic_mscu_init',45,'nurses','',0,''),('mscu_ecf_2018_academic_mscu_init',45,'nurses1','',0,'0'),('mscu_ecf_2018_academic_mscu_init',45,'oct_optic_coherence_tomography_','',0,''),('mscu_ecf_2018_academic_mscu_init',45,'oct_optic_coherence_tomography_2','',0,''),('mscu_ecf_2018_academic_mscu_init',45,'others','',0,'0'),('mscu_ecf_2018_academic_mscu_init',45,'other_therapeutic_procedures','',0,'0'),('mscu_ecf_2018_academic_mscu_init',45,'physiotherapists','',0,''),('mscu_ecf_2018_academic_mscu_init',45,'physiotherapists11','',0,'0'),('mscu_ecf_2018_academic_mscu_init',45,'please_specify','',0,''),('mscu_ecf_2018_academic_mscu_init',45,'practising_neurologists','',0,''),('mscu_ecf_2018_academic_mscu_init',45,'prevalence_per_100_000_population','',0,''),('mscu_ecf_2018_academic_mscu_init',45,'province_state','',0,''),('mscu_ecf_2018_academic_mscu_init',45,'publications','',0,'0'),('mscu_ecf_2018_academic_mscu_init',45,'research','',0,'0'),('mscu_ecf_2018_academic_mscu_init',45,'specialty','',0,''),('mscu_ecf_2018_academic_mscu_init',45,'teaching1','',0,'0'),('mscu_ecf_2018_academic_mscu_init',45,'umber_and_severity_of_adverse','',0,''),('mscu_ecf_2018_academic_mscu_init',45,'use_of_disability_progression_expanded_disability_status_scale_e','',0,'0'),('mscu_ecf_2018_academic_mscu_init',45,'x_ray','',0,''),('mscu_ecf_2018_academic_mscu_init',45,'year','',0,''),('mscu_ecf_2018_academic_mscu_init',45,'_of_overall_working_activity','',0,''),('mscu_ecf_2018_academic_mscu_init',45,'_of_overall_working_activity2','',0,''),('mscu_ecf_2018_academic_mscu_init',46,'amministrative_data','',0,'0'),('mscu_ecf_2018_academic_mscu_init',46,'area_for_extraction_and_manipulation_of_body_fluids_blood_csf_','',0,''),('mscu_ecf_2018_academic_mscu_init',46,'area_of_outpatient_assistance','',0,''),('mscu_ecf_2018_academic_mscu_init',46,'assessment_of_degree_of_satisfaction_of_users','',0,'0'),('mscu_ecf_2018_academic_mscu_init',46,'autologous_hematopoietic_stem_cell_transplantation_asct_','',0,''),('mscu_ecf_2018_academic_mscu_init',46,'continuous_medical_education','',0,'0'),('mscu_ecf_2018_academic_mscu_init',46,'cost_questionnaire','',0,'0'),('mscu_ecf_2018_academic_mscu_init',46,'country','',0,''),('mscu_ecf_2018_academic_mscu_init',46,'date_of_visit','',0,''),('mscu_ecf_2018_academic_mscu_init',46,'day_hospital_integrated_in_the_mscu_or_available_at_the_centre','',0,''),('mscu_ecf_2018_academic_mscu_init',46,'does_mscu_have_a_registry_of_patients_with_multiple_sclerosis_','',0,''),('mscu_ecf_2018_academic_mscu_init',46,'hours_years','',0,''),('mscu_ecf_2018_academic_mscu_init',46,'incidence_rates_per_100_000','',0,''),('mscu_ecf_2018_academic_mscu_init',46,'indicate_the_type_of_organization','',0,''),('mscu_ecf_2018_academic_mscu_init',46,'mri','',0,''),('mscu_ecf_2018_academic_mscu_init',46,'mri2','',0,''),('mscu_ecf_2018_academic_mscu_init',46,'ms_clinics_in_non_academic_hospitals','',0,''),('mscu_ecf_2018_academic_mscu_init',46,'ms_clinics_in_university_hospitals1','',0,''),('mscu_ecf_2018_academic_mscu_init',46,'name_of_the_organization','',0,''),('mscu_ecf_2018_academic_mscu_init',46,'neurologists','',0,'0'),('mscu_ecf_2018_academic_mscu_init',46,'neurologists_1','',0,''),('mscu_ecf_2018_academic_mscu_init',46,'non_academic_hospitals_without_specific_ms_clinic','',0,''),('mscu_ecf_2018_academic_mscu_init',46,'number_and_severity_of_adverse_events_who_scale_qualitative_vari','',0,''),('mscu_ecf_2018_academic_mscu_init',46,'number_of_patients_of_ms_attended_in_one_yearn','',0,''),('mscu_ecf_2018_academic_mscu_init',46,'number_of_publications_year','',0,''),('mscu_ecf_2018_academic_mscu_init',46,'number_of_specialty','',0,''),('mscu_ecf_2018_academic_mscu_init',46,'number_of_treated_exacerbations_relapses_','',0,''),('mscu_ecf_2018_academic_mscu_init',46,'number_of_treatments_administered_in_the_day_hospital_outpatient','',0,''),('mscu_ecf_2018_academic_mscu_init',46,'nurses','',0,''),('mscu_ecf_2018_academic_mscu_init',46,'nurses1','',0,'0'),('mscu_ecf_2018_academic_mscu_init',46,'oct_optic_coherence_tomography_','',0,''),('mscu_ecf_2018_academic_mscu_init',46,'oct_optic_coherence_tomography_2','',0,''),('mscu_ecf_2018_academic_mscu_init',46,'others','',0,'0'),('mscu_ecf_2018_academic_mscu_init',46,'other_therapeutic_procedures','',0,'0'),('mscu_ecf_2018_academic_mscu_init',46,'physiotherapists','',0,''),('mscu_ecf_2018_academic_mscu_init',46,'physiotherapists11','',0,'0'),('mscu_ecf_2018_academic_mscu_init',46,'please_specify','',0,''),('mscu_ecf_2018_academic_mscu_init',46,'practising_neurologists','',0,''),('mscu_ecf_2018_academic_mscu_init',46,'prevalence_per_100_000_population','',0,''),('mscu_ecf_2018_academic_mscu_init',46,'province_state','',0,''),('mscu_ecf_2018_academic_mscu_init',46,'publications','',0,'0'),('mscu_ecf_2018_academic_mscu_init',46,'research','',0,'0'),('mscu_ecf_2018_academic_mscu_init',46,'specialty','',0,''),('mscu_ecf_2018_academic_mscu_init',46,'teaching1','',0,'0'),('mscu_ecf_2018_academic_mscu_init',46,'umber_and_severity_of_adverse','',0,''),('mscu_ecf_2018_academic_mscu_init',46,'use_of_disability_progression_expanded_disability_status_scale_e','',0,'0'),('mscu_ecf_2018_academic_mscu_init',46,'x_ray','',0,''),('mscu_ecf_2018_academic_mscu_init',46,'year','',0,''),('mscu_ecf_2018_academic_mscu_init',46,'_of_overall_working_activity','',0,''),('mscu_ecf_2018_academic_mscu_init',46,'_of_overall_working_activity2','',0,''),('materiality_analysis',47,'aspects_selection','',0,'Improvement of health services'),('materiality_analysis',47,'aspects_selection','',1,'Control'),('materiality_analysis',47,'aspects_selection','',2,'Intellectual property'),('materiality_analysis',48,'aspects_selection','',0,'Control'),('materiality_analysis',48,'aspects_selection','',1,'Economic externalities'),('mscu_ecf_2018_academic_mscu_init',49,'amministrative_data','',0,'0'),('mscu_ecf_2018_academic_mscu_init',49,'area_for_extraction_and_manipulation_of_body_fluids_blood_csf_','',0,''),('mscu_ecf_2018_academic_mscu_init',49,'area_of_outpatient_assistance','',0,''),('mscu_ecf_2018_academic_mscu_init',49,'assessment_of_degree_of_satisfaction_of_users','',0,'0'),('mscu_ecf_2018_academic_mscu_init',49,'autologous_hematopoietic_stem_cell_transplantation_asct_','',0,''),('mscu_ecf_2018_academic_mscu_init',49,'continuous_medical_education','',0,'0'),('mscu_ecf_2018_academic_mscu_init',49,'cost_questionnaire','',0,'0'),('mscu_ecf_2018_academic_mscu_init',49,'country','',0,''),('mscu_ecf_2018_academic_mscu_init',49,'date_of_visit','',0,''),('mscu_ecf_2018_academic_mscu_init',49,'day_hospital_integrated_in_the_mscu_or_available_at_the_centre','',0,''),('mscu_ecf_2018_academic_mscu_init',49,'does_mscu_have_a_registry_of_patients_with_multiple_sclerosis_','',0,''),('mscu_ecf_2018_academic_mscu_init',49,'hours_years','',0,''),('mscu_ecf_2018_academic_mscu_init',49,'incidence_rates_per_100_000','',0,''),('mscu_ecf_2018_academic_mscu_init',49,'indicate_the_type_of_organization','',0,''),('mscu_ecf_2018_academic_mscu_init',49,'mri','',0,''),('mscu_ecf_2018_academic_mscu_init',49,'mri2','',0,''),('mscu_ecf_2018_academic_mscu_init',49,'ms_clinics_in_non_academic_hospitals','',0,''),('mscu_ecf_2018_academic_mscu_init',49,'ms_clinics_in_university_hospitals1','',0,''),('mscu_ecf_2018_academic_mscu_init',49,'name_of_the_organization','',0,''),('mscu_ecf_2018_academic_mscu_init',49,'neurologists','',0,'0'),('mscu_ecf_2018_academic_mscu_init',49,'neurologists_1','',0,''),('mscu_ecf_2018_academic_mscu_init',49,'non_academic_hospitals_without_specific_ms_clinic','',0,''),('mscu_ecf_2018_academic_mscu_init',49,'number_and_severity_of_adverse_events_who_scale_qualitative_vari','',0,''),('mscu_ecf_2018_academic_mscu_init',49,'number_of_patients_of_ms_attended_in_one_yearn','',0,''),('mscu_ecf_2018_academic_mscu_init',49,'number_of_publications_year','',0,''),('mscu_ecf_2018_academic_mscu_init',49,'number_of_specialty','',0,''),('mscu_ecf_2018_academic_mscu_init',49,'number_of_treated_exacerbations_relapses_','',0,''),('mscu_ecf_2018_academic_mscu_init',49,'number_of_treatments_administered_in_the_day_hospital_outpatient','',0,''),('mscu_ecf_2018_academic_mscu_init',49,'nurses','',0,''),('mscu_ecf_2018_academic_mscu_init',49,'nurses1','',0,'0'),('mscu_ecf_2018_academic_mscu_init',49,'oct_optic_coherence_tomography_','',0,''),('mscu_ecf_2018_academic_mscu_init',49,'oct_optic_coherence_tomography_2','',0,''),('mscu_ecf_2018_academic_mscu_init',49,'others','',0,'0'),('mscu_ecf_2018_academic_mscu_init',49,'other_therapeutic_procedures','',0,'0'),('mscu_ecf_2018_academic_mscu_init',49,'physiotherapists','',0,''),('mscu_ecf_2018_academic_mscu_init',49,'physiotherapists11','',0,'0'),('mscu_ecf_2018_academic_mscu_init',49,'please_specify','',0,''),('mscu_ecf_2018_academic_mscu_init',49,'practising_neurologists','',0,''),('mscu_ecf_2018_academic_mscu_init',49,'prevalence_per_100_000_population','',0,''),('mscu_ecf_2018_academic_mscu_init',49,'province_state','',0,''),('mscu_ecf_2018_academic_mscu_init',49,'publications','',0,'0'),('mscu_ecf_2018_academic_mscu_init',49,'research','',0,'0'),('mscu_ecf_2018_academic_mscu_init',49,'specialty','',0,''),('mscu_ecf_2018_academic_mscu_init',49,'teaching1','',0,'0'),('mscu_ecf_2018_academic_mscu_init',49,'umber_and_severity_of_adverse','',0,''),('mscu_ecf_2018_academic_mscu_init',49,'use_of_disability_progression_expanded_disability_status_scale_e','',0,'0'),('mscu_ecf_2018_academic_mscu_init',49,'x_ray','',0,''),('mscu_ecf_2018_academic_mscu_init',49,'year','',0,''),('mscu_ecf_2018_academic_mscu_init',49,'_of_overall_working_activity','',0,''),('mscu_ecf_2018_academic_mscu_init',49,'_of_overall_working_activity2','',0,''),('mscu_ecf_2018_academic_mscu_init',50,'amministrative_data','',0,'0'),('mscu_ecf_2018_academic_mscu_init',50,'area_for_extraction_and_manipulation_of_body_fluids_blood_csf_','',0,''),('mscu_ecf_2018_academic_mscu_init',50,'area_of_outpatient_assistance','',0,''),('mscu_ecf_2018_academic_mscu_init',50,'assessment_of_degree_of_satisfaction_of_users','',0,'0'),('mscu_ecf_2018_academic_mscu_init',50,'autologous_hematopoietic_stem_cell_transplantation_asct_','',0,''),('mscu_ecf_2018_academic_mscu_init',50,'continuous_medical_education','',0,'0'),('mscu_ecf_2018_academic_mscu_init',50,'cost_questionnaire','',0,'0'),('mscu_ecf_2018_academic_mscu_init',50,'country','',0,''),('mscu_ecf_2018_academic_mscu_init',50,'date_of_visit','',0,''),('mscu_ecf_2018_academic_mscu_init',50,'day_hospital_integrated_in_the_mscu_or_available_at_the_centre','',0,'Yes'),('mscu_ecf_2018_academic_mscu_init',50,'does_mscu_have_a_registry_of_patients_with_multiple_sclerosis_','',0,''),('mscu_ecf_2018_academic_mscu_init',50,'hours_years','',0,''),('mscu_ecf_2018_academic_mscu_init',50,'incidence_rates_per_100_000','',0,''),('mscu_ecf_2018_academic_mscu_init',50,'indicate_the_type_of_organization','',0,''),('mscu_ecf_2018_academic_mscu_init',50,'mri','',0,''),('mscu_ecf_2018_academic_mscu_init',50,'mri2','',0,''),('mscu_ecf_2018_academic_mscu_init',50,'ms_clinics_in_non_academic_hospitals','',0,''),('mscu_ecf_2018_academic_mscu_init',50,'ms_clinics_in_university_hospitals1','',0,''),('mscu_ecf_2018_academic_mscu_init',50,'name_of_the_organization','',0,''),('mscu_ecf_2018_academic_mscu_init',50,'neurologists','',0,'0'),('mscu_ecf_2018_academic_mscu_init',50,'neurologists_1','',0,''),('mscu_ecf_2018_academic_mscu_init',50,'non_academic_hospitals_without_specific_ms_clinic','',0,''),('mscu_ecf_2018_academic_mscu_init',50,'number_and_severity_of_adverse_events_who_scale_qualitative_vari','',0,''),('mscu_ecf_2018_academic_mscu_init',50,'number_of_patients_of_ms_attended_in_one_yearn','',0,''),('mscu_ecf_2018_academic_mscu_init',50,'number_of_publications_year','',0,''),('mscu_ecf_2018_academic_mscu_init',50,'number_of_specialty','',0,''),('mscu_ecf_2018_academic_mscu_init',50,'number_of_treated_exacerbations_relapses_','',0,''),('mscu_ecf_2018_academic_mscu_init',50,'number_of_treatments_administered_in_the_day_hospital_outpatient','',0,''),('mscu_ecf_2018_academic_mscu_init',50,'nurses','',0,''),('mscu_ecf_2018_academic_mscu_init',50,'nurses1','',0,'0'),('mscu_ecf_2018_academic_mscu_init',50,'oct_optic_coherence_tomography_','',0,''),('mscu_ecf_2018_academic_mscu_init',50,'oct_optic_coherence_tomography_2','',0,''),('mscu_ecf_2018_academic_mscu_init',50,'others','',0,'0'),('mscu_ecf_2018_academic_mscu_init',50,'other_therapeutic_procedures','',0,'0'),('mscu_ecf_2018_academic_mscu_init',50,'physiotherapists','',0,''),('mscu_ecf_2018_academic_mscu_init',50,'physiotherapists11','',0,'0'),('mscu_ecf_2018_academic_mscu_init',50,'please_specify','',0,''),('mscu_ecf_2018_academic_mscu_init',50,'practising_neurologists','',0,''),('mscu_ecf_2018_academic_mscu_init',50,'prevalence_per_100_000_population','',0,''),('mscu_ecf_2018_academic_mscu_init',50,'province_state','',0,''),('mscu_ecf_2018_academic_mscu_init',50,'publications','',0,'0'),('mscu_ecf_2018_academic_mscu_init',50,'research','',0,'0'),('mscu_ecf_2018_academic_mscu_init',50,'specialty','',0,''),('mscu_ecf_2018_academic_mscu_init',50,'teaching1','',0,'0'),('mscu_ecf_2018_academic_mscu_init',50,'umber_and_severity_of_adverse','',0,''),('mscu_ecf_2018_academic_mscu_init',50,'use_of_disability_progression_expanded_disability_status_scale_e','',0,'0'),('mscu_ecf_2018_academic_mscu_init',50,'x_ray','',0,''),('mscu_ecf_2018_academic_mscu_init',50,'year','',0,''),('mscu_ecf_2018_academic_mscu_init',50,'_of_overall_working_activity','',0,''),('mscu_ecf_2018_academic_mscu_init',50,'_of_overall_working_activity2','',0,''),('mscu_ecf_2018_practising_neurolo',51,'country','',0,'Greevce'),('mscu_ecf_2018_practising_neurolo',51,'hospital_university_centre','',0,''),('mscu_ecf_2018_practising_neurolo',51,'number_of_patients_of_ms_attended_in_one_year','',0,'1'),('mscu_ecf_2018_practising_neurolo',51,'processes_in_ms_patients_access_to_routinely_used_','',0,'Blood tests'),('mscu_ecf_2018_practising_neurolo',51,'processes_in_ms_patients_access_to_routinely_used_','',1,'CSF studies (cerebrospinal fluid)'),('mscu_ecf_2018_practising_neurolo',51,'processes_in_ms_patients_access_to_routinely_used_','',2,'MRI'),('mscu_ecf_2018_practising_neurolo',51,'province_state','',0,''),('mscu_ecf_2018_practising_neurolo',51,'treatments_available','',0,'Immunomodulator treatment'),('mscu_ecf_2018_practising_neurolo',51,'treatments_available','',1,'Immunosuppressant treatment'),('mscu_ecf_2018_practising_neurolo',51,'treatments_available','',2,'Autologous hematopoietic stem cell transplantation (ASCT)'),('mscu_ecf_2018_practising_neurolo',51,'year','',0,'1945'),('adherence_questionnaire',52,'11_could_you_please_describe_the_different_bodies_in_your_govern','',0,''),('adherence_questionnaire',52,'12_do_you_have_a_procedure_that_describes_the_roles_and_responsi','',0,'Yes'),('adherence_questionnaire',52,'14_do_you_have_a_collective_action_plan_in_place_in_order_to_ach','',0,'Yes'),('adherence_questionnaire',52,'15_please_describe','',0,''),('adherence_questionnaire',52,'16_when_establishing_the_governance_boards_do_you_take_into_acco','',0,'Yes'),('adherence_questionnaire',52,'17_please_describe_the_mechanisms_by_which_you_ensure_a_balance_','',0,''),('adherence_questionnaire',52,'18_when_establishing_the_governance_boards_do_you_ensure_the_par','',0,'Yes'),('adherence_questionnaire',52,'19_please_describe_the_mechanisms_by_which_you_ensure_a_balance_','',0,''),('adherence_questionnaire',52,'20_when_establishing_the_governance_boards_do_you_protect_the_in','',0,''),('adherence_questionnaire',52,'21_please_describe_the_mechanisms_by_which_you_ensure_a_balance_','',0,''),('adherence_questionnaire',52,'22_when_establishing_the_governance_boards_do_you_maintain_commi','',0,''),('adherence_questionnaire',52,'23_please_describe_the_mechanisms_by_which_you_ensure_a_balance_','',0,''),('adherence_questionnaire',52,'27_did_you_differentiate_the_level_of_engagement_of_these_stakeh','',0,''),('adherence_questionnaire',52,'28_do_you_have_a_stakeholder_engagement_strategy_in_place_both_w','',0,''),('adherence_questionnaire',52,'29_describe_the_methodology_that_is_adopted_in_order_to_put_in_p','',0,''),('adherence_questionnaire',52,'30_did_you_perform_a_consultation_process_in_order_to_understand','',0,''),('adherence_questionnaire',52,'31_did_you_carry_out_an_analysis_to_identify_stakeholders_challe','',0,''),('adherence_questionnaire',52,'33_with_regard_to_stakeholder_engagement_do_you_have_a_process_t','',0,''),('adherence_questionnaire',52,'34_please_describe','',0,''),('adherence_questionnaire',52,'35_do_you_have_a_process_in_place_to_train_stakeholders_in_order','',0,''),('adherence_questionnaire',52,'36_please_describe_the_process_of_training_stakeholders_e_g_the_','',0,''),('adherence_questionnaire',52,'39_do_you_have_a_team_manager_dedicated_to_coordinate_the_patien','',0,'Yes'),('adherence_questionnaire',52,'40_do_you_have_indicators_to_measure_the_return_on_patient_engag','',0,'Yes'),('adherence_questionnaire',52,'41_do_you_plan_ad_hoc_training_programs_related_to_the_patient_e','',0,'Yes'),('adherence_questionnaire',52,'42_do_you_have_mechanism_in_place_to_recognize_and_reward_patien','',0,'Yes'),('adherence_questionnaire',52,'43_do_you_have_dedicated_resources_budget_for_patient_engagement','',0,'Yes'),('adherence_questionnaire',52,'44_do_you_perform_an_ethical_assessment_of_your_patient_engageme','',0,'Yes'),('adherence_questionnaire',52,'48_if_yes_do_you_have_a_plan_that_defines_the_following_please_t','',0,'Specific actions that different stakeholders commit to implement in order to achieve the objectives of the initiative; '),('adherence_questionnaire',52,'49_do_you_have_a_cost_management_process_in_place_e_g_a_defined_','',0,'Yes'),('adherence_questionnaire',52,'50_do_you_ensure_that_the_internal_team_has_solid_skills_to_carr','',0,'Yes'),('adherence_questionnaire',52,'51_do_you_maintain_accountability_over_time_keeping_track_of_exp','',0,'Yes'),('adherence_questionnaire',52,'52_please_describe_or_provide_documentation_','',0,''),('adherence_questionnaire',52,'53_do_you_have_a_process_in_place_to_ensure_that_there_is_a_righ','',0,'Yes'),('adherence_questionnaire',52,'54_please_explain_','',0,''),('adherence_questionnaire',52,'55_have_you_developed_a_contingency_plan_risk_management_approac','',0,'Yes'),('adherence_questionnaire',52,'5_3_1_please_describe_that_procedure','',0,''),('adherence_questionnaire',52,'5_4_do_the_stakeholder_participating_in_the_governance_of_the_in','',0,'Yes'),('adherence_questionnaire',52,'5_8_1b_or_provide_us_with_the_relevant_documentation_','',0,''),('adherence_questionnaire',52,'6_5_1_could_you_please_provide_the_report_of_this_analysis_','',0,''),('adherence_questionnaire',52,'7_do_you_engage_patients_in_your_research_innovation_r_i_in_one_','',0,''),('adherence_questionnaire',52,'7_please_indicate_which_of_the_following_stakeholders_are_the_in','',0,'Patients'),('adherence_questionnaire',52,'are_the_monitoring_and_the_assessment_systems_and_the_related_in','',0,'Yes'),('adherence_questionnaire',52,'beyond_the_stakeholders_involved_in_the_governance_structure_hav','',0,'Yes'),('adherence_questionnaire',52,'can_you_provide_any_of_those_reports_','',0,''),('adherence_questionnaire',52,'could_you_please_describe_how_you_have_defined_the_common_object','',0,''),('adherence_questionnaire',52,'does_this_assessment_include_indicators_related_to_the_patient_d','',0,'Yes'),('adherence_questionnaire',52,'does_this_assessment_involve_stakeholders_in_the_gathering_of_da','',0,'Yes'),('adherence_questionnaire',52,'do_you_communicate_with_stakeholders_about_the_progress_of_the_i','',0,'Yes'),('adherence_questionnaire',52,'do_you_have_an_agenda_defining_the_priority_areas_mid_term_and_l','',0,'Yes'),('adherence_questionnaire',52,'do_you_have_a_monitoring_system_for_the_implementation_of_the_ac','',0,'Yes'),('adherence_questionnaire',52,'do_you_have_a_process_in_place_to_gather_feedback_from_external_','',0,'Yes'),('adherence_questionnaire',52,'do_you_have_a_review_process_in_place_to_improve_the_initiative_','',0,'Yes'),('adherence_questionnaire',52,'do_you_publish_a_progress_report_','',0,'Yes'),('adherence_questionnaire',52,'have_you_defined_an_assessment_system_that_allow_to_measure_init','',0,'Yes'),('adherence_questionnaire',52,'have_you_developed_a_shared_vision_mission_for_your_initiative_','',0,'Yes'),('adherence_questionnaire',52,'have_you_established_a_governance_structure_for_the_ms_care_unit','',0,'Yes'),('adherence_questionnaire',52,'initiativeid','',0,''),('adherence_questionnaire',52,'is_this_review_process_strictly_internal_or_is_there_a_third_par','',0,''),('adherence_questionnaire',52,'nodeid','',0,'589'),('adherence_questionnaire',52,'or_provide_a_copy_of_that_procedure','',0,''),('adherence_questionnaire',52,'or_provide_us_with_the_relevant_documentation_','',0,''),('adherence_questionnaire',52,'or_provide_us_with_the_relevant_documentation_2','',0,''),('adherence_questionnaire',52,'please_describe3','',0,''),('adherence_questionnaire',52,'please_describe_how_the_measurement_is_linked_to_the_objectives_','',0,''),('adherence_questionnaire',52,'please_describe_how_you_communicate_with_the_stakeholders_on_pro','',0,''),('adherence_questionnaire',52,'please_provide_relevant_documents_if_any','',0,''),('adherence_questionnaire',52,'pleas_describe_the_process_provide_documentation_that_allows_the','',0,''),('adherence_questionnaire',52,'ror_provide_us_with_the_relevant_documentation_','',0,''),('adherence_questionnaire',52,'what_is_the_frequency_of_publishing_progress_reports_','',0,''),('adherence_questionnaire',52,'_10_which_of_the_following_stakeholders_are_involved_in_the_gove','',0,'Patients'),('adherence_questionnaire',52,'_have_you_identified_the_intended_beneficiaries_of_your_research','',0,'Yes'),('adherence_questionnaire',53,'11_could_you_please_describe_the_different_bodies_in_your_govern','',0,'The leadership of EPI-Cluster comprises 10 internationally-recognized scientists and clinicians in the field and the leaders of the seven projects that came together under the EpiXchange conference as well as leaders from patient and professional organisations. The EPI-Cluster is led by a chair and a co-chair.\r\nEPI-Cluster plans to create 4 subgroups. These subgroups will coordinate the 3 remaining EBRA activities of the EPI-Cluster. The planned subgroups are:  \r\n(1) Synthesis: Planning meetings and support the development of the programme for a European Forum on Epilepsy.  \r\n(2) Policy & sustainability: Agreeing key research challenges, potential funding opportunities for EPI-Cluster community. \r\n(3) Innovation & industry: Responsible for contacting and engaging with SMEs and Pharma. \r\n(4) Data and research infrastructure: Coordinating interactions with partners such as HBP and supporting collaborations using our existing resources (e.g. biosamples ).\r\nEach subgroup will be led by 1 or 2 leadership members. This task is currently ongoing.  \r\n'),('adherence_questionnaire',53,'12_do_you_have_a_procedure_that_describes_the_roles_and_responsi','',0,''),('adherence_questionnaire',53,'14_2_could_you_provide_some_documentation_in_that_context_','',0,'134'),('adherence_questionnaire',53,'14_do_you_have_a_collective_action_plan_in_place_in_order_to_ach','',0,'Yes'),('adherence_questionnaire',53,'15_please_describe','',0,''),('adherence_questionnaire',53,'16_when_establishing_the_governance_boards_do_you_take_into_acco','',0,''),('adherence_questionnaire',53,'17_please_describe_the_mechanisms_by_which_you_ensure_a_balance_','',0,''),('adherence_questionnaire',53,'18_when_establishing_the_governance_boards_do_you_ensure_the_par','',0,''),('adherence_questionnaire',53,'19_please_describe_the_mechanisms_by_which_you_ensure_a_balance_','',0,''),('adherence_questionnaire',53,'20_when_establishing_the_governance_boards_do_you_protect_the_in','',0,''),('adherence_questionnaire',53,'21_please_describe_the_mechanisms_by_which_you_ensure_a_balance_','',0,''),('adherence_questionnaire',53,'22_when_establishing_the_governance_boards_do_you_maintain_commi','',0,''),('adherence_questionnaire',53,'23_please_describe_the_mechanisms_by_which_you_ensure_a_balance_','',0,''),('adherence_questionnaire',53,'27_did_you_differentiate_the_level_of_engagement_of_these_stakeh','',0,'Yes'),('adherence_questionnaire',53,'28_do_you_have_a_stakeholder_engagement_strategy_in_place_both_w','',0,'No'),('adherence_questionnaire',53,'29_describe_the_methodology_that_is_adopted_in_order_to_put_in_p','',0,''),('adherence_questionnaire',53,'2_1_please_provide_the_documents_related_to_the_agenda','',0,'137'),('adherence_questionnaire',53,'30_did_you_perform_a_consultation_process_in_order_to_understand','',0,'Yes'),('adherence_questionnaire',53,'31_did_you_carry_out_an_analysis_to_identify_stakeholders_challe','',0,'No'),('adherence_questionnaire',53,'33_with_regard_to_stakeholder_engagement_do_you_have_a_process_t','',0,''),('adherence_questionnaire',53,'34_please_describe','',0,''),('adherence_questionnaire',53,'35_do_you_have_a_process_in_place_to_train_stakeholders_in_order','',0,''),('adherence_questionnaire',53,'36_please_describe_the_process_of_training_stakeholders_e_g_the_','',0,''),('adherence_questionnaire',53,'39_do_you_have_a_team_manager_dedicated_to_coordinate_the_patien','',0,'No'),('adherence_questionnaire',53,'40_do_you_have_indicators_to_measure_the_return_on_patient_engag','',0,'No'),('adherence_questionnaire',53,'41_do_you_plan_ad_hoc_training_programs_related_to_the_patient_e','',0,'No'),('adherence_questionnaire',53,'42_do_you_have_mechanism_in_place_to_recognize_and_reward_patien','',0,'No'),('adherence_questionnaire',53,'43_do_you_have_dedicated_resources_budget_for_patient_engagement','',0,'No'),('adherence_questionnaire',53,'44_do_you_perform_an_ethical_assessment_of_your_patient_engageme','',0,'No'),('adherence_questionnaire',53,'48_if_yes_do_you_have_a_plan_that_defines_the_following_please_t','',0,'Definition and composition of Working Groups, which might practically deal with the implementation of such actions'),('adherence_questionnaire',53,'48_if_yes_do_you_have_a_plan_that_defines_the_following_please_t','',1,'Information regarding the organization \"touch points meetings\" (such as periodic events or webinars) '),('adherence_questionnaire',53,'49_do_you_have_a_cost_management_process_in_place_e_g_a_defined_','',0,'Yes'),('adherence_questionnaire',53,'50_do_you_ensure_that_the_internal_team_has_solid_skills_to_carr','',0,'Yes'),('adherence_questionnaire',53,'51_do_you_maintain_accountability_over_time_keeping_track_of_exp','',0,'Yes'),('adherence_questionnaire',53,'52_please_describe_or_provide_documentation_','',0,'EBRA supports the cluster keep track of expenses'),('adherence_questionnaire',53,'53_do_you_have_a_process_in_place_to_ensure_that_there_is_a_righ','',0,'No'),('adherence_questionnaire',53,'54_please_explain_','',0,''),('adherence_questionnaire',53,'55_have_you_developed_a_contingency_plan_risk_management_approac','',0,'No'),('adherence_questionnaire',53,'5_1_could_you_please_describe_the_different_bodies_in_your_gover','',0,'Patients'),('adherence_questionnaire',53,'5_1_could_you_please_describe_the_different_bodies_in_your_gover','',1,'Patients organizations, patient associations, advocacy organizations, etc.'),('adherence_questionnaire',53,'5_1_could_you_please_describe_the_different_bodies_in_your_gover','',2,'Policy makers EU institutions; national, regional and local policy makers'),('adherence_questionnaire',53,'5_1_could_you_please_describe_the_different_bodies_in_your_gover','',3,'Industry companies developing and selling health products (drugs, devices, applications, etc.) and services sector'),('adherence_questionnaire',53,'5_1_could_you_please_describe_the_different_bodies_in_your_gover','',4,'Infrastructure/data'),('adherence_questionnaire',53,'5_3_1_please_describe_that_procedure','',0,''),('adherence_questionnaire',53,'5_4_do_the_stakeholder_participating_in_the_governance_of_the_in','',0,''),('adherence_questionnaire',53,'5_8_1b_or_provide_us_with_the_relevant_documentation_','',0,''),('adherence_questionnaire',53,'6_5_1_could_you_please_provide_the_report_of_this_analysis_','',0,''),('adherence_questionnaire',53,'7_do_you_engage_patients_in_your_research_innovation_r_i_in_one_','',0,'No'),('adherence_questionnaire',53,'7_please_indicate_which_of_the_following_stakeholders_are_the_in','',0,'Patients'),('adherence_questionnaire',53,'7_please_indicate_which_of_the_following_stakeholders_are_the_in','',1,'Care providers, health and social care organizations and professionals (doctors, nurses, etc.)'),('adherence_questionnaire',53,'7_please_indicate_which_of_the_following_stakeholders_are_the_in','',2,'Policy makers EU institutions; national, regional and local policy makers'),('adherence_questionnaire',53,'7_please_indicate_which_of_the_following_stakeholders_are_the_in','',3,'Industry companies developing and selling health products (drugs, devices, applications, etc.) and services sector'),('adherence_questionnaire',53,'7_please_indicate_which_of_the_following_stakeholders_are_the_in','',4,'Research and education organizations Research organizations; Universities; Education providers; Foundations; Other research projects'),('adherence_questionnaire',53,'7_please_indicate_which_of_the_following_stakeholders_are_the_in','',5,'Infrastructure/ data '),('adherence_questionnaire',53,'are_the_monitoring_and_the_assessment_systems_and_the_related_in','',0,''),('adherence_questionnaire',53,'beyond_the_stakeholders_involved_in_the_governance_structure_hav','',0,'Yes'),('adherence_questionnaire',53,'can_you_provide_any_of_those_reports_','',0,''),('adherence_questionnaire',53,'could_you_please_describe_how_you_have_defined_the_common_object','',0,'The first activity of the EPI-Cluster was a meeting focused on reaching broad consensus on the cooperation among the different member organisations of EPI-Cluster and the identification of the main objectives and actions. In addition to the leadership of EPI-Cluster composed of the coordinators of multiple large-scale epilepsy research projects along with the EPI-Care clinical network and professional and patient-representative organisations, the meeting was attended by a number of stakeholders from outside the EPI-Cluster leadership.  These included coordinators of other European epilepsy projects, experts in big data, pre-clinical and clinical data sharing organisations, patient organisations and industry. '),('adherence_questionnaire',53,'does_this_assessment_include_indicators_related_to_the_patient_d','',0,''),('adherence_questionnaire',53,'does_this_assessment_involve_stakeholders_in_the_gathering_of_da','',0,''),('adherence_questionnaire',53,'do_you_communicate_with_stakeholders_about_the_progress_of_the_i','',0,'Yes'),('adherence_questionnaire',53,'do_you_have_an_agenda_defining_the_priority_areas_mid_term_and_l','',0,'Yes'),('adherence_questionnaire',53,'do_you_have_a_monitoring_system_for_the_implementation_of_the_ac','',0,'Yes'),('adherence_questionnaire',53,'do_you_have_a_process_in_place_to_gather_feedback_from_external_','',0,'Yes'),('adherence_questionnaire',53,'do_you_have_a_review_process_in_place_to_improve_the_initiative_','',0,'Yes'),('adherence_questionnaire',53,'do_you_publish_a_progress_report_','',0,'Yes'),('adherence_questionnaire',53,'have_you_defined_an_assessment_system_that_allow_to_measure_init','',0,'No'),('adherence_questionnaire',53,'have_you_developed_a_shared_vision_mission_for_your_initiative_','',0,'Yes'),('adherence_questionnaire',53,'have_you_established_a_governance_structure_for_the_ms_care_unit','',0,'Yes'),('adherence_questionnaire',53,'initiativeid','',0,''),('adherence_questionnaire',53,'is_this_review_process_strictly_internal_or_is_there_a_third_par','',0,'EBRA supports the cluster in reviewing the initiative\'s performance and practices'),('adherence_questionnaire',53,'nodeid','',0,'593'),('adherence_questionnaire',53,'or_provide_a_copy_of_that_procedure','',0,''),('adherence_questionnaire',53,'or_provide_us_with_the_relevant_documentation_','',0,''),('adherence_questionnaire',53,'or_provide_us_with_the_relevant_documentation_2','',0,''),('adherence_questionnaire',53,'please_describe3','',0,'Consensus report (following 1st activity) was shared with external stakeholders inviting them to provide feedback. '),('adherence_questionnaire',53,'please_describe_how_the_measurement_is_linked_to_the_objectives_','',0,''),('adherence_questionnaire',53,'please_describe_how_you_communicate_with_the_stakeholders_on_pro','',0,'Via mail and via the EBRA website: Epi-Cluster section'),('adherence_questionnaire',53,'please_provide_relevant_documents_if_any','',0,''),('adherence_questionnaire',53,'please_provide_the_mission_statment_and_related_documents_to_the','',0,'136'),('adherence_questionnaire',53,'pleas_describe_the_process_provide_documentation_that_allows_the','',0,'EBRA organises bi-monthly meetings with the initiative\'s coordinators. Objectives are revised. The initiative receives advice and activities are finetuned.\r\nThe EPICLUSTER leadership and external stakeholders review the initiative\'s deliverables.'),('adherence_questionnaire',53,'ror_provide_us_with_the_relevant_documentation_','',0,''),('adherence_questionnaire',53,'what_is_the_frequency_of_publishing_progress_reports_','',0,'Every 6 months'),('adherence_questionnaire',53,'which_of_the_following_stakeholders_took_part_in_defining_the_ob','',0,'Patients organizations, patient associations, advocacy organizations, etc.'),('adherence_questionnaire',53,'which_of_the_following_stakeholders_took_part_in_defining_the_ob','',1,'Care providers, health and social care organizations and professionals (doctors, nurses, etc.)'),('adherence_questionnaire',53,'which_of_the_following_stakeholders_took_part_in_defining_the_ob','',2,'Industry companies developing and selling health products (drugs, devices, applications, etc.) and services sector'),('adherence_questionnaire',53,'which_of_the_following_stakeholders_took_part_in_defining_the_ob','',3,'Research and education organizations Research organizations; Universities; Education providers; Foundations; Other research projects'),('adherence_questionnaire',53,'which_of_the_following_stakeholders_took_part_in_defining_the_ob','',4,'Infrastructure/data sharing '),('adherence_questionnaire',53,'_10_which_of_the_following_stakeholders_are_involved_in_the_gove','',0,'Care providers, health and social care organizations and professionals (doctors, nurses, etc.)'),('adherence_questionnaire',53,'_10_which_of_the_following_stakeholders_are_involved_in_the_gove','',1,'Research and education organizations Research organizations; Universities; Education providers; Foundations; Other research projects'),('adherence_questionnaire',53,'_have_you_identified_the_intended_beneficiaries_of_your_research','',0,'Yes'),('adherence_questionnaire',54,'11_could_you_please_describe_the_different_bodies_in_your_govern','',0,'Executive Committee -- final strategy and decision-making body. Comprised of CEOs of Managing Member organizations, Chair of the Scientific Steering Committee, scientific staff leads of Managing Member organizations.  Others at the committee chair request.\r\nScientific Steering Committee -- development and oversight of research initiatives.\r\nIndustry Forum -- advises Scientific Committee on science and development of treatments\r\nPeople Affected by MS Engagement Coordination Team -- ensures the the active input of perspectives and experiences of people affected by MS in all Alliance work\r\nFundraising and Communications Work Team -- develops and implements plans to engage stakeholders and raise resources worldwide'),('adherence_questionnaire',54,'12_do_you_have_a_procedure_that_describes_the_roles_and_responsi','',0,'Yes'),('adherence_questionnaire',54,'14_2_could_you_provide_some_documentation_in_that_context_','',0,'133'),('adherence_questionnaire',54,'14_do_you_have_a_collective_action_plan_in_place_in_order_to_ach','',0,'Yes'),('adherence_questionnaire',54,'15_please_describe','',0,''),('adherence_questionnaire',54,'16_when_establishing_the_governance_boards_do_you_take_into_acco','',0,'Yes'),('adherence_questionnaire',54,'17_please_describe_the_mechanisms_by_which_you_ensure_a_balance_','',0,'The Executive Committee via the Chair has the authority to include any stakeholder that could add perspective and value to ensure maximum benefit is achieved.  For instance, smaller MS organizations are included on the committee.  '),('adherence_questionnaire',54,'18_when_establishing_the_governance_boards_do_you_ensure_the_par','',0,'Yes'),('adherence_questionnaire',54,'19_please_describe_the_mechanisms_by_which_you_ensure_a_balance_','',0,'The People Affected by MS Engagement Coordination Team reports directly to the Executive Committee to ensure the experiences and perspectives of people affected by MS, many of whom are disadvantaged, are heard.  '),('adherence_questionnaire',54,'20_when_establishing_the_governance_boards_do_you_protect_the_in','',0,'Yes'),('adherence_questionnaire',54,'21_please_describe_the_mechanisms_by_which_you_ensure_a_balance_','',0,'Balance is ensured as recommendations and perspectives come from the various committees and work groups of the Alliance each of which is designed by terms of reference to have broad stakeholder participation and decision-making.'),('adherence_questionnaire',54,'22_when_establishing_the_governance_boards_do_you_maintain_commi','',0,'Yes'),('adherence_questionnaire',54,'23_please_describe_the_mechanisms_by_which_you_ensure_a_balance_','',0,'Please see Terms of Reference for Executive Committee already provided.'),('adherence_questionnaire',54,'27_did_you_differentiate_the_level_of_engagement_of_these_stakeh','',0,'Yes'),('adherence_questionnaire',54,'28_do_you_have_a_stakeholder_engagement_strategy_in_place_both_w','',0,'Yes'),('adherence_questionnaire',54,'29_describe_the_methodology_that_is_adopted_in_order_to_put_in_p','',0,'A variety of methods are used including: Scientific Congresses and meetings; establishment of work groups of international experts on specific topics to develop recommendations and plans;  Industry Forum meetings including leading subject matter experts; global outreach to donors and people affected by MS through webcasts where input is sought; and partnership with MULTI-ACT to increase stakeholder engagement and rigor with a special focus on people affected by MS.'),('adherence_questionnaire',54,'2_1_please_provide_the_documents_related_to_the_agenda','',0,'129'),('adherence_questionnaire',54,'30_did_you_perform_a_consultation_process_in_order_to_understand','',0,'Yes'),('adherence_questionnaire',54,'31_did_you_carry_out_an_analysis_to_identify_stakeholders_challe','',0,'No'),('adherence_questionnaire',54,'33_with_regard_to_stakeholder_engagement_do_you_have_a_process_t','',0,'Yes'),('adherence_questionnaire',54,'34_please_describe','',0,'Meetings are designed with consideration to the symptoms and varying abilities of people affected by MS.  Special travel planning and professional care assistance is provided as needed. '),('adherence_questionnaire',54,'35_do_you_have_a_process_in_place_to_train_stakeholders_in_order','',0,'Yes'),('adherence_questionnaire',54,'36_please_describe_the_process_of_training_stakeholders_e_g_the_','',0,'Training for the People Affected by MS Engagement Coordination Team has been provided and is ongoing.'),('adherence_questionnaire',54,'38_in_which_of_the_7_steps_research_innovation_r_i_path_do_you_e','',0,'1. Breaking down boundaries '),('adherence_questionnaire',54,'38_in_which_of_the_7_steps_research_innovation_r_i_path_do_you_e','',1,'2. Research priorities'),('adherence_questionnaire',54,'38_in_which_of_the_7_steps_research_innovation_r_i_path_do_you_e','',2,'3. Steering institutions'),('adherence_questionnaire',54,'38_in_which_of_the_7_steps_research_innovation_r_i_path_do_you_e','',3,'4. Design & plan'),('adherence_questionnaire',54,'38_in_which_of_the_7_steps_research_innovation_r_i_path_do_you_e','',4,'5. Research execution'),('adherence_questionnaire',54,'38_in_which_of_the_7_steps_research_innovation_r_i_path_do_you_e','',5,'6. Evaluation'),('adherence_questionnaire',54,'38_in_which_of_the_7_steps_research_innovation_r_i_path_do_you_e','',6,'7. Translation to community'),('adherence_questionnaire',54,'39_do_you_have_a_team_manager_dedicated_to_coordinate_the_patien','',0,'Yes'),('adherence_questionnaire',54,'40_do_you_have_indicators_to_measure_the_return_on_patient_engag','',0,'No'),('adherence_questionnaire',54,'41_do_you_plan_ad_hoc_training_programs_related_to_the_patient_e','',0,'Yes'),('adherence_questionnaire',54,'42_do_you_have_mechanism_in_place_to_recognize_and_reward_patien','',0,'Yes'),('adherence_questionnaire',54,'43_do_you_have_dedicated_resources_budget_for_patient_engagement','',0,'Yes'),('adherence_questionnaire',54,'44_do_you_perform_an_ethical_assessment_of_your_patient_engageme','',0,'Yes'),('adherence_questionnaire',54,'48_if_yes_do_you_have_a_plan_that_defines_the_following_please_t','',0,'Specific actions that different stakeholders commit to implement in order to achieve the objectives of the initiative; '),('adherence_questionnaire',54,'48_if_yes_do_you_have_a_plan_that_defines_the_following_please_t','',1,'Definition and composition of Working Groups, which might practically deal with the implementation of such actions'),('adherence_questionnaire',54,'48_if_yes_do_you_have_a_plan_that_defines_the_following_please_t','',2,'Definition of clear and measurable targets'),('adherence_questionnaire',54,'48_if_yes_do_you_have_a_plan_that_defines_the_following_please_t','',3,'Presentation of clear project timeline,including deadlines in order to allow participants to hold each other accountable'),('adherence_questionnaire',54,'49_do_you_have_a_cost_management_process_in_place_e_g_a_defined_','',0,'Yes'),('adherence_questionnaire',54,'50_do_you_ensure_that_the_internal_team_has_solid_skills_to_carr','',0,'Yes'),('adherence_questionnaire',54,'51_do_you_maintain_accountability_over_time_keeping_track_of_exp','',0,'Yes'),('adherence_questionnaire',54,'52_please_describe_or_provide_documentation_','',0,'Quarterly accounting and reporting to the Executive Committee of the approved budget for a fiscal year.   Executive Committee approves budget annually.  Budget recommendations are developed by staff.  Managing members are responsible for contributing funds as per the Memorandum or Understanding that forms and sustains the Alliance.'),('adherence_questionnaire',54,'53_do_you_have_a_process_in_place_to_ensure_that_there_is_a_righ','',0,'Yes'),('adherence_questionnaire',54,'54_please_explain_','',0,'Committees and work teams make recommendations to the Executive Committee.  Scope of work and associated decisions/timelines are determined annually through the plan of operations.'),('adherence_questionnaire',54,'55_have_you_developed_a_contingency_plan_risk_management_approac','',0,'Yes'),('adherence_questionnaire',54,'5_1_could_you_please_describe_the_different_bodies_in_your_gover','',0,'Patients'),('adherence_questionnaire',54,'5_1_could_you_please_describe_the_different_bodies_in_your_gover','',1,'Patients organizations, patient associations, advocacy organizations, etc.'),('adherence_questionnaire',54,'5_1_could_you_please_describe_the_different_bodies_in_your_gover','',2,'Care providers, health and social care organizations and professionals (doctors, nurses, etc.)'),('adherence_questionnaire',54,'5_1_could_you_please_describe_the_different_bodies_in_your_gover','',3,'Industry companies developing and selling health products (drugs, devices, applications, etc.) and services sector'),('adherence_questionnaire',54,'5_1_could_you_please_describe_the_different_bodies_in_your_gover','',4,'Research and education organizations Research organizations; Universities; Education providers; Foundations; Other research projects'),('adherence_questionnaire',54,'5_3_1_please_describe_that_procedure','',0,'Voting members of Executive Committee are the CEOs of the Managing Member MS Organizations. All committees and work teams provide recommendations to them for final approval.  Please TORs attached.'),('adherence_questionnaire',54,'5_4_do_the_stakeholder_participating_in_the_governance_of_the_in','',0,'No'),('adherence_questionnaire',54,'5_8_1b_or_provide_us_with_the_relevant_documentation_','',0,''),('adherence_questionnaire',54,'6_5_1_could_you_please_provide_the_report_of_this_analysis_','',0,''),('adherence_questionnaire',54,'7_do_you_engage_patients_in_your_research_innovation_r_i_in_one_','',0,'Yes'),('adherence_questionnaire',54,'7_please_indicate_which_of_the_following_stakeholders_are_the_in','',0,'Patients'),('adherence_questionnaire',54,'7_please_indicate_which_of_the_following_stakeholders_are_the_in','',1,'Patients organizations, patient associations, advocacy organizations, etc.'),('adherence_questionnaire',54,'7_please_indicate_which_of_the_following_stakeholders_are_the_in','',2,'Care providers, health and social care organizations and professionals (doctors, nurses, etc.)'),('adherence_questionnaire',54,'7_please_indicate_which_of_the_following_stakeholders_are_the_in','',3,'Policy makers EU institutions; national, regional and local policy makers'),('adherence_questionnaire',54,'7_please_indicate_which_of_the_following_stakeholders_are_the_in','',4,'Industry companies developing and selling health products (drugs, devices, applications, etc.) and services sector'),('adherence_questionnaire',54,'7_please_indicate_which_of_the_following_stakeholders_are_the_in','',5,'Research and education organizations Research organizations; Universities; Education providers; Foundations; Other research projects'),('adherence_questionnaire',54,'are_the_monitoring_and_the_assessment_systems_and_the_related_in','',0,''),('adherence_questionnaire',54,'beyond_the_stakeholders_involved_in_the_governance_structure_hav','',0,'Yes'),('adherence_questionnaire',54,'can_you_provide_any_of_those_reports_','',0,''),('adherence_questionnaire',54,'could_you_please_describe_how_you_have_defined_the_common_object','',0,'The Scientific Steering Committee of the International Progressive MS Alliance has identified the priorities and a course of work to achieve the priorities.  The Executive Committee of the Alliance has affirmed those priorities and established the overall desired impacts the priorities would have for people affected by MS.'),('adherence_questionnaire',54,'does_this_assessment_include_indicators_related_to_the_patient_d','',0,''),('adherence_questionnaire',54,'does_this_assessment_involve_stakeholders_in_the_gathering_of_da','',0,''),('adherence_questionnaire',54,'do_you_communicate_with_stakeholders_about_the_progress_of_the_i','',0,'Yes'),('adherence_questionnaire',54,'do_you_have_an_agenda_defining_the_priority_areas_mid_term_and_l','',0,'Yes'),('adherence_questionnaire',54,'do_you_have_a_monitoring_system_for_the_implementation_of_the_ac','',0,'Yes'),('adherence_questionnaire',54,'do_you_have_a_process_in_place_to_gather_feedback_from_external_','',0,'Yes'),('adherence_questionnaire',54,'do_you_have_a_review_process_in_place_to_improve_the_initiative_','',0,'Yes'),('adherence_questionnaire',54,'do_you_publish_a_progress_report_','',0,'Yes'),('adherence_questionnaire',54,'have_you_defined_an_assessment_system_that_allow_to_measure_init','',0,'No'),('adherence_questionnaire',54,'have_you_developed_a_shared_vision_mission_for_your_initiative_','',0,'Yes'),('adherence_questionnaire',54,'have_you_established_a_governance_structure_for_the_ms_care_unit','',0,'Yes'),('adherence_questionnaire',54,'initiativeid','',0,''),('adherence_questionnaire',54,'is_this_review_process_strictly_internal_or_is_there_a_third_par','',0,'Internal.'),('adherence_questionnaire',54,'nodeid','',0,'592'),('adherence_questionnaire',54,'or_provide_a_copy_of_that_procedure','',0,'131'),('adherence_questionnaire',54,'or_provide_us_with_the_relevant_documentation_','',0,'132'),('adherence_questionnaire',54,'or_provide_us_with_the_relevant_documentation_2','',0,''),('adherence_questionnaire',54,'please_describe3','',0,'It is limited in scope and is primarily in our outreach and engagement of stakeholders that participate in quarterly webcasts.  Individuals or organizations are able to provide feedback via the website.  Such feedback occurs infrequently but is always addressed.'),('adherence_questionnaire',54,'please_describe_how_the_measurement_is_linked_to_the_objectives_','',0,''),('adherence_questionnaire',54,'please_describe_how_you_communicate_with_the_stakeholders_on_pro','',0,'Communications via website of the Progressive MS Alliance and member organizations, webcasts 4 times per year, video, press releases/announcments, in-person reporting through MS International Federation meetings, progress reports, video conferences'),('adherence_questionnaire',54,'please_provide_relevant_documents_if_any','',0,''),('adherence_questionnaire',54,'please_provide_the_mission_statment_and_related_documents_to_the','',0,'127'),('adherence_questionnaire',54,'pleas_describe_the_process_provide_documentation_that_allows_the','',0,'Work groups with appropriate expertise are created to develop plans and recommendations.  Feedback to those activities is provided by the appropriate committees/work teams.  Depending on the area of work, broader input may be sought and incorporated.  If it is at the appropriate level, the Governance Committee will provide additional guidance prior to any decision which may include seeking feedback internally or externally. '),('adherence_questionnaire',54,'ror_provide_us_with_the_relevant_documentation_','',0,''),('adherence_questionnaire',54,'what_is_the_frequency_of_publishing_progress_reports_','',0,'Twice annually.  One as a PowerPoint, the second as digitally published.'),('adherence_questionnaire',54,'which_of_the_following_stakeholders_took_part_in_defining_the_ob','',0,'Patients'),('adherence_questionnaire',54,'which_of_the_following_stakeholders_took_part_in_defining_the_ob','',1,'Patients organizations, patient associations, advocacy organizations, etc.'),('adherence_questionnaire',54,'which_of_the_following_stakeholders_took_part_in_defining_the_ob','',2,'Care providers, health and social care organizations and professionals (doctors, nurses, etc.)'),('adherence_questionnaire',54,'which_of_the_following_stakeholders_took_part_in_defining_the_ob','',3,'Industry companies developing and selling health products (drugs, devices, applications, etc.) and services sector'),('adherence_questionnaire',54,'which_of_the_following_stakeholders_took_part_in_defining_the_ob','',4,'Research and education organizations Research organizations; Universities; Education providers; Foundations; Other research projects'),('adherence_questionnaire',54,'_10_which_of_the_following_stakeholders_are_involved_in_the_gove','',0,'Patients organizations, patient associations, advocacy organizations, etc.'),('adherence_questionnaire',54,'_10_which_of_the_following_stakeholders_are_involved_in_the_gove','',1,'Research and education organizations Research organizations; Universities; Education providers; Foundations; Other research projects'),('adherence_questionnaire',54,'_have_you_identified_the_intended_beneficiaries_of_your_research','',0,'Yes'),('mscu_ecf_2020_for_check_',56,'amministrative_data','',0,'0'),('mscu_ecf_2020_for_check_',56,'area_for_extraction_and_manipulation_of_body_fluids_blood_csf_','',0,''),('mscu_ecf_2020_for_check_',56,'area_of_outpatient_assistance','',0,''),('mscu_ecf_2020_for_check_',56,'assessment_of_degree_of_satisfaction_of_users','',0,'0'),('mscu_ecf_2020_for_check_',56,'autologous_hematopoietic_stem_cell_transplantation_asct_','',0,''),('mscu_ecf_2020_for_check_',56,'banking_facilities_for_sera_csf','',0,''),('mscu_ecf_2020_for_check_',56,'continuous_medical_education','',0,'0'),('mscu_ecf_2020_for_check_',56,'country','',0,''),('mscu_ecf_2020_for_check_',56,'date_of_visit','',0,''),('mscu_ecf_2020_for_check_',56,'day_hospital_integrated_in_the_mscu_or_available_at_the_centre','',0,''),('mscu_ecf_2020_for_check_',56,'does_mscu_have_a_registry_of_patients_with_multiple_sclerosis_','',0,''),('mscu_ecf_2020_for_check_',56,'do_you_have_cost_accountability','',0,''),('mscu_ecf_2020_for_check_',56,'incidence_rates_per_100_000','',0,''),('mscu_ecf_2020_for_check_',56,'indicate_the_type_of_organization','',0,''),('mscu_ecf_2020_for_check_',56,'is_previous_experience_needed_when_entering_the_unit','',0,''),('mscu_ecf_2020_for_check_',56,'mri','',0,''),('mscu_ecf_2020_for_check_',56,'mri2','',0,''),('mscu_ecf_2020_for_check_',56,'ms_clinics_in_non_academic_hospitals','',0,''),('mscu_ecf_2020_for_check_',56,'ms_clinics_in_university_hospitals1','',0,''),('mscu_ecf_2020_for_check_',56,'name_of_the_organization','',0,''),('mscu_ecf_2020_for_check_',56,'neurologists','',0,'0'),('mscu_ecf_2020_for_check_',56,'neurologists_1','',0,''),('mscu_ecf_2020_for_check_',56,'non_academic_hospitals_without_specific_ms_clinic','',0,''),('mscu_ecf_2020_for_check_',56,'number_of_patients_of_ms_attended_in_one_year','',0,''),('mscu_ecf_2020_for_check_',56,'number_of_patients_of_ms_attended_in_one_yearn','',0,''),('mscu_ecf_2020_for_check_',56,'nurses','',0,''),('mscu_ecf_2020_for_check_',56,'nurses1','',0,'0'),('mscu_ecf_2020_for_check_',56,'oct_optic_coherence_tomography_','',0,''),('mscu_ecf_2020_for_check_',56,'oct_optic_coherence_tomography_2','',0,''),('mscu_ecf_2020_for_check_',56,'other_therapeutic_procedures','',0,'0'),('mscu_ecf_2020_for_check_',56,'physiotherapists','',0,''),('mscu_ecf_2020_for_check_',56,'physiotherapists11','',0,'0'),('mscu_ecf_2020_for_check_',56,'please_specify','',0,''),('mscu_ecf_2020_for_check_',56,'practising_neurologists','',0,''),('mscu_ecf_2020_for_check_',56,'prevalence_per_100_000_population','',0,''),('mscu_ecf_2020_for_check_',56,'province_state','',0,''),('mscu_ecf_2020_for_check_',56,'publications','',0,'0'),('mscu_ecf_2020_for_check_',56,'research','',0,'0'),('mscu_ecf_2020_for_check_',56,'teaching1','',0,'0'),('mscu_ecf_2020_for_check_',56,'use_of_disability_progression_expanded_disability_status_scale_e','',0,'0'),('mscu_ecf_2020_for_check_',56,'x_ray','',0,''),('mscu_ecf_2020_for_check_',56,'_of_overall_working_activity','',0,''),('mscu_ecf_2020_for_check_',56,'_of_overall_working_activity2','',0,''),('mscu_ecf_2020_for_check_',56,'_of_overall_working_activity3','',0,''),('mscu_ecf_2020',164,'amministrative_data','',0,'0'),('mscu_ecf_2020',164,'area_for_extraction_and_manipulation_of_body_fluids_blood_csf_','',0,'Yes'),('mscu_ecf_2020',164,'area_of_outpatient_assistance','',0,'No'),('mscu_ecf_2020',164,'assessment_of_degree_of_satisfaction_of_users','',0,'0'),('mscu_ecf_2020',164,'autologous_hematopoietic_stem_cell_transplantation_asct_','',0,'Yes'),('mscu_ecf_2020',164,'banking_facilities_for_sera_csf','',0,'No'),('mscu_ecf_2020',164,'continuous_medical_education','',0,'0'),('mscu_ecf_2020',164,'country','',0,'Afghanistan'),('mscu_ecf_2020',164,'date_of_visit','',0,'0'),('mscu_ecf_2020',164,'day_hospital_integrated_in_the_mscu_or_available_at_the_centre','',0,'Yes'),('mscu_ecf_2020',164,'does_mscu_have_a_registry_of_patients_with_multiple_sclerosis_','',0,'Yes'),('mscu_ecf_2020',164,'do_you_have_cost_accountability','',0,'No'),('mscu_ecf_2020',164,'email','',0,'annamimi9@gmail.com'),('mscu_ecf_2020',164,'incidence_rates_per_100_000','',0,'6-10'),('mscu_ecf_2020',164,'indicate_the_type_of_organization','',0,'HEALTHCARE ORGANIZATION'),('mscu_ecf_2020',164,'is_previous_experience_needed_when_entering_the_unit','',0,'No'),('mscu_ecf_2020',164,'mri','',0,'0'),('mscu_ecf_2020',164,'mri2','',0,'0'),('mscu_ecf_2020',164,'ms_clinics_in_non_academic_hospitals','',0,'50-75%'),('mscu_ecf_2020',164,'ms_clinics_in_university_hospitals1','',0,'10-25%'),('mscu_ecf_2020',164,'name_of_the_organization','',0,'gmail anna'),('mscu_ecf_2020',164,'neurologists','',0,'0'),('mscu_ecf_2020',164,'neurologists_1','',0,''),('mscu_ecf_2020',164,'non_academic_hospitals_without_specific_ms_clinic','',0,'50-75%'),('mscu_ecf_2020',164,'number_of_patients_of_ms_attended_in_one_year','',0,''),('mscu_ecf_2020',164,'number_of_patients_of_ms_attended_in_one_yearn','',0,'1000-1500'),('mscu_ecf_2020',164,'number_of_publications_year','',0,''),('mscu_ecf_2020',164,'number_of_severe_adverse_events1','',0,'0-50'),('mscu_ecf_2020',164,'number_of_treated_exacerbations_relapses_','',0,'250-300'),('mscu_ecf_2020',164,'number_of_treatments_administered_in_day_hospital_outpatient','',0,'1400-1600'),('mscu_ecf_2020',164,'nurses','',0,''),('mscu_ecf_2020',164,'nurses1','',0,'0'),('mscu_ecf_2020',164,'oct_optic_coherence_tomography_','',0,'0'),('mscu_ecf_2020',164,'oct_optic_coherence_tomography_2','',0,'0'),('mscu_ecf_2020',164,'other_therapeutic_procedures','',0,'0'),('mscu_ecf_2020',164,'physiotherapists','',0,''),('mscu_ecf_2020',164,'physiotherapists11','',0,'0'),('mscu_ecf_2020',164,'please_specify','',0,''),('mscu_ecf_2020',164,'practising_neurologists','',0,'50-75%'),('mscu_ecf_2020',164,'prevalence_per_100_000_population','',0,'101-150'),('mscu_ecf_2020',164,'province_state','',0,'adrbgr'),('mscu_ecf_2020',164,'publications','',0,'0'),('mscu_ecf_2020',164,'research','',0,'0'),('mscu_ecf_2020',164,'teaching1','',0,'0'),('mscu_ecf_2020',164,'use_of_disability_progression_expanded_disability_status_scale_e','',0,'0'),('mscu_ecf_2020',164,'x_ray','',0,'0'),('mscu_ecf_2020',164,'_of_overall_working_activity','',0,''),('mscu_ecf_2020',164,'_of_overall_working_activity2','',0,''),('mscu_ecf_2020',164,'_of_overall_working_activity3','',0,''),('mscu_ecf_2020',165,'amministrative_data','',0,'0'),('mscu_ecf_2020',165,'area_for_extraction_and_manipulation_of_body_fluids_blood_csf_','',0,'Yes'),('mscu_ecf_2020',165,'area_of_outpatient_assistance','',0,'Yes'),('mscu_ecf_2020',165,'assessment_of_degree_of_satisfaction_of_users','',0,'0'),('mscu_ecf_2020',165,'autologous_hematopoietic_stem_cell_transplantation_asct_','',0,'No'),('mscu_ecf_2020',165,'banking_facilities_for_sera_csf','',0,'No'),('mscu_ecf_2020',165,'continuous_medical_education','',0,'0'),('mscu_ecf_2020',165,'country','',0,'Bangladesh'),('mscu_ecf_2020',165,'date_of_visit','',0,''),('mscu_ecf_2020',165,'day_hospital_integrated_in_the_mscu_or_available_at_the_centre','',0,'Yes'),('mscu_ecf_2020',165,'does_mscu_have_a_registry_of_patients_with_multiple_sclerosis_','',0,'No'),('mscu_ecf_2020',165,'do_you_have_cost_accountability','',0,'No'),('mscu_ecf_2020',165,'email','',0,'amimi@open.gr'),('mscu_ecf_2020',165,'incidence_rates_per_100_000','',0,'>10'),('mscu_ecf_2020',165,'indicate_the_type_of_organization','',0,'RESEARCH CENTRE'),('mscu_ecf_2020',165,'is_previous_experience_needed_when_entering_the_unit','',0,'No'),('mscu_ecf_2020',165,'mri','',0,''),('mscu_ecf_2020',165,'mri2','',0,''),('mscu_ecf_2020',165,'ms_clinics_in_non_academic_hospitals','',0,'10-25%'),('mscu_ecf_2020',165,'ms_clinics_in_university_hospitals1','',0,'50-75%'),('mscu_ecf_2020',165,'name_of_the_organization','',0,'open anna'),('mscu_ecf_2020',165,'neurologists','',0,'0'),('mscu_ecf_2020',165,'neurologists_1','',0,''),('mscu_ecf_2020',165,'non_academic_hospitals_without_specific_ms_clinic','',0,'50-75%'),('mscu_ecf_2020',165,'number_of_patients_of_ms_attended_in_one_year','',0,''),('mscu_ecf_2020',165,'number_of_patients_of_ms_attended_in_one_yearn','',0,'2500-3000'),('mscu_ecf_2020',165,'number_of_publications_year','',0,''),('mscu_ecf_2020',165,'number_of_severe_adverse_events1','',0,'50-100'),('mscu_ecf_2020',165,'number_of_treated_exacerbations_relapses_','',0,'0-50'),('mscu_ecf_2020',165,'number_of_treatments_administered_in_day_hospital_outpatient','',0,'400-600'),('mscu_ecf_2020',165,'nurses','',0,''),('mscu_ecf_2020',165,'nurses1','',0,'0'),('mscu_ecf_2020',165,'oct_optic_coherence_tomography_','',0,''),('mscu_ecf_2020',165,'oct_optic_coherence_tomography_2','',0,''),('mscu_ecf_2020',165,'other_therapeutic_procedures','',0,'0'),('mscu_ecf_2020',165,'physiotherapists','',0,''),('mscu_ecf_2020',165,'physiotherapists11','',0,'0'),('mscu_ecf_2020',165,'please_specify','',0,''),('mscu_ecf_2020',165,'practising_neurologists','',0,'10-25%'),('mscu_ecf_2020',165,'prevalence_per_100_000_population','',0,'101-150'),('mscu_ecf_2020',165,'province_state','',0,'afgr'),('mscu_ecf_2020',165,'publications','',0,'0'),('mscu_ecf_2020',165,'research','',0,'0'),('mscu_ecf_2020',165,'teaching1','',0,'0'),('mscu_ecf_2020',165,'use_of_disability_progression_expanded_disability_status_scale_e','',0,'0'),('mscu_ecf_2020',165,'x_ray','',0,''),('mscu_ecf_2020',165,'_of_overall_working_activity','',0,''),('mscu_ecf_2020',165,'_of_overall_working_activity2','',0,''),('mscu_ecf_2020',165,'_of_overall_working_activity3','',0,''),('mscu_ecf_2020',171,'amministrative_data','',0,'0'),('mscu_ecf_2020',171,'area_for_extraction_and_manipulation_of_body_fluids_blood_csf_','',0,'Yes'),('mscu_ecf_2020',171,'area_of_outpatient_assistance','',0,'Yes'),('mscu_ecf_2020',171,'assessment_of_degree_of_satisfaction_of_users','',0,'0'),('mscu_ecf_2020',171,'autologous_hematopoietic_stem_cell_transplantation_asct_','',0,'Yes'),('mscu_ecf_2020',171,'banking_facilities_for_sera_csf','',0,'No'),('mscu_ecf_2020',171,'continuous_medical_education','',0,'0'),('mscu_ecf_2020',171,'country','',0,'Austria'),('mscu_ecf_2020',171,'date_of_visit','',0,'0'),('mscu_ecf_2020',171,'day_hospital_integrated_in_the_mscu_or_available_at_the_centre','',0,'Yes'),('mscu_ecf_2020',171,'does_mscu_have_a_registry_of_patients_with_multiple_sclerosis_','',0,'Yes'),('mscu_ecf_2020',171,'do_you_have_cost_accountability','',0,'Yes'),('mscu_ecf_2020',171,'email','',0,'mimia@techlink.gr'),('mscu_ecf_2020',171,'incidence_rates_per_100_000','',0,'1-2'),('mscu_ecf_2020',171,'indicate_the_type_of_organization','',0,'RESEARCH CENTRE'),('mscu_ecf_2020',171,'is_previous_experience_needed_when_entering_the_unit','',0,'No'),('mscu_ecf_2020',171,'mri','',0,'0'),('mscu_ecf_2020',171,'mri2','',0,'0'),('mscu_ecf_2020',171,'ms_clinics_in_non_academic_hospitals','',0,'> 75%'),('mscu_ecf_2020',171,'ms_clinics_in_university_hospitals1','',0,'> 75%'),('mscu_ecf_2020',171,'name_of_the_organization','',0,'techlink anna'),('mscu_ecf_2020',171,'neurologists','',0,'0'),('mscu_ecf_2020',171,'neurologists_1','',0,''),('mscu_ecf_2020',171,'non_academic_hospitals_without_specific_ms_clinic','',0,'> 75%'),('mscu_ecf_2020',171,'number_of_patients_of_ms_attended_in_one_year','',0,''),('mscu_ecf_2020',171,'number_of_patients_of_ms_attended_in_one_yearn','',0,'4500-5000'),('mscu_ecf_2020',171,'number_of_publications_year','',0,''),('mscu_ecf_2020',171,'number_of_severe_adverse_events1','',0,'150-200'),('mscu_ecf_2020',171,'number_of_treated_exacerbations_relapses_','',0,'250-300'),('mscu_ecf_2020',171,'number_of_treatments_administered_in_day_hospital_outpatient','',0,'1600-1800'),('mscu_ecf_2020',171,'nurses','',0,''),('mscu_ecf_2020',171,'nurses1','',0,'0'),('mscu_ecf_2020',171,'oct_optic_coherence_tomography_','',0,'0'),('mscu_ecf_2020',171,'oct_optic_coherence_tomography_2','',0,'0'),('mscu_ecf_2020',171,'other_therapeutic_procedures','',0,'0'),('mscu_ecf_2020',171,'physiotherapists','',0,''),('mscu_ecf_2020',171,'physiotherapists11','',0,'0'),('mscu_ecf_2020',171,'please_specify','',0,''),('mscu_ecf_2020',171,'practising_neurologists','',0,'> 75%'),('mscu_ecf_2020',171,'prevalence_per_100_000_population','',0,'25-50'),('mscu_ecf_2020',171,'province_state','',0,'ahgloigy'),('mscu_ecf_2020',171,'publications','',0,'0'),('mscu_ecf_2020',171,'research','',0,'1'),('mscu_ecf_2020',171,'teaching1','',0,'0'),('mscu_ecf_2020',171,'use_of_disability_progression_expanded_disability_status_scale_e','',0,'0'),('mscu_ecf_2020',171,'x_ray','',0,'0'),('mscu_ecf_2020',171,'_of_overall_working_activity','',0,''),('mscu_ecf_2020',171,'_of_overall_working_activity2','',0,''),('mscu_ecf_2020',171,'_of_overall_working_activity3','',0,'50');


